[INFO] fetching crate trait-kit-macros 0.5.0-rc.7...
[INFO] testing trait-kit-macros-0.5.0-rc.7 against 1.99.0-beta.8 for beta-1.100-2
[INFO] extracting crate trait-kit-macros 0.5.0-rc.7 into /workspace/builds/worker-0-tc1/source
[INFO] started tweaking crates.io crate trait-kit-macros 0.5.0-rc.7
[INFO] removed 0 missing tests
[INFO] finished tweaking crates.io crate trait-kit-macros 0.5.0-rc.7
[INFO] tweaked toml for crates.io crate trait-kit-macros 0.5.0-rc.7 written to /workspace/builds/worker-0-tc1/source/Cargo.toml
[INFO] validating manifest of crates.io crate trait-kit-macros 0.5.0-rc.7 on toolchain 1.99.0-beta.8
[INFO] running `Command { std: CARGO_HOME="/workspace/cargo-home" RUSTUP_HOME="/workspace/rustup-home" "/workspace/cargo-home/bin/cargo" "+1.99.0-beta.8" "metadata" "--manifest-path" "Cargo.toml" "--no-deps", kill_on_drop: false }`
[INFO] crate crates.io crate trait-kit-macros 0.5.0-rc.7 already has a lockfile, it will not be regenerated
[INFO] running `Command { std: CARGO_HOME="/workspace/cargo-home" RUSTUP_HOME="/workspace/rustup-home" "/workspace/cargo-home/bin/cargo" "+1.99.0-beta.8" "fetch" "--manifest-path" "Cargo.toml", kill_on_drop: false }`
[INFO] [stderr]     Blocking waiting for file lock on package cache
[INFO] [stderr]     Updating crates.io index
[INFO] [stderr]     Blocking waiting for file lock on package cache
[INFO] [stderr]  Downloading crates ...
[INFO] [stderr]   Downloaded toml v1.1.6+spec-1.1.0
[INFO] [stderr]   Downloaded toml_writer v1.1.2+spec-1.1.0
[INFO] [stderr]   Downloaded toml_parser v1.1.3+spec-1.1.0
[INFO] [stderr]   Downloaded trybuild v1.0.121
[INFO] [stderr]   Downloaded winapi-util v0.1.11
[INFO] [stderr]   Downloaded serde_spanned v1.1.1
[INFO] [stderr]   Downloaded target-tuple v1.0.2
[INFO] [stderr]   Downloaded toml_datetime v1.1.1+spec-1.1.0
[INFO] [stderr]   Downloaded quote v1.0.47
[INFO] [stderr]   Downloaded termcolor v1.4.1
[INFO] [stderr]   Downloaded zmij v1.0.23
[INFO] [stderr]   Downloaded glob v0.3.4
[INFO] [stderr]   Downloaded unicode-ident v1.0.26
[INFO] [stderr]   Downloaded serde_derive v1.0.229
[INFO] [stderr]   Downloaded proc-macro2 v1.0.107
[INFO] [stderr]   Downloaded serde_core v1.0.229
[INFO] [stderr]   Downloaded winnow v1.0.4
[INFO] [stderr]   Downloaded memchr v2.8.3
[INFO] [stderr]   Downloaded indexmap v2.14.2
[INFO] [stderr]   Downloaded serde v1.0.229
[INFO] [stderr]   Downloaded serde_json v1.0.151
[INFO] [stderr]   Downloaded hashbrown v0.17.1
[INFO] [stderr]   Downloaded syn v3.0.6
[INFO] running `Command { std: "docker" "create" "-v" "/var/lib/crater-agent-workspace/builds/worker-0-tc1/source:/opt/rustwide/workdir:ro,Z" "-v" "/var/lib/crater-agent-workspace/builds/worker-0-tc1/target:/opt/rustwide/target:rw,Z" "-v" "/var/lib/crater-agent-workspace/cargo-home:/opt/rustwide/cargo-home:ro,Z" "-v" "/var/lib/crater-agent-workspace/rustup-home:/opt/rustwide/rustup-home:ro,Z" "-m" "1610612736" "--network" "none" "ghcr.io/rust-lang/crates-build-env/linux@sha256:3111399a4047eeb3a02b7a90e478d715f38a8c6669b5c4b49d30a17385265909" "sleep" "infinity", kill_on_drop: false }`
[INFO] [stdout] 3e1bfa14056217e37f85b6657313476179c49ff7bf4c03784ecd7798ceea488e
[INFO] running `Command { std: "docker" "start" "3e1bfa14056217e37f85b6657313476179c49ff7bf4c03784ecd7798ceea488e", kill_on_drop: false }`
[INFO] running `Command { std: "docker" "inspect" "3e1bfa14056217e37f85b6657313476179c49ff7bf4c03784ecd7798ceea488e", kill_on_drop: false }`
[INFO] running `Command { std: "docker" "exec" "-e" "SOURCE_DIR=/opt/rustwide/workdir" "-e" "CARGO_HOME=/opt/rustwide/cargo-home" "-e" "RUSTUP_HOME=/opt/rustwide/rustup-home" "-e" "CARGO_TARGET_DIR=/opt/rustwide/target" "-w" "/opt/rustwide/workdir" "--user" "0:0" "3e1bfa14056217e37f85b6657313476179c49ff7bf4c03784ecd7798ceea488e" "/opt/rustwide/cargo-home/bin/cargo" "+1.99.0-beta.8" "metadata" "--no-deps" "--format-version=1", kill_on_drop: false }`
[INFO] running `Command { std: "docker" "inspect" "3e1bfa14056217e37f85b6657313476179c49ff7bf4c03784ecd7798ceea488e", kill_on_drop: false }`
[INFO] running `Command { std: "docker" "exec" "-e" "SOURCE_DIR=/opt/rustwide/workdir" "-e" "CARGO_HOME=/opt/rustwide/cargo-home" "-e" "RUSTUP_HOME=/opt/rustwide/rustup-home" "-e" "CARGO_TARGET_DIR=/opt/rustwide/target" "-e" "CARGO_INCREMENTAL=0" "-e" "RUST_BACKTRACE=full" "-e" "RUSTFLAGS=--cap-lints=warn" "-e" "RUSTDOCFLAGS=--cap-lints=warn" "-w" "/opt/rustwide/workdir" "--user" "0:0" "3e1bfa14056217e37f85b6657313476179c49ff7bf4c03784ecd7798ceea488e" "/opt/rustwide/cargo-home/bin/cargo" "+1.99.0-beta.8" "build" "--frozen" "--message-format=json", kill_on_drop: false }`
[INFO] [stderr]    Compiling proc-macro2 v1.0.107
[INFO] [stderr]    Compiling quote v1.0.47
[INFO] [stderr]    Compiling unicode-ident v1.0.26
[INFO] [stderr]    Compiling syn v3.0.6
[INFO] [stderr]    Compiling trait-kit-macros v0.5.0-rc.7 (/opt/rustwide/workdir)
[INFO] [stderr]     Finished `dev` profile [unoptimized + debuginfo] target(s) in 5.39s
[INFO] running `Command { std: "docker" "inspect" "3e1bfa14056217e37f85b6657313476179c49ff7bf4c03784ecd7798ceea488e", kill_on_drop: false }`
[INFO] running `Command { std: "docker" "exec" "-e" "SOURCE_DIR=/opt/rustwide/workdir" "-e" "CARGO_HOME=/opt/rustwide/cargo-home" "-e" "RUSTUP_HOME=/opt/rustwide/rustup-home" "-e" "CARGO_TARGET_DIR=/opt/rustwide/target" "-e" "CARGO_INCREMENTAL=0" "-e" "RUST_BACKTRACE=full" "-e" "RUSTFLAGS=--cap-lints=warn" "-e" "RUSTDOCFLAGS=--cap-lints=warn" "-w" "/opt/rustwide/workdir" "--user" "0:0" "3e1bfa14056217e37f85b6657313476179c49ff7bf4c03784ecd7798ceea488e" "/opt/rustwide/cargo-home/bin/cargo" "+1.99.0-beta.8" "test" "--frozen" "--no-run" "--message-format=json", kill_on_drop: false }`
[INFO] [stderr]    Compiling serde_core v1.0.229
[INFO] [stderr]    Compiling proc-macro2 v1.0.107
[INFO] [stderr]    Compiling unicode-ident v1.0.26
[INFO] [stderr]    Compiling zmij v1.0.23
[INFO] [stderr]    Compiling serde v1.0.229
[INFO] [stderr]    Compiling winnow v1.0.4
[INFO] [stderr]    Compiling serde_json v1.0.151
[INFO] [stderr]    Compiling quote v1.0.47
[INFO] [stderr]    Compiling target-tuple v1.0.2
[INFO] [stderr]    Compiling memchr v2.8.3
[INFO] [stderr]    Compiling itoa v1.0.18
[INFO] [stderr]    Compiling toml_writer v1.1.2+spec-1.1.0
[INFO] [stderr]    Compiling glob v0.3.4
[INFO] [stderr]    Compiling termcolor v1.4.1
[INFO] [stderr]    Compiling toml_parser v1.1.3+spec-1.1.0
[INFO] [stderr]    Compiling syn v3.0.6
[INFO] [stderr]    Compiling toml_datetime v1.1.1+spec-1.1.0
[INFO] [stderr]    Compiling serde_spanned v1.1.1
[INFO] [stderr]    Compiling toml v1.1.6+spec-1.1.0
[INFO] [stderr]    Compiling serde_derive v1.0.229
[INFO] [stderr]    Compiling trait-kit-macros v0.5.0-rc.7 (/opt/rustwide/workdir)
[INFO] [stderr]    Compiling trybuild v1.0.121
[INFO] [stdout] error[E0433]: cannot find module or crate `trait_kit` in this scope
[INFO] [stdout]  --> tests/derive_module.rs:8:5
[INFO] [stdout]   |
[INFO] [stdout] 8 | use trait_kit::core::{AutoBuilder, ModuleMeta};
[INFO] [stdout]   |     ^^^^^^^^^ use of unresolved module or unlinked crate `trait_kit`
[INFO] [stdout]   |
[INFO] [stdout]   = help: if you wanted to use a crate named `trait_kit`, use `cargo add trait_kit` to add it to your `Cargo.toml`
[INFO] [stdout] 
[INFO] [stdout] 
[INFO] [stdout] error[E0433]: cannot find module or crate `trait_kit` in this scope
[INFO] [stdout]  --> tests/derive_module.rs:9:5
[INFO] [stdout]   |
[INFO] [stdout] 9 | use trait_kit::kit::Kit;
[INFO] [stdout]   |     ^^^^^^^^^ use of unresolved module or unlinked crate `trait_kit`
[INFO] [stdout]   |
[INFO] [stdout]   = help: if you wanted to use a crate named `trait_kit`, use `cargo add trait_kit` to add it to your `Cargo.toml`
[INFO] [stdout] 
[INFO] [stdout] 
[INFO] [stdout] error[E0433]: cannot find `trait_kit` in the list of imported crates
[INFO] [stdout]   --> tests/derive_module.rs:41:10
[INFO] [stdout]    |
[INFO] [stdout] 41 | #[derive(Module)]
[INFO] [stdout]    |          ^^^^^^ could not find `trait_kit` in the list of imported crates
[INFO] [stdout]    |
[INFO] [stdout]    = note: this error originates in the derive macro `Module` (in Nightly builds, run with -Z macro-backtrace for more info)
[INFO] [stdout] 
[INFO] [stdout] 
[INFO] [stdout] error[E0433]: cannot find `trait_kit` in the list of imported crates
[INFO] [stdout]   --> tests/derive_module.rs:52:10
[INFO] [stdout]    |
[INFO] [stdout] 52 | #[derive(Module)]
[INFO] [stdout]    |          ^^^^^^ could not find `trait_kit` in the list of imported crates
[INFO] [stdout]    |
[INFO] [stdout]    = note: this error originates in the derive macro `Module` (in Nightly builds, run with -Z macro-backtrace for more info)
[INFO] [stdout] 
[INFO] [stdout] 
[INFO] [stdout] error[E0433]: cannot find `trait_kit` in the list of imported crates
[INFO] [stdout]   --> tests/derive_module.rs:65:10
[INFO] [stdout]    |
[INFO] [stdout] 65 | #[derive(Module)]
[INFO] [stdout]    |          ^^^^^^ could not find `trait_kit` in the list of imported crates
[INFO] [stdout]    |
[INFO] [stdout]    = note: this error originates in the derive macro `Module` (in Nightly builds, run with -Z macro-backtrace for more info)
[INFO] [stdout] 
[INFO] [stdout] 
[INFO] [stdout] error[E0433]: cannot find module or crate `trait_kit` in this scope
[INFO] [stdout]    --> tests/derive_module.rs:130:23
[INFO] [stdout]     |
[INFO] [stdout] 130 |         matches!(dup, trait_kit::TraitKitError::AlreadyRegistered { .. }),
[INFO] [stdout]     |                       ^^^^^^^^^ use of unresolved module or unlinked crate `trait_kit`
[INFO] [stdout]     |
[INFO] [stdout]     = help: if you wanted to use a crate named `trait_kit`, use `cargo add trait_kit` to add it to your `Cargo.toml`
[INFO] [stdout] 
[INFO] [stdout] 
[INFO] [stdout] For more information about this error, try `rustc --explain E0433`.
[INFO] [stdout] 
[INFO] [stderr] error: could not compile `trait-kit-macros` (test "derive_module") due to 6 previous errors
[INFO] [stderr] warning: build failed, waiting for other jobs to finish...
[INFO] running `Command { std: "docker" "inspect" "3e1bfa14056217e37f85b6657313476179c49ff7bf4c03784ecd7798ceea488e", kill_on_drop: false }`
[INFO] running `Command { std: "docker" "rm" "-f" "3e1bfa14056217e37f85b6657313476179c49ff7bf4c03784ecd7798ceea488e", kill_on_drop: false }`
[INFO] [stdout] 3e1bfa14056217e37f85b6657313476179c49ff7bf4c03784ecd7798ceea488e
