[INFO] fetching crate trailbase-refinery-core 0.8.16...
[INFO] testing trailbase-refinery-core-0.8.16 against 1.99.0-beta.8 for beta-1.100-2
[INFO] extracting crate trailbase-refinery-core 0.8.16 into /workspace/builds/worker-6-tc1/source
[INFO] started tweaking crates.io crate trailbase-refinery-core 0.8.16
[INFO] finished tweaking crates.io crate trailbase-refinery-core 0.8.16
[INFO] tweaked toml for crates.io crate trailbase-refinery-core 0.8.16 written to /workspace/builds/worker-6-tc1/source/Cargo.toml
[INFO] validating manifest of crates.io crate trailbase-refinery-core 0.8.16 on toolchain 1.99.0-beta.8
[INFO] running `Command { std: CARGO_HOME="/workspace/cargo-home" RUSTUP_HOME="/workspace/rustup-home" "/workspace/cargo-home/bin/cargo" "+1.99.0-beta.8" "metadata" "--manifest-path" "Cargo.toml" "--no-deps", kill_on_drop: false }`
[INFO] crate crates.io crate trailbase-refinery-core 0.8.16 already has a lockfile, it will not be regenerated
[INFO] running `Command { std: CARGO_HOME="/workspace/cargo-home" RUSTUP_HOME="/workspace/rustup-home" "/workspace/cargo-home/bin/cargo" "+1.99.0-beta.8" "fetch" "--manifest-path" "Cargo.toml", kill_on_drop: false }`
[INFO] [stderr]     Updating crates.io index
[INFO] [stderr]  Downloading crates ...
[INFO] [stderr]   Downloaded smallvec v1.13.2
[INFO] [stderr]   Downloaded quote v1.0.38
[INFO] [stderr]   Downloaded proc-macro2 v1.0.92
[INFO] [stderr]   Downloaded zerofrom v0.1.5
[INFO] [stderr]   Downloaded zerofrom-derive v0.1.5
[INFO] [stderr]   Downloaded wasm-bindgen-shared v0.2.99
[INFO] [stderr]   Downloaded unicode-ident v1.0.14
[INFO] [stderr]   Downloaded wasm-bindgen-macro v0.2.99
[INFO] [stderr]   Downloaded cpufeatures v0.2.16
[INFO] [stderr]   Downloaded wasm-bindgen-backend v0.2.99
[INFO] [stderr]   Downloaded pretty-hex v0.3.0
[INFO] [stderr]   Downloaded foldhash v0.1.4
[INFO] [stderr]   Downloaded whoami v1.5.2
[INFO] [stderr]   Downloaded deranged v0.3.11
[INFO] [stderr]   Downloaded litemap v0.7.4
[INFO] [stderr]   Downloaded wasm-bindgen-macro-support v0.2.99
[INFO] [stderr]   Downloaded postgres-protocol v0.6.7
[INFO] [stderr]   Downloaded fallible-iterator v0.2.0
[INFO] [stderr]   Downloaded pin-project-lite v0.2.15
[INFO] [stderr]   Downloaded log v0.4.22
[INFO] [stderr]   Downloaded once_cell v1.20.2
[INFO] [stderr]   Downloaded redox_syscall v0.5.8
[INFO] [stderr]   Downloaded phf_shared v0.11.2
[INFO] [stderr]   Downloaded enumflags2_derive v0.7.10
[INFO] [stderr]   Downloaded asynchronous-codec v0.6.2
[INFO] [stderr]   Downloaded rustc-hash v2.1.0
[INFO] [stderr]   Downloaded tinyvec v1.8.1
[INFO] [stderr]   Downloaded phf v0.11.2
[INFO] [stderr]   Downloaded async-trait v0.1.83
[INFO] [stderr]   Downloaded pem v3.0.4
[INFO] [stderr]   Downloaded saturating v0.1.0
[INFO] [stderr]   Downloaded btoi v0.4.3
[INFO] [stderr]   Downloaded js-sys v0.3.76
[INFO] [stderr]   Downloaded postgres-types v0.2.8
[INFO] [stderr]   Downloaded time-macros v0.2.19
[INFO] [stderr]   Downloaded enumflags2 v0.7.10
[INFO] [stderr]   Downloaded lru v0.12.5
[INFO] [stderr]   Downloaded derive_utils v0.14.2
[INFO] [stderr]   Downloaded named_pipe v0.4.1
[INFO] [stderr]   Downloaded wasm-bindgen v0.2.99
[INFO] [stderr]   Downloaded connection-string v0.2.0
[INFO] [stderr]   Downloaded pkg-config v0.3.31
[INFO] [stderr]   Downloaded jobserver v0.1.32
[INFO] [stderr]   Downloaded postgres v0.19.9
[INFO] [stderr]   Downloaded pin-project-internal v1.1.7
[INFO] [stderr]   Downloaded zstd-safe v7.2.1
[INFO] [stderr]   Downloaded serde v1.0.217
[INFO] [stderr]   Downloaded serde_derive v1.0.217
[INFO] [stderr]   Downloaded bytes v1.9.0
[INFO] [stderr]   Downloaded miniz_oxide v0.8.2
[INFO] [stderr]   Downloaded tokio-postgres v0.7.12
[INFO] [stderr]   Downloaded tempfile v3.14.0
[INFO] [stderr]   Downloaded ahash v0.8.11
[INFO] [stderr]   Downloaded ryu v1.0.18
[INFO] [stderr]   Downloaded zstd v0.13.2
[INFO] [stderr]   Downloaded subprocess v0.2.9
[INFO] [stderr]   Downloaded cmake v0.1.52
[INFO] [stderr]   Downloaded libloading v0.8.6
[INFO] [stderr]   Downloaded keyed_priority_queue v0.4.2
[INFO] [stderr]   Downloaded io-enum v1.1.3
[INFO] [stderr]   Downloaded toml v0.8.19
[INFO] [stderr]   Downloaded bumpalo v3.16.0
[INFO] [stderr]   Downloaded uuid v1.11.0
[INFO] [stderr]   Downloaded pin-project v1.1.7
[INFO] [stderr]   Downloaded toml_edit v0.22.22
[INFO] [stderr]   Downloaded mysql_async v0.34.2
[INFO] [stderr]   Downloaded indexmap v2.7.0
[INFO] [stderr]   Downloaded cc v1.2.6
[INFO] [stderr]   Downloaded flate2 v1.0.35
[INFO] [stderr]   Downloaded crossbeam-channel v0.5.14
[INFO] [stderr]   Downloaded mysql v25.0.1
[INFO] [stderr]   Downloaded tiberius v0.12.3
[INFO] [stderr]   Downloaded winnow v0.6.21
[INFO] [stderr]   Downloaded time v0.3.37
[INFO] [stderr]   Downloaded rusqlite v0.31.0
[INFO] [stderr]   Downloaded syn v2.0.94
[INFO] [stderr]   Downloaded serde_json v1.0.134
[INFO] [stderr]   Downloaded mysql_common v0.32.4
[INFO] [stderr]   Downloaded bindgen v0.71.1
[INFO] [stderr]   Downloaded rustix v0.38.42
[INFO] [stderr]   Downloaded web-sys v0.3.76
[INFO] [stderr]   Downloaded libc v0.2.169
[INFO] [stderr]   Downloaded tokio v1.42.0
[INFO] [stderr]   Downloaded zstd-sys v2.0.13+zstd.1.5.6
[INFO] [stderr]   Downloaded libz-sys v1.1.20
[INFO] [stderr]   Downloaded linux-raw-sys v0.4.14
[INFO] [stderr]   Downloaded libsqlite3-sys v0.28.0
[INFO] running `Command { std: "docker" "create" "-v" "/var/lib/crater-agent-workspace/builds/worker-6-tc1/source:/opt/rustwide/workdir:ro,Z" "-v" "/var/lib/crater-agent-workspace/builds/worker-6-tc1/target:/opt/rustwide/target:rw,Z" "-v" "/var/lib/crater-agent-workspace/cargo-home:/opt/rustwide/cargo-home:ro,Z" "-v" "/var/lib/crater-agent-workspace/rustup-home:/opt/rustwide/rustup-home:ro,Z" "-m" "1610612736" "--network" "none" "ghcr.io/rust-lang/crates-build-env/linux@sha256:3111399a4047eeb3a02b7a90e478d715f38a8c6669b5c4b49d30a17385265909" "sleep" "infinity", kill_on_drop: false }`
[INFO] [stdout] 90b608c2b58edd482a03e54681dda863bf1e5b111bf95603c45d48aa50759d67
[INFO] running `Command { std: "docker" "start" "90b608c2b58edd482a03e54681dda863bf1e5b111bf95603c45d48aa50759d67", kill_on_drop: false }`
[INFO] running `Command { std: "docker" "inspect" "90b608c2b58edd482a03e54681dda863bf1e5b111bf95603c45d48aa50759d67", kill_on_drop: false }`
[INFO] running `Command { std: "docker" "exec" "-e" "SOURCE_DIR=/opt/rustwide/workdir" "-e" "CARGO_HOME=/opt/rustwide/cargo-home" "-e" "RUSTUP_HOME=/opt/rustwide/rustup-home" "-e" "CARGO_TARGET_DIR=/opt/rustwide/target" "-w" "/opt/rustwide/workdir" "--user" "0:0" "90b608c2b58edd482a03e54681dda863bf1e5b111bf95603c45d48aa50759d67" "/opt/rustwide/cargo-home/bin/cargo" "+1.99.0-beta.8" "metadata" "--no-deps" "--format-version=1", kill_on_drop: false }`
[INFO] running `Command { std: "docker" "inspect" "90b608c2b58edd482a03e54681dda863bf1e5b111bf95603c45d48aa50759d67", kill_on_drop: false }`
[INFO] running `Command { std: "docker" "exec" "-e" "SOURCE_DIR=/opt/rustwide/workdir" "-e" "CARGO_HOME=/opt/rustwide/cargo-home" "-e" "RUSTUP_HOME=/opt/rustwide/rustup-home" "-e" "CARGO_TARGET_DIR=/opt/rustwide/target" "-e" "CARGO_INCREMENTAL=0" "-e" "RUST_BACKTRACE=full" "-e" "RUSTFLAGS=--cap-lints=warn" "-e" "RUSTDOCFLAGS=--cap-lints=warn" "-w" "/opt/rustwide/workdir" "--user" "0:0" "90b608c2b58edd482a03e54681dda863bf1e5b111bf95603c45d48aa50759d67" "/opt/rustwide/cargo-home/bin/cargo" "+1.99.0-beta.8" "build" "--frozen" "--message-format=json", kill_on_drop: false }`
[INFO] [stderr]    Compiling proc-macro2 v1.0.92
[INFO] [stderr]    Compiling unicode-ident v1.0.14
[INFO] [stderr]    Compiling stable_deref_trait v1.2.0
[INFO] [stderr]    Compiling writeable v0.5.5
[INFO] [stderr]    Compiling litemap v0.7.4
[INFO] [stderr]    Compiling icu_locid_transform_data v1.5.0
[INFO] [stderr]    Compiling icu_properties_data v1.5.0
[INFO] [stderr]    Compiling write16 v1.0.0
[INFO] [stderr]    Compiling utf16_iter v1.0.5
[INFO] [stderr]    Compiling smallvec v1.13.2
[INFO] [stderr]    Compiling icu_normalizer_data v1.5.0
[INFO] [stderr]    Compiling memchr v2.7.4
[INFO] [stderr]    Compiling percent-encoding v2.3.1
[INFO] [stderr]    Compiling regex-syntax v0.8.5
[INFO] [stderr]    Compiling deranged v0.3.11
[INFO] [stderr]    Compiling itoa v1.0.14
[INFO] [stderr]    Compiling time-core v0.1.2
[INFO] [stderr]    Compiling log v0.4.22
[INFO] [stderr]    Compiling form_urlencoded v1.2.1
[INFO] [stderr]    Compiling aho-corasick v1.1.3
[INFO] [stderr]    Compiling quote v1.0.38
[INFO] [stderr]    Compiling syn v2.0.94
[INFO] [stderr]    Compiling time v0.3.37
[INFO] [stderr]    Compiling regex-automata v0.4.9
[INFO] [stderr]    Compiling regex v1.11.1
[INFO] [stderr]    Compiling synstructure v0.13.1
[INFO] [stderr]    Compiling zerofrom-derive v0.1.5
[INFO] [stderr]    Compiling yoke-derive v0.7.5
[INFO] [stderr]    Compiling zerovec-derive v0.10.3
[INFO] [stderr]    Compiling displaydoc v0.2.5
[INFO] [stderr]    Compiling icu_provider_macros v1.5.0
[INFO] [stderr]    Compiling thiserror-impl v1.0.69
[INFO] [stderr]    Compiling async-trait v0.1.83
[INFO] [stderr]    Compiling zerofrom v0.1.5
[INFO] [stderr]    Compiling yoke v0.7.5
[INFO] [stderr]    Compiling thiserror v1.0.69
[INFO] [stderr]    Compiling zerovec v0.10.4
[INFO] [stderr]    Compiling tinystr v0.7.6
[INFO] [stderr]    Compiling icu_collections v1.5.0
[INFO] [stderr]    Compiling icu_locid v1.5.0
[INFO] [stderr]    Compiling icu_provider v1.5.0
[INFO] [stderr]    Compiling icu_locid_transform v1.5.0
[INFO] [stderr]    Compiling icu_properties v1.5.1
[INFO] [stderr]    Compiling icu_normalizer v1.5.0
[INFO] [stderr]    Compiling idna_adapter v1.2.0
[INFO] [stderr]    Compiling idna v1.0.3
[INFO] [stderr]    Compiling url v2.5.4
[INFO] [stderr]    Compiling trailbase-refinery-core v0.8.16 (/opt/rustwide/workdir)
[INFO] [stdout] warning: unused import: `ConfigDbType`
[INFO] [stdout]  --> src/drivers/config.rs:8:29
[INFO] [stdout]   |
[INFO] [stdout] 8 | use crate::config::{Config, ConfigDbType};
[INFO] [stdout]   |                             ^^^^^^^^^^^^
[INFO] [stdout]   |
[INFO] [stdout]   = note: `#[warn(unused_imports)]` (part of `#[warn(unused)]`) on by default
[INFO] [stdout] 
[INFO] [stdout] 
[INFO] [stdout] warning: unused import: `crate::error::WrapMigrationError`
[INFO] [stdout]  --> src/drivers/config.rs:9:5
[INFO] [stdout]   |
[INFO] [stdout] 9 | use crate::error::WrapMigrationError;
[INFO] [stdout]   |     ^^^^^^^^^^^^^^^^^^^^^^^^^^^^^^^^
[INFO] [stdout] 
[INFO] [stdout] 
[INFO] [stdout] warning: unused imports: `GET_APPLIED_MIGRATIONS_QUERY` and `GET_LAST_APPLIED_MIGRATION_QUERY`
[INFO] [stdout]   --> src/drivers/config.rs:12:21
[INFO] [stdout]    |
[INFO] [stdout] 12 | use crate::traits::{GET_APPLIED_MIGRATIONS_QUERY, GET_LAST_APPLIED_MIGRATION_QUERY};
[INFO] [stdout]    |                     ^^^^^^^^^^^^^^^^^^^^^^^^^^^^  ^^^^^^^^^^^^^^^^^^^^^^^^^^^^^^^^
[INFO] [stdout] 
[INFO] [stdout] 
[INFO] [stdout] warning: unused imports: `Error`, `Report`, and `Target`
[INFO] [stdout]   --> src/drivers/config.rs:13:13
[INFO] [stdout]    |
[INFO] [stdout] 13 | use crate::{Error, Migration, Report, Target};
[INFO] [stdout]    |             ^^^^^             ^^^^^^  ^^^^^^
[INFO] [stdout] 
[INFO] [stdout] 
[INFO] [stdout] warning: unused import: `std::ops::Deref`
[INFO] [stdout]  --> src/traits/async.rs:9:5
[INFO] [stdout]   |
[INFO] [stdout] 9 | use std::ops::Deref;
[INFO] [stdout]   |     ^^^^^^^^^^^^^^^
[INFO] [stdout] 
[INFO] [stdout] 
[INFO] [stdout] warning: fields `db_path`, `db_user`, `db_pass`, and `db_name` are never read
[INFO] [stdout]    --> src/config.rs:267:5
[INFO] [stdout]     |
[INFO] [stdout] 265 | struct Main {
[INFO] [stdout]     |        ---- fields in this struct
[INFO] [stdout] 266 |     db_type: ConfigDbType,
[INFO] [stdout] 267 |     db_path: Option<PathBuf>,
[INFO] [stdout]     |     ^^^^^^^
[INFO] [stdout] ...
[INFO] [stdout] 270 |     db_user: Option<String>,
[INFO] [stdout]     |     ^^^^^^^
[INFO] [stdout] 271 |     db_pass: Option<String>,
[INFO] [stdout]     |     ^^^^^^^
[INFO] [stdout] 272 |     db_name: Option<String>,
[INFO] [stdout]     |     ^^^^^^^
[INFO] [stdout]     |
[INFO] [stdout]     = note: `Main` has a derived impl for the trait `Debug`, but this is intentionally ignored during dead code analysis
[INFO] [stdout]     = note: `#[warn(dead_code)]` (part of `#[warn(unused)]`) on by default
[INFO] [stdout] 
[INFO] [stdout] 
[INFO] [stderr]     Finished `dev` profile [unoptimized + debuginfo] target(s) in 22.49s
[INFO] running `Command { std: "docker" "inspect" "90b608c2b58edd482a03e54681dda863bf1e5b111bf95603c45d48aa50759d67", kill_on_drop: false }`
[INFO] running `Command { std: "docker" "exec" "-e" "SOURCE_DIR=/opt/rustwide/workdir" "-e" "CARGO_HOME=/opt/rustwide/cargo-home" "-e" "RUSTUP_HOME=/opt/rustwide/rustup-home" "-e" "CARGO_TARGET_DIR=/opt/rustwide/target" "-e" "CARGO_INCREMENTAL=0" "-e" "RUST_BACKTRACE=full" "-e" "RUSTFLAGS=--cap-lints=warn" "-e" "RUSTDOCFLAGS=--cap-lints=warn" "-w" "/opt/rustwide/workdir" "--user" "0:0" "90b608c2b58edd482a03e54681dda863bf1e5b111bf95603c45d48aa50759d67" "/opt/rustwide/cargo-home/bin/cargo" "+1.99.0-beta.8" "test" "--frozen" "--no-run" "--message-format=json", kill_on_drop: false }`
[INFO] [stderr]    Compiling rustix v0.38.42
[INFO] [stderr]    Compiling linux-raw-sys v0.4.14
[INFO] [stderr]    Compiling bitflags v2.6.0
[INFO] [stderr]    Compiling once_cell v1.20.2
[INFO] [stderr]    Compiling fastrand v2.3.0
[INFO] [stdout] warning: unused import: `ConfigDbType`
[INFO] [stdout]  --> src/drivers/config.rs:8:29
[INFO] [stdout]   |
[INFO] [stdout] 8 | use crate::config::{Config, ConfigDbType};
[INFO] [stdout]   |                             ^^^^^^^^^^^^
[INFO] [stdout]   |
[INFO] [stdout]   = note: `#[warn(unused_imports)]` (part of `#[warn(unused)]`) on by default
[INFO] [stdout] 
[INFO] [stdout] 
[INFO] [stdout] warning: unused import: `crate::error::WrapMigrationError`
[INFO] [stdout]  --> src/drivers/config.rs:9:5
[INFO] [stdout]   |
[INFO] [stdout] 9 | use crate::error::WrapMigrationError;
[INFO] [stdout]   |     ^^^^^^^^^^^^^^^^^^^^^^^^^^^^^^^^
[INFO] [stdout] 
[INFO] [stdout] 
[INFO] [stdout] warning: unused imports: `GET_APPLIED_MIGRATIONS_QUERY` and `GET_LAST_APPLIED_MIGRATION_QUERY`
[INFO] [stdout]   --> src/drivers/config.rs:12:21
[INFO] [stdout]    |
[INFO] [stdout] 12 | use crate::traits::{GET_APPLIED_MIGRATIONS_QUERY, GET_LAST_APPLIED_MIGRATION_QUERY};
[INFO] [stdout]    |                     ^^^^^^^^^^^^^^^^^^^^^^^^^^^^  ^^^^^^^^^^^^^^^^^^^^^^^^^^^^^^^^
[INFO] [stdout] 
[INFO] [stdout] 
[INFO] [stdout] warning: unused imports: `Error`, `Report`, and `Target`
[INFO] [stdout]   --> src/drivers/config.rs:13:13
[INFO] [stdout]    |
[INFO] [stdout] 13 | use crate::{Error, Migration, Report, Target};
[INFO] [stdout]    |             ^^^^^             ^^^^^^  ^^^^^^
[INFO] [stdout] 
[INFO] [stdout] 
[INFO] [stdout] warning: unused import: `std::ops::Deref`
[INFO] [stdout]  --> src/traits/async.rs:9:5
[INFO] [stdout]   |
[INFO] [stdout] 9 | use std::ops::Deref;
[INFO] [stdout]   |     ^^^^^^^^^^^^^^^
[INFO] [stdout] 
[INFO] [stdout] 
[INFO] [stdout] warning: fields `db_path`, `db_user`, `db_pass`, and `db_name` are never read
[INFO] [stdout]    --> src/config.rs:267:5
[INFO] [stdout]     |
[INFO] [stdout] 265 | struct Main {
[INFO] [stdout]     |        ---- fields in this struct
[INFO] [stdout] 266 |     db_type: ConfigDbType,
[INFO] [stdout] 267 |     db_path: Option<PathBuf>,
[INFO] [stdout]     |     ^^^^^^^
[INFO] [stdout] ...
[INFO] [stdout] 270 |     db_user: Option<String>,
[INFO] [stdout]     |     ^^^^^^^
[INFO] [stdout] 271 |     db_pass: Option<String>,
[INFO] [stdout]     |     ^^^^^^^
[INFO] [stdout] 272 |     db_name: Option<String>,
[INFO] [stdout]     |     ^^^^^^^
[INFO] [stdout]     |
[INFO] [stdout]     = note: `Main` has a derived impl for the trait `Debug`, but this is intentionally ignored during dead code analysis
[INFO] [stdout]     = note: `#[warn(dead_code)]` (part of `#[warn(unused)]`) on by default
[INFO] [stdout] 
[INFO] [stdout] 
[INFO] [stderr]    Compiling tempfile v3.14.0
[INFO] [stderr]    Compiling trailbase-refinery-core v0.8.16 (/opt/rustwide/workdir)
[INFO] [stdout] error: couldn't read `src/traits/../../../refinery/tests/migrations/V1-2/V2__add_cars_and_motos_table.sql`: No such file or directory (os error 2)
[INFO] [stdout]    --> src/traits/mod.rs:133:13
[INFO] [stdout]     |
[INFO] [stdout] 133 | /             include_str!(
[INFO] [stdout] 134 | |                 "../../../refinery/tests/migrations/V1-2/V2__add_cars_and_motos_table.sql"
[INFO] [stdout] 135 | |             ),
[INFO] [stdout]     | |_____________^
[INFO] [stdout] 
[INFO] [stdout] 
[INFO] [stdout] error: couldn't read `src/traits/../../../refinery/tests/migrations/V3/V3__add_brand_to_cars_table.sql`: No such file or directory (os error 2)
[INFO] [stdout]    --> src/traits/mod.rs:141:13
[INFO] [stdout]     |
[INFO] [stdout] 141 |             include_str!("../../../refinery/tests/migrations/V3/V3__add_brand_to_cars_table.sql"),
[INFO] [stdout]     |             ^^^^^^^^^^^^^^^^^^^^^^^^^^^^^^^^^^^^^^^^^^^^^^^^^^^^^^^^^^^^^^^^^^^^^^^^^^^^^^^^^^^^^
[INFO] [stdout] 
[INFO] [stdout] 
[INFO] [stdout] error: couldn't read `src/traits/../../../refinery/tests/migrations/V3/V3__add_brand_to_cars_table.sql`: No such file or directory (os error 2)
[INFO] [stdout]    --> src/traits/mod.rs:183:17
[INFO] [stdout]     |
[INFO] [stdout] 183 | /                 include_str!(
[INFO] [stdout] 184 | |                     "../../../refinery/tests/migrations/V3/V3__add_brand_to_cars_table.sql"
[INFO] [stdout] 185 | |                 ),
[INFO] [stdout]     | |_________________^
[INFO] [stdout] 
[INFO] [stdout] 
[INFO] [stdout] error: couldn't read `src/traits/../../../refinery/tests/migrations/V3/V3__add_brand_to_cars_table.sql`: No such file or directory (os error 2)
[INFO] [stdout]    --> src/traits/mod.rs:209:17
[INFO] [stdout]     |
[INFO] [stdout] 209 | /                 include_str!(
[INFO] [stdout] 210 | |                     "../../../refinery/tests/migrations/V3/V3__add_brand_to_cars_table.sql"
[INFO] [stdout] 211 | |                 ),
[INFO] [stdout]     | |_________________^
[INFO] [stdout] 
[INFO] [stdout] 
[INFO] [stdout] error: couldn't read `src/traits/../../../refinery/tests/migrations_unversioned/U0__merge_out_of_order.sql`: No such file or directory (os error 2)
[INFO] [stdout]    --> src/traits/mod.rs:281:17
[INFO] [stdout]     |
[INFO] [stdout] 281 | /                 include_str!(
[INFO] [stdout] 282 | |                     "../../../refinery/tests/migrations_unversioned/U0__merge_out_of_order.sql"
[INFO] [stdout] 283 | |                 ),
[INFO] [stdout]     | |_________________^
[INFO] [stdout] 
[INFO] [stdout] 
[INFO] [stdout] error[E0432]: unresolved import `super::build_db_url`
[INFO] [stdout]    --> src/config.rs:350:17
[INFO] [stdout]     |
[INFO] [stdout] 350 |     use super::{build_db_url, Config, Kind};
[INFO] [stdout]     |                 ^^^^^^^^^^^^ no `build_db_url` in `config`
[INFO] [stdout]     |
[INFO] [stdout] note: found an item that was configured out
[INFO] [stdout]    --> src/config.rs:284:15
[INFO] [stdout]     |
[INFO] [stdout] 278 |   #[cfg(any(
[INFO] [stdout]     |  __________-
[INFO] [stdout] 279 | |     feature = "mysql",
[INFO] [stdout] 280 | |     feature = "postgres",
[INFO] [stdout] 281 | |     feature = "tokio-postgres",
[INFO] [stdout] 282 | |     feature = "mysql_async"
[INFO] [stdout] 283 | | ))]
[INFO] [stdout]     | |_- the item is gated here
[INFO] [stdout] 284 |   pub(crate) fn build_db_url(name: &str, config: &Config) -> String {
[INFO] [stdout]     |                 ^^^^^^^^^^^^
[INFO] [stdout] 
[INFO] [stdout] 
[INFO] [stdout] warning: unused import: `ConfigDbType`
[INFO] [stdout]  --> src/drivers/config.rs:8:29
[INFO] [stdout]   |
[INFO] [stdout] 8 | use crate::config::{Config, ConfigDbType};
[INFO] [stdout]   |                             ^^^^^^^^^^^^
[INFO] [stdout]   |
[INFO] [stdout]   = note: `#[warn(unused_imports)]` (part of `#[warn(unused)]`) on by default
[INFO] [stdout] 
[INFO] [stdout] 
[INFO] [stdout] warning: unused import: `crate::error::WrapMigrationError`
[INFO] [stdout]  --> src/drivers/config.rs:9:5
[INFO] [stdout]   |
[INFO] [stdout] 9 | use crate::error::WrapMigrationError;
[INFO] [stdout]   |     ^^^^^^^^^^^^^^^^^^^^^^^^^^^^^^^^
[INFO] [stdout] 
[INFO] [stdout] 
[INFO] [stdout] warning: unused imports: `GET_APPLIED_MIGRATIONS_QUERY` and `GET_LAST_APPLIED_MIGRATION_QUERY`
[INFO] [stdout]   --> src/drivers/config.rs:12:21
[INFO] [stdout]    |
[INFO] [stdout] 12 | use crate::traits::{GET_APPLIED_MIGRATIONS_QUERY, GET_LAST_APPLIED_MIGRATION_QUERY};
[INFO] [stdout]    |                     ^^^^^^^^^^^^^^^^^^^^^^^^^^^^  ^^^^^^^^^^^^^^^^^^^^^^^^^^^^^^^^
[INFO] [stdout] 
[INFO] [stdout] 
[INFO] [stdout] warning: unused imports: `Error`, `Report`, and `Target`
[INFO] [stdout]   --> src/drivers/config.rs:13:13
[INFO] [stdout]    |
[INFO] [stdout] 13 | use crate::{Error, Migration, Report, Target};
[INFO] [stdout]    |             ^^^^^             ^^^^^^  ^^^^^^
[INFO] [stdout] 
[INFO] [stdout] 
[INFO] [stdout] warning: unused import: `std::ops::Deref`
[INFO] [stdout]  --> src/traits/async.rs:9:5
[INFO] [stdout]   |
[INFO] [stdout] 9 | use std::ops::Deref;
[INFO] [stdout]   |     ^^^^^^^^^^^^^^^
[INFO] [stdout] 
[INFO] [stdout] 
[INFO] [stdout] error[E0599]: no associated function or constant named `from_file_location` found for struct `config::Config` in the current scope
[INFO] [stdout]    --> src/config.rs:356:30
[INFO] [stdout]     |
[INFO] [stdout]  12 | pub struct Config {
[INFO] [stdout]     | ----------------- associated function or constant `from_file_location` not found for this struct
[INFO] [stdout] ...
[INFO] [stdout] 356 |         let config = Config::from_file_location("invalid_path").unwrap_err();
[INFO] [stdout]     |                              ^^^^^^^^^^^^^^^^^^ associated function or constant not found in `config::Config`
[INFO] [stdout]     |
[INFO] [stdout] note: if you're trying to build a new `config::Config` consider using one of the following associated functions:
[INFO] [stdout]       config::Config::new
[INFO] [stdout]       config::Config::from_env_var
[INFO] [stdout]    --> src/config.rs:27:5
[INFO] [stdout]     |
[INFO] [stdout]  27 |     pub fn new(db_type: ConfigDbType) -> Config {
[INFO] [stdout]     |     ^^^^^^^^^^^^^^^^^^^^^^^^^^^^^^^^^^^^^^^^^^^
[INFO] [stdout] ...
[INFO] [stdout]  44 |     pub fn from_env_var(name: &str) -> Result<Config, Error> {
[INFO] [stdout]     |     ^^^^^^^^^^^^^^^^^^^^^^^^^^^^^^^^^^^^^^^^^^^^^^^^^^^^^^^^
[INFO] [stdout] 
[INFO] [stdout] 
[INFO] [stdout] error[E0599]: no associated function or constant named `from_file_location` found for struct `config::Config` in the current scope
[INFO] [stdout]    --> src/config.rs:370:30
[INFO] [stdout]     |
[INFO] [stdout]  12 | pub struct Config {
[INFO] [stdout]     | ----------------- associated function or constant `from_file_location` not found for this struct
[INFO] [stdout] ...
[INFO] [stdout] 370 |         let config = Config::from_file_location(config_file.path()).unwrap_err();
[INFO] [stdout]     |                              ^^^^^^^^^^^^^^^^^^ associated function or constant not found in `config::Config`
[INFO] [stdout]     |
[INFO] [stdout] note: if you're trying to build a new `config::Config` consider using one of the following associated functions:
[INFO] [stdout]       config::Config::new
[INFO] [stdout]       config::Config::from_env_var
[INFO] [stdout]    --> src/config.rs:27:5
[INFO] [stdout]     |
[INFO] [stdout]  27 |     pub fn new(db_type: ConfigDbType) -> Config {
[INFO] [stdout]     |     ^^^^^^^^^^^^^^^^^^^^^^^^^^^^^^^^^^^^^^^^^^^
[INFO] [stdout] ...
[INFO] [stdout]  44 |     pub fn from_env_var(name: &str) -> Result<Config, Error> {
[INFO] [stdout]     |     ^^^^^^^^^^^^^^^^^^^^^^^^^^^^^^^^^^^^^^^^^^^^^^^^^^^^^^^^
[INFO] [stdout] 
[INFO] [stdout] 
[INFO] [stdout] error[E0599]: no associated function or constant named `from_file_location` found for struct `config::Config` in the current scope
[INFO] [stdout]    --> src/config.rs:384:30
[INFO] [stdout]     |
[INFO] [stdout]  12 | pub struct Config {
[INFO] [stdout]     | ----------------- associated function or constant `from_file_location` not found for this struct
[INFO] [stdout] ...
[INFO] [stdout] 384 |         let config = Config::from_file_location(config_file.path()).unwrap_err();
[INFO] [stdout]     |                              ^^^^^^^^^^^^^^^^^^ associated function or constant not found in `config::Config`
[INFO] [stdout]     |
[INFO] [stdout] note: if you're trying to build a new `config::Config` consider using one of the following associated functions:
[INFO] [stdout]       config::Config::new
[INFO] [stdout]       config::Config::from_env_var
[INFO] [stdout]    --> src/config.rs:27:5
[INFO] [stdout]     |
[INFO] [stdout]  27 |     pub fn new(db_type: ConfigDbType) -> Config {
[INFO] [stdout]     |     ^^^^^^^^^^^^^^^^^^^^^^^^^^^^^^^^^^^^^^^^^^^
[INFO] [stdout] ...
[INFO] [stdout]  44 |     pub fn from_env_var(name: &str) -> Result<Config, Error> {
[INFO] [stdout]     |     ^^^^^^^^^^^^^^^^^^^^^^^^^^^^^^^^^^^^^^^^^^^^^^^^^^^^^^^^
[INFO] [stdout] 
[INFO] [stdout] 
[INFO] [stdout] error[E0599]: no associated function or constant named `from_file_location` found for struct `config::Config` in the current scope
[INFO] [stdout]    --> src/config.rs:406:30
[INFO] [stdout]     |
[INFO] [stdout]  12 | pub struct Config {
[INFO] [stdout]     | ----------------- associated function or constant `from_file_location` not found for this struct
[INFO] [stdout] ...
[INFO] [stdout] 406 |         let config = Config::from_file_location(config_file.path()).unwrap();
[INFO] [stdout]     |                              ^^^^^^^^^^^^^^^^^^ associated function or constant not found in `config::Config`
[INFO] [stdout]     |
[INFO] [stdout] note: if you're trying to build a new `config::Config` consider using one of the following associated functions:
[INFO] [stdout]       config::Config::new
[INFO] [stdout]       config::Config::from_env_var
[INFO] [stdout]    --> src/config.rs:27:5
[INFO] [stdout]     |
[INFO] [stdout]  27 |     pub fn new(db_type: ConfigDbType) -> Config {
[INFO] [stdout]     |     ^^^^^^^^^^^^^^^^^^^^^^^^^^^^^^^^^^^^^^^^^^^
[INFO] [stdout] ...
[INFO] [stdout]  44 |     pub fn from_env_var(name: &str) -> Result<Config, Error> {
[INFO] [stdout]     |     ^^^^^^^^^^^^^^^^^^^^^^^^^^^^^^^^^^^^^^^^^^^^^^^^^^^^^^^^
[INFO] [stdout] 
[INFO] [stdout] 
[INFO] [stdout] error[E0433]: cannot find module or crate `toml` in this scope
[INFO] [stdout]    --> src/config.rs:426:30
[INFO] [stdout]     |
[INFO] [stdout] 426 |         let config: Config = toml::from_str(config).unwrap();
[INFO] [stdout]     |                              ^^^^ use of unresolved module or unlinked crate `toml`
[INFO] [stdout]     |
[INFO] [stdout]     = help: if you wanted to use a crate named `toml`, use `cargo add toml` to add it to your `Cargo.toml`
[INFO] [stdout] 
[INFO] [stdout] 
[INFO] [stdout] Some errors have detailed explanations: E0432, E0433, E0599.
[INFO] [stdout] 
[INFO] [stdout] For more information about an error, try `rustc --explain E0432`.
[INFO] [stdout] 
[INFO] [stderr] error: could not compile `trailbase-refinery-core` (lib test) due to 11 previous errors; 5 warnings emitted
[INFO] running `Command { std: "docker" "inspect" "90b608c2b58edd482a03e54681dda863bf1e5b111bf95603c45d48aa50759d67", kill_on_drop: false }`
[INFO] running `Command { std: "docker" "rm" "-f" "90b608c2b58edd482a03e54681dda863bf1e5b111bf95603c45d48aa50759d67", kill_on_drop: false }`
[INFO] [stdout] 90b608c2b58edd482a03e54681dda863bf1e5b111bf95603c45d48aa50759d67
