[INFO] fetching crate track-work 0.1.0...
[INFO] testing track-work-0.1.0 against 1.100.0-beta.1 for beta-1.100-2
[INFO] extracting crate track-work 0.1.0 into /workspace/builds/worker-4-tc2/source
[INFO] started tweaking crates.io crate track-work 0.1.0
[INFO] finished tweaking crates.io crate track-work 0.1.0
[INFO] tweaked toml for crates.io crate track-work 0.1.0 written to /workspace/builds/worker-4-tc2/source/Cargo.toml
[INFO] validating manifest of crates.io crate track-work 0.1.0 on toolchain 1.100.0-beta.1
[INFO] running `Command { std: CARGO_HOME="/workspace/cargo-home" RUSTUP_HOME="/workspace/rustup-home" "/workspace/cargo-home/bin/cargo" "+1.100.0-beta.1" "metadata" "--manifest-path" "Cargo.toml" "--no-deps", kill_on_drop: false }`
[INFO] crate crates.io crate track-work 0.1.0 already has a lockfile, it will not be regenerated
[INFO] running `Command { std: CARGO_HOME="/workspace/cargo-home" RUSTUP_HOME="/workspace/rustup-home" "/workspace/cargo-home/bin/cargo" "+1.100.0-beta.1" "fetch" "--manifest-path" "Cargo.toml", kill_on_drop: false }`
[INFO] [stderr] warning: `package.homepage` is redundant with `package.repository`
[INFO] [stderr]   --> Cargo.toml:50:12
[INFO] [stderr]    |
[INFO] [stderr] 50 | homepage = "https://github.com/Argannor/track-work"
[INFO] [stderr]    |            ^^^^^^^^^^^^^^^^^^^^^^^^^^^^^^^^^^^^^^^^
[INFO] [stderr] ...
[INFO] [stderr] 55 | repository = "https://github.com/Argannor/track-work"
[INFO] [stderr]    |              ----------------------------------------
[INFO] [stderr]    |
[INFO] [stderr]    = note: `cargo::redundant_homepage` is set to `warn` by default
[INFO] [stderr] help: consider removing `package.homepage`
[INFO] [stderr] warning: `track-work` (manifest) generated 1 warning
[INFO] running `Command { std: "docker" "create" "-v" "/var/lib/crater-agent-workspace/builds/worker-4-tc2/source:/opt/rustwide/workdir:ro,Z" "-v" "/var/lib/crater-agent-workspace/builds/worker-4-tc2/target:/opt/rustwide/target:rw,Z" "-v" "/var/lib/crater-agent-workspace/cargo-home:/opt/rustwide/cargo-home:ro,Z" "-v" "/var/lib/crater-agent-workspace/rustup-home:/opt/rustwide/rustup-home:ro,Z" "-m" "1610612736" "--network" "none" "ghcr.io/rust-lang/crates-build-env/linux@sha256:3111399a4047eeb3a02b7a90e478d715f38a8c6669b5c4b49d30a17385265909" "sleep" "infinity", kill_on_drop: false }`
[INFO] [stdout] c7ac8112412190ba90b28b6e4cf2278d8ac4b711bf96a05c1e9b166e4e3304ef
[INFO] running `Command { std: "docker" "start" "c7ac8112412190ba90b28b6e4cf2278d8ac4b711bf96a05c1e9b166e4e3304ef", kill_on_drop: false }`
[INFO] running `Command { std: "docker" "inspect" "c7ac8112412190ba90b28b6e4cf2278d8ac4b711bf96a05c1e9b166e4e3304ef", kill_on_drop: false }`
[INFO] running `Command { std: "docker" "exec" "-e" "SOURCE_DIR=/opt/rustwide/workdir" "-e" "CARGO_HOME=/opt/rustwide/cargo-home" "-e" "RUSTUP_HOME=/opt/rustwide/rustup-home" "-e" "CARGO_TARGET_DIR=/opt/rustwide/target" "-w" "/opt/rustwide/workdir" "--user" "0:0" "c7ac8112412190ba90b28b6e4cf2278d8ac4b711bf96a05c1e9b166e4e3304ef" "/opt/rustwide/cargo-home/bin/cargo" "+1.100.0-beta.1" "metadata" "--no-deps" "--format-version=1", kill_on_drop: false }`
[INFO] running `Command { std: "docker" "inspect" "c7ac8112412190ba90b28b6e4cf2278d8ac4b711bf96a05c1e9b166e4e3304ef", kill_on_drop: false }`
[INFO] running `Command { std: "docker" "exec" "-e" "SOURCE_DIR=/opt/rustwide/workdir" "-e" "CARGO_HOME=/opt/rustwide/cargo-home" "-e" "RUSTUP_HOME=/opt/rustwide/rustup-home" "-e" "CARGO_TARGET_DIR=/opt/rustwide/target" "-e" "CARGO_INCREMENTAL=0" "-e" "RUST_BACKTRACE=full" "-e" "RUSTFLAGS=--cap-lints=warn" "-e" "RUSTDOCFLAGS=--cap-lints=warn" "-w" "/opt/rustwide/workdir" "--user" "0:0" "c7ac8112412190ba90b28b6e4cf2278d8ac4b711bf96a05c1e9b166e4e3304ef" "/opt/rustwide/cargo-home/bin/cargo" "+1.100.0-beta.1" "build" "--frozen" "--message-format=json", kill_on_drop: false }`
[INFO] [stderr] warning: `package.homepage` is redundant with `package.repository`
[INFO] [stderr]   --> Cargo.toml:50:12
[INFO] [stderr]    |
[INFO] [stderr] 50 | homepage = "https://github.com/Argannor/track-work"
[INFO] [stderr]    |            ^^^^^^^^^^^^^^^^^^^^^^^^^^^^^^^^^^^^^^^^
[INFO] [stderr] ...
[INFO] [stderr] 55 | repository = "https://github.com/Argannor/track-work"
[INFO] [stderr]    |              ----------------------------------------
[INFO] [stderr]    |
[INFO] [stderr]    = note: `cargo::redundant_homepage` is set to `warn` by default
[INFO] [stderr] help: consider removing `package.homepage`
[INFO] [stderr] warning: `track-work` (manifest) generated 1 warning
[INFO] [stderr]    Compiling libc v0.2.146
[INFO] [stderr]    Compiling proc-macro2 v1.0.60
[INFO] [stderr]    Compiling unicode-ident v1.0.9
[INFO] [stderr]    Compiling quote v1.0.28
[INFO] [stderr]    Compiling serde v1.0.164
[INFO] [stderr]    Compiling thiserror v1.0.40
[INFO] [stderr]    Compiling version_check v0.9.4
[INFO] [stderr]    Compiling signal-hook v0.3.15
[INFO] [stderr]    Compiling ucd-trie v0.1.5
[INFO] [stderr]    Compiling scopeguard v1.1.0
[INFO] [stderr]    Compiling log v0.4.19
[INFO] [stderr]    Compiling smallvec v1.10.0
[INFO] [stderr]    Compiling lock_api v0.4.10
[INFO] [stderr]    Compiling syn v1.0.109
[INFO] [stderr]    Compiling windows_x86_64_gnu v0.48.0
[INFO] [stderr]    Compiling ahash v0.7.6
[INFO] [stderr]    Compiling memchr v2.5.0
[INFO] [stderr]    Compiling num-traits v0.2.15
[INFO] [stderr]    Compiling dlv-list v0.3.0
[INFO] [stderr]    Compiling serde_json v1.0.97
[INFO] [stderr]    Compiling async-trait v0.1.68
[INFO] [stderr]    Compiling base64 v0.13.1
[INFO] [stderr]    Compiling ppv-lite86 v0.2.17
[INFO] [stderr]    Compiling getrandom v0.2.10
[INFO] [stderr]    Compiling signal-hook-registry v1.4.1
[INFO] [stderr]    Compiling mio v0.8.8
[INFO] [stderr]    Compiling parking_lot_core v0.9.8
[INFO] [stderr]    Compiling rand_core v0.6.4
[INFO] [stderr]    Compiling parking_lot v0.12.1
[INFO] [stderr]    Compiling hashbrown v0.12.3
[INFO] [stderr]    Compiling signal-hook-mio v0.2.3
[INFO] [stderr]    Compiling syn v2.0.18
[INFO] [stderr]    Compiling linked-hash-map v0.5.6
[INFO] [stderr]    Compiling itoa v1.0.6
[INFO] [stderr]    Compiling argh_shared v0.1.10
[INFO] [stderr]    Compiling ryu v1.0.13
[INFO] [stderr]    Compiling crossterm v0.25.0
[INFO] [stderr]    Compiling yaml-rust v0.4.5
[INFO] [stderr]    Compiling nom v7.1.3
[INFO] [stderr]    Compiling ordered-multimap v0.4.3
[INFO] [stderr]    Compiling rand_chacha v0.3.1
[INFO] [stderr]    Compiling time v0.1.45
[INFO] [stderr]    Compiling windows-targets v0.48.0
[INFO] [stderr]    Compiling thread_local v1.1.7
[INFO] [stderr]    Compiling rust-ini v0.18.0
[INFO] [stderr]    Compiling pathdiff v0.2.1
[INFO] [stderr]    Compiling iana-time-zone v0.1.57
[INFO] [stderr]    Compiling unicode-segmentation v1.10.1
[INFO] [stderr]    Compiling fuzzy-matcher v0.3.7
[INFO] [stderr]    Compiling tui v0.19.0
[INFO] [stderr]    Compiling windows v0.48.0
[INFO] [stderr]    Compiling rand v0.8.5
[INFO] [stderr]    Compiling crossterm v0.26.1
[INFO] [stderr]    Compiling uuid v1.3.4
[INFO] [stderr]    Compiling argh_derive v0.1.10
[INFO] [stderr]    Compiling argh v0.1.10
[INFO] [stderr]    Compiling thiserror-impl v1.0.40
[INFO] [stderr]    Compiling serde_derive v1.0.164
[INFO] [stderr]    Compiling pest v2.7.0
[INFO] [stderr]    Compiling pest_meta v2.7.0
[INFO] [stderr]    Compiling pest_generator v2.7.0
[INFO] [stderr]    Compiling pest_derive v2.7.0
[INFO] [stderr]    Compiling toml v0.5.11
[INFO] [stderr]    Compiling json5 v0.4.1
[INFO] [stderr]    Compiling ron v0.7.1
[INFO] [stderr]    Compiling chrono v0.4.26
[INFO] [stderr]    Compiling config v0.13.3
[INFO] [stderr]    Compiling track-work v0.1.0 (/opt/rustwide/workdir)
[INFO] [stdout] warning: field `title` is never read
[INFO] [stdout]    --> src/app.rs:174:9
[INFO] [stdout]     |
[INFO] [stdout] 173 | pub struct App<'a> {
[INFO] [stdout]     |            --- field in this struct
[INFO] [stdout] 174 |     pub title: &'a str,
[INFO] [stdout]     |         ^^^^^
[INFO] [stdout]     |
[INFO] [stdout]     = note: `App` has a derived impl for the trait `Debug`, but this is intentionally ignored during dead code analysis
[INFO] [stdout]     = note: `#[warn(dead_code)]` (part of `#[warn(unused)]`) on by default
[INFO] [stdout] 
[INFO] [stdout] 
[INFO] [stdout] error: linking with `cc` failed: exit status: 1
[INFO] [stdout]   |
[INFO] [stdout]   = note:  "cc" "-m64" "/opt/rustwide/target/debug/build/track-work/0f1392af319e87fe/out/rustcD0T9JL/symbols.o" "<17 object files omitted>" "-Wl,--as-needed" "-Wl,-Bstatic" "/opt/rustwide/target/debug/build/windows/98bfc9cdd5734959/out/libwindows-98bfc9cdd5734959.rlib" "/opt/rustwide/target/debug/build/windows-targets/180b697a8fa3774b/out/libwindows_targets-180b697a8fa3774b.rlib" "/opt/rustwide/target/debug/build/fuzzy-matcher/700e8ec5e89803cc/out/libfuzzy_matcher-700e8ec5e89803cc.rlib" "/opt/rustwide/target/debug/build/thread_local/79842f7d738266f5/out/libthread_local-79842f7d738266f5.rlib" "/opt/rustwide/target/debug/build/tui/96bd111d333444d2/out/libtui-96bd111d333444d2.rlib" "/opt/rustwide/target/debug/build/cassowary/12d00e585f48d567/out/libcassowary-12d00e585f48d567.rlib" "/opt/rustwide/target/debug/build/unicode-segmentation/1b2e0d1adea94940/out/libunicode_segmentation-1b2e0d1adea94940.rlib" "/opt/rustwide/target/debug/build/unicode-width/e6feeb9daa4fd470/out/libunicode_width-e6feeb9daa4fd470.rlib" "/opt/rustwide/target/debug/build/crossterm/9c6014df0f79e857/out/libcrossterm-9c6014df0f79e857.rlib" "/opt/rustwide/target/debug/build/uuid/ecd7e292869a38e2/out/libuuid-ecd7e292869a38e2.rlib" "/opt/rustwide/target/debug/build/crossterm/c2c88d0ef1fd9ee3/out/libcrossterm-c2c88d0ef1fd9ee3.rlib" "/opt/rustwide/target/debug/build/signal-hook-mio/e106a0d8c94c555e/out/libsignal_hook_mio-e106a0d8c94c555e.rlib" "/opt/rustwide/target/debug/build/signal-hook/a643bca8e7515a0c/out/libsignal_hook-a643bca8e7515a0c.rlib" "/opt/rustwide/target/debug/build/signal-hook-registry/e4bc089da1ae96ed/out/libsignal_hook_registry-e4bc089da1ae96ed.rlib" "/opt/rustwide/target/debug/build/mio/003cc041ce949874/out/libmio-003cc041ce949874.rlib" "/opt/rustwide/target/debug/build/log/8622297e59c7fc33/out/liblog-8622297e59c7fc33.rlib" "/opt/rustwide/target/debug/build/parking_lot/4ddc126d0ce3e156/out/libparking_lot-4ddc126d0ce3e156.rlib" "/opt/rustwide/target/debug/build/parking_lot_core/7f3589d03a72bb0d/out/libparking_lot_core-7f3589d03a72bb0d.rlib" "/opt/rustwide/target/debug/build/smallvec/4517414d4f20efb1/out/libsmallvec-4517414d4f20efb1.rlib" "/opt/rustwide/target/debug/build/lock_api/6d57cebce10796a4/out/liblock_api-6d57cebce10796a4.rlib" "/opt/rustwide/target/debug/build/scopeguard/e318caba69bf687f/out/libscopeguard-e318caba69bf687f.rlib" "/opt/rustwide/target/debug/build/chrono/3279a6f51e0f7628/out/libchrono-3279a6f51e0f7628.rlib" "/opt/rustwide/target/debug/build/num-traits/c589e0358b4594f2/out/libnum_traits-c589e0358b4594f2.rlib" "/opt/rustwide/target/debug/build/iana-time-zone/ebde09c3ffbc5acf/out/libiana_time_zone-ebde09c3ffbc5acf.rlib" "/opt/rustwide/target/debug/build/time/ad86edb1ec505558/out/libtime-ad86edb1ec505558.rlib" "/opt/rustwide/target/debug/build/config/2ac3dc33bc839342/out/libconfig-2ac3dc33bc839342.rlib" "/opt/rustwide/target/debug/build/pathdiff/6fb3cbd489750771/out/libpathdiff-6fb3cbd489750771.rlib" "/opt/rustwide/target/debug/build/json5/e5ffd98bd5499424/out/libjson5-e5ffd98bd5499424.rlib" "/opt/rustwide/target/debug/build/pest/33c56994a765d134/out/libpest-33c56994a765d134.rlib" "/opt/rustwide/target/debug/build/ucd-trie/e7bd1541a96763ac/out/libucd_trie-e7bd1541a96763ac.rlib" "/opt/rustwide/target/debug/build/thiserror/851891684d83ef6f/out/libthiserror-851891684d83ef6f.rlib" "/opt/rustwide/target/debug/build/ron/c9eadd47e6fcf269/out/libron-c9eadd47e6fcf269.rlib" "/opt/rustwide/target/debug/build/base64/42295ac2e0e134a3/out/libbase64-42295ac2e0e134a3.rlib" "/opt/rustwide/target/debug/build/bitflags/dde12b0d7d495b50/out/libbitflags-dde12b0d7d495b50.rlib" "/opt/rustwide/target/debug/build/serde_json/8e4578c76627710f/out/libserde_json-8e4578c76627710f.rlib" "/opt/rustwide/target/debug/build/ryu/4d09fff2ce933ebb/out/libryu-4d09fff2ce933ebb.rlib" "/opt/rustwide/target/debug/build/itoa/0f3ce2aa4ee007f9/out/libitoa-0f3ce2aa4ee007f9.rlib" "/opt/rustwide/target/debug/build/toml/ced7466ab2a123be/out/libtoml-ced7466ab2a123be.rlib" "/opt/rustwide/target/debug/build/nom/1374456a05db1443/out/libnom-1374456a05db1443.rlib" "/opt/rustwide/target/debug/build/memchr/07fcfbc856facaed/out/libmemchr-07fcfbc856facaed.rlib" "/opt/rustwide/target/debug/build/rust-ini/ed7e6d848f80d169/out/libini-ed7e6d848f80d169.rlib" "/opt/rustwide/target/debug/build/ordered-multimap/a5dc794f92c394cb/out/libordered_multimap-a5dc794f92c394cb.rlib" "/opt/rustwide/target/debug/build/hashbrown/62bd97e82699b07b/out/libhashbrown-62bd97e82699b07b.rlib" "/opt/rustwide/target/debug/build/ahash/2a6c8e2998ce7a34/out/libahash-2a6c8e2998ce7a34.rlib" "/opt/rustwide/target/debug/build/getrandom/3971cec881304bb0/out/libgetrandom-3971cec881304bb0.rlib" "/opt/rustwide/target/debug/build/libc/6526890a672ff26d/out/liblibc-6526890a672ff26d.rlib" "/opt/rustwide/target/debug/build/once_cell/88da25fb809d9a5c/out/libonce_cell-88da25fb809d9a5c.rlib" "/opt/rustwide/target/debug/build/dlv-list/4150ad2bc7f64a01/out/libdlv_list-4150ad2bc7f64a01.rlib" "/opt/rustwide/target/debug/build/cfg-if/3e7fc4e38d4a72b5/out/libcfg_if-3e7fc4e38d4a72b5.rlib" "/opt/rustwide/target/debug/build/yaml-rust/06e2e071f0001877/out/libyaml_rust-06e2e071f0001877.rlib" "/opt/rustwide/target/debug/build/linked-hash-map/7d04f0e6cc440adb/out/liblinked_hash_map-7d04f0e6cc440adb.rlib" "/opt/rustwide/target/debug/build/lazy_static/af860367908b8176/out/liblazy_static-af860367908b8176.rlib" "/opt/rustwide/target/debug/build/serde/9094b971c89a81b9/out/libserde-9094b971c89a81b9.rlib" "/opt/rustwide/target/debug/build/argh/02eea1498ca94e3d/out/libargh-02eea1498ca94e3d.rlib" "/opt/rustwide/target/debug/build/argh_shared/bc7f67ff46466fa1/out/libargh_shared-bc7f67ff46466fa1.rlib" "<sysroot>/lib/rustlib/x86_64-unknown-linux-gnu/lib/{libstd-*,libpanic_unwind-*,libobject-*,libmemchr-*,libaddr2line-*,libgimli-*,libcfg_if-*,librustc_demangle-*,libstd_detect-*,libhashbrown-*,librustc_std_workspace_alloc-*,libminiz_oxide-*,libadler2-*,libunwind-*,liblibc-*,librustc_std_workspace_core-*,liballoc-*,libcore-*,libcompiler_builtins-*}.rlib" "-Wl,-Bdynamic" "-lgcc_s" "-lutil" "-lrt" "-lpthread" "-lm" "-ldl" "-lc" "-L" "/opt/rustwide/target/debug/build/track-work/0f1392af319e87fe/out/rustcD0T9JL/raw-dylibs" "-B<sysroot>/lib/rustlib/x86_64-unknown-linux-gnu/bin/gcc-ld" "-fuse-ld=lld" "-Wl,--eh-frame-hdr" "-Wl,-z,noexecstack" "-L" "<sysroot>/lib/rustlib/x86_64-unknown-linux-gnu/lib" "-o" "/opt/rustwide/target/debug/build/track-work/0f1392af319e87fe/out/track_work" "-Wl,--gc-sections" "-pie" "-Wl,-z,relro,-z,now" "-nodefaultlibs"
[INFO] [stdout]   = note: some arguments are omitted. use `--verbose` to show all linker arguments
[INFO] [stdout]   = note: rust-lld: error: undefined symbol: GetWindowTextW
[INFO] [stdout]           >>> referenced by mod.rs:1960 (/opt/rustwide/cargo-home/registry/src/index.crates.io-1949cf8c6b5b557f/windows-0.48.0/src/Windows/Win32/UI/WindowsAndMessaging/mod.rs:1960)
[INFO] [stdout]           >>>               /opt/rustwide/target/debug/build/track-work/0f1392af319e87fe/out/track_work.track_work.73760f9c19b4b1a2-cgu.06.rcgu.o:(windows::Windows::Win32::UI::WindowsAndMessaging::GetWindowTextW::<windows::Windows::Win32::Foundation::HWND>)
[INFO] [stdout]           
[INFO] [stdout]           rust-lld: error: undefined symbol: GetForegroundWindow
[INFO] [stdout]           >>> referenced by mod.rs:1413 (/opt/rustwide/cargo-home/registry/src/index.crates.io-1949cf8c6b5b557f/windows-0.48.0/src/Windows/Win32/UI/WindowsAndMessaging/mod.rs:1413)
[INFO] [stdout]           >>>               /opt/rustwide/target/debug/build/track-work/0f1392af319e87fe/out/track_work.track_work.73760f9c19b4b1a2-cgu.06.rcgu.o:(windows::Windows::Win32::UI::WindowsAndMessaging::GetForegroundWindow)
[INFO] [stdout]           collect2: error: ld returned 1 exit status
[INFO] [stdout]           
[INFO] [stdout] 
[INFO] [stdout] 
[INFO] [stderr] error: could not compile `track-work` (bin "track-work") due to 1 previous error; 1 warning emitted
[INFO] [stderr] warning: unused dependency `rand`
[INFO] [stderr]   --> Cargo.toml:23:15
[INFO] [stderr]    |
[INFO] [stderr] 23 | [dependencies.rand]
[INFO] [stderr]    |               ^^^^^
[INFO] [stderr]    |
[INFO] [stderr]    = note: `cargo::unused_dependencies` is set to `warn` by default
[INFO] [stderr] help: consider removing the dependency on `rand`
[INFO] [stderr] warning: `track-work` (manifest) generated 1 warning
[INFO] running `Command { std: "docker" "inspect" "c7ac8112412190ba90b28b6e4cf2278d8ac4b711bf96a05c1e9b166e4e3304ef", kill_on_drop: false }`
[INFO] running `Command { std: "docker" "rm" "-f" "c7ac8112412190ba90b28b6e4cf2278d8ac4b711bf96a05c1e9b166e4e3304ef", kill_on_drop: false }`
[INFO] [stdout] c7ac8112412190ba90b28b6e4cf2278d8ac4b711bf96a05c1e9b166e4e3304ef
