[INFO] fetching crate tp-tasks 2.0.1...
[INFO] testing tp-tasks-2.0.1 against 1.100.0-beta.1 for beta-1.100-2
[INFO] extracting crate tp-tasks 2.0.1 into /workspace/builds/worker-5-tc2/source
[INFO] started tweaking crates.io crate tp-tasks 2.0.1
[INFO] finished tweaking crates.io crate tp-tasks 2.0.1
[INFO] tweaked toml for crates.io crate tp-tasks 2.0.1 written to /workspace/builds/worker-5-tc2/source/Cargo.toml
[INFO] validating manifest of crates.io crate tp-tasks 2.0.1 on toolchain 1.100.0-beta.1
[INFO] running `Command { std: CARGO_HOME="/workspace/cargo-home" RUSTUP_HOME="/workspace/rustup-home" "/workspace/cargo-home/bin/cargo" "+1.100.0-beta.1" "metadata" "--manifest-path" "Cargo.toml" "--no-deps", kill_on_drop: false }`
[INFO] running `Command { std: CARGO_HOME="/workspace/cargo-home" RUSTUP_HOME="/workspace/rustup-home" "/workspace/cargo-home/bin/cargo" "+1.100.0-beta.1" "generate-lockfile" "--manifest-path" "Cargo.toml", kill_on_drop: false }`
[INFO] [stderr]     Updating crates.io index
[INFO] [stderr]      Locking 223 packages to highest compatible versions
[INFO] [stderr]       Adding externalities v0.8.2 (available: v2.1.2)
[INFO] [stderr]       Adding zeroize v1.3.0 (available: v1.9.1)
[INFO] running `Command { std: CARGO_HOME="/workspace/cargo-home" RUSTUP_HOME="/workspace/rustup-home" "/workspace/cargo-home/bin/cargo" "+1.100.0-beta.1" "fetch" "--manifest-path" "Cargo.toml", kill_on_drop: false }`
[INFO] running `Command { std: "docker" "create" "-v" "/var/lib/crater-agent-workspace/builds/worker-5-tc2/source:/opt/rustwide/workdir:ro,Z" "-v" "/var/lib/crater-agent-workspace/builds/worker-5-tc2/target:/opt/rustwide/target:rw,Z" "-v" "/var/lib/crater-agent-workspace/cargo-home:/opt/rustwide/cargo-home:ro,Z" "-v" "/var/lib/crater-agent-workspace/rustup-home:/opt/rustwide/rustup-home:ro,Z" "-m" "1610612736" "--network" "none" "ghcr.io/rust-lang/crates-build-env/linux@sha256:3111399a4047eeb3a02b7a90e478d715f38a8c6669b5c4b49d30a17385265909" "sleep" "infinity", kill_on_drop: false }`
[INFO] [stdout] eff4d67dd151b6c19d45a4062c15d8d058feea287215ea678f41264e783da9ed
[INFO] running `Command { std: "docker" "start" "eff4d67dd151b6c19d45a4062c15d8d058feea287215ea678f41264e783da9ed", kill_on_drop: false }`
[INFO] running `Command { std: "docker" "inspect" "eff4d67dd151b6c19d45a4062c15d8d058feea287215ea678f41264e783da9ed", kill_on_drop: false }`
[INFO] running `Command { std: "docker" "exec" "-e" "SOURCE_DIR=/opt/rustwide/workdir" "-e" "CARGO_HOME=/opt/rustwide/cargo-home" "-e" "RUSTUP_HOME=/opt/rustwide/rustup-home" "-e" "CARGO_TARGET_DIR=/opt/rustwide/target" "-w" "/opt/rustwide/workdir" "--user" "0:0" "eff4d67dd151b6c19d45a4062c15d8d058feea287215ea678f41264e783da9ed" "/opt/rustwide/cargo-home/bin/cargo" "+1.100.0-beta.1" "metadata" "--no-deps" "--format-version=1", kill_on_drop: false }`
[INFO] running `Command { std: "docker" "inspect" "eff4d67dd151b6c19d45a4062c15d8d058feea287215ea678f41264e783da9ed", kill_on_drop: false }`
[INFO] running `Command { std: "docker" "exec" "-e" "SOURCE_DIR=/opt/rustwide/workdir" "-e" "CARGO_HOME=/opt/rustwide/cargo-home" "-e" "RUSTUP_HOME=/opt/rustwide/rustup-home" "-e" "CARGO_TARGET_DIR=/opt/rustwide/target" "-e" "CARGO_INCREMENTAL=0" "-e" "RUST_BACKTRACE=full" "-e" "RUSTFLAGS=--cap-lints=warn" "-e" "RUSTDOCFLAGS=--cap-lints=warn" "-w" "/opt/rustwide/workdir" "--user" "0:0" "eff4d67dd151b6c19d45a4062c15d8d058feea287215ea678f41264e783da9ed" "/opt/rustwide/cargo-home/bin/cargo" "+1.100.0-beta.1" "build" "--frozen" "--message-format=json", kill_on_drop: false }`
[INFO] [stderr]    Compiling byteorder v1.5.0
[INFO] [stderr]    Compiling syn v3.0.6
[INFO] [stderr]    Compiling syn v2.0.119
[INFO] [stderr]    Compiling syn v1.0.109
[INFO] [stderr]    Compiling radium v0.6.2
[INFO] [stderr]    Compiling getrandom v0.1.16
[INFO] [stderr]    Compiling arrayvec v0.5.2
[INFO] [stderr]    Compiling wyz v0.2.0
[INFO] [stderr]    Compiling funty v1.1.0
[INFO] [stderr]    Compiling num-traits v0.2.19
[INFO] [stderr]    Compiling rand_core v0.5.1
[INFO] [stderr]    Compiling byte-slice-cast v1.2.3
[INFO] [stderr]    Compiling crunchy v0.2.4
[INFO] [stderr]    Compiling smallvec v1.16.2
[INFO] [stderr]    Compiling rand_pcg v0.2.1
[INFO] [stderr]    Compiling bitvec v0.20.4
[INFO] [stderr]    Compiling rand_chacha v0.2.2
[INFO] [stderr]    Compiling ref-cast v1.0.27
[INFO] [stderr]    Compiling rustc-hex v2.1.0
[INFO] [stderr]    Compiling tetcore-std v2.1.2
[INFO] [stderr]    Compiling rand v0.7.3
[INFO] [stderr]    Compiling num-rational v0.2.4
[INFO] [stderr]    Compiling regex-syntax v0.6.29
[INFO] [stderr]    Compiling hex v0.4.3
[INFO] [stderr]    Compiling num-integer v0.1.47
[INFO] [stderr]    Compiling uint-crate v0.9.1
[INFO] [stderr]    Compiling num-bigint v0.2.6
[INFO] [stderr]    Compiling block-buffer v0.7.3
[INFO] [stderr]    Compiling tetsy-fixed-hash v0.7.1
[INFO] [stderr]    Compiling ahash v0.4.8
[INFO] [stderr]    Compiling tetsy-wasm v0.41.0
[INFO] [stderr]    Compiling sha2 v0.8.2
[INFO] [stderr]    Compiling hashbrown v0.9.1
[INFO] [stderr]    Compiling chrono v0.4.45
[INFO] [stderr]    Compiling parking_lot_core v0.8.6
[INFO] [stderr]    Compiling tracing-log v0.1.4
[INFO] [stderr]    Compiling regex-automata v0.1.10
[INFO] [stderr]    Compiling twasmi-validation v0.3.0
[INFO] [stderr]    Compiling matchers v0.0.1
[INFO] [stderr]    Compiling sharded-slab v0.1.7
[INFO] [stderr]    Compiling tracing v0.1.44
[INFO] [stderr]    Compiling crypto-mac v0.8.0
[INFO] [stderr]    Compiling synstructure v0.12.6
[INFO] [stderr]    Compiling environ v1.1.3
[INFO] [stderr]    Compiling tetsy-util-mem v0.9.1
[INFO] [stderr]    Compiling tetsy-hash-db v0.15.3
[INFO] [stderr]    Compiling arrayvec v0.4.12
[INFO] [stderr]    Compiling downcast-rs v1.2.1
[INFO] [stderr]    Compiling memory_units v0.3.0
[INFO] [stderr]    Compiling parking_lot v0.11.2
[INFO] [stderr]    Compiling Inflector v0.11.4
[INFO] [stderr]    Compiling twasmi v0.6.2
[INFO] [stderr]    Compiling nodrop v0.1.14
[INFO] [stderr]    Compiling tiny-keccak v2.0.2
[INFO] [stderr]    Compiling pbkdf2 v0.4.0
[INFO] [stderr]    Compiling hmac v0.8.1
[INFO] [stderr]    Compiling pbkdf2 v0.3.0
[INFO] [stderr]    Compiling object v0.37.3
[INFO] [stderr]    Compiling libsecp256k1 v0.3.5
[INFO] [stderr]    Compiling blake2-rfc v0.2.18
[INFO] [stderr]    Compiling zeroize_derive v1.5.0
[INFO] [stderr]    Compiling impl-trait-for-tuples v0.2.3
[INFO] [stderr]    Compiling thiserror-impl v1.0.69
[INFO] [stderr]    Compiling zeroize v1.3.0
[INFO] [stderr]    Compiling merlin v2.0.1
[INFO] [stderr]    Compiling curve25519-dalek v2.1.3
[INFO] [stderr]    Compiling curve25519-dalek v3.2.1
[INFO] [stderr]    Compiling thiserror v1.0.69
[INFO] [stderr]    Compiling debug-derive v2.1.2
[INFO] [stderr]    Compiling tetsy-util-mem-derive v0.1.1
[INFO] [stderr]    Compiling dyn-clonable-impl v0.9.2
[INFO] [stderr]    Compiling tiny-bip39 v0.8.2
[INFO] [stderr]    Compiling dyn-clonable v0.9.2
[INFO] [stderr]    Compiling secrecy v0.7.0
[INFO] [stderr]    Compiling twox-hash v1.6.3
[INFO] [stderr]    Compiling tetsy-hash256-std-hasher v0.15.3
[INFO] [stderr]    Compiling gimli v0.32.3
[INFO] [stderr]    Compiling base58 v0.1.0
[INFO] [stderr]    Compiling serde_derive v1.0.229
[INFO] [stderr]    Compiling ref-cast-impl v1.0.27
[INFO] [stderr]    Compiling futures-macro v0.3.34
[INFO] [stderr]    Compiling miniz_oxide v0.8.9
[INFO] [stderr]    Compiling tetsy-trie-root v0.16.1
[INFO] [stderr]    Compiling futures-util v0.3.34
[INFO] [stderr]    Compiling tetsy-trie-db v0.22.3
[INFO] [stderr]    Compiling convert_case v0.4.0
[INFO] [stderr]    Compiling async-trait v0.1.92
[INFO] [stderr]    Compiling derive_more v0.99.20
[INFO] [stderr]    Compiling serde v1.0.229
[INFO] [stderr]    Compiling addr2line v0.25.1
[INFO] [stderr]    Compiling toml v0.5.11
[INFO] [stderr]    Compiling impl-serde v0.3.2
[INFO] [stderr]    Compiling tetsy-impl-serde v0.3.2
[INFO] [stderr]    Compiling tracing-serde v0.1.3
[INFO] [stderr]    Compiling schnorrkel v0.9.1
[INFO] [stderr]    Compiling ed25519-dalek v1.0.1
[INFO] [stderr]    Compiling tracing-subscriber v0.2.25
[INFO] [stderr]    Compiling tetcore-bip39 v0.4.2
[INFO] [stderr]    Compiling proc-macro-crate v0.1.5
[INFO] [stderr]    Compiling futures-executor v0.3.34
[INFO] [stderr]    Compiling tetsy-scale-codec-derive v2.0.1
[INFO] [stderr]    Compiling tp-runtime-interface-proc-macro v2.1.2
[INFO] [stderr]    Compiling backtrace v0.3.76
[INFO] [stderr]    Compiling futures v0.3.34
[INFO] [stderr]    Compiling panic-handler v2.1.2
[INFO] [stderr]    Compiling tetsy-scale-codec v2.0.1
[INFO] [stderr]    Compiling tetsy-impl-codec v0.5.1
[INFO] [stderr]    Compiling tetcore-storage v2.1.2
[INFO] [stderr]    Compiling tetcore-wasm-interface v2.1.2
[INFO] [stderr]    Compiling tetcore-tracing v2.1.2
[INFO] [stderr]    Compiling tetsy-primitive-types v0.9.1
[INFO] [stderr]    Compiling externalities v2.1.2
[INFO] [stderr]    Compiling externalities v0.8.2
[INFO] [stderr]    Compiling tp-runtime-interface v2.1.2
[INFO] [stderr]    Compiling tetsy-memory-db v0.26.0
[INFO] [stderr]    Compiling tet-core v2.1.2
[INFO] [stderr]    Compiling tp-trie v2.1.2
[INFO] [stderr]    Compiling tp-keystore v2.1.2
[INFO] [stderr]    Compiling tp-state-machine v2.1.2
[INFO] [stderr]    Compiling tet-io v2.1.2
[INFO] [stderr]    Compiling tp-tasks v2.0.1 (/opt/rustwide/workdir)
[INFO] [stdout] error[E0277]: the trait bound `AsyncExternalities: externalities::extensions::ExtensionStore` is not satisfied
[INFO] [stdout]   --> src/async_externalities.rs:64:24
[INFO] [stdout]    |
[INFO] [stdout] 64 | impl Externalities for AsyncExternalities {
[INFO] [stdout]    |                        ^^^^^^^^^^^^^^^^^^ unsatisfied trait bound
[INFO] [stdout]    |
[INFO] [stdout] help: the trait `externalities::extensions::ExtensionStore` is not implemented for `AsyncExternalities`
[INFO] [stdout]   --> src/async_externalities.rs:32:1
[INFO] [stdout]    |
[INFO] [stdout] 32 | pub struct AsyncExternalities {
[INFO] [stdout]    | ^^^^^^^^^^^^^^^^^^^^^^^^^^^^^
[INFO] [stdout] note: there are multiple different versions of crate `externalities` in the dependency graph
[INFO] [stdout]   --> /opt/rustwide/cargo-home/registry/src/index.crates.io-1949cf8c6b5b557f/externalities-2.1.2/src/extensions.rs:94:1
[INFO] [stdout]    |
[INFO] [stdout] 94 | pub trait ExtensionStore {
[INFO] [stdout]    | ^^^^^^^^^^^^^^^^^^^^^^^^ this is the expected trait
[INFO] [stdout]    |
[INFO] [stdout]   ::: /opt/rustwide/cargo-home/registry/src/index.crates.io-1949cf8c6b5b557f/externalities-0.8.2/src/extensions.rs:94:1
[INFO] [stdout]    |
[INFO] [stdout] 94 | pub trait ExtensionStore {
[INFO] [stdout]    | ------------------------ this is the found trait
[INFO] [stdout]    = help: you can use `cargo tree` to explore your dependency tree
[INFO] [stdout] note: required by a bound in `tet_core::traits::Externalities`
[INFO] [stdout]   --> /opt/rustwide/cargo-home/registry/src/index.crates.io-1949cf8c6b5b557f/externalities-2.1.2/src/lib.rs:54:26
[INFO] [stdout]    |
[INFO] [stdout] 54 | pub trait Externalities: ExtensionStore {
[INFO] [stdout]    |                          ^^^^^^^^^^^^^^ required by this bound in `Externalities`
[INFO] [stdout]    = note: `Externalities` is a "sealed trait", because to implement it you also need to implement `externalities::extensions::ExtensionStore`, which is not accessible; this is usually done to force you to use one of the provided types that already implement it
[INFO] [stdout] 
[INFO] [stdout] 
[INFO] [stdout] error[E0599]: no method named `register_extension` found for mutable reference `&mut dyn tet_core::traits::Externalities` in the current scope
[INFO] [stdout]    --> src/async_externalities.rs:40:6
[INFO] [stdout]     |
[INFO] [stdout]  40 |     ext.register_extension::<TaskExecutorExt>(TaskExecutorExt(scheduler.clone()))
[INFO] [stdout]     |         ^^^^^^^^^^^^^^^^^^
[INFO] [stdout]     |
[INFO] [stdout] note: there are multiple different versions of crate `externalities` in the dependency graph
[INFO] [stdout]    --> /opt/rustwide/cargo-home/registry/src/index.crates.io-1949cf8c6b5b557f/externalities-2.1.2/src/lib.rs:276:1
[INFO] [stdout]     |
[INFO] [stdout] 276 | pub trait ExternalitiesExt {
[INFO] [stdout]     | ^^^^^^^^^^^^^^^^^^^^^^^^^^ this is the expected trait
[INFO] [stdout]     |
[INFO] [stdout]    ::: /opt/rustwide/cargo-home/registry/src/index.crates.io-1949cf8c6b5b557f/externalities-0.8.2/src/lib.rs:276:1
[INFO] [stdout]     |
[INFO] [stdout] 276 | pub trait ExternalitiesExt {
[INFO] [stdout]     | -------------------------- this is the found trait
[INFO] [stdout]     = help: you can use `cargo tree` to explore your dependency tree
[INFO] [stdout] help: there is a method `deregister_extension` with a similar name, but with different arguments
[INFO] [stdout]    --> /opt/rustwide/cargo-home/registry/src/index.crates.io-1949cf8c6b5b557f/externalities-2.1.2/src/lib.rs:289:2
[INFO] [stdout]     |
[INFO] [stdout] 289 |     fn deregister_extension<T: Extension>(&mut self) -> Result<(), Error>;
[INFO] [stdout]     |     ^^^^^^^^^^^^^^^^^^^^^^^^^^^^^^^^^^^^^^^^^^^^^^^^^^^^^^^^^^^^^^^^^^^^^^
[INFO] [stdout] 
[INFO] [stdout] 
[INFO] [stdout] error[E0599]: no method named `register_extension` found for mutable reference `&mut dyn tet_core::traits::Externalities` in the current scope
[INFO] [stdout]    --> src/async_externalities.rs:53:7
[INFO] [stdout]     |
[INFO] [stdout]  53 |         ext.register_extension::<RuntimeSpawnExt>(RuntimeSpawnExt(runtime_ext))
[INFO] [stdout]     |             ^^^^^^^^^^^^^^^^^^
[INFO] [stdout]     |
[INFO] [stdout] note: there are multiple different versions of crate `externalities` in the dependency graph
[INFO] [stdout]    --> /opt/rustwide/cargo-home/registry/src/index.crates.io-1949cf8c6b5b557f/externalities-2.1.2/src/lib.rs:276:1
[INFO] [stdout]     |
[INFO] [stdout] 276 | pub trait ExternalitiesExt {
[INFO] [stdout]     | ^^^^^^^^^^^^^^^^^^^^^^^^^^ this is the expected trait
[INFO] [stdout]     |
[INFO] [stdout]    ::: /opt/rustwide/cargo-home/registry/src/index.crates.io-1949cf8c6b5b557f/externalities-0.8.2/src/lib.rs:276:1
[INFO] [stdout]     |
[INFO] [stdout] 276 | pub trait ExternalitiesExt {
[INFO] [stdout]     | -------------------------- this is the found trait
[INFO] [stdout]     = help: you can use `cargo tree` to explore your dependency tree
[INFO] [stdout] help: there is a method `deregister_extension` with a similar name, but with different arguments
[INFO] [stdout]    --> /opt/rustwide/cargo-home/registry/src/index.crates.io-1949cf8c6b5b557f/externalities-2.1.2/src/lib.rs:289:2
[INFO] [stdout]     |
[INFO] [stdout] 289 |     fn deregister_extension<T: Extension>(&mut self) -> Result<(), Error>;
[INFO] [stdout]     |     ^^^^^^^^^^^^^^^^^^^^^^^^^^^^^^^^^^^^^^^^^^^^^^^^^^^^^^^^^^^^^^^^^^^^^^
[INFO] [stdout] 
[INFO] [stdout] 
[INFO] [stdout] error[E0277]: the trait bound `TaskExecutorExt: Extension` is not satisfied
[INFO] [stdout]    --> src/lib.rs:86:79
[INFO] [stdout]     |
[INFO] [stdout]  86 |         let scheduler = externalities::with_externalities(|mut ext| ext.extension::<TaskExecutorExt>()
[INFO] [stdout]     |                                                                         ---------   ^^^^^^^^^^^^^^^ the trait `Extension` is not implemented for `TaskExecutorExt`
[INFO] [stdout]     |                                                                         |
[INFO] [stdout]     |                                                                         required by a bound introduced by this call
[INFO] [stdout]     |
[INFO] [stdout] note: there are multiple different versions of crate `externalities` in the dependency graph
[INFO] [stdout]    --> /opt/rustwide/cargo-home/registry/src/index.crates.io-1949cf8c6b5b557f/externalities-0.8.2/src/extensions.rs:34:1
[INFO] [stdout]     |
[INFO] [stdout]  34 | pub trait Extension: Send + Any {
[INFO] [stdout]     | ^^^^^^^^^^^^^^^^^^^^^^^^^^^^^^^ this is the expected trait
[INFO] [stdout]     |
[INFO] [stdout]    ::: /opt/rustwide/cargo-home/registry/src/index.crates.io-1949cf8c6b5b557f/externalities-2.1.2/src/extensions.rs:34:1
[INFO] [stdout]     |
[INFO] [stdout]  34 | pub trait Extension: Send + Any {
[INFO] [stdout]     | ------------------------------- this is the found trait
[INFO] [stdout]     = help: you can use `cargo tree` to explore your dependency tree
[INFO] [stdout] note: required by a bound in `externalities::ExternalitiesExt::extension`
[INFO] [stdout]    --> /opt/rustwide/cargo-home/registry/src/index.crates.io-1949cf8c6b5b557f/externalities-0.8.2/src/lib.rs:278:24
[INFO] [stdout]     |
[INFO] [stdout] 276 | pub trait ExternalitiesExt {
[INFO] [stdout] 277 |     /// Tries to find a registered extension and returns a mutable reference.
[INFO] [stdout] 278 |     fn extension<T: Any + Extension>(&mut self) -> Option<&mut T>;
[INFO] [stdout]     |                           ^^^^^^^^^ required by this bound in `ExternalitiesExt::extension`
[INFO] [stdout] 
[INFO] [stdout] 
[INFO] [stdout] error[E0277]: the trait bound `AsyncExternalities: externalities::Externalities` is not satisfied
[INFO] [stdout]   --> src/lib.rs:99:8
[INFO] [stdout]    |
[INFO] [stdout] 99 | ...                   &mut **ext,
[INFO] [stdout]    |                       ^^^^^^^^^^ unsatisfied trait bound
[INFO] [stdout]    |
[INFO] [stdout] help: the trait `externalities::Externalities` is not implemented for `AsyncExternalities`
[INFO] [stdout]   --> src/async_externalities.rs:32:1
[INFO] [stdout]    |
[INFO] [stdout] 32 | pub struct AsyncExternalities {
[INFO] [stdout]    | ^^^^^^^^^^^^^^^^^^^^^^^^^^^^^
[INFO] [stdout] note: there are multiple different versions of crate `externalities` in the dependency graph
[INFO] [stdout]   --> /opt/rustwide/cargo-home/registry/src/index.crates.io-1949cf8c6b5b557f/externalities-0.8.2/src/lib.rs:54:1
[INFO] [stdout]    |
[INFO] [stdout] 54 | pub trait Externalities: ExtensionStore {
[INFO] [stdout]    | ^^^^^^^^^^^^^^^^^^^^^^^^^^^^^^^^^^^^^^^ this is the expected trait
[INFO] [stdout]    |
[INFO] [stdout]   ::: /opt/rustwide/cargo-home/registry/src/index.crates.io-1949cf8c6b5b557f/externalities-2.1.2/src/lib.rs:54:1
[INFO] [stdout]    |
[INFO] [stdout] 54 | pub trait Externalities: ExtensionStore {
[INFO] [stdout]    | --------------------------------------- this is the found trait
[INFO] [stdout]    = help: you can use `cargo tree` to explore your dependency tree
[INFO] [stdout]    = note: required for the cast from `&mut AsyncExternalities` to `&mut dyn externalities::Externalities`
[INFO] [stdout] 
[INFO] [stdout] 
[INFO] [stdout] Some errors have detailed explanations: E0277, E0599.
[INFO] [stdout] 
[INFO] [stdout] For more information about an error, try `rustc --explain E0277`.
[INFO] [stdout] 
[INFO] [stderr] error: could not compile `tp-tasks` (lib) due to 5 previous errors
[INFO] [stderr] warning: build failed, waiting for other jobs to finish...
[INFO] [stderr] warning: unused dependency `tet-io`
[INFO] [stderr]   --> Cargo.toml:13:15
[INFO] [stderr]    |
[INFO] [stderr] 13 | [dependencies.tet-io]
[INFO] [stderr]    |               ^^^^^^^
[INFO] [stderr]    |
[INFO] [stderr]    = note: `cargo::unused_dependencies` is set to `warn` by default
[INFO] [stderr] help: consider removing the dependency on `tet-io`
[INFO] [stderr] warning: `tp-tasks` (manifest) generated 1 warning
[INFO] running `Command { std: "docker" "inspect" "eff4d67dd151b6c19d45a4062c15d8d058feea287215ea678f41264e783da9ed", kill_on_drop: false }`
[INFO] running `Command { std: "docker" "rm" "-f" "eff4d67dd151b6c19d45a4062c15d8d058feea287215ea678f41264e783da9ed", kill_on_drop: false }`
[INFO] [stdout] eff4d67dd151b6c19d45a4062c15d8d058feea287215ea678f41264e783da9ed
