[INFO] fetching crate torch-build 0.1.0...
[INFO] testing torch-build-0.1.0 against 1.99.0-beta.8 for beta-1.100-2
[INFO] extracting crate torch-build 0.1.0 into /workspace/builds/worker-6-tc1/source
[INFO] started tweaking crates.io crate torch-build 0.1.0
[INFO] finished tweaking crates.io crate torch-build 0.1.0
[INFO] tweaked toml for crates.io crate torch-build 0.1.0 written to /workspace/builds/worker-6-tc1/source/Cargo.toml
[INFO] validating manifest of crates.io crate torch-build 0.1.0 on toolchain 1.99.0-beta.8
[INFO] running `Command { std: CARGO_HOME="/workspace/cargo-home" RUSTUP_HOME="/workspace/rustup-home" "/workspace/cargo-home/bin/cargo" "+1.99.0-beta.8" "metadata" "--manifest-path" "Cargo.toml" "--no-deps", kill_on_drop: false }`
[INFO] crate crates.io crate torch-build 0.1.0 already has a lockfile, it will not be regenerated
[INFO] running `Command { std: CARGO_HOME="/workspace/cargo-home" RUSTUP_HOME="/workspace/rustup-home" "/workspace/cargo-home/bin/cargo" "+1.99.0-beta.8" "fetch" "--manifest-path" "Cargo.toml", kill_on_drop: false }`
[INFO] [stderr]     Updating crates.io index
[INFO] [stderr]  Downloading crates ...
[INFO] [stderr]   Downloaded zip v0.5.13
[INFO] [stderr]   Downloaded time v0.1.44
[INFO] [stderr]   Downloaded thiserror v1.0.30
[INFO] [stderr]   Downloaded thiserror-impl v1.0.30
[INFO] [stderr]   Downloaded unicode-xid v0.2.2
[INFO] [stderr]   Downloaded autocfg v1.0.1
[INFO] [stderr]   Downloaded form_urlencoded v1.0.1
[INFO] [stderr]   Downloaded chunked_transfer v1.4.0
[INFO] [stderr]   Downloaded wasm-bindgen-shared v0.2.78
[INFO] [stderr]   Downloaded either v1.6.1
[INFO] [stderr]   Downloaded pkg-config v0.3.22
[INFO] [stderr]   Downloaded adler v1.0.2
[INFO] [stderr]   Downloaded percent-encoding v2.1.0
[INFO] [stderr]   Downloaded tinyvec_macros v0.1.0
[INFO] [stderr]   Downloaded cuda-config v0.1.0
[INFO] [stderr]   Downloaded spin v0.5.2
[INFO] [stderr]   Downloaded matches v0.1.9
[INFO] [stderr]   Downloaded rustacuda_derive v0.1.2
[INFO] [stderr]   Downloaded untrusted v0.7.1
[INFO] [stderr]   Downloaded rustacuda_core v0.1.2
[INFO] [stderr]   Downloaded python-config v0.1.0
[INFO] [stderr]   Downloaded wasm-bindgen-macro v0.2.78
[INFO] [stderr]   Downloaded wasm-bindgen-macro-support v0.2.78
[INFO] [stderr]   Downloaded os_info v3.2.0
[INFO] [stderr]   Downloaded cuda-driver-sys v0.3.0
[INFO] [stderr]   Downloaded glob v0.3.0
[INFO] [stderr]   Downloaded byteorder v1.4.3
[INFO] [stderr]   Downloaded quote v1.0.10
[INFO] [stderr]   Downloaded sct v0.7.0
[INFO] [stderr]   Downloaded once_cell v1.8.0
[INFO] [stderr]   Downloaded unicode-bidi v0.3.7
[INFO] [stderr]   Downloaded bzip2 v0.4.3
[INFO] [stderr]   Downloaded crc32fast v1.2.1
[INFO] [stderr]   Downloaded proc-macro2 v1.0.32
[INFO] [stderr]   Downloaded jobserver v0.1.24
[INFO] [stderr]   Downloaded log v0.4.14
[INFO] [stderr]   Downloaded rustacuda v0.1.3
[INFO] [stderr]   Downloaded cc v1.0.72
[INFO] [stderr]   Downloaded webpki v0.22.0
[INFO] [stderr]   Downloaded miniz_oxide v0.4.4
[INFO] [stderr]   Downloaded anyhow v1.0.45
[INFO] [stderr]   Downloaded serde_derive v1.0.136
[INFO] [stderr]   Downloaded tinyvec v1.5.1
[INFO] [stderr]   Downloaded indexmap v1.7.0
[INFO] [stderr]   Downloaded serde v1.0.136
[INFO] [stderr]   Downloaded bumpalo v3.8.0
[INFO] [stderr]   Downloaded base64 v0.13.0
[INFO] [stderr]   Downloaded wasm-bindgen-backend v0.2.78
[INFO] [stderr]   Downloaded memchr v2.4.1
[INFO] [stderr]   Downloaded url v2.2.2
[INFO] [stderr]   Downloaded js-sys v0.3.55
[INFO] [stderr]   Downloaded flate2 v1.0.22
[INFO] [stderr]   Downloaded ureq v2.3.0
[INFO] [stderr]   Downloaded aho-corasick v0.7.18
[INFO] [stderr]   Downloaded hashbrown v0.11.2
[INFO] [stderr]   Downloaded unicode-normalization v0.1.19
[INFO] [stderr]   Downloaded itertools v0.10.1
[INFO] [stderr]   Downloaded syn v1.0.81
[INFO] [stderr]   Downloaded wasm-bindgen v0.2.78
[INFO] [stderr]   Downloaded libc v0.2.107
[INFO] [stderr]   Downloaded webpki-roots v0.22.1
[INFO] [stderr]   Downloaded rustls v0.20.0
[INFO] [stderr]   Downloaded regex v1.5.4
[INFO] [stderr]   Downloaded idna v0.2.3
[INFO] [stderr]   Downloaded regex-syntax v0.6.25
[INFO] [stderr]   Downloaded bzip2-sys v0.1.11+1.0.8
[INFO] [stderr]   Downloaded web-sys v0.3.55
[INFO] [stderr]   Downloaded ring v0.16.20
[INFO] running `Command { std: "docker" "create" "-v" "/var/lib/crater-agent-workspace/builds/worker-6-tc1/source:/opt/rustwide/workdir:ro,Z" "-v" "/var/lib/crater-agent-workspace/builds/worker-6-tc1/target:/opt/rustwide/target:rw,Z" "-v" "/var/lib/crater-agent-workspace/cargo-home:/opt/rustwide/cargo-home:ro,Z" "-v" "/var/lib/crater-agent-workspace/rustup-home:/opt/rustwide/rustup-home:ro,Z" "-m" "1610612736" "--network" "none" "ghcr.io/rust-lang/crates-build-env/linux@sha256:3111399a4047eeb3a02b7a90e478d715f38a8c6669b5c4b49d30a17385265909" "sleep" "infinity", kill_on_drop: false }`
[INFO] [stdout] cb0af0678c4306d7ca41811379747e413389ae355f913beb5f9d4cb5c6b4510c
[INFO] running `Command { std: "docker" "start" "cb0af0678c4306d7ca41811379747e413389ae355f913beb5f9d4cb5c6b4510c", kill_on_drop: false }`
[INFO] running `Command { std: "docker" "inspect" "cb0af0678c4306d7ca41811379747e413389ae355f913beb5f9d4cb5c6b4510c", kill_on_drop: false }`
[INFO] running `Command { std: "docker" "exec" "-e" "SOURCE_DIR=/opt/rustwide/workdir" "-e" "CARGO_HOME=/opt/rustwide/cargo-home" "-e" "RUSTUP_HOME=/opt/rustwide/rustup-home" "-e" "CARGO_TARGET_DIR=/opt/rustwide/target" "-w" "/opt/rustwide/workdir" "--user" "0:0" "cb0af0678c4306d7ca41811379747e413389ae355f913beb5f9d4cb5c6b4510c" "/opt/rustwide/cargo-home/bin/cargo" "+1.99.0-beta.8" "metadata" "--no-deps" "--format-version=1", kill_on_drop: false }`
[INFO] running `Command { std: "docker" "inspect" "cb0af0678c4306d7ca41811379747e413389ae355f913beb5f9d4cb5c6b4510c", kill_on_drop: false }`
[INFO] running `Command { std: "docker" "exec" "-e" "SOURCE_DIR=/opt/rustwide/workdir" "-e" "CARGO_HOME=/opt/rustwide/cargo-home" "-e" "RUSTUP_HOME=/opt/rustwide/rustup-home" "-e" "CARGO_TARGET_DIR=/opt/rustwide/target" "-e" "CARGO_INCREMENTAL=0" "-e" "RUST_BACKTRACE=full" "-e" "RUSTFLAGS=--cap-lints=warn" "-e" "RUSTDOCFLAGS=--cap-lints=warn" "-w" "/opt/rustwide/workdir" "--user" "0:0" "cb0af0678c4306d7ca41811379747e413389ae355f913beb5f9d4cb5c6b4510c" "/opt/rustwide/cargo-home/bin/cargo" "+1.99.0-beta.8" "build" "--frozen" "--message-format=json", kill_on_drop: false }`
[INFO] [stderr]    Compiling cc v1.0.72
[INFO] [stderr]    Compiling libc v0.2.107
[INFO] [stderr]    Compiling proc-macro2 v1.0.32
[INFO] [stderr]    Compiling unicode-xid v0.2.2
[INFO] [stderr]    Compiling syn v1.0.81
[INFO] [stderr]    Compiling autocfg v1.0.1
[INFO] [stderr]    Compiling cfg-if v1.0.0
[INFO] [stderr]    Compiling untrusted v0.7.1
[INFO] [stderr]    Compiling once_cell v1.8.0
[INFO] [stderr]    Compiling spin v0.5.2
[INFO] [stderr]    Compiling tinyvec_macros v0.1.0
[INFO] [stderr]    Compiling pkg-config v0.3.22
[INFO] [stderr]    Compiling log v0.4.14
[INFO] [stderr]    Compiling glob v0.3.0
[INFO] [stderr]    Compiling tinyvec v1.5.1
[INFO] [stderr]    Compiling memchr v2.4.1
[INFO] [stderr]    Compiling miniz_oxide v0.4.4
[INFO] [stderr]    Compiling cuda-config v0.1.0
[INFO] [stderr]    Compiling matches v0.1.9
[INFO] [stderr]    Compiling crc32fast v1.2.1
[INFO] [stderr]    Compiling serde_derive v1.0.136
[INFO] [stderr]    Compiling anyhow v1.0.45
[INFO] [stderr]    Compiling cuda-driver-sys v0.3.0
[INFO] [stderr]    Compiling percent-encoding v2.1.0
[INFO] [stderr]    Compiling unicode-bidi v0.3.7
[INFO] [stderr]    Compiling quote v1.0.10
[INFO] [stderr]    Compiling serde v1.0.136
[INFO] [stderr]    Compiling adler v1.0.2
[INFO] [stderr]    Compiling form_urlencoded v1.0.1
[INFO] [stderr]    Compiling indexmap v1.7.0
[INFO] [stderr]    Compiling time v0.1.44
[INFO] [stderr]    Compiling unicode-normalization v0.1.19
[INFO] [stderr]    Compiling flate2 v1.0.22
[INFO] [stderr]    Compiling aho-corasick v0.7.18
[INFO] [stderr]    Compiling either v1.6.1
[INFO] [stderr]    Compiling hashbrown v0.11.2
[INFO] [stderr]    Compiling rustacuda_core v0.1.2
[INFO] [stderr]    Compiling chunked_transfer v1.4.0
[INFO] [stderr]    Compiling byteorder v1.4.3
[INFO] [stderr]    Compiling ring v0.16.20
[INFO] [stderr]    Compiling bzip2-sys v0.1.11+1.0.8
[INFO] [stderr]    Compiling torch-build v0.1.0 (/opt/rustwide/workdir)
[INFO] [stderr]    Compiling base64 v0.13.0
[INFO] [stderr]    Compiling regex-syntax v0.6.25
[INFO] [stderr]    Compiling bzip2 v0.4.3
[INFO] [stderr]    Compiling idna v0.2.3
[INFO] [stderr]    Compiling itertools v0.10.1
[INFO] [stderr]    Compiling python-config v0.1.0
[INFO] [stderr]    Compiling url v2.2.2
[INFO] [stderr]    Compiling thiserror-impl v1.0.30
[INFO] [stderr]    Compiling rustacuda_derive v0.1.2
[INFO] [stderr]    Compiling rustacuda v0.1.3
[INFO] [stderr]    Compiling thiserror v1.0.30
[INFO] [stderr]    Compiling zip v0.5.13
[INFO] [stderr]    Compiling regex v1.5.4
[INFO] [stderr]    Compiling webpki v0.22.0
[INFO] [stderr]    Compiling sct v0.7.0
[INFO] [stderr]    Compiling webpki-roots v0.22.1
[INFO] [stderr]    Compiling rustls v0.20.0
[INFO] [stderr]    Compiling ureq v2.3.0
[INFO] [stderr]    Compiling os_info v3.2.0
[INFO] [stdout] warning: unexpected `cfg` condition value: `window`
[INFO] [stdout]    --> src/probe.rs:131:29
[INFO] [stdout]     |
[INFO] [stdout] 131 |             } else if #[cfg(target_os = "window")] {
[INFO] [stdout]     |                             ^^^^^^^^^^^^--------
[INFO] [stdout]     |                                         |
[INFO] [stdout]     |                                         help: there is a expected value with a similar name: `"windows"`
[INFO] [stdout]     |
[INFO] [stdout]     = note: expected values for `target_os` are: `aix`, `amdhsa`, `android`, `cuda`, `cygwin`, `dragonfly`, `emscripten`, `espidf`, `freebsd`, `fuchsia`, `haiku`, `helenos`, `hermit`, `horizon`, `hurd`, `illumos`, `ios`, `l4re`, `linux`, `lynxos178`, `macos`, `managarm`, `motor`, `netbsd`, `none`, `nto`, `nuttx`, `openbsd`, `psp`, `psx`, `qnx`, `qurt`, `redox`, `rtems`, and `solaris` and 15 more
[INFO] [stdout]     = note: see <https://doc.rust-lang.org/nightly/rustc/check-cfg/cargo-specifics.html> for more information about checking conditional configuration
[INFO] [stdout]     = note: `#[warn(unexpected_cfgs)]` on by default
[INFO] [stdout] 
[INFO] [stdout] 
[INFO] [stderr]     Finished `dev` profile [unoptimized + debuginfo] target(s) in 46.02s
[INFO] running `Command { std: "docker" "inspect" "cb0af0678c4306d7ca41811379747e413389ae355f913beb5f9d4cb5c6b4510c", kill_on_drop: false }`
[INFO] running `Command { std: "docker" "exec" "-e" "SOURCE_DIR=/opt/rustwide/workdir" "-e" "CARGO_HOME=/opt/rustwide/cargo-home" "-e" "RUSTUP_HOME=/opt/rustwide/rustup-home" "-e" "CARGO_TARGET_DIR=/opt/rustwide/target" "-e" "CARGO_INCREMENTAL=0" "-e" "RUST_BACKTRACE=full" "-e" "RUSTFLAGS=--cap-lints=warn" "-e" "RUSTDOCFLAGS=--cap-lints=warn" "-w" "/opt/rustwide/workdir" "--user" "0:0" "cb0af0678c4306d7ca41811379747e413389ae355f913beb5f9d4cb5c6b4510c" "/opt/rustwide/cargo-home/bin/cargo" "+1.99.0-beta.8" "test" "--frozen" "--no-run" "--message-format=json", kill_on_drop: false }`
[INFO] [stderr]    Compiling torch-build v0.1.0 (/opt/rustwide/workdir)
[INFO] [stdout] warning: unexpected `cfg` condition value: `window`
[INFO] [stdout]    --> src/probe.rs:131:29
[INFO] [stdout]     |
[INFO] [stdout] 131 |             } else if #[cfg(target_os = "window")] {
[INFO] [stdout]     |                             ^^^^^^^^^^^^--------
[INFO] [stdout]     |                                         |
[INFO] [stdout]     |                                         help: there is a expected value with a similar name: `"windows"`
[INFO] [stdout]     |
[INFO] [stdout]     = note: expected values for `target_os` are: `aix`, `amdhsa`, `android`, `cuda`, `cygwin`, `dragonfly`, `emscripten`, `espidf`, `freebsd`, `fuchsia`, `haiku`, `helenos`, `hermit`, `horizon`, `hurd`, `illumos`, `ios`, `l4re`, `linux`, `lynxos178`, `macos`, `managarm`, `motor`, `netbsd`, `none`, `nto`, `nuttx`, `openbsd`, `psp`, `psx`, `qnx`, `qurt`, `redox`, `rtems`, and `solaris` and 15 more
[INFO] [stdout]     = note: see <https://doc.rust-lang.org/nightly/rustc/check-cfg/cargo-specifics.html> for more information about checking conditional configuration
[INFO] [stdout]     = note: `#[warn(unexpected_cfgs)]` on by default
[INFO] [stdout] 
[INFO] [stdout] 
[INFO] [stdout] warning: unexpected `cfg` condition value: `window`
[INFO] [stdout]    --> src/probe.rs:131:29
[INFO] [stdout]     |
[INFO] [stdout] 131 |             } else if #[cfg(target_os = "window")] {
[INFO] [stdout]     |                             ^^^^^^^^^^^^--------
[INFO] [stdout]     |                                         |
[INFO] [stdout]     |                                         help: there is a expected value with a similar name: `"windows"`
[INFO] [stdout]     |
[INFO] [stdout]     = note: expected values for `target_os` are: `aix`, `amdhsa`, `android`, `cuda`, `cygwin`, `dragonfly`, `emscripten`, `espidf`, `freebsd`, `fuchsia`, `haiku`, `helenos`, `hermit`, `horizon`, `hurd`, `illumos`, `ios`, `l4re`, `linux`, `lynxos178`, `macos`, `managarm`, `motor`, `netbsd`, `none`, `nto`, `nuttx`, `openbsd`, `psp`, `psx`, `qnx`, `qurt`, `redox`, `rtems`, and `solaris` and 15 more
[INFO] [stdout]     = note: see <https://doc.rust-lang.org/nightly/rustc/check-cfg/cargo-specifics.html> for more information about checking conditional configuration
[INFO] [stdout]     = note: `#[warn(unexpected_cfgs)]` on by default
[INFO] [stdout] 
[INFO] [stdout] 
[INFO] [stdout] error: linking with `cc` failed: exit status: 1
[INFO] [stdout]   |
[INFO] [stdout]   = note:  "cc" "-m64" "/opt/rustwide/target/debug/examples/rustcowEbmy/symbols.o" "<2 object files omitted>" "-Wl,--as-needed" "-Wl,-Bstatic" "/opt/rustwide/target/debug/deps/{libtorch_build-b2de2a01301246d6,libzip-0026483ad0211a67,libtime-8c81c337942fec92,libthiserror-09cfd91fbe07bcaa,libbzip2-c3bd3623ee14eb5b,libbzip2_sys-83c21c7e37bb4505,libflate2-75441ebda2b93cb8,libminiz_oxide-e34440500c8e546a,libadler-8a8ce72c9fb247b6,libbyteorder-fb36fe721788ce00,libcrc32fast-3bb033aeff9a9131,libureq-992705d33b220600,libwebpki_roots-8067f3621985e4ab,libbase64-83ca8be32b9f715d,librustls-1982f0d1064a195e,libsct-c11c7b519ebcf755,libwebpki-1adce8a5c9e0853b,libring-88b702b0660aeb1d,libspin-4089a13ab2a784ba,libuntrusted-a7f0f384c8611dea,liblibc-7ed31198e5d177d3,libchunked_transfer-467757f1ca4e8bed,liburl-9c5e9277bf917cee,libidna-96d2ce5b2e81306e,libunicode_normalization-c27dbbc3afad7a78,libtinyvec-b20ef274bc5ce3ab,libtinyvec_macros-36ab4f0266eef07c,libunicode_bidi-6929fad116314dee,libform_urlencoded-eb178531ae0b4252,libpercent_encoding-3e08c199980e8244,libmatches-80dbaef09a125478,libregex-7b9be3a9956bdaf3,libaho_corasick-9eb5366b5a22ad57,libmemchr-a3433a5aca5a03e2,libregex_syntax-12b080b3aec45ada,libcc-c34d561f406a843c,libos_info-53fb4f10fdddc63b,libserde-9caa36faf478a3c5,librustacuda-7986b872b764a9fa,libcuda_driver_sys-3a4e52d938428d84,librustacuda_core-54c04856b2afc022,libbitflags-dde12b0d7d495b50,libonce_cell-b0bdd274ea97a3a1,libitertools-e6ad1c9eb17aa996,libeither-ab6c4cd91672d94a,libindexmap-b0240fb5efefdc0b,libhashbrown-d0e2926e70f85be4,liblog-a798af0b757dd308,libcfg_if-3e7fc4e38d4a72b5,libanyhow-ba6ba9c761313c88}.rlib" "<sysroot>/lib/rustlib/x86_64-unknown-linux-gnu/lib/{libstd-*,libpanic_unwind-*,libobject-*,libmemchr-*,libaddr2line-*,libgimli-*,libcfg_if-*,librustc_demangle-*,libstd_detect-*,libhashbrown-*,librustc_std_workspace_alloc-*,libminiz_oxide-*,libadler2-*,libunwind-*,liblibc-*,librustc_std_workspace_core-*,liballoc-*,libcore-*,libcompiler_builtins-*}.rlib" "-Wl,-Bdynamic" "-lbz2" "-lcuda" "-lgcc_s" "-lutil" "-lrt" "-lpthread" "-lm" "-ldl" "-lc" "-L" "/opt/rustwide/target/debug/examples/rustcowEbmy/raw-dylibs" "-B<sysroot>/lib/rustlib/x86_64-unknown-linux-gnu/bin/gcc-ld" "-fuse-ld=lld" "-Wl,--eh-frame-hdr" "-Wl,-z,noexecstack" "-L" "/opt/rustwide/target/debug/build/ring-7e5e3050b9dcb420/out" "-L" "/usr/lib" "-L" "<sysroot>/lib/rustlib/x86_64-unknown-linux-gnu/lib" "-o" "/opt/rustwide/target/debug/examples/cuda-fa188b5180f0a854" "-Wl,--gc-sections" "-pie" "-Wl,-z,relro,-z,now" "-nodefaultlibs"
[INFO] [stdout]   = note: some arguments are omitted. use `--verbose` to show all linker arguments
[INFO] [stdout]   = note: rust-lld: error: unable to find library -lcuda
[INFO] [stdout]           collect2: error: ld returned 1 exit status
[INFO] [stdout]           
[INFO] [stdout] 
[INFO] [stdout] 
[INFO] [stderr] error: could not compile `torch-build` (example "cuda") due to 1 previous error
[INFO] [stderr] warning: build failed, waiting for other jobs to finish...
[INFO] [stdout] error: linking with `cc` failed: exit status: 1
[INFO] [stdout]   |
[INFO] [stdout]   = note:  "cc" "-m64" "/opt/rustwide/target/debug/deps/rustceS0UnR/symbols.o" "<3 object files omitted>" "-Wl,--as-needed" "-Wl,-Bstatic" "/opt/rustwide/target/debug/deps/{libzip-0026483ad0211a67,libtime-8c81c337942fec92,libthiserror-09cfd91fbe07bcaa,libbzip2-c3bd3623ee14eb5b,libbzip2_sys-83c21c7e37bb4505,libflate2-75441ebda2b93cb8,libminiz_oxide-e34440500c8e546a,libadler-8a8ce72c9fb247b6,libbyteorder-fb36fe721788ce00,libcrc32fast-3bb033aeff9a9131,libureq-992705d33b220600,libwebpki_roots-8067f3621985e4ab,libbase64-83ca8be32b9f715d,librustls-1982f0d1064a195e,libsct-c11c7b519ebcf755,libwebpki-1adce8a5c9e0853b,libring-88b702b0660aeb1d,libspin-4089a13ab2a784ba,libuntrusted-a7f0f384c8611dea,liblibc-7ed31198e5d177d3,libchunked_transfer-467757f1ca4e8bed,liburl-9c5e9277bf917cee,libidna-96d2ce5b2e81306e,libunicode_normalization-c27dbbc3afad7a78,libtinyvec-b20ef274bc5ce3ab,libtinyvec_macros-36ab4f0266eef07c,libunicode_bidi-6929fad116314dee,libform_urlencoded-eb178531ae0b4252,libpercent_encoding-3e08c199980e8244,libmatches-80dbaef09a125478,libregex-7b9be3a9956bdaf3,libaho_corasick-9eb5366b5a22ad57,libmemchr-a3433a5aca5a03e2,libregex_syntax-12b080b3aec45ada,libcc-c34d561f406a843c}.rlib" "<sysroot>/lib/rustlib/x86_64-unknown-linux-gnu/lib/{libtest-*,libgetopts-*,librustc_std_workspace_std-*}.rlib" "/opt/rustwide/target/debug/deps/{libos_info-53fb4f10fdddc63b,libserde-9caa36faf478a3c5,librustacuda-7986b872b764a9fa,libcuda_driver_sys-3a4e52d938428d84,librustacuda_core-54c04856b2afc022,libbitflags-dde12b0d7d495b50,libonce_cell-b0bdd274ea97a3a1,libitertools-e6ad1c9eb17aa996,libeither-ab6c4cd91672d94a,libindexmap-b0240fb5efefdc0b,libhashbrown-d0e2926e70f85be4,liblog-a798af0b757dd308,libcfg_if-3e7fc4e38d4a72b5,libanyhow-ba6ba9c761313c88}.rlib" "<sysroot>/lib/rustlib/x86_64-unknown-linux-gnu/lib/{libstd-*,libpanic_unwind-*,libobject-*,libmemchr-*,libaddr2line-*,libgimli-*,libcfg_if-*,librustc_demangle-*,libstd_detect-*,libhashbrown-*,librustc_std_workspace_alloc-*,libminiz_oxide-*,libadler2-*,libunwind-*,liblibc-*,librustc_std_workspace_core-*,liballoc-*,libcore-*,libcompiler_builtins-*}.rlib" "-Wl,-Bdynamic" "-lbz2" "-lcuda" "-lgcc_s" "-lutil" "-lrt" "-lpthread" "-lm" "-ldl" "-lc" "-L" "/opt/rustwide/target/debug/deps/rustceS0UnR/raw-dylibs" "-B<sysroot>/lib/rustlib/x86_64-unknown-linux-gnu/bin/gcc-ld" "-fuse-ld=lld" "-Wl,--eh-frame-hdr" "-Wl,-z,noexecstack" "-L" "/opt/rustwide/target/debug/build/ring-7e5e3050b9dcb420/out" "-L" "/usr/lib" "-L" "<sysroot>/lib/rustlib/x86_64-unknown-linux-gnu/lib" "-o" "/opt/rustwide/target/debug/deps/torch_build-43a04e990d60ba90" "-Wl,--gc-sections" "-pie" "-Wl,-z,relro,-z,now" "-nodefaultlibs"
[INFO] [stdout]   = note: some arguments are omitted. use `--verbose` to show all linker arguments
[INFO] [stdout]   = note: rust-lld: error: unable to find library -lcuda
[INFO] [stdout]           collect2: error: ld returned 1 exit status
[INFO] [stdout]           
[INFO] [stdout] 
[INFO] [stdout] 
[INFO] [stderr] error: could not compile `torch-build` (lib test) due to 1 previous error; 1 warning emitted
[INFO] running `Command { std: "docker" "inspect" "cb0af0678c4306d7ca41811379747e413389ae355f913beb5f9d4cb5c6b4510c", kill_on_drop: false }`
[INFO] running `Command { std: "docker" "rm" "-f" "cb0af0678c4306d7ca41811379747e413389ae355f913beb5f9d4cb5c6b4510c", kill_on_drop: false }`
[INFO] [stdout] cb0af0678c4306d7ca41811379747e413389ae355f913beb5f9d4cb5c6b4510c
