[INFO] fetching crate toolu-orm-macros 0.12.0...
[INFO] testing toolu-orm-macros-0.12.0 against 1.99.0-beta.8 for beta-1.100-2
[INFO] extracting crate toolu-orm-macros 0.12.0 into /workspace/builds/worker-3-tc1/source
[INFO] started tweaking crates.io crate toolu-orm-macros 0.12.0
[INFO] removed 0 missing tests
[INFO] finished tweaking crates.io crate toolu-orm-macros 0.12.0
[INFO] tweaked toml for crates.io crate toolu-orm-macros 0.12.0 written to /workspace/builds/worker-3-tc1/source/Cargo.toml
[INFO] validating manifest of crates.io crate toolu-orm-macros 0.12.0 on toolchain 1.99.0-beta.8
[INFO] running `Command { std: CARGO_HOME="/workspace/cargo-home" RUSTUP_HOME="/workspace/rustup-home" "/workspace/cargo-home/bin/cargo" "+1.99.0-beta.8" "metadata" "--manifest-path" "Cargo.toml" "--no-deps", kill_on_drop: false }`
[INFO] crate crates.io crate toolu-orm-macros 0.12.0 already has a lockfile, it will not be regenerated
[INFO] running `Command { std: CARGO_HOME="/workspace/cargo-home" RUSTUP_HOME="/workspace/rustup-home" "/workspace/cargo-home/bin/cargo" "+1.99.0-beta.8" "fetch" "--manifest-path" "Cargo.toml", kill_on_drop: false }`
[INFO] [stderr]     Updating crates.io index
[INFO] [stderr]  Downloading crates ...
[INFO] [stderr]   Downloaded trybuild v1.0.120
[INFO] [stderr]   Downloaded target-triple v1.0.1
[INFO] [stderr]   Downloaded toml v1.1.5+spec-1.1.0
[INFO] [stderr]   Downloaded whoami v2.1.1
[INFO] [stderr]   Downloaded postgres-types v0.2.13
[INFO] [stderr]   Downloaded postgres-protocol v0.6.11
[INFO] [stderr]   Downloaded libsql-sys v0.9.30
[INFO] [stderr]   Downloaded tokio-postgres v0.7.17
[INFO] [stderr]   Downloaded toolu-orm-core v0.12.0
[INFO] [stderr]   Downloaded libsql v0.9.30
[INFO] [stderr]   Downloaded libsql-ffi v0.9.30
[INFO] running `Command { std: "docker" "create" "-v" "/var/lib/crater-agent-workspace/builds/worker-3-tc1/source:/opt/rustwide/workdir:ro,Z" "-v" "/var/lib/crater-agent-workspace/builds/worker-3-tc1/target:/opt/rustwide/target:rw,Z" "-v" "/var/lib/crater-agent-workspace/cargo-home:/opt/rustwide/cargo-home:ro,Z" "-v" "/var/lib/crater-agent-workspace/rustup-home:/opt/rustwide/rustup-home:ro,Z" "-m" "1610612736" "--network" "none" "ghcr.io/rust-lang/crates-build-env/linux@sha256:3111399a4047eeb3a02b7a90e478d715f38a8c6669b5c4b49d30a17385265909" "sleep" "infinity", kill_on_drop: false }`
[INFO] [stdout] 732300023ca4ef6eef2a36a7c38c57c142b920771c2ca52048b8ff0dcfea1792
[INFO] running `Command { std: "docker" "start" "732300023ca4ef6eef2a36a7c38c57c142b920771c2ca52048b8ff0dcfea1792", kill_on_drop: false }`
[INFO] running `Command { std: "docker" "inspect" "732300023ca4ef6eef2a36a7c38c57c142b920771c2ca52048b8ff0dcfea1792", kill_on_drop: false }`
[INFO] running `Command { std: "docker" "exec" "-e" "SOURCE_DIR=/opt/rustwide/workdir" "-e" "CARGO_HOME=/opt/rustwide/cargo-home" "-e" "RUSTUP_HOME=/opt/rustwide/rustup-home" "-e" "CARGO_TARGET_DIR=/opt/rustwide/target" "-w" "/opt/rustwide/workdir" "--user" "0:0" "732300023ca4ef6eef2a36a7c38c57c142b920771c2ca52048b8ff0dcfea1792" "/opt/rustwide/cargo-home/bin/cargo" "+1.99.0-beta.8" "metadata" "--no-deps" "--format-version=1", kill_on_drop: false }`
[INFO] running `Command { std: "docker" "inspect" "732300023ca4ef6eef2a36a7c38c57c142b920771c2ca52048b8ff0dcfea1792", kill_on_drop: false }`
[INFO] running `Command { std: "docker" "exec" "-e" "SOURCE_DIR=/opt/rustwide/workdir" "-e" "CARGO_HOME=/opt/rustwide/cargo-home" "-e" "RUSTUP_HOME=/opt/rustwide/rustup-home" "-e" "CARGO_TARGET_DIR=/opt/rustwide/target" "-e" "CARGO_INCREMENTAL=0" "-e" "RUST_BACKTRACE=full" "-e" "RUSTFLAGS=--cap-lints=warn" "-e" "RUSTDOCFLAGS=--cap-lints=warn" "-w" "/opt/rustwide/workdir" "--user" "0:0" "732300023ca4ef6eef2a36a7c38c57c142b920771c2ca52048b8ff0dcfea1792" "/opt/rustwide/cargo-home/bin/cargo" "+1.99.0-beta.8" "build" "--frozen" "--message-format=json", kill_on_drop: false }`
[INFO] [stderr]    Compiling typenum v1.20.0
[INFO] [stderr]    Compiling libc v0.2.185
[INFO] [stderr]    Compiling hashbrown v0.17.0
[INFO] [stderr]    Compiling winnow v1.0.4
[INFO] [stderr]    Compiling serde_derive v1.0.228
[INFO] [stderr]    Compiling thiserror-impl v2.0.18
[INFO] [stderr]    Compiling memchr v2.8.0
[INFO] [stderr]    Compiling toolu-orm-core v0.12.0
[INFO] [stderr]    Compiling zmij v1.0.21
[INFO] [stderr]    Compiling getrandom v0.4.2
[INFO] [stderr]    Compiling serde_json v1.0.149
[INFO] [stderr]    Compiling serde v1.0.228
[INFO] [stderr]    Compiling thiserror v2.0.18
[INFO] [stderr]    Compiling indexmap v2.14.0
[INFO] [stderr]    Compiling generic-array v0.14.7
[INFO] [stderr]    Compiling uuid v1.23.1
[INFO] [stderr]    Compiling block-buffer v0.10.4
[INFO] [stderr]    Compiling crypto-common v0.1.7
[INFO] [stderr]    Compiling digest v0.10.7
[INFO] [stderr]    Compiling toml_parser v1.1.3+spec-1.1.0
[INFO] [stderr]    Compiling sha2 v0.10.9
[INFO] [stderr]    Compiling toml_edit v0.25.13+spec-1.1.0
[INFO] [stderr]    Compiling proc-macro-crate v3.5.0
[INFO] [stderr]    Compiling toolu-orm-macros v0.12.0 (/opt/rustwide/workdir)
[INFO] [stderr]     Finished `dev` profile [unoptimized + debuginfo] target(s) in 13.82s
[INFO] running `Command { std: "docker" "inspect" "732300023ca4ef6eef2a36a7c38c57c142b920771c2ca52048b8ff0dcfea1792", kill_on_drop: false }`
[INFO] running `Command { std: "docker" "exec" "-e" "SOURCE_DIR=/opt/rustwide/workdir" "-e" "CARGO_HOME=/opt/rustwide/cargo-home" "-e" "RUSTUP_HOME=/opt/rustwide/rustup-home" "-e" "CARGO_TARGET_DIR=/opt/rustwide/target" "-e" "CARGO_INCREMENTAL=0" "-e" "RUST_BACKTRACE=full" "-e" "RUSTFLAGS=--cap-lints=warn" "-e" "RUSTDOCFLAGS=--cap-lints=warn" "-w" "/opt/rustwide/workdir" "--user" "0:0" "732300023ca4ef6eef2a36a7c38c57c142b920771c2ca52048b8ff0dcfea1792" "/opt/rustwide/cargo-home/bin/cargo" "+1.99.0-beta.8" "test" "--frozen" "--no-run" "--message-format=json", kill_on_drop: false }`
[INFO] [stderr]    Compiling proc-macro2 v1.0.106
[INFO] [stderr]    Compiling quote v1.0.45
[INFO] [stderr]    Compiling libc v0.2.185
[INFO] [stderr]    Compiling serde_core v1.0.228
[INFO] [stderr]    Compiling memchr v2.8.0
[INFO] [stderr]    Compiling typenum v1.20.0
[INFO] [stderr]    Compiling glob v0.3.3
[INFO] [stderr]    Compiling rustix v0.38.44
[INFO] [stderr]    Compiling bitflags v2.11.1
[INFO] [stderr]    Compiling prettyplease v0.2.37
[INFO] [stderr]    Compiling cc v1.2.60
[INFO] [stderr]    Compiling rand_core v0.10.1
[INFO] [stderr]    Compiling regex-syntax v0.8.10
[INFO] [stderr]    Compiling linux-raw-sys v0.4.15
[INFO] [stderr]    Compiling minimal-lexical v0.2.1
[INFO] [stderr]    Compiling getrandom v0.4.2
[INFO] [stderr]    Compiling libloading v0.8.9
[INFO] [stderr]    Compiling home v0.5.12
[INFO] [stderr]    Compiling bindgen v0.66.1
[INFO] [stderr]    Compiling either v1.15.0
[INFO] [stderr]    Compiling cmov v0.5.3
[INFO] [stderr]    Compiling hashbrown v0.17.0
[INFO] [stderr]    Compiling lazycell v1.3.0
[INFO] [stderr]    Compiling const-oid v0.10.2
[INFO] [stderr]    Compiling ctutils v0.4.2
[INFO] [stderr]    Compiling peeking_take_while v0.1.2
[INFO] [stderr]    Compiling rustc-hash v1.1.0
[INFO] [stderr]    Compiling lazy_static v1.5.0
[INFO] [stderr]    Compiling cpufeatures v0.3.0
[INFO] [stderr]    Compiling futures-io v0.3.32
[INFO] [stderr]    Compiling toml_parser v1.1.3+spec-1.1.0
[INFO] [stderr]    Compiling tinyvec v1.11.0
[INFO] [stderr]    Compiling chacha20 v0.10.2
[INFO] [stderr]    Compiling target-triple v1.0.1
[INFO] [stderr]    Compiling siphasher v1.0.2
[INFO] [stderr]    Compiling fallible-iterator v0.2.0
[INFO] [stderr]    Compiling clang-sys v1.8.1
[INFO] [stderr]    Compiling toolu-orm-core v0.12.0
[INFO] [stderr]    Compiling phf_shared v0.13.1
[INFO] [stderr]    Compiling toml_writer v1.1.2+spec-1.1.0
[INFO] [stderr]    Compiling syn v2.0.117
[INFO] [stderr]    Compiling unicode-normalization v0.1.25
[INFO] [stderr]    Compiling phf v0.13.1
[INFO] [stderr]    Compiling termcolor v1.4.1
[INFO] [stderr]    Compiling nom v7.1.3
[INFO] [stderr]    Compiling indexmap v2.14.0
[INFO] [stderr]    Compiling hashlink v0.12.2
[INFO] [stderr]    Compiling stringprep v0.1.5
[INFO] [stderr]    Compiling cmake v0.1.58
[INFO] [stderr]    Compiling libsqlite3-sys v0.38.2
[INFO] [stderr]    Compiling hybrid-array v0.4.10
[INFO] [stderr]    Compiling generic-array v0.14.7
[INFO] [stderr]    Compiling parking_lot_core v0.9.12
[INFO] [stderr]    Compiling socket2 v0.6.3
[INFO] [stderr]    Compiling mio v1.2.0
[INFO] [stderr]    Compiling whoami v2.1.1
[INFO] [stderr]    Compiling uuid v1.23.1
[INFO] [stderr]    Compiling parking_lot v0.12.5
[INFO] [stderr]    Compiling rand v0.10.1
[INFO] [stderr]    Compiling regex-automata v0.4.14
[INFO] [stderr]    Compiling block-buffer v0.12.0
[INFO] [stderr]    Compiling crypto-common v0.2.1
[INFO] [stderr]    Compiling block-buffer v0.10.4
[INFO] [stderr]    Compiling crypto-common v0.1.7
[INFO] [stderr]    Compiling digest v0.10.7
[INFO] [stderr]    Compiling sha2 v0.10.9
[INFO] [stderr]    Compiling which v4.4.2
[INFO] [stderr]    Compiling cexpr v0.6.0
[INFO] [stderr]    Compiling serde_json v1.0.149
[INFO] [stderr]    Compiling toml_datetime v1.1.1+spec-1.1.0
[INFO] [stderr]    Compiling serde_spanned v1.1.1
[INFO] [stderr]    Compiling digest v0.11.2
[INFO] [stderr]    Compiling hmac v0.13.0
[INFO] [stderr]    Compiling md-5 v0.11.0
[INFO] [stderr]    Compiling sha2 v0.11.0
[INFO] [stderr]    Compiling toml_edit v0.25.13+spec-1.1.0
[INFO] [stderr]    Compiling toml v1.1.5+spec-1.1.0
[INFO] [stderr]    Compiling proc-macro-crate v3.5.0
[INFO] [stderr]    Compiling regex v1.12.3
[INFO] [stderr]    Compiling serde_derive v1.0.228
[INFO] [stderr]    Compiling futures-macro v0.3.32
[INFO] [stderr]    Compiling tracing-attributes v0.1.31
[INFO] [stderr]    Compiling zerocopy-derive v0.7.35
[INFO] [stderr]    Compiling thiserror-impl v2.0.18
[INFO] [stderr]    Compiling async-trait v0.1.89
[INFO] [stderr]    Compiling thiserror-impl v1.0.69
[INFO] [stderr]    Compiling zerocopy v0.7.35
[INFO] [stderr]    Compiling futures-util v0.3.32
[INFO] [stderr]    Compiling thiserror v2.0.18
[INFO] [stderr]    Compiling thiserror v1.0.69
[INFO] [stderr]    Compiling tracing v0.1.44
[INFO] [stderr]    Compiling serde v1.0.228
[INFO] [stderr]    Compiling bytes v1.11.1
[INFO] [stderr]    Compiling trybuild v1.0.120
[INFO] [stderr]    Compiling futures-executor v0.3.32
[INFO] [stderr]    Compiling postgres-protocol v0.6.11
[INFO] [stderr]    Compiling tokio v1.52.1
[INFO] [stderr]    Compiling futures v0.3.32
[INFO] [stderr]    Compiling postgres-types v0.2.13
[INFO] [stderr]    Compiling libsql-ffi v0.9.30
[INFO] [stderr]    Compiling rusqlite v0.40.2
[INFO] [stderr]    Compiling toolu-orm-macros v0.12.0 (/opt/rustwide/workdir)
[INFO] [stderr]    Compiling tokio-util v0.7.18
[INFO] [stderr]    Compiling tokio-postgres v0.7.17
[INFO] [stderr]    Compiling libsql-sys v0.9.30
[INFO] [stderr]    Compiling libsql v0.9.30
[INFO] [stdout] error[E0433]: cannot find `toolu_orm_query` in the list of imported crates
[INFO] [stdout]  --> tests/partial_index_macro_test.rs:9:1
[INFO] [stdout]   |
[INFO] [stdout] 9 | #[table(name = "memories")]
[INFO] [stdout]   | ^^^^^^^^^^^^^^^^^^^^^^^^^^^ could not find `toolu_orm_query` in the list of imported crates
[INFO] [stdout]   |
[INFO] [stdout]   = note: this error originates in the attribute macro `table` (in Nightly builds, run with -Z macro-backtrace for more info)
[INFO] [stdout] 
[INFO] [stdout] 
[INFO] [stdout] error[E0433]: cannot find `toolu_orm_query` in the list of imported crates
[INFO] [stdout]   --> tests/fts5_macro_test.rs:13:1
[INFO] [stdout]    |
[INFO] [stdout] 13 | #[fts5_table(name = "memory_fts", tokenize = "porter unicode61 remove_diacritics 2")]
[INFO] [stdout]    | ^^^^^^^^^^^^^^^^^^^^^^^^^^^^^^^^^^^^^^^^^^^^^^^^^^^^^^^^^^^^^^^^^^^^^^^^^^^^^^^^^^^^^ could not find `toolu_orm_query` in the list of imported crates
[INFO] [stdout]    |
[INFO] [stdout]    = note: this error originates in the attribute macro `fts5_table` (in Nightly builds, run with -Z macro-backtrace for more info)
[INFO] [stdout] 
[INFO] [stdout] 
[INFO] [stdout] error[E0433]: cannot find `toolu_orm_query` in the list of imported crates
[INFO] [stdout]   --> tests/policy_macro_test.rs:10:1
[INFO] [stdout]    |
[INFO] [stdout] 10 | #[table(name = "docs")]
[INFO] [stdout]    | ^^^^^^^^^^^^^^^^^^^^^^^ could not find `toolu_orm_query` in the list of imported crates
[INFO] [stdout]    |
[INFO] [stdout]    = note: this error originates in the attribute macro `table` (in Nightly builds, run with -Z macro-backtrace for more info)
[INFO] [stdout] 
[INFO] [stdout] 
[INFO] [stdout] error[E0433]: cannot find `toolu_orm_query` in the list of imported crates
[INFO] [stdout]  --> tests/index_desc_macro_test.rs:8:1
[INFO] [stdout]   |
[INFO] [stdout] 8 | #[table(name = "eval_runs")]
[INFO] [stdout]   | ^^^^^^^^^^^^^^^^^^^^^^^^^^^^ could not find `toolu_orm_query` in the list of imported crates
[INFO] [stdout]   |
[INFO] [stdout]   = note: this error originates in the attribute macro `table` (in Nightly builds, run with -Z macro-backtrace for more info)
[INFO] [stdout] 
[INFO] [stdout] 
[INFO] [stdout] error[E0433]: cannot find `toolu_orm_query` in the list of imported crates
[INFO] [stdout]   --> tests/vec0_macro_test.rs:16:1
[INFO] [stdout]    |
[INFO] [stdout] 16 | #[vec0_table(name = "memory_vec")]
[INFO] [stdout]    | ^^^^^^^^^^^^^^^^^^^^^^^^^^^^^^^^^^ could not find `toolu_orm_query` in the list of imported crates
[INFO] [stdout]    |
[INFO] [stdout]    = note: this error originates in the attribute macro `vec0_table` (in Nightly builds, run with -Z macro-backtrace for more info)
[INFO] [stdout] 
[INFO] [stdout] 
[INFO] [stdout] error[E0433]: cannot find `toolu_orm_query` in the list of imported crates
[INFO] [stdout]   --> tests/column_check_test.rs:14:1
[INFO] [stdout]    |
[INFO] [stdout] 14 | #[table(name = "ratings")]
[INFO] [stdout]    | ^^^^^^^^^^^^^^^^^^^^^^^^^^ could not find `toolu_orm_query` in the list of imported crates
[INFO] [stdout]    |
[INFO] [stdout]    = note: this error originates in the attribute macro `table` (in Nightly builds, run with -Z macro-backtrace for more info)
[INFO] [stdout] 
[INFO] [stdout] 
[INFO] [stdout] For more information about this error, try `rustc --explain E0433`.
[INFO] [stdout] 
[INFO] [stderr] error: could not compile `toolu-orm-macros` (test "partial_index_macro_test") due to 1 previous error
[INFO] [stderr] warning: build failed, waiting for other jobs to finish...
[INFO] [stdout] error[E0433]: cannot find `toolu_orm_query` in the list of imported crates
[INFO] [stdout]   --> tests/vec0_macro_test.rs:31:1
[INFO] [stdout]    |
[INFO] [stdout] 31 | #[vec0_table(name = "dual_vec")]
[INFO] [stdout]    | ^^^^^^^^^^^^^^^^^^^^^^^^^^^^^^^^ could not find `toolu_orm_query` in the list of imported crates
[INFO] [stdout]    |
[INFO] [stdout]    = note: this error originates in the attribute macro `vec0_table` (in Nightly builds, run with -Z macro-backtrace for more info)
[INFO] [stdout] 
[INFO] [stdout] 
[INFO] [stdout] error[E0433]: cannot find `toolu_orm_query` in the list of imported crates
[INFO] [stdout]   --> tests/policy_macro_test.rs:32:1
[INFO] [stdout]    |
[INFO] [stdout] 32 | #[table(name = "locked", rls = "force")]
[INFO] [stdout]    | ^^^^^^^^^^^^^^^^^^^^^^^^^^^^^^^^^^^^^^^^ could not find `toolu_orm_query` in the list of imported crates
[INFO] [stdout]    |
[INFO] [stdout]    = note: this error originates in the attribute macro `table` (in Nightly builds, run with -Z macro-backtrace for more info)
[INFO] [stdout] 
[INFO] [stdout] 
[INFO] [stdout] error[E0433]: cannot find `toolu_orm_query` in the list of imported crates
[INFO] [stdout]   --> tests/fts5_macro_test.rs:21:1
[INFO] [stdout]    |
[INFO] [stdout] 21 | / #[fts5_table(
[INFO] [stdout] 22 | |   name = "code_fts",
[INFO] [stdout] 23 | |   tokenize = "identifier",
[INFO] [stdout] 24 | |   prefix = "2 3",
[INFO] [stdout] ...  |
[INFO] [stdout] 28 | |   detail = "none"
[INFO] [stdout] 29 | | )]
[INFO] [stdout]    | |__^ could not find `toolu_orm_query` in the list of imported crates
[INFO] [stdout]    |
[INFO] [stdout]    = note: this error originates in the attribute macro `fts5_table` (in Nightly builds, run with -Z macro-backtrace for more info)
[INFO] [stdout] 
[INFO] [stdout] 
[INFO] [stdout] For more information about this error, try `rustc --explain E0433`.
[INFO] [stdout] 
[INFO] [stdout] error[E0433]: cannot find `toolu_orm_query` in the list of imported crates
[INFO] [stdout]   --> tests/policy_macro_test.rs:38:1
[INFO] [stdout]    |
[INFO] [stdout] 38 | #[table(name = "open_table")]
[INFO] [stdout]    | ^^^^^^^^^^^^^^^^^^^^^^^^^^^^^ could not find `toolu_orm_query` in the list of imported crates
[INFO] [stdout]    |
[INFO] [stdout]    = note: this error originates in the attribute macro `table` (in Nightly builds, run with -Z macro-backtrace for more info)
[INFO] [stdout] 
[INFO] [stdout] 
[INFO] [stderr] error: could not compile `toolu-orm-macros` (test "column_check_test") due to 1 previous error
[INFO] [stdout] For more information about this error, try `rustc --explain E0433`.
[INFO] [stdout] 
[INFO] [stderr] error: could not compile `toolu-orm-macros` (test "policy_macro_test") due to 3 previous errors
[INFO] [stdout] For more information about this error, try `rustc --explain E0433`.
[INFO] [stdout] 
[INFO] [stdout] error[E0433]: cannot find `toolu_orm_query` in the list of imported crates
[INFO] [stdout]   --> tests/fts5_macro_test.rs:37:1
[INFO] [stdout]    |
[INFO] [stdout] 37 | / #[fts5_table(
[INFO] [stdout] 38 | |   name = "memory_substring",
[INFO] [stdout] 39 | |   tokenize = "trigram",
[INFO] [stdout] 40 | |   content = "memories",
[INFO] [stdout] 41 | |   content_rowid = "id",
[INFO] [stdout] 42 | |   sync_content = true
[INFO] [stdout] 43 | | )]
[INFO] [stdout]    | |__^ could not find `toolu_orm_query` in the list of imported crates
[INFO] [stdout]    |
[INFO] [stdout]    = note: this error originates in the attribute macro `fts5_table` (in Nightly builds, run with -Z macro-backtrace for more info)
[INFO] [stdout] 
[INFO] [stdout] 
[INFO] [stderr] error: could not compile `toolu-orm-macros` (test "vec0_macro_test") due to 2 previous errors
[INFO] [stdout] For more information about this error, try `rustc --explain E0433`.
[INFO] [stdout] 
[INFO] [stderr] error: could not compile `toolu-orm-macros` (test "index_desc_macro_test") due to 1 previous error
[INFO] [stdout] error[E0433]: cannot find `toolu_orm_query` in the list of imported crates
[INFO] [stdout]   --> tests/fts5_macro_test.rs:50:1
[INFO] [stdout]    |
[INFO] [stdout] 50 | / #[fts5_table(
[INFO] [stdout] 51 | |   name = "memory_plain",
[INFO] [stdout] 52 | |   content = "memories",
[INFO] [stdout] 53 | |   content_rowid = "id",
[INFO] [stdout] 54 | |   sync_content = false
[INFO] [stdout] 55 | | )]
[INFO] [stdout]    | |__^ could not find `toolu_orm_query` in the list of imported crates
[INFO] [stdout]    |
[INFO] [stdout]    = note: this error originates in the attribute macro `fts5_table` (in Nightly builds, run with -Z macro-backtrace for more info)
[INFO] [stdout] 
[INFO] [stdout] 
[INFO] [stdout] For more information about this error, try `rustc --explain E0433`.
[INFO] [stdout] 
[INFO] [stderr] error: could not compile `toolu-orm-macros` (test "fts5_macro_test") due to 4 previous errors
[INFO] running `Command { std: "docker" "inspect" "732300023ca4ef6eef2a36a7c38c57c142b920771c2ca52048b8ff0dcfea1792", kill_on_drop: false }`
[INFO] running `Command { std: "docker" "rm" "-f" "732300023ca4ef6eef2a36a7c38c57c142b920771c2ca52048b8ff0dcfea1792", kill_on_drop: false }`
[INFO] [stdout] 732300023ca4ef6eef2a36a7c38c57c142b920771c2ca52048b8ff0dcfea1792
