[INFO] fetching crate tokio-tar 0.3.1...
[INFO] testing tokio-tar-0.3.1 against 1.100.0-beta.1 for beta-1.100-2
[INFO] extracting crate tokio-tar 0.3.1 into /workspace/builds/worker-4-tc2/source
[INFO] started tweaking crates.io crate tokio-tar 0.3.1
[INFO] finished tweaking crates.io crate tokio-tar 0.3.1
[INFO] tweaked toml for crates.io crate tokio-tar 0.3.1 written to /workspace/builds/worker-4-tc2/source/Cargo.toml
[INFO] validating manifest of crates.io crate tokio-tar 0.3.1 on toolchain 1.100.0-beta.1
[INFO] running `Command { std: CARGO_HOME="/workspace/cargo-home" RUSTUP_HOME="/workspace/rustup-home" "/workspace/cargo-home/bin/cargo" "+1.100.0-beta.1" "metadata" "--manifest-path" "Cargo.toml" "--no-deps", kill_on_drop: false }`
[INFO] crate crates.io crate tokio-tar 0.3.1 already has a lockfile, it will not be regenerated
[INFO] running `Command { std: CARGO_HOME="/workspace/cargo-home" RUSTUP_HOME="/workspace/rustup-home" "/workspace/cargo-home/bin/cargo" "+1.100.0-beta.1" "fetch" "--manifest-path" "Cargo.toml", kill_on_drop: false }`
[INFO] [stderr] warning: `package.homepage` is redundant with `package.repository`
[INFO] [stderr]   --> Cargo.toml:35:12
[INFO] [stderr]    |
[INFO] [stderr] 35 | homepage = "https://github.com/vorot93/tokio-tar"
[INFO] [stderr]    |            ^^^^^^^^^^^^^^^^^^^^^^^^^^^^^^^^^^^^^^
[INFO] [stderr] ...
[INFO] [stderr] 40 | repository = "https://github.com/vorot93/tokio-tar"
[INFO] [stderr]    |              --------------------------------------
[INFO] [stderr]    |
[INFO] [stderr]    = note: `cargo::redundant_homepage` is set to `warn` by default
[INFO] [stderr] help: consider removing `package.homepage`
[INFO] [stderr] warning: `tokio-tar` (manifest) generated 1 warning
[INFO] running `Command { std: "docker" "create" "-v" "/var/lib/crater-agent-workspace/builds/worker-4-tc2/source:/opt/rustwide/workdir:ro,Z" "-v" "/var/lib/crater-agent-workspace/builds/worker-4-tc2/target:/opt/rustwide/target:rw,Z" "-v" "/var/lib/crater-agent-workspace/cargo-home:/opt/rustwide/cargo-home:ro,Z" "-v" "/var/lib/crater-agent-workspace/rustup-home:/opt/rustwide/rustup-home:ro,Z" "-m" "1610612736" "--network" "none" "ghcr.io/rust-lang/crates-build-env/linux@sha256:3111399a4047eeb3a02b7a90e478d715f38a8c6669b5c4b49d30a17385265909" "sleep" "infinity", kill_on_drop: false }`
[INFO] [stdout] c04e66547c3670b2f557646950bfd449780361550a7cb9f0b99abefe6ec0f4f6
[INFO] running `Command { std: "docker" "start" "c04e66547c3670b2f557646950bfd449780361550a7cb9f0b99abefe6ec0f4f6", kill_on_drop: false }`
[INFO] running `Command { std: "docker" "inspect" "c04e66547c3670b2f557646950bfd449780361550a7cb9f0b99abefe6ec0f4f6", kill_on_drop: false }`
[INFO] running `Command { std: "docker" "exec" "-e" "SOURCE_DIR=/opt/rustwide/workdir" "-e" "CARGO_HOME=/opt/rustwide/cargo-home" "-e" "RUSTUP_HOME=/opt/rustwide/rustup-home" "-e" "CARGO_TARGET_DIR=/opt/rustwide/target" "-w" "/opt/rustwide/workdir" "--user" "0:0" "c04e66547c3670b2f557646950bfd449780361550a7cb9f0b99abefe6ec0f4f6" "/opt/rustwide/cargo-home/bin/cargo" "+1.100.0-beta.1" "metadata" "--no-deps" "--format-version=1", kill_on_drop: false }`
[INFO] running `Command { std: "docker" "inspect" "c04e66547c3670b2f557646950bfd449780361550a7cb9f0b99abefe6ec0f4f6", kill_on_drop: false }`
[INFO] running `Command { std: "docker" "exec" "-e" "SOURCE_DIR=/opt/rustwide/workdir" "-e" "CARGO_HOME=/opt/rustwide/cargo-home" "-e" "RUSTUP_HOME=/opt/rustwide/rustup-home" "-e" "CARGO_TARGET_DIR=/opt/rustwide/target" "-e" "CARGO_INCREMENTAL=0" "-e" "RUST_BACKTRACE=full" "-e" "RUSTFLAGS=--cap-lints=warn" "-e" "RUSTDOCFLAGS=--cap-lints=warn" "-w" "/opt/rustwide/workdir" "--user" "0:0" "c04e66547c3670b2f557646950bfd449780361550a7cb9f0b99abefe6ec0f4f6" "/opt/rustwide/cargo-home/bin/cargo" "+1.100.0-beta.1" "build" "--frozen" "--message-format=json", kill_on_drop: false }`
[INFO] [stderr] warning: `package.homepage` is redundant with `package.repository`
[INFO] [stderr]   --> Cargo.toml:35:12
[INFO] [stderr]    |
[INFO] [stderr] 35 | homepage = "https://github.com/vorot93/tokio-tar"
[INFO] [stderr]    |            ^^^^^^^^^^^^^^^^^^^^^^^^^^^^^^^^^^^^^^
[INFO] [stderr] ...
[INFO] [stderr] 40 | repository = "https://github.com/vorot93/tokio-tar"
[INFO] [stderr]    |              --------------------------------------
[INFO] [stderr]    |
[INFO] [stderr]    = note: `cargo::redundant_homepage` is set to `warn` by default
[INFO] [stderr] help: consider removing `package.homepage`
[INFO] [stderr] warning: `tokio-tar` (manifest) generated 1 warning
[INFO] [stderr]    Compiling libc v0.2.147
[INFO] [stderr]    Compiling proc-macro2 v1.0.64
[INFO] [stderr]    Compiling unicode-ident v1.0.10
[INFO] [stderr]    Compiling quote v1.0.29
[INFO] [stderr]    Compiling lock_api v0.4.10
[INFO] [stderr]    Compiling parking_lot_core v0.9.8
[INFO] [stderr]    Compiling smallvec v1.11.0
[INFO] [stderr]    Compiling tokio v1.29.1
[INFO] [stderr]    Compiling futures-core v0.3.28
[INFO] [stderr]    Compiling bytes v1.4.0
[INFO] [stderr]    Compiling pin-project-lite v0.2.10
[INFO] [stderr]    Compiling syn v2.0.25
[INFO] [stderr]    Compiling mio v0.8.8
[INFO] [stderr]    Compiling num_cpus v1.16.0
[INFO] [stderr]    Compiling socket2 v0.4.9
[INFO] [stderr]    Compiling signal-hook-registry v1.4.1
[INFO] [stderr]    Compiling xattr v1.0.0
[INFO] [stderr]    Compiling filetime v0.2.21
[INFO] [stderr]    Compiling parking_lot v0.12.1
[INFO] [stderr]    Compiling tokio-macros v2.1.0
[INFO] [stderr]    Compiling tokio-stream v0.1.14
[INFO] [stderr]    Compiling tokio-tar v0.3.1 (/opt/rustwide/workdir)
[INFO] [stdout] warning: hiding a lifetime that's elided elsewhere is confusing
[INFO] [stdout]    --> src/entry.rs:115:17
[INFO] [stdout]     |
[INFO] [stdout] 115 |     pub fn path(&self) -> io::Result<Cow<Path>> {
[INFO] [stdout]     |                 ^^^^^                ^^^^^^^^^ the same lifetime is hidden here
[INFO] [stdout]     |                 |
[INFO] [stdout]     |                 the lifetime is elided here
[INFO] [stdout]     |
[INFO] [stdout]     = help: the same lifetime is referred to in inconsistent ways, making the signature confusing
[INFO] [stdout]     = note: `#[warn(mismatched_lifetime_syntaxes)]` on by default
[INFO] [stdout] help: use `'_` for type paths
[INFO] [stdout]     |
[INFO] [stdout] 115 |     pub fn path(&self) -> io::Result<Cow<'_, Path>> {
[INFO] [stdout]     |                                          +++
[INFO] [stdout] 
[INFO] [stdout] 
[INFO] [stdout] warning: hiding a lifetime that's elided elsewhere is confusing
[INFO] [stdout]    --> src/entry.rs:125:23
[INFO] [stdout]     |
[INFO] [stdout] 125 |     pub fn path_bytes(&self) -> Cow<[u8]> {
[INFO] [stdout]     |                       ^^^^^     ^^^^^^^^^ the same lifetime is hidden here
[INFO] [stdout]     |                       |
[INFO] [stdout]     |                       the lifetime is elided here
[INFO] [stdout]     |
[INFO] [stdout]     = help: the same lifetime is referred to in inconsistent ways, making the signature confusing
[INFO] [stdout] help: use `'_` for type paths
[INFO] [stdout]     |
[INFO] [stdout] 125 |     pub fn path_bytes(&self) -> Cow<'_, [u8]> {
[INFO] [stdout]     |                                     +++
[INFO] [stdout] 
[INFO] [stdout] 
[INFO] [stdout] warning: hiding a lifetime that's elided elsewhere is confusing
[INFO] [stdout]    --> src/entry.rs:142:22
[INFO] [stdout]     |
[INFO] [stdout] 142 |     pub fn link_name(&self) -> io::Result<Option<Cow<Path>>> {
[INFO] [stdout]     |                      ^^^^^                       ^^^^^^^^^ the same lifetime is hidden here
[INFO] [stdout]     |                      |
[INFO] [stdout]     |                      the lifetime is elided here
[INFO] [stdout]     |
[INFO] [stdout]     = help: the same lifetime is referred to in inconsistent ways, making the signature confusing
[INFO] [stdout] help: use `'_` for type paths
[INFO] [stdout]     |
[INFO] [stdout] 142 |     pub fn link_name(&self) -> io::Result<Option<Cow<'_, Path>>> {
[INFO] [stdout]     |                                                      +++
[INFO] [stdout] 
[INFO] [stdout] 
[INFO] [stdout] warning: hiding a lifetime that's elided elsewhere is confusing
[INFO] [stdout]    --> src/entry.rs:151:28
[INFO] [stdout]     |
[INFO] [stdout] 151 |     pub fn link_name_bytes(&self) -> Option<Cow<[u8]>> {
[INFO] [stdout]     |                            ^^^^^            ^^^^^^^^^ the same lifetime is hidden here
[INFO] [stdout]     |                            |
[INFO] [stdout]     |                            the lifetime is elided here
[INFO] [stdout]     |
[INFO] [stdout]     = help: the same lifetime is referred to in inconsistent ways, making the signature confusing
[INFO] [stdout] help: use `'_` for type paths
[INFO] [stdout]     |
[INFO] [stdout] 151 |     pub fn link_name_bytes(&self) -> Option<Cow<'_, [u8]>> {
[INFO] [stdout]     |                                                 +++
[INFO] [stdout] 
[INFO] [stdout] 
[INFO] [stdout] warning: hiding a lifetime that's elided elsewhere is confusing
[INFO] [stdout]    --> src/entry.rs:356:19
[INFO] [stdout]     |
[INFO] [stdout] 356 |     fn path_bytes(&self) -> Cow<[u8]> {
[INFO] [stdout]     |                   ^^^^^     ^^^^^^^^^ the same lifetime is hidden here
[INFO] [stdout]     |                   |
[INFO] [stdout]     |                   the lifetime is elided here
[INFO] [stdout]     |
[INFO] [stdout]     = help: the same lifetime is referred to in inconsistent ways, making the signature confusing
[INFO] [stdout] help: use `'_` for type paths
[INFO] [stdout]     |
[INFO] [stdout] 356 |     fn path_bytes(&self) -> Cow<'_, [u8]> {
[INFO] [stdout]     |                                 +++
[INFO] [stdout] 
[INFO] [stdout] 
[INFO] [stdout] warning: hiding a lifetime that's elided elsewhere is confusing
[INFO] [stdout]    --> src/entry.rs:385:18
[INFO] [stdout]     |
[INFO] [stdout] 385 |     fn link_name(&self) -> io::Result<Option<Cow<Path>>> {
[INFO] [stdout]     |                  ^^^^^                       ^^^^^^^^^ the same lifetime is hidden here
[INFO] [stdout]     |                  |
[INFO] [stdout]     |                  the lifetime is elided here
[INFO] [stdout]     |
[INFO] [stdout]     = help: the same lifetime is referred to in inconsistent ways, making the signature confusing
[INFO] [stdout] help: use `'_` for type paths
[INFO] [stdout]     |
[INFO] [stdout] 385 |     fn link_name(&self) -> io::Result<Option<Cow<'_, Path>>> {
[INFO] [stdout]     |                                                  +++
[INFO] [stdout] 
[INFO] [stdout] 
[INFO] [stdout] warning: hiding a lifetime that's elided elsewhere is confusing
[INFO] [stdout]    --> src/entry.rs:392:24
[INFO] [stdout]     |
[INFO] [stdout] 392 |     fn link_name_bytes(&self) -> Option<Cow<[u8]>> {
[INFO] [stdout]     |                        ^^^^^            ^^^^^^^^^ the same lifetime is hidden here
[INFO] [stdout]     |                        |
[INFO] [stdout]     |                        the lifetime is elided here
[INFO] [stdout]     |
[INFO] [stdout]     = help: the same lifetime is referred to in inconsistent ways, making the signature confusing
[INFO] [stdout] help: use `'_` for type paths
[INFO] [stdout]     |
[INFO] [stdout] 392 |     fn link_name_bytes(&self) -> Option<Cow<'_, [u8]>> {
[INFO] [stdout]     |                                             +++
[INFO] [stdout] 
[INFO] [stdout] 
[INFO] [stdout] warning: hiding a lifetime that's elided elsewhere is confusing
[INFO] [stdout]    --> src/header.rs:331:17
[INFO] [stdout]     |
[INFO] [stdout] 331 |     pub fn path(&self) -> io::Result<Cow<Path>> {
[INFO] [stdout]     |                 ^^^^^                ^^^^^^^^^ the same lifetime is hidden here
[INFO] [stdout]     |                 |
[INFO] [stdout]     |                 the lifetime is elided here
[INFO] [stdout]     |
[INFO] [stdout]     = help: the same lifetime is referred to in inconsistent ways, making the signature confusing
[INFO] [stdout] help: use `'_` for type paths
[INFO] [stdout]     |
[INFO] [stdout] 331 |     pub fn path(&self) -> io::Result<Cow<'_, Path>> {
[INFO] [stdout]     |                                          +++
[INFO] [stdout] 
[INFO] [stdout] 
[INFO] [stdout] warning: hiding a lifetime that's elided elsewhere is confusing
[INFO] [stdout]    --> src/header.rs:342:23
[INFO] [stdout]     |
[INFO] [stdout] 342 |     pub fn path_bytes(&self) -> Cow<[u8]> {
[INFO] [stdout]     |                       ^^^^^     ^^^^^^^^^ the same lifetime is hidden here
[INFO] [stdout]     |                       |
[INFO] [stdout]     |                       the lifetime is elided here
[INFO] [stdout]     |
[INFO] [stdout]     = help: the same lifetime is referred to in inconsistent ways, making the signature confusing
[INFO] [stdout] help: use `'_` for type paths
[INFO] [stdout]     |
[INFO] [stdout] 342 |     pub fn path_bytes(&self) -> Cow<'_, [u8]> {
[INFO] [stdout]     |                                     +++
[INFO] [stdout] 
[INFO] [stdout] 
[INFO] [stdout] warning: hiding a lifetime that's elided elsewhere is confusing
[INFO] [stdout]    --> src/header.rs:385:22
[INFO] [stdout]     |
[INFO] [stdout] 385 |     pub fn link_name(&self) -> io::Result<Option<Cow<Path>>> {
[INFO] [stdout]     |                      ^^^^^                       ^^^^^^^^^ the same lifetime is hidden here
[INFO] [stdout]     |                      |
[INFO] [stdout]     |                      the lifetime is elided here
[INFO] [stdout]     |
[INFO] [stdout]     = help: the same lifetime is referred to in inconsistent ways, making the signature confusing
[INFO] [stdout] help: use `'_` for type paths
[INFO] [stdout]     |
[INFO] [stdout] 385 |     pub fn link_name(&self) -> io::Result<Option<Cow<'_, Path>>> {
[INFO] [stdout]     |                                                      +++
[INFO] [stdout] 
[INFO] [stdout] 
[INFO] [stdout] warning: hiding a lifetime that's elided elsewhere is confusing
[INFO] [stdout]    --> src/header.rs:399:28
[INFO] [stdout]     |
[INFO] [stdout] 399 |     pub fn link_name_bytes(&self) -> Option<Cow<[u8]>> {
[INFO] [stdout]     |                            ^^^^^            ^^^^^^^^^ the same lifetime is hidden here
[INFO] [stdout]     |                            |
[INFO] [stdout]     |                            the lifetime is elided here
[INFO] [stdout]     |
[INFO] [stdout]     = help: the same lifetime is referred to in inconsistent ways, making the signature confusing
[INFO] [stdout] help: use `'_` for type paths
[INFO] [stdout]     |
[INFO] [stdout] 399 |     pub fn link_name_bytes(&self) -> Option<Cow<'_, [u8]>> {
[INFO] [stdout]     |                                                 +++
[INFO] [stdout] 
[INFO] [stdout] 
[INFO] [stdout] warning: hiding a lifetime that's elided elsewhere is confusing
[INFO] [stdout]    --> src/header.rs:926:23
[INFO] [stdout]     |
[INFO] [stdout] 926 |     pub fn path_bytes(&self) -> Cow<[u8]> {
[INFO] [stdout]     |                       ^^^^^     ^^^^^^^^^ the same lifetime is hidden here
[INFO] [stdout]     |                       |
[INFO] [stdout]     |                       the lifetime is elided here
[INFO] [stdout]     |
[INFO] [stdout]     = help: the same lifetime is referred to in inconsistent ways, making the signature confusing
[INFO] [stdout] help: use `'_` for type paths
[INFO] [stdout]     |
[INFO] [stdout] 926 |     pub fn path_bytes(&self) -> Cow<'_, [u8]> {
[INFO] [stdout]     |                                     +++
[INFO] [stdout] 
[INFO] [stdout] 
[INFO] [stdout] warning: hiding a lifetime that's elided elsewhere is confusing
[INFO] [stdout]     --> src/header.rs:1565:22
[INFO] [stdout]      |
[INFO] [stdout] 1565 | pub fn path2bytes(p: &Path) -> io::Result<Cow<[u8]>> {
[INFO] [stdout]      |                      ^^^^^                ^^^^^^^^^ the same lifetime is hidden here
[INFO] [stdout]      |                      |
[INFO] [stdout]      |                      the lifetime is elided here
[INFO] [stdout]      |
[INFO] [stdout]      = help: the same lifetime is referred to in inconsistent ways, making the signature confusing
[INFO] [stdout] help: use `'_` for type paths
[INFO] [stdout]      |
[INFO] [stdout] 1565 | pub fn path2bytes(p: &Path) -> io::Result<Cow<'_, [u8]>> {
[INFO] [stdout]      |                                               +++
[INFO] [stdout] 
[INFO] [stdout] 
[INFO] [stdout] warning: hiding a lifetime that's elided elsewhere is confusing
[INFO] [stdout]   --> src/pax.rs:21:26
[INFO] [stdout]    |
[INFO] [stdout] 21 | pub fn pax_extensions(a: &[u8]) -> PaxExtensions {
[INFO] [stdout]    |                          ^^^^^     ^^^^^^^^^^^^^ the same lifetime is hidden here
[INFO] [stdout]    |                          |
[INFO] [stdout]    |                          the lifetime is elided here
[INFO] [stdout]    |
[INFO] [stdout]    = help: the same lifetime is referred to in inconsistent ways, making the signature confusing
[INFO] [stdout] help: use `'_` for type paths
[INFO] [stdout]    |
[INFO] [stdout] 21 | pub fn pax_extensions(a: &[u8]) -> PaxExtensions<'_> {
[INFO] [stdout]    |                                                 ++++
[INFO] [stdout] 
[INFO] [stdout] 
[INFO] [stderr]     Finished `dev` profile [unoptimized + debuginfo] target(s) in 10.25s
[INFO] running `Command { std: "docker" "inspect" "c04e66547c3670b2f557646950bfd449780361550a7cb9f0b99abefe6ec0f4f6", kill_on_drop: false }`
[INFO] running `Command { std: "docker" "exec" "-e" "SOURCE_DIR=/opt/rustwide/workdir" "-e" "CARGO_HOME=/opt/rustwide/cargo-home" "-e" "RUSTUP_HOME=/opt/rustwide/rustup-home" "-e" "CARGO_TARGET_DIR=/opt/rustwide/target" "-e" "CARGO_INCREMENTAL=0" "-e" "RUST_BACKTRACE=full" "-e" "RUSTFLAGS=--cap-lints=warn" "-e" "RUSTDOCFLAGS=--cap-lints=warn" "-w" "/opt/rustwide/workdir" "--user" "0:0" "c04e66547c3670b2f557646950bfd449780361550a7cb9f0b99abefe6ec0f4f6" "/opt/rustwide/cargo-home/bin/cargo" "+1.100.0-beta.1" "test" "--frozen" "--no-run" "--message-format=json", kill_on_drop: false }`
[INFO] [stderr] warning: `package.homepage` is redundant with `package.repository`
[INFO] [stderr]   --> Cargo.toml:35:12
[INFO] [stderr]    |
[INFO] [stderr] 35 | homepage = "https://github.com/vorot93/tokio-tar"
[INFO] [stderr]    |            ^^^^^^^^^^^^^^^^^^^^^^^^^^^^^^^^^^^^^^
[INFO] [stderr] ...
[INFO] [stderr] 40 | repository = "https://github.com/vorot93/tokio-tar"
[INFO] [stderr]    |              --------------------------------------
[INFO] [stderr]    |
[INFO] [stderr]    = note: `cargo::redundant_homepage` is set to `warn` by default
[INFO] [stderr] help: consider removing `package.homepage`
[INFO] [stderr] warning: `tokio-tar` (manifest) generated 1 warning
[INFO] [stderr]    Compiling io-lifetimes v1.0.11
[INFO] [stderr]    Compiling rustix v0.37.23
[INFO] [stderr]    Compiling bitflags v1.3.2
[INFO] [stderr]    Compiling linux-raw-sys v0.3.8
[INFO] [stderr]    Compiling tempfile v3.6.0
[INFO] [stderr]    Compiling fastrand v1.9.0
[INFO] [stdout] warning: hiding a lifetime that's elided elsewhere is confusing
[INFO] [stdout]    --> src/entry.rs:115:17
[INFO] [stdout]     |
[INFO] [stdout] 115 |     pub fn path(&self) -> io::Result<Cow<Path>> {
[INFO] [stdout]     |                 ^^^^^                ^^^^^^^^^ the same lifetime is hidden here
[INFO] [stdout]     |                 |
[INFO] [stdout]     |                 the lifetime is elided here
[INFO] [stdout]     |
[INFO] [stdout]     = help: the same lifetime is referred to in inconsistent ways, making the signature confusing
[INFO] [stdout]     = note: `#[warn(mismatched_lifetime_syntaxes)]` on by default
[INFO] [stdout] help: use `'_` for type paths
[INFO] [stdout]     |
[INFO] [stdout] 115 |     pub fn path(&self) -> io::Result<Cow<'_, Path>> {
[INFO] [stdout]     |                                          +++
[INFO] [stdout] 
[INFO] [stdout] 
[INFO] [stdout] warning: hiding a lifetime that's elided elsewhere is confusing
[INFO] [stdout]    --> src/entry.rs:125:23
[INFO] [stdout]     |
[INFO] [stdout] 125 |     pub fn path_bytes(&self) -> Cow<[u8]> {
[INFO] [stdout]     |                       ^^^^^     ^^^^^^^^^ the same lifetime is hidden here
[INFO] [stdout]     |                       |
[INFO] [stdout]     |                       the lifetime is elided here
[INFO] [stdout]     |
[INFO] [stdout]     = help: the same lifetime is referred to in inconsistent ways, making the signature confusing
[INFO] [stdout] help: use `'_` for type paths
[INFO] [stdout]     |
[INFO] [stdout] 125 |     pub fn path_bytes(&self) -> Cow<'_, [u8]> {
[INFO] [stdout]     |                                     +++
[INFO] [stdout] 
[INFO] [stdout] 
[INFO] [stdout] warning: hiding a lifetime that's elided elsewhere is confusing
[INFO] [stdout]    --> src/entry.rs:142:22
[INFO] [stdout]     |
[INFO] [stdout] 142 |     pub fn link_name(&self) -> io::Result<Option<Cow<Path>>> {
[INFO] [stdout]     |                      ^^^^^                       ^^^^^^^^^ the same lifetime is hidden here
[INFO] [stdout]     |                      |
[INFO] [stdout]     |                      the lifetime is elided here
[INFO] [stdout]     |
[INFO] [stdout]     = help: the same lifetime is referred to in inconsistent ways, making the signature confusing
[INFO] [stdout] help: use `'_` for type paths
[INFO] [stdout]     |
[INFO] [stdout] 142 |     pub fn link_name(&self) -> io::Result<Option<Cow<'_, Path>>> {
[INFO] [stdout]     |                                                      +++
[INFO] [stdout] 
[INFO] [stdout] 
[INFO] [stdout] warning: hiding a lifetime that's elided elsewhere is confusing
[INFO] [stdout]    --> src/entry.rs:151:28
[INFO] [stdout]     |
[INFO] [stdout] 151 |     pub fn link_name_bytes(&self) -> Option<Cow<[u8]>> {
[INFO] [stdout]     |                            ^^^^^            ^^^^^^^^^ the same lifetime is hidden here
[INFO] [stdout]     |                            |
[INFO] [stdout]     |                            the lifetime is elided here
[INFO] [stdout]     |
[INFO] [stdout]     = help: the same lifetime is referred to in inconsistent ways, making the signature confusing
[INFO] [stdout] help: use `'_` for type paths
[INFO] [stdout]     |
[INFO] [stdout] 151 |     pub fn link_name_bytes(&self) -> Option<Cow<'_, [u8]>> {
[INFO] [stdout]     |                                                 +++
[INFO] [stdout] 
[INFO] [stdout] 
[INFO] [stdout] warning: hiding a lifetime that's elided elsewhere is confusing
[INFO] [stdout]    --> src/entry.rs:356:19
[INFO] [stdout]     |
[INFO] [stdout] 356 |     fn path_bytes(&self) -> Cow<[u8]> {
[INFO] [stdout]     |                   ^^^^^     ^^^^^^^^^ the same lifetime is hidden here
[INFO] [stdout]     |                   |
[INFO] [stdout]     |                   the lifetime is elided here
[INFO] [stdout]     |
[INFO] [stdout]     = help: the same lifetime is referred to in inconsistent ways, making the signature confusing
[INFO] [stdout] help: use `'_` for type paths
[INFO] [stdout]     |
[INFO] [stdout] 356 |     fn path_bytes(&self) -> Cow<'_, [u8]> {
[INFO] [stdout]     |                                 +++
[INFO] [stdout] 
[INFO] [stdout] 
[INFO] [stdout] warning: hiding a lifetime that's elided elsewhere is confusing
[INFO] [stdout]    --> src/entry.rs:385:18
[INFO] [stdout]     |
[INFO] [stdout] 385 |     fn link_name(&self) -> io::Result<Option<Cow<Path>>> {
[INFO] [stdout]     |                  ^^^^^                       ^^^^^^^^^ the same lifetime is hidden here
[INFO] [stdout]     |                  |
[INFO] [stdout]     |                  the lifetime is elided here
[INFO] [stdout]     |
[INFO] [stdout]     = help: the same lifetime is referred to in inconsistent ways, making the signature confusing
[INFO] [stdout] help: use `'_` for type paths
[INFO] [stdout]     |
[INFO] [stdout] 385 |     fn link_name(&self) -> io::Result<Option<Cow<'_, Path>>> {
[INFO] [stdout]     |                                                  +++
[INFO] [stdout] 
[INFO] [stdout] 
[INFO] [stdout] warning: hiding a lifetime that's elided elsewhere is confusing
[INFO] [stdout]    --> src/entry.rs:392:24
[INFO] [stdout]     |
[INFO] [stdout] 392 |     fn link_name_bytes(&self) -> Option<Cow<[u8]>> {
[INFO] [stdout]     |                        ^^^^^            ^^^^^^^^^ the same lifetime is hidden here
[INFO] [stdout]     |                        |
[INFO] [stdout]     |                        the lifetime is elided here
[INFO] [stdout]     |
[INFO] [stdout]     = help: the same lifetime is referred to in inconsistent ways, making the signature confusing
[INFO] [stdout] help: use `'_` for type paths
[INFO] [stdout]     |
[INFO] [stdout] 392 |     fn link_name_bytes(&self) -> Option<Cow<'_, [u8]>> {
[INFO] [stdout]     |                                             +++
[INFO] [stdout] 
[INFO] [stdout] 
[INFO] [stdout] warning: hiding a lifetime that's elided elsewhere is confusing
[INFO] [stdout]    --> src/header.rs:331:17
[INFO] [stdout]     |
[INFO] [stdout] 331 |     pub fn path(&self) -> io::Result<Cow<Path>> {
[INFO] [stdout]     |                 ^^^^^                ^^^^^^^^^ the same lifetime is hidden here
[INFO] [stdout]     |                 |
[INFO] [stdout]     |                 the lifetime is elided here
[INFO] [stdout]     |
[INFO] [stdout]     = help: the same lifetime is referred to in inconsistent ways, making the signature confusing
[INFO] [stdout] help: use `'_` for type paths
[INFO] [stdout]     |
[INFO] [stdout] 331 |     pub fn path(&self) -> io::Result<Cow<'_, Path>> {
[INFO] [stdout]     |                                          +++
[INFO] [stdout] 
[INFO] [stdout] 
[INFO] [stdout] warning: hiding a lifetime that's elided elsewhere is confusing
[INFO] [stdout]    --> src/header.rs:342:23
[INFO] [stdout]     |
[INFO] [stdout] 342 |     pub fn path_bytes(&self) -> Cow<[u8]> {
[INFO] [stdout]     |                       ^^^^^     ^^^^^^^^^ the same lifetime is hidden here
[INFO] [stdout]     |                       |
[INFO] [stdout]     |                       the lifetime is elided here
[INFO] [stdout]     |
[INFO] [stdout]     = help: the same lifetime is referred to in inconsistent ways, making the signature confusing
[INFO] [stdout] help: use `'_` for type paths
[INFO] [stdout]     |
[INFO] [stdout] 342 |     pub fn path_bytes(&self) -> Cow<'_, [u8]> {
[INFO] [stdout]     |                                     +++
[INFO] [stdout] 
[INFO] [stdout] 
[INFO] [stdout] warning: hiding a lifetime that's elided elsewhere is confusing
[INFO] [stdout]    --> src/header.rs:385:22
[INFO] [stdout]     |
[INFO] [stdout] 385 |     pub fn link_name(&self) -> io::Result<Option<Cow<Path>>> {
[INFO] [stdout]     |                      ^^^^^                       ^^^^^^^^^ the same lifetime is hidden here
[INFO] [stdout]     |                      |
[INFO] [stdout]     |                      the lifetime is elided here
[INFO] [stdout]     |
[INFO] [stdout]     = help: the same lifetime is referred to in inconsistent ways, making the signature confusing
[INFO] [stdout] help: use `'_` for type paths
[INFO] [stdout]     |
[INFO] [stdout] 385 |     pub fn link_name(&self) -> io::Result<Option<Cow<'_, Path>>> {
[INFO] [stdout]     |                                                      +++
[INFO] [stdout] 
[INFO] [stdout] 
[INFO] [stdout] warning: hiding a lifetime that's elided elsewhere is confusing
[INFO] [stdout]    --> src/header.rs:399:28
[INFO] [stdout]     |
[INFO] [stdout] 399 |     pub fn link_name_bytes(&self) -> Option<Cow<[u8]>> {
[INFO] [stdout]     |                            ^^^^^            ^^^^^^^^^ the same lifetime is hidden here
[INFO] [stdout]     |                            |
[INFO] [stdout]     |                            the lifetime is elided here
[INFO] [stdout]     |
[INFO] [stdout]     = help: the same lifetime is referred to in inconsistent ways, making the signature confusing
[INFO] [stdout] help: use `'_` for type paths
[INFO] [stdout]     |
[INFO] [stdout] 399 |     pub fn link_name_bytes(&self) -> Option<Cow<'_, [u8]>> {
[INFO] [stdout]     |                                                 +++
[INFO] [stdout] 
[INFO] [stdout] 
[INFO] [stdout] warning: hiding a lifetime that's elided elsewhere is confusing
[INFO] [stdout]    --> src/header.rs:926:23
[INFO] [stdout]     |
[INFO] [stdout] 926 |     pub fn path_bytes(&self) -> Cow<[u8]> {
[INFO] [stdout]     |                       ^^^^^     ^^^^^^^^^ the same lifetime is hidden here
[INFO] [stdout]     |                       |
[INFO] [stdout]     |                       the lifetime is elided here
[INFO] [stdout]     |
[INFO] [stdout]     = help: the same lifetime is referred to in inconsistent ways, making the signature confusing
[INFO] [stdout] help: use `'_` for type paths
[INFO] [stdout]     |
[INFO] [stdout] 926 |     pub fn path_bytes(&self) -> Cow<'_, [u8]> {
[INFO] [stdout]     |                                     +++
[INFO] [stdout] 
[INFO] [stdout] 
[INFO] [stdout] warning: hiding a lifetime that's elided elsewhere is confusing
[INFO] [stdout]     --> src/header.rs:1565:22
[INFO] [stdout]      |
[INFO] [stdout] 1565 | pub fn path2bytes(p: &Path) -> io::Result<Cow<[u8]>> {
[INFO] [stdout]      |                      ^^^^^                ^^^^^^^^^ the same lifetime is hidden here
[INFO] [stdout]      |                      |
[INFO] [stdout]      |                      the lifetime is elided here
[INFO] [stdout]      |
[INFO] [stdout]      = help: the same lifetime is referred to in inconsistent ways, making the signature confusing
[INFO] [stdout] help: use `'_` for type paths
[INFO] [stdout]      |
[INFO] [stdout] 1565 | pub fn path2bytes(p: &Path) -> io::Result<Cow<'_, [u8]>> {
[INFO] [stdout]      |                                               +++
[INFO] [stdout] 
[INFO] [stdout] 
[INFO] [stdout] warning: hiding a lifetime that's elided elsewhere is confusing
[INFO] [stdout]   --> src/pax.rs:21:26
[INFO] [stdout]    |
[INFO] [stdout] 21 | pub fn pax_extensions(a: &[u8]) -> PaxExtensions {
[INFO] [stdout]    |                          ^^^^^     ^^^^^^^^^^^^^ the same lifetime is hidden here
[INFO] [stdout]    |                          |
[INFO] [stdout]    |                          the lifetime is elided here
[INFO] [stdout]    |
[INFO] [stdout]    = help: the same lifetime is referred to in inconsistent ways, making the signature confusing
[INFO] [stdout] help: use `'_` for type paths
[INFO] [stdout]    |
[INFO] [stdout] 21 | pub fn pax_extensions(a: &[u8]) -> PaxExtensions<'_> {
[INFO] [stdout]    |                                                 ++++
[INFO] [stdout] 
[INFO] [stdout] 
[INFO] [stderr]    Compiling tokio-tar v0.3.1 (/opt/rustwide/workdir)
[INFO] [stdout] error: couldn't read `tests/archives/simple.tar`: No such file or directory (os error 2)
[INFO] [stdout]   --> tests/all.rs:33:10
[INFO] [stdout]    |
[INFO] [stdout] 33 |         &include_bytes!(concat!("archives/", $e))[..]
[INFO] [stdout]    |          ^^^^^^^^^^^^^^^^^^^^^^^^^^^^^^^^^^^^^^^^
[INFO] [stdout] ...
[INFO] [stdout] 43 |     let bytes = tar!("simple.tar");
[INFO] [stdout]    |                 ------------------ in this macro invocation
[INFO] [stdout]    |
[INFO] [stdout]    = note: this error originates in the macro `include_bytes` which comes from the expansion of the macro `tar` (in Nightly builds, run with -Z macro-backtrace for more info)
[INFO] [stdout] 
[INFO] [stdout] 
[INFO] [stdout] error: couldn't read `tests/archives/simple.tar`: No such file or directory (os error 2)
[INFO] [stdout]   --> tests/all.rs:33:10
[INFO] [stdout]    |
[INFO] [stdout] 33 |         &include_bytes!(concat!("archives/", $e))[..]
[INFO] [stdout]    |          ^^^^^^^^^^^^^^^^^^^^^^^^^^^^^^^^^^^^^^^^
[INFO] [stdout] ...
[INFO] [stdout] 90 |     let mut ar = Archive::new(Cursor::new(tar!("simple.tar")));
[INFO] [stdout]    |                                           ------------------ in this macro invocation
[INFO] [stdout]    |
[INFO] [stdout]    = note: this error originates in the macro `include_bytes` which comes from the expansion of the macro `tar` (in Nightly builds, run with -Z macro-backtrace for more info)
[INFO] [stdout] 
[INFO] [stdout] 
[INFO] [stdout] error: couldn't read `tests/archives/simple_missing_last_header.tar`: No such file or directory (os error 2)
[INFO] [stdout]    --> tests/all.rs:33:10
[INFO] [stdout]     |
[INFO] [stdout]  33 |         &include_bytes!(concat!("archives/", $e))[..]
[INFO] [stdout]     |          ^^^^^^^^^^^^^^^^^^^^^^^^^^^^^^^^^^^^^^^^
[INFO] [stdout] ...
[INFO] [stdout] 106 |     let mut ar = Archive::new(Cursor::new(tar!("simple_missing_last_header.tar")));
[INFO] [stdout]     |                                           -------------------------------------- in this macro invocation
[INFO] [stdout]     |
[INFO] [stdout]     = note: this error originates in the macro `include_bytes` which comes from the expansion of the macro `tar` (in Nightly builds, run with -Z macro-backtrace for more info)
[INFO] [stdout] 
[INFO] [stdout] 
[INFO] [stdout] error: couldn't read `tests/archives/reading_files.tar`: No such file or directory (os error 2)
[INFO] [stdout]    --> tests/all.rs:33:10
[INFO] [stdout]     |
[INFO] [stdout]  33 |         &include_bytes!(concat!("archives/", $e))[..]
[INFO] [stdout]     |          ^^^^^^^^^^^^^^^^^^^^^^^^^^^^^^^^^^^^^^^^
[INFO] [stdout] ...
[INFO] [stdout] 123 |     let rdr = Cursor::new(tar!("reading_files.tar"));
[INFO] [stdout]     |                           ------------------------- in this macro invocation
[INFO] [stdout]     |
[INFO] [stdout]     = note: this error originates in the macro `include_bytes` which comes from the expansion of the macro `tar` (in Nightly builds, run with -Z macro-backtrace for more info)
[INFO] [stdout] 
[INFO] [stdout] 
[INFO] [stdout] error: couldn't read `tests/archives/reading_files.tar`: No such file or directory (os error 2)
[INFO] [stdout]    --> tests/all.rs:33:10
[INFO] [stdout]     |
[INFO] [stdout]  33 |         &include_bytes!(concat!("archives/", $e))[..]
[INFO] [stdout]     |          ^^^^^^^^^^^^^^^^^^^^^^^^^^^^^^^^^^^^^^^^
[INFO] [stdout] ...
[INFO] [stdout] 222 |     let rdr = Cursor::new(tar!("reading_files.tar"));
[INFO] [stdout]     |                           ------------------------- in this macro invocation
[INFO] [stdout]     |
[INFO] [stdout]     = note: this error originates in the macro `include_bytes` which comes from the expansion of the macro `tar` (in Nightly builds, run with -Z macro-backtrace for more info)
[INFO] [stdout] 
[INFO] [stdout] 
[INFO] [stdout] error: couldn't read `tests/archives/directory.tar`: No such file or directory (os error 2)
[INFO] [stdout]    --> tests/all.rs:33:10
[INFO] [stdout]     |
[INFO] [stdout]  33 |         &include_bytes!(concat!("archives/", $e))[..]
[INFO] [stdout]     |          ^^^^^^^^^^^^^^^^^^^^^^^^^^^^^^^^^^^^^^^^
[INFO] [stdout] ...
[INFO] [stdout] 263 |     let rdr = Cursor::new(tar!("directory.tar"));
[INFO] [stdout]     |                           --------------------- in this macro invocation
[INFO] [stdout]     |
[INFO] [stdout]     = note: this error originates in the macro `include_bytes` which comes from the expansion of the macro `tar` (in Nightly builds, run with -Z macro-backtrace for more info)
[INFO] [stdout] 
[INFO] [stdout] 
[INFO] [stdout] error: couldn't read `tests/archives/xattrs.tar`: No such file or directory (os error 2)
[INFO] [stdout]    --> tests/all.rs:33:10
[INFO] [stdout]     |
[INFO] [stdout]  33 |         &include_bytes!(concat!("archives/", $e))[..]
[INFO] [stdout]     |          ^^^^^^^^^^^^^^^^^^^^^^^^^^^^^^^^^^^^^^^^
[INFO] [stdout] ...
[INFO] [stdout] 277 |     let rdr = Cursor::new(tar!("xattrs.tar"));
[INFO] [stdout]     |                           ------------------ in this macro invocation
[INFO] [stdout]     |
[INFO] [stdout]     = note: this error originates in the macro `include_bytes` which comes from the expansion of the macro `tar` (in Nightly builds, run with -Z macro-backtrace for more info)
[INFO] [stdout] 
[INFO] [stdout] 
[INFO] [stdout] error: couldn't read `tests/archives/xattrs.tar`: No such file or directory (os error 2)
[INFO] [stdout]    --> tests/all.rs:33:10
[INFO] [stdout]     |
[INFO] [stdout]  33 |         &include_bytes!(concat!("archives/", $e))[..]
[INFO] [stdout]     |          ^^^^^^^^^^^^^^^^^^^^^^^^^^^^^^^^^^^^^^^^
[INFO] [stdout] ...
[INFO] [stdout] 294 |     let rdr = Cursor::new(tar!("xattrs.tar"));
[INFO] [stdout]     |                           ------------------ in this macro invocation
[INFO] [stdout]     |
[INFO] [stdout]     = note: this error originates in the macro `include_bytes` which comes from the expansion of the macro `tar` (in Nightly builds, run with -Z macro-backtrace for more info)
[INFO] [stdout] 
[INFO] [stdout] 
[INFO] [stdout] error: couldn't read `tests/archives/duplicate_dirs.tar`: No such file or directory (os error 2)
[INFO] [stdout]    --> tests/all.rs:33:10
[INFO] [stdout]     |
[INFO] [stdout]  33 |         &include_bytes!(concat!("archives/", $e))[..]
[INFO] [stdout]     |          ^^^^^^^^^^^^^^^^^^^^^^^^^^^^^^^^^^^^^^^^
[INFO] [stdout] ...
[INFO] [stdout] 425 |     let rdr = Cursor::new(tar!("duplicate_dirs.tar"));
[INFO] [stdout]     |                           -------------------------- in this macro invocation
[INFO] [stdout]     |
[INFO] [stdout]     = note: this error originates in the macro `include_bytes` which comes from the expansion of the macro `tar` (in Nightly builds, run with -Z macro-backtrace for more info)
[INFO] [stdout] 
[INFO] [stdout] 
[INFO] [stdout] error: couldn't read `tests/archives/spaces.tar`: No such file or directory (os error 2)
[INFO] [stdout]    --> tests/all.rs:33:10
[INFO] [stdout]     |
[INFO] [stdout]  33 |         &include_bytes!(concat!("archives/", $e))[..]
[INFO] [stdout]     |          ^^^^^^^^^^^^^^^^^^^^^^^^^^^^^^^^^^^^^^^^
[INFO] [stdout] ...
[INFO] [stdout] 607 |     let rdr = Cursor::new(tar!("spaces.tar"));
[INFO] [stdout]     |                           ------------------ in this macro invocation
[INFO] [stdout]     |
[INFO] [stdout]     = note: this error originates in the macro `include_bytes` which comes from the expansion of the macro `tar` (in Nightly builds, run with -Z macro-backtrace for more info)
[INFO] [stdout] 
[INFO] [stdout] 
[INFO] [stdout] error: couldn't read `tests/archives/empty_filename.tar`: No such file or directory (os error 2)
[INFO] [stdout]    --> tests/all.rs:33:10
[INFO] [stdout]     |
[INFO] [stdout]  33 |         &include_bytes!(concat!("archives/", $e))[..]
[INFO] [stdout]     |          ^^^^^^^^^^^^^^^^^^^^^^^^^^^^^^^^^^^^^^^^
[INFO] [stdout] ...
[INFO] [stdout] 649 |     let rdr = Cursor::new(tar!("empty_filename.tar"));
[INFO] [stdout]     |                           -------------------------- in this macro invocation
[INFO] [stdout]     |
[INFO] [stdout]     = note: this error originates in the macro `include_bytes` which comes from the expansion of the macro `tar` (in Nightly builds, run with -Z macro-backtrace for more info)
[INFO] [stdout] 
[INFO] [stdout] 
[INFO] [stdout] error: couldn't read `tests/archives/file_times.tar`: No such file or directory (os error 2)
[INFO] [stdout]    --> tests/all.rs:33:10
[INFO] [stdout]     |
[INFO] [stdout]  33 |         &include_bytes!(concat!("archives/", $e))[..]
[INFO] [stdout]     |          ^^^^^^^^^^^^^^^^^^^^^^^^^^^^^^^^^^^^^^^^
[INFO] [stdout] ...
[INFO] [stdout] 657 |     let rdr = Cursor::new(tar!("file_times.tar"));
[INFO] [stdout]     |                           ---------------------- in this macro invocation
[INFO] [stdout]     |
[INFO] [stdout]     = note: this error originates in the macro `include_bytes` which comes from the expansion of the macro `tar` (in Nightly builds, run with -Z macro-backtrace for more info)
[INFO] [stdout] 
[INFO] [stdout] 
[INFO] [stdout] error: couldn't read `tests/archives/link.tar`: No such file or directory (os error 2)
[INFO] [stdout]    --> tests/all.rs:33:10
[INFO] [stdout]     |
[INFO] [stdout]  33 |         &include_bytes!(concat!("archives/", $e))[..]
[INFO] [stdout]     |          ^^^^^^^^^^^^^^^^^^^^^^^^^^^^^^^^^^^^^^^^
[INFO] [stdout] ...
[INFO] [stdout] 718 |     let mut ar = Archive::new(Cursor::new(tar!("link.tar")));
[INFO] [stdout]     |                                           ---------------- in this macro invocation
[INFO] [stdout]     |
[INFO] [stdout]     = note: this error originates in the macro `include_bytes` which comes from the expansion of the macro `tar` (in Nightly builds, run with -Z macro-backtrace for more info)
[INFO] [stdout] 
[INFO] [stdout] 
[INFO] [stdout] error: couldn't read `tests/archives/link.tar`: No such file or directory (os error 2)
[INFO] [stdout]    --> tests/all.rs:33:10
[INFO] [stdout]     |
[INFO] [stdout]  33 |         &include_bytes!(concat!("archives/", $e))[..]
[INFO] [stdout]     |          ^^^^^^^^^^^^^^^^^^^^^^^^^^^^^^^^^^^^^^^^
[INFO] [stdout] ...
[INFO] [stdout] 733 |     let mut ar = Archive::new(Cursor::new(tar!("link.tar")));
[INFO] [stdout]     |                                           ---------------- in this macro invocation
[INFO] [stdout]     |
[INFO] [stdout]     = note: this error originates in the macro `include_bytes` which comes from the expansion of the macro `tar` (in Nightly builds, run with -Z macro-backtrace for more info)
[INFO] [stdout] 
[INFO] [stdout] 
[INFO] [stdout] error: couldn't read `tests/archives/pax.tar`: No such file or directory (os error 2)
[INFO] [stdout]    --> tests/all.rs:33:10
[INFO] [stdout]     |
[INFO] [stdout]  33 |         &include_bytes!(concat!("archives/", $e))[..]
[INFO] [stdout]     |          ^^^^^^^^^^^^^^^^^^^^^^^^^^^^^^^^^^^^^^^^
[INFO] [stdout] ...
[INFO] [stdout] 747 |     let mut ar = Archive::new(tar!("pax.tar"));
[INFO] [stdout]     |                               --------------- in this macro invocation
[INFO] [stdout]     |
[INFO] [stdout]     = note: this error originates in the macro `include_bytes` which comes from the expansion of the macro `tar` (in Nightly builds, run with -Z macro-backtrace for more info)
[INFO] [stdout] 
[INFO] [stdout] 
[INFO] [stdout] error: couldn't read `tests/archives/pax2.tar`: No such file or directory (os error 2)
[INFO] [stdout]    --> tests/all.rs:33:10
[INFO] [stdout]     |
[INFO] [stdout]  33 |         &include_bytes!(concat!("archives/", $e))[..]
[INFO] [stdout]     |          ^^^^^^^^^^^^^^^^^^^^^^^^^^^^^^^^^^^^^^^^
[INFO] [stdout] ...
[INFO] [stdout] 767 |     let mut ar = Archive::new(tar!("pax2.tar"));
[INFO] [stdout]     |                               ---------------- in this macro invocation
[INFO] [stdout]     |
[INFO] [stdout]     = note: this error originates in the macro `include_bytes` which comes from the expansion of the macro `tar` (in Nightly builds, run with -Z macro-backtrace for more info)
[INFO] [stdout] 
[INFO] [stdout] 
[INFO] [stdout] error: couldn't read `tests/archives/sparse.tar`: No such file or directory (os error 2)
[INFO] [stdout]    --> tests/all.rs:33:10
[INFO] [stdout]     |
[INFO] [stdout]  33 |         &include_bytes!(concat!("archives/", $e))[..]
[INFO] [stdout]     |          ^^^^^^^^^^^^^^^^^^^^^^^^^^^^^^^^^^^^^^^^
[INFO] [stdout] ...
[INFO] [stdout] 849 |     let rdr = Cursor::new(tar!("sparse.tar"));
[INFO] [stdout]     |                           ------------------ in this macro invocation
[INFO] [stdout]     |
[INFO] [stdout]     = note: this error originates in the macro `include_bytes` which comes from the expansion of the macro `tar` (in Nightly builds, run with -Z macro-backtrace for more info)
[INFO] [stdout] 
[INFO] [stdout] 
[INFO] [stdout] error: couldn't read `tests/archives/sparse.tar`: No such file or directory (os error 2)
[INFO] [stdout]    --> tests/all.rs:33:10
[INFO] [stdout]     |
[INFO] [stdout]  33 |         &include_bytes!(concat!("archives/", $e))[..]
[INFO] [stdout]     |          ^^^^^^^^^^^^^^^^^^^^^^^^^^^^^^^^^^^^^^^^
[INFO] [stdout] ...
[INFO] [stdout] 899 |     let rdr = Cursor::new(tar!("sparse.tar"));
[INFO] [stdout]     |                           ------------------ in this macro invocation
[INFO] [stdout]     |
[INFO] [stdout]     = note: this error originates in the macro `include_bytes` which comes from the expansion of the macro `tar` (in Nightly builds, run with -Z macro-backtrace for more info)
[INFO] [stdout] 
[INFO] [stdout] 
[INFO] [stdout] error: couldn't read `tests/archives/7z_long_path.tar`: No such file or directory (os error 2)
[INFO] [stdout]     --> tests/all.rs:33:10
[INFO] [stdout]      |
[INFO] [stdout]   33 |         &include_bytes!(concat!("archives/", $e))[..]
[INFO] [stdout]      |          ^^^^^^^^^^^^^^^^^^^^^^^^^^^^^^^^^^^^^^^^
[INFO] [stdout] ...
[INFO] [stdout] 1126 |     let rdr = Cursor::new(tar!("7z_long_path.tar"));
[INFO] [stdout]      |                           ------------------------ in this macro invocation
[INFO] [stdout]      |
[INFO] [stdout]      = note: this error originates in the macro `include_bytes` which comes from the expansion of the macro `tar` (in Nightly builds, run with -Z macro-backtrace for more info)
[INFO] [stdout] 
[INFO] [stdout] 
[INFO] [stdout] warning: method call on a diverging inference variable
[INFO] [stdout]   --> tests/all.rs:94:36
[INFO] [stdout]    |
[INFO] [stdout] 94 |     while let Some(file) = entries.next().await {
[INFO] [stdout]    |                                    ^^^^
[INFO] [stdout]    |
[INFO] [stdout]    = help: consider providing a type annotation
[INFO] [stdout]    = warning: this was previously accepted by the compiler but is being phased out; it will become a hard error in a future release!
[INFO] [stdout]    = note: for more information, see issue #156047 <https://github.com/rust-lang/rust/issues/156047>
[INFO] [stdout]    = note: `#[warn(method_call_on_diverging_infer_var)]` (part of `#[warn(future_incompatible)]`) on by default
[INFO] [stdout] 
[INFO] [stdout] 
[INFO] [stdout] error[E0599]: the method `next` exists for type `!`, but its trait bounds were not satisfied
[INFO] [stdout]   --> tests/all.rs:94:36
[INFO] [stdout]    |
[INFO] [stdout] 94 |     while let Some(file) = entries.next().await {
[INFO] [stdout]    |                                    ^^^^
[INFO] [stdout]    |
[INFO] [stdout]    = note: the following trait bounds were not satisfied:
[INFO] [stdout]            `!: Stream`
[INFO] [stdout]            which is required by `!: tokio_stream::StreamExt`
[INFO] [stdout] 
[INFO] [stdout] 
[INFO] [stdout] warning: method call on a diverging inference variable
[INFO] [stdout]   --> tests/all.rs:96:23
[INFO] [stdout]    |
[INFO] [stdout] 96 |         let h1 = file.header();
[INFO] [stdout]    |                       ^^^^^^
[INFO] [stdout]    |
[INFO] [stdout]    = help: consider providing a type annotation
[INFO] [stdout]    = warning: this was previously accepted by the compiler but is being phased out; it will become a hard error in a future release!
[INFO] [stdout]    = note: for more information, see issue #156047 <https://github.com/rust-lang/rust/issues/156047>
[INFO] [stdout] 
[INFO] [stdout] 
[INFO] [stdout] error[E0599]: no method named `header` found for type `!` in the current scope
[INFO] [stdout]   --> tests/all.rs:96:23
[INFO] [stdout]    |
[INFO] [stdout] 96 |         let h1 = file.header();
[INFO] [stdout]    |                       ^^^^^^ method not found in `!`
[INFO] [stdout] 
[INFO] [stdout] 
[INFO] [stdout] warning: method call on a diverging inference variable
[INFO] [stdout]    --> tests/all.rs:111:36
[INFO] [stdout]     |
[INFO] [stdout] 111 |     while let Some(file) = entries.next().await {
[INFO] [stdout]     |                                    ^^^^
[INFO] [stdout]     |
[INFO] [stdout]     = help: consider providing a type annotation
[INFO] [stdout]     = warning: this was previously accepted by the compiler but is being phased out; it will become a hard error in a future release!
[INFO] [stdout]     = note: for more information, see issue #156047 <https://github.com/rust-lang/rust/issues/156047>
[INFO] [stdout] 
[INFO] [stdout] 
[INFO] [stdout] error[E0599]: the method `next` exists for type `!`, but its trait bounds were not satisfied
[INFO] [stdout]    --> tests/all.rs:111:36
[INFO] [stdout]     |
[INFO] [stdout] 111 |     while let Some(file) = entries.next().await {
[INFO] [stdout]     |                                    ^^^^
[INFO] [stdout]     |
[INFO] [stdout]     = note: the following trait bounds were not satisfied:
[INFO] [stdout]             `!: Stream`
[INFO] [stdout]             which is required by `!: tokio_stream::StreamExt`
[INFO] [stdout] 
[INFO] [stdout] 
[INFO] [stdout] warning: method call on a diverging inference variable
[INFO] [stdout]    --> tests/all.rs:113:23
[INFO] [stdout]     |
[INFO] [stdout] 113 |         let h1 = file.header();
[INFO] [stdout]     |                       ^^^^^^
[INFO] [stdout]     |
[INFO] [stdout]     = help: consider providing a type annotation
[INFO] [stdout]     = warning: this was previously accepted by the compiler but is being phased out; it will become a hard error in a future release!
[INFO] [stdout]     = note: for more information, see issue #156047 <https://github.com/rust-lang/rust/issues/156047>
[INFO] [stdout] 
[INFO] [stdout] 
[INFO] [stdout] error[E0599]: no method named `header` found for type `!` in the current scope
[INFO] [stdout]    --> tests/all.rs:113:23
[INFO] [stdout]     |
[INFO] [stdout] 113 |         let h1 = file.header();
[INFO] [stdout]     |                       ^^^^^^ method not found in `!`
[INFO] [stdout] 
[INFO] [stdout] 
[INFO] [stdout] warning: method call on a diverging inference variable
[INFO] [stdout]    --> tests/all.rs:127:28
[INFO] [stdout]     |
[INFO] [stdout] 127 |     let mut a = t!(entries.next().await.unwrap());
[INFO] [stdout]     |                            ^^^^
[INFO] [stdout]     |
[INFO] [stdout]     = help: consider providing a type annotation
[INFO] [stdout]     = warning: this was previously accepted by the compiler but is being phased out; it will become a hard error in a future release!
[INFO] [stdout]     = note: for more information, see issue #156047 <https://github.com/rust-lang/rust/issues/156047>
[INFO] [stdout] 
[INFO] [stdout] 
[INFO] [stdout] error[E0599]: the method `next` exists for type `!`, but its trait bounds were not satisfied
[INFO] [stdout]    --> tests/all.rs:127:28
[INFO] [stdout]     |
[INFO] [stdout] 127 |     let mut a = t!(entries.next().await.unwrap());
[INFO] [stdout]     |                            ^^^^
[INFO] [stdout]     |
[INFO] [stdout]     = note: the following trait bounds were not satisfied:
[INFO] [stdout]             `!: Stream`
[INFO] [stdout]             which is required by `!: tokio_stream::StreamExt`
[INFO] [stdout] 
[INFO] [stdout] 
[INFO] [stdout] warning: method call on a diverging inference variable
[INFO] [stdout]    --> tests/all.rs:128:20
[INFO] [stdout]     |
[INFO] [stdout] 128 |     assert_eq!(&*a.header().path_bytes(), b"a");
[INFO] [stdout]     |                    ^^^^^^
[INFO] [stdout]     |
[INFO] [stdout]     = help: consider providing a type annotation
[INFO] [stdout]     = warning: this was previously accepted by the compiler but is being phased out; it will become a hard error in a future release!
[INFO] [stdout]     = note: for more information, see issue #156047 <https://github.com/rust-lang/rust/issues/156047>
[INFO] [stdout] 
[INFO] [stdout] 
[INFO] [stdout] error[E0599]: no method named `header` found for type `!` in the current scope
[INFO] [stdout]    --> tests/all.rs:128:20
[INFO] [stdout]     |
[INFO] [stdout] 128 |     assert_eq!(&*a.header().path_bytes(), b"a");
[INFO] [stdout]     |                    ^^^^^^ method not found in `!`
[INFO] [stdout] 
[INFO] [stdout] 
[INFO] [stdout] error[E0599]: the method `read_to_string` exists for type `!`, but its trait bounds were not satisfied
[INFO] [stdout]    --> tests/all.rs:130:10
[INFO] [stdout]     |
[INFO] [stdout] 130 |     t!(a.read_to_string(&mut s).await);
[INFO] [stdout]     |          ^^^^^^^^^^^^^^
[INFO] [stdout]     |
[INFO] [stdout]     = note: the following trait bounds were not satisfied:
[INFO] [stdout]             `!: AsyncRead`
[INFO] [stdout]             which is required by `!: AsyncReadExt`
[INFO] [stdout] 
[INFO] [stdout] 
[INFO] [stdout] warning: unreachable expression
[INFO] [stdout]    --> tests/all.rs:130:25
[INFO] [stdout]     |
[INFO] [stdout] 130 |     t!(a.read_to_string(&mut s).await);
[INFO] [stdout]     |        -                ^^^^^^ unreachable expression
[INFO] [stdout]     |        |
[INFO] [stdout]     |        any code following this expression is unreachable
[INFO] [stdout]     |
[INFO] [stdout]     = note: `#[warn(unreachable_code)]` (part of `#[warn(unused)]`) on by default
[INFO] [stdout] 
[INFO] [stdout] 
[INFO] [stdout] error[E0599]: the method `next` exists for type `!`, but its trait bounds were not satisfied
[INFO] [stdout]    --> tests/all.rs:133:28
[INFO] [stdout]     |
[INFO] [stdout] 133 |     let mut b = t!(entries.next().await.unwrap());
[INFO] [stdout]     |                            ^^^^
[INFO] [stdout]     |
[INFO] [stdout]     = note: the following trait bounds were not satisfied:
[INFO] [stdout]             `!: Stream`
[INFO] [stdout]             which is required by `!: tokio_stream::StreamExt`
[INFO] [stdout] 
[INFO] [stdout] 
[INFO] [stdout] warning: unreachable call
[INFO] [stdout]    --> tests/all.rs:133:28
[INFO] [stdout]     |
[INFO] [stdout] 133 |     let mut b = t!(entries.next().await.unwrap());
[INFO] [stdout]     |                    ------- ^^^^ unreachable call
[INFO] [stdout]     |                    |
[INFO] [stdout]     |                    any code following this expression is unreachable
[INFO] [stdout] 
[INFO] [stdout] 
[INFO] [stdout] warning: method call on a diverging inference variable
[INFO] [stdout]    --> tests/all.rs:134:20
[INFO] [stdout]     |
[INFO] [stdout] 134 |     assert_eq!(&*b.header().path_bytes(), b"b");
[INFO] [stdout]     |                    ^^^^^^
[INFO] [stdout]     |
[INFO] [stdout]     = help: consider providing a type annotation
[INFO] [stdout]     = warning: this was previously accepted by the compiler but is being phased out; it will become a hard error in a future release!
[INFO] [stdout]     = note: for more information, see issue #156047 <https://github.com/rust-lang/rust/issues/156047>
[INFO] [stdout] 
[INFO] [stdout] 
[INFO] [stdout] error[E0599]: no method named `header` found for type `!` in the current scope
[INFO] [stdout]    --> tests/all.rs:134:20
[INFO] [stdout]     |
[INFO] [stdout] 134 |     assert_eq!(&*b.header().path_bytes(), b"b");
[INFO] [stdout]     |                    ^^^^^^ method not found in `!`
[INFO] [stdout] 
[INFO] [stdout] 
[INFO] [stdout] error[E0599]: the method `read_to_string` exists for type `!`, but its trait bounds were not satisfied
[INFO] [stdout]    --> tests/all.rs:136:10
[INFO] [stdout]     |
[INFO] [stdout] 136 |     t!(b.read_to_string(&mut s).await);
[INFO] [stdout]     |          ^^^^^^^^^^^^^^
[INFO] [stdout]     |
[INFO] [stdout]     = note: the following trait bounds were not satisfied:
[INFO] [stdout]             `!: AsyncRead`
[INFO] [stdout]             which is required by `!: AsyncReadExt`
[INFO] [stdout] 
[INFO] [stdout] 
[INFO] [stdout] warning: unreachable expression
[INFO] [stdout]    --> tests/all.rs:136:25
[INFO] [stdout]     |
[INFO] [stdout] 136 |     t!(b.read_to_string(&mut s).await);
[INFO] [stdout]     |        -                ^^^^^^ unreachable expression
[INFO] [stdout]     |        |
[INFO] [stdout]     |        any code following this expression is unreachable
[INFO] [stdout] 
[INFO] [stdout] 
[INFO] [stdout] error[E0599]: the method `next` exists for type `!`, but its trait bounds were not satisfied
[INFO] [stdout]    --> tests/all.rs:139:21
[INFO] [stdout]     |
[INFO] [stdout] 139 |     assert!(entries.next().await.is_none());
[INFO] [stdout]     |                     ^^^^
[INFO] [stdout]     |
[INFO] [stdout]     = note: the following trait bounds were not satisfied:
[INFO] [stdout]             `!: Stream`
[INFO] [stdout]             which is required by `!: tokio_stream::StreamExt`
[INFO] [stdout] 
[INFO] [stdout] 
[INFO] [stdout] warning: unreachable call
[INFO] [stdout]    --> tests/all.rs:139:21
[INFO] [stdout]     |
[INFO] [stdout] 139 |     assert!(entries.next().await.is_none());
[INFO] [stdout]     |             ------- ^^^^ unreachable call
[INFO] [stdout]     |             |
[INFO] [stdout]     |             any code following this expression is unreachable
[INFO] [stdout] 
[INFO] [stdout] 
[INFO] [stdout] warning: method call on a diverging inference variable
[INFO] [stdout]    --> tests/all.rs:225:28
[INFO] [stdout]     |
[INFO] [stdout] 225 |     let mut a = t!(entries.next().await.unwrap());
[INFO] [stdout]     |                            ^^^^
[INFO] [stdout]     |
[INFO] [stdout]     = help: consider providing a type annotation
[INFO] [stdout]     = warning: this was previously accepted by the compiler but is being phased out; it will become a hard error in a future release!
[INFO] [stdout]     = note: for more information, see issue #156047 <https://github.com/rust-lang/rust/issues/156047>
[INFO] [stdout] 
[INFO] [stdout] 
[INFO] [stdout] error[E0599]: the method `next` exists for type `!`, but its trait bounds were not satisfied
[INFO] [stdout]    --> tests/all.rs:225:28
[INFO] [stdout]     |
[INFO] [stdout] 225 |     let mut a = t!(entries.next().await.unwrap());
[INFO] [stdout]     |                            ^^^^
[INFO] [stdout]     |
[INFO] [stdout]     = note: the following trait bounds were not satisfied:
[INFO] [stdout]             `!: Stream`
[INFO] [stdout]             which is required by `!: tokio_stream::StreamExt`
[INFO] [stdout] 
[INFO] [stdout] 
[INFO] [stdout] warning: method call on a diverging inference variable
[INFO] [stdout]    --> tests/all.rs:226:20
[INFO] [stdout]     |
[INFO] [stdout] 226 |     assert_eq!(&*a.header().path_bytes(), b"a");
[INFO] [stdout]     |                    ^^^^^^
[INFO] [stdout]     |
[INFO] [stdout]     = help: consider providing a type annotation
[INFO] [stdout]     = warning: this was previously accepted by the compiler but is being phased out; it will become a hard error in a future release!
[INFO] [stdout]     = note: for more information, see issue #156047 <https://github.com/rust-lang/rust/issues/156047>
[INFO] [stdout] 
[INFO] [stdout] 
[INFO] [stdout] error[E0599]: no method named `header` found for type `!` in the current scope
[INFO] [stdout]    --> tests/all.rs:226:20
[INFO] [stdout]     |
[INFO] [stdout] 226 |     assert_eq!(&*a.header().path_bytes(), b"a");
[INFO] [stdout]     |                    ^^^^^^ method not found in `!`
[INFO] [stdout] 
[INFO] [stdout] 
[INFO] [stdout] error[E0599]: the method `read_to_string` exists for type `!`, but its trait bounds were not satisfied
[INFO] [stdout]    --> tests/all.rs:228:10
[INFO] [stdout]     |
[INFO] [stdout] 228 |     t!(a.read_to_string(&mut s).await);
[INFO] [stdout]     |          ^^^^^^^^^^^^^^
[INFO] [stdout]     |
[INFO] [stdout]     = note: the following trait bounds were not satisfied:
[INFO] [stdout]             `!: AsyncRead`
[INFO] [stdout]             which is required by `!: AsyncReadExt`
[INFO] [stdout] 
[INFO] [stdout] 
[INFO] [stdout] warning: unreachable expression
[INFO] [stdout]    --> tests/all.rs:228:25
[INFO] [stdout]     |
[INFO] [stdout] 228 |     t!(a.read_to_string(&mut s).await);
[INFO] [stdout]     |        -                ^^^^^^ unreachable expression
[INFO] [stdout]     |        |
[INFO] [stdout]     |        any code following this expression is unreachable
[INFO] [stdout] 
[INFO] [stdout] 
[INFO] [stdout] error[E0599]: the method `read_to_string` exists for type `!`, but its trait bounds were not satisfied
[INFO] [stdout]    --> tests/all.rs:231:10
[INFO] [stdout]     |
[INFO] [stdout] 231 |     t!(a.read_to_string(&mut s).await);
[INFO] [stdout]     |          ^^^^^^^^^^^^^^
[INFO] [stdout]     |
[INFO] [stdout]     = note: the following trait bounds were not satisfied:
[INFO] [stdout]             `!: AsyncRead`
[INFO] [stdout]             which is required by `!: AsyncReadExt`
[INFO] [stdout] 
[INFO] [stdout] 
[INFO] [stdout] warning: unreachable expression
[INFO] [stdout]    --> tests/all.rs:231:25
[INFO] [stdout]     |
[INFO] [stdout] 231 |     t!(a.read_to_string(&mut s).await);
[INFO] [stdout]     |        -                ^^^^^^ unreachable expression
[INFO] [stdout]     |        |
[INFO] [stdout]     |        any code following this expression is unreachable
[INFO] [stdout] 
[INFO] [stdout] 
[INFO] [stdout] error[E0599]: the method `next` exists for type `!`, but its trait bounds were not satisfied
[INFO] [stdout]    --> tests/all.rs:233:28
[INFO] [stdout]     |
[INFO] [stdout] 233 |     let mut b = t!(entries.next().await.unwrap());
[INFO] [stdout]     |                            ^^^^
[INFO] [stdout]     |
[INFO] [stdout]     = note: the following trait bounds were not satisfied:
[INFO] [stdout]             `!: Stream`
[INFO] [stdout]             which is required by `!: tokio_stream::StreamExt`
[INFO] [stdout] 
[INFO] [stdout] 
[INFO] [stdout] warning: unreachable call
[INFO] [stdout]    --> tests/all.rs:233:28
[INFO] [stdout]     |
[INFO] [stdout] 233 |     let mut b = t!(entries.next().await.unwrap());
[INFO] [stdout]     |                    ------- ^^^^ unreachable call
[INFO] [stdout]     |                    |
[INFO] [stdout]     |                    any code following this expression is unreachable
[INFO] [stdout] 
[INFO] [stdout] 
[INFO] [stdout] warning: method call on a diverging inference variable
[INFO] [stdout]    --> tests/all.rs:235:20
[INFO] [stdout]     |
[INFO] [stdout] 235 |     assert_eq!(&*b.header().path_bytes(), b"b");
[INFO] [stdout]     |                    ^^^^^^
[INFO] [stdout]     |
[INFO] [stdout]     = help: consider providing a type annotation
[INFO] [stdout]     = warning: this was previously accepted by the compiler but is being phased out; it will become a hard error in a future release!
[INFO] [stdout]     = note: for more information, see issue #156047 <https://github.com/rust-lang/rust/issues/156047>
[INFO] [stdout] 
[INFO] [stdout] 
[INFO] [stdout] error[E0599]: no method named `header` found for type `!` in the current scope
[INFO] [stdout]    --> tests/all.rs:235:20
[INFO] [stdout]     |
[INFO] [stdout] 235 |     assert_eq!(&*b.header().path_bytes(), b"b");
[INFO] [stdout]     |                    ^^^^^^ method not found in `!`
[INFO] [stdout] 
[INFO] [stdout] 
[INFO] [stdout] error[E0599]: the method `read_to_string` exists for type `!`, but its trait bounds were not satisfied
[INFO] [stdout]    --> tests/all.rs:237:10
[INFO] [stdout]     |
[INFO] [stdout] 237 |     t!(b.read_to_string(&mut s).await);
[INFO] [stdout]     |          ^^^^^^^^^^^^^^
[INFO] [stdout]     |
[INFO] [stdout]     = note: the following trait bounds were not satisfied:
[INFO] [stdout]             `!: AsyncRead`
[INFO] [stdout]             which is required by `!: AsyncReadExt`
[INFO] [stdout] 
[INFO] [stdout] 
[INFO] [stdout] warning: unreachable expression
[INFO] [stdout]    --> tests/all.rs:237:25
[INFO] [stdout]     |
[INFO] [stdout] 237 |     t!(b.read_to_string(&mut s).await);
[INFO] [stdout]     |        -                ^^^^^^ unreachable expression
[INFO] [stdout]     |        |
[INFO] [stdout]     |        any code following this expression is unreachable
[INFO] [stdout] 
[INFO] [stdout] 
[INFO] [stdout] error[E0599]: the method `next` exists for type `!`, but its trait bounds were not satisfied
[INFO] [stdout]    --> tests/all.rs:239:21
[INFO] [stdout]     |
[INFO] [stdout] 239 |     assert!(entries.next().await.is_none());
[INFO] [stdout]     |                     ^^^^
[INFO] [stdout]     |
[INFO] [stdout]     = note: the following trait bounds were not satisfied:
[INFO] [stdout]             `!: Stream`
[INFO] [stdout]             which is required by `!: tokio_stream::StreamExt`
[INFO] [stdout] 
[INFO] [stdout] 
[INFO] [stdout] warning: unreachable call
[INFO] [stdout]    --> tests/all.rs:239:21
[INFO] [stdout]     |
[INFO] [stdout] 239 |     assert!(entries.next().await.is_none());
[INFO] [stdout]     |             ------- ^^^^ unreachable call
[INFO] [stdout]     |             |
[INFO] [stdout]     |             any code following this expression is unreachable
[INFO] [stdout] 
[INFO] [stdout] 
[INFO] [stdout] warning: hiding a lifetime that's elided elsewhere is confusing
[INFO] [stdout]    --> src/entry.rs:115:17
[INFO] [stdout]     |
[INFO] [stdout] 115 |     pub fn path(&self) -> io::Result<Cow<Path>> {
[INFO] [stdout]     |                 ^^^^^                ^^^^^^^^^ the same lifetime is hidden here
[INFO] [stdout]     |                 |
[INFO] [stdout]     |                 the lifetime is elided here
[INFO] [stdout]     |
[INFO] [stdout]     = help: the same lifetime is referred to in inconsistent ways, making the signature confusing
[INFO] [stdout]     = note: `#[warn(mismatched_lifetime_syntaxes)]` on by default
[INFO] [stdout] help: use `'_` for type paths
[INFO] [stdout]     |
[INFO] [stdout] 115 |     pub fn path(&self) -> io::Result<Cow<'_, Path>> {
[INFO] [stdout]     |                                          +++
[INFO] [stdout] 
[INFO] [stdout] 
[INFO] [stdout] warning: hiding a lifetime that's elided elsewhere is confusing
[INFO] [stdout]    --> src/entry.rs:125:23
[INFO] [stdout]     |
[INFO] [stdout] 125 |     pub fn path_bytes(&self) -> Cow<[u8]> {
[INFO] [stdout]     |                       ^^^^^     ^^^^^^^^^ the same lifetime is hidden here
[INFO] [stdout]     |                       |
[INFO] [stdout]     |                       the lifetime is elided here
[INFO] [stdout]     |
[INFO] [stdout]     = help: the same lifetime is referred to in inconsistent ways, making the signature confusing
[INFO] [stdout] help: use `'_` for type paths
[INFO] [stdout]     |
[INFO] [stdout] 125 |     pub fn path_bytes(&self) -> Cow<'_, [u8]> {
[INFO] [stdout]     |                                     +++
[INFO] [stdout] 
[INFO] [stdout] 
[INFO] [stdout] warning: hiding a lifetime that's elided elsewhere is confusing
[INFO] [stdout]    --> src/entry.rs:142:22
[INFO] [stdout]     |
[INFO] [stdout] 142 |     pub fn link_name(&self) -> io::Result<Option<Cow<Path>>> {
[INFO] [stdout]     |                      ^^^^^                       ^^^^^^^^^ the same lifetime is hidden here
[INFO] [stdout]     |                      |
[INFO] [stdout]     |                      the lifetime is elided here
[INFO] [stdout]     |
[INFO] [stdout]     = help: the same lifetime is referred to in inconsistent ways, making the signature confusing
[INFO] [stdout] help: use `'_` for type paths
[INFO] [stdout]     |
[INFO] [stdout] 142 |     pub fn link_name(&self) -> io::Result<Option<Cow<'_, Path>>> {
[INFO] [stdout]     |                                                      +++
[INFO] [stdout] 
[INFO] [stdout] 
[INFO] [stdout] warning: hiding a lifetime that's elided elsewhere is confusing
[INFO] [stdout]    --> src/entry.rs:151:28
[INFO] [stdout]     |
[INFO] [stdout] 151 |     pub fn link_name_bytes(&self) -> Option<Cow<[u8]>> {
[INFO] [stdout]     |                            ^^^^^            ^^^^^^^^^ the same lifetime is hidden here
[INFO] [stdout]     |                            |
[INFO] [stdout]     |                            the lifetime is elided here
[INFO] [stdout]     |
[INFO] [stdout]     = help: the same lifetime is referred to in inconsistent ways, making the signature confusing
[INFO] [stdout] help: use `'_` for type paths
[INFO] [stdout]     |
[INFO] [stdout] 151 |     pub fn link_name_bytes(&self) -> Option<Cow<'_, [u8]>> {
[INFO] [stdout]     |                                                 +++
[INFO] [stdout] 
[INFO] [stdout] 
[INFO] [stdout] warning: hiding a lifetime that's elided elsewhere is confusing
[INFO] [stdout]    --> src/entry.rs:356:19
[INFO] [stdout]     |
[INFO] [stdout] 356 |     fn path_bytes(&self) -> Cow<[u8]> {
[INFO] [stdout]     |                   ^^^^^     ^^^^^^^^^ the same lifetime is hidden here
[INFO] [stdout]     |                   |
[INFO] [stdout]     |                   the lifetime is elided here
[INFO] [stdout]     |
[INFO] [stdout]     = help: the same lifetime is referred to in inconsistent ways, making the signature confusing
[INFO] [stdout] help: use `'_` for type paths
[INFO] [stdout]     |
[INFO] [stdout] 356 |     fn path_bytes(&self) -> Cow<'_, [u8]> {
[INFO] [stdout]     |                                 +++
[INFO] [stdout] 
[INFO] [stdout] 
[INFO] [stdout] warning: hiding a lifetime that's elided elsewhere is confusing
[INFO] [stdout]    --> src/entry.rs:385:18
[INFO] [stdout]     |
[INFO] [stdout] 385 |     fn link_name(&self) -> io::Result<Option<Cow<Path>>> {
[INFO] [stdout]     |                  ^^^^^                       ^^^^^^^^^ the same lifetime is hidden here
[INFO] [stdout]     |                  |
[INFO] [stdout]     |                  the lifetime is elided here
[INFO] [stdout]     |
[INFO] [stdout]     = help: the same lifetime is referred to in inconsistent ways, making the signature confusing
[INFO] [stdout] help: use `'_` for type paths
[INFO] [stdout]     |
[INFO] [stdout] 385 |     fn link_name(&self) -> io::Result<Option<Cow<'_, Path>>> {
[INFO] [stdout]     |                                                  +++
[INFO] [stdout] 
[INFO] [stdout] 
[INFO] [stdout] warning: hiding a lifetime that's elided elsewhere is confusing
[INFO] [stdout]    --> src/entry.rs:392:24
[INFO] [stdout]     |
[INFO] [stdout] 392 |     fn link_name_bytes(&self) -> Option<Cow<[u8]>> {
[INFO] [stdout]     |                        ^^^^^            ^^^^^^^^^ the same lifetime is hidden here
[INFO] [stdout]     |                        |
[INFO] [stdout]     |                        the lifetime is elided here
[INFO] [stdout]     |
[INFO] [stdout]     = help: the same lifetime is referred to in inconsistent ways, making the signature confusing
[INFO] [stdout] help: use `'_` for type paths
[INFO] [stdout]     |
[INFO] [stdout] 392 |     fn link_name_bytes(&self) -> Option<Cow<'_, [u8]>> {
[INFO] [stdout]     |                                             +++
[INFO] [stdout] 
[INFO] [stdout] 
[INFO] [stdout] warning: hiding a lifetime that's elided elsewhere is confusing
[INFO] [stdout]    --> src/header.rs:331:17
[INFO] [stdout]     |
[INFO] [stdout] 331 |     pub fn path(&self) -> io::Result<Cow<Path>> {
[INFO] [stdout]     |                 ^^^^^                ^^^^^^^^^ the same lifetime is hidden here
[INFO] [stdout]     |                 |
[INFO] [stdout]     |                 the lifetime is elided here
[INFO] [stdout]     |
[INFO] [stdout]     = help: the same lifetime is referred to in inconsistent ways, making the signature confusing
[INFO] [stdout] help: use `'_` for type paths
[INFO] [stdout]     |
[INFO] [stdout] 331 |     pub fn path(&self) -> io::Result<Cow<'_, Path>> {
[INFO] [stdout]     |                                          +++
[INFO] [stdout] 
[INFO] [stdout] 
[INFO] [stdout] warning: hiding a lifetime that's elided elsewhere is confusing
[INFO] [stdout]    --> src/header.rs:342:23
[INFO] [stdout]     |
[INFO] [stdout] 342 |     pub fn path_bytes(&self) -> Cow<[u8]> {
[INFO] [stdout]     |                       ^^^^^     ^^^^^^^^^ the same lifetime is hidden here
[INFO] [stdout]     |                       |
[INFO] [stdout]     |                       the lifetime is elided here
[INFO] [stdout]     |
[INFO] [stdout]     = help: the same lifetime is referred to in inconsistent ways, making the signature confusing
[INFO] [stdout] help: use `'_` for type paths
[INFO] [stdout]     |
[INFO] [stdout] 342 |     pub fn path_bytes(&self) -> Cow<'_, [u8]> {
[INFO] [stdout]     |                                     +++
[INFO] [stdout] 
[INFO] [stdout] 
[INFO] [stdout] warning: hiding a lifetime that's elided elsewhere is confusing
[INFO] [stdout]    --> src/header.rs:385:22
[INFO] [stdout]     |
[INFO] [stdout] 385 |     pub fn link_name(&self) -> io::Result<Option<Cow<Path>>> {
[INFO] [stdout]     |                      ^^^^^                       ^^^^^^^^^ the same lifetime is hidden here
[INFO] [stdout]     |                      |
[INFO] [stdout]     |                      the lifetime is elided here
[INFO] [stdout]     |
[INFO] [stdout]     = help: the same lifetime is referred to in inconsistent ways, making the signature confusing
[INFO] [stdout] help: use `'_` for type paths
[INFO] [stdout]     |
[INFO] [stdout] 385 |     pub fn link_name(&self) -> io::Result<Option<Cow<'_, Path>>> {
[INFO] [stdout]     |                                                      +++
[INFO] [stdout] 
[INFO] [stdout] 
[INFO] [stdout] warning: hiding a lifetime that's elided elsewhere is confusing
[INFO] [stdout]    --> src/header.rs:399:28
[INFO] [stdout]     |
[INFO] [stdout] 399 |     pub fn link_name_bytes(&self) -> Option<Cow<[u8]>> {
[INFO] [stdout]     |                            ^^^^^            ^^^^^^^^^ the same lifetime is hidden here
[INFO] [stdout]     |                            |
[INFO] [stdout]     |                            the lifetime is elided here
[INFO] [stdout]     |
[INFO] [stdout]     = help: the same lifetime is referred to in inconsistent ways, making the signature confusing
[INFO] [stdout] help: use `'_` for type paths
[INFO] [stdout]     |
[INFO] [stdout] 399 |     pub fn link_name_bytes(&self) -> Option<Cow<'_, [u8]>> {
[INFO] [stdout]     |                                                 +++
[INFO] [stdout] 
[INFO] [stdout] 
[INFO] [stdout] warning: hiding a lifetime that's elided elsewhere is confusing
[INFO] [stdout]    --> src/header.rs:926:23
[INFO] [stdout]     |
[INFO] [stdout] 926 |     pub fn path_bytes(&self) -> Cow<[u8]> {
[INFO] [stdout]     |                       ^^^^^     ^^^^^^^^^ the same lifetime is hidden here
[INFO] [stdout]     |                       |
[INFO] [stdout]     |                       the lifetime is elided here
[INFO] [stdout]     |
[INFO] [stdout]     = help: the same lifetime is referred to in inconsistent ways, making the signature confusing
[INFO] [stdout] help: use `'_` for type paths
[INFO] [stdout]     |
[INFO] [stdout] 926 |     pub fn path_bytes(&self) -> Cow<'_, [u8]> {
[INFO] [stdout]     |                                     +++
[INFO] [stdout] 
[INFO] [stdout] 
[INFO] [stdout] warning: hiding a lifetime that's elided elsewhere is confusing
[INFO] [stdout]     --> src/header.rs:1565:22
[INFO] [stdout]      |
[INFO] [stdout] 1565 | pub fn path2bytes(p: &Path) -> io::Result<Cow<[u8]>> {
[INFO] [stdout]      |                      ^^^^^                ^^^^^^^^^ the same lifetime is hidden here
[INFO] [stdout]      |                      |
[INFO] [stdout]      |                      the lifetime is elided here
[INFO] [stdout]      |
[INFO] [stdout]      = help: the same lifetime is referred to in inconsistent ways, making the signature confusing
[INFO] [stdout] help: use `'_` for type paths
[INFO] [stdout]      |
[INFO] [stdout] 1565 | pub fn path2bytes(p: &Path) -> io::Result<Cow<'_, [u8]>> {
[INFO] [stdout]      |                                               +++
[INFO] [stdout] 
[INFO] [stdout] 
[INFO] [stdout] warning: hiding a lifetime that's elided elsewhere is confusing
[INFO] [stdout]   --> src/pax.rs:21:26
[INFO] [stdout]    |
[INFO] [stdout] 21 | pub fn pax_extensions(a: &[u8]) -> PaxExtensions {
[INFO] [stdout]    |                          ^^^^^     ^^^^^^^^^^^^^ the same lifetime is hidden here
[INFO] [stdout]    |                          |
[INFO] [stdout]    |                          the lifetime is elided here
[INFO] [stdout]    |
[INFO] [stdout]    = help: the same lifetime is referred to in inconsistent ways, making the signature confusing
[INFO] [stdout] help: use `'_` for type paths
[INFO] [stdout]    |
[INFO] [stdout] 21 | pub fn pax_extensions(a: &[u8]) -> PaxExtensions<'_> {
[INFO] [stdout]    |                                                 ++++
[INFO] [stdout] 
[INFO] [stdout] 
[INFO] [stdout] warning: method call on a diverging inference variable
[INFO] [stdout]    --> tests/all.rs:720:27
[INFO] [stdout]     |
[INFO] [stdout] 720 |     let link = t!(entries.next().await.unwrap());
[INFO] [stdout]     |                           ^^^^
[INFO] [stdout]     |
[INFO] [stdout]     = help: consider providing a type annotation
[INFO] [stdout]     = warning: this was previously accepted by the compiler but is being phased out; it will become a hard error in a future release!
[INFO] [stdout]     = note: for more information, see issue #156047 <https://github.com/rust-lang/rust/issues/156047>
[INFO] [stdout] 
[INFO] [stdout] 
[INFO] [stdout] error[E0599]: the method `next` exists for type `!`, but its trait bounds were not satisfied
[INFO] [stdout]    --> tests/all.rs:720:27
[INFO] [stdout]     |
[INFO] [stdout] 720 |     let link = t!(entries.next().await.unwrap());
[INFO] [stdout]     |                           ^^^^
[INFO] [stdout]     |
[INFO] [stdout]     = note: the following trait bounds were not satisfied:
[INFO] [stdout]             `!: Stream`
[INFO] [stdout]             which is required by `!: tokio_stream::StreamExt`
[INFO] [stdout] 
[INFO] [stdout] 
[INFO] [stdout] warning: method call on a diverging inference variable
[INFO] [stdout]    --> tests/all.rs:722:17
[INFO] [stdout]     |
[INFO] [stdout] 722 |         t!(link.header().link_name()).as_ref().map(|p| &**p),
[INFO] [stdout]     |                 ^^^^^^
[INFO] [stdout]     |
[INFO] [stdout]     = help: consider providing a type annotation
[INFO] [stdout]     = warning: this was previously accepted by the compiler but is being phased out; it will become a hard error in a future release!
[INFO] [stdout]     = note: for more information, see issue #156047 <https://github.com/rust-lang/rust/issues/156047>
[INFO] [stdout] 
[INFO] [stdout] 
[INFO] [stdout] error[E0599]: no method named `header` found for type `!` in the current scope
[INFO] [stdout]    --> tests/all.rs:722:17
[INFO] [stdout]     |
[INFO] [stdout] 722 |         t!(link.header().link_name()).as_ref().map(|p| &**p),
[INFO] [stdout]     |                 ^^^^^^ method not found in `!`
[INFO] [stdout] 
[INFO] [stdout] 
[INFO] [stdout] warning: method call on a diverging inference variable
[INFO] [stdout]    --> tests/all.rs:722:39
[INFO] [stdout]     |
[INFO] [stdout] 722 |         t!(link.header().link_name()).as_ref().map(|p| &**p),
[INFO] [stdout]     |                                       ^^^^^^
[INFO] [stdout]     |
[INFO] [stdout]     = help: consider providing a type annotation
[INFO] [stdout]     = warning: this was previously accepted by the compiler but is being phased out; it will become a hard error in a future release!
[INFO] [stdout]     = note: for more information, see issue #156047 <https://github.com/rust-lang/rust/issues/156047>
[INFO] [stdout] 
[INFO] [stdout] 
[INFO] [stdout] error[E0308]: mismatched types
[INFO] [stdout]    --> tests/all.rs:25:22
[INFO] [stdout]     |
[INFO] [stdout]  22 | macro_rules! t {
[INFO] [stdout] ...
[INFO] [stdout]  25 |             Ok(v) => v,
[INFO] [stdout]     |                      ^ expected `&_`, found `!`
[INFO] [stdout] ...
[INFO] [stdout] 722 |         t!(link.header().link_name()).as_ref().map(|p| &**p),
[INFO] [stdout]     |         ----------------------------- in this macro invocation
[INFO] [stdout]     |
[INFO] [stdout]     = note: expected reference `&_`
[INFO] [stdout]                     found type `!`
[INFO] [stdout] 
[INFO] [stdout] 
[INFO] [stdout] error[E0599]: the method `next` exists for type `!`, but its trait bounds were not satisfied
[INFO] [stdout]    --> tests/all.rs:725:28
[INFO] [stdout]     |
[INFO] [stdout] 725 |     let other = t!(entries.next().await.unwrap());
[INFO] [stdout]     |                            ^^^^
[INFO] [stdout]     |
[INFO] [stdout]     = note: the following trait bounds were not satisfied:
[INFO] [stdout]             `!: Stream`
[INFO] [stdout]             which is required by `!: tokio_stream::StreamExt`
[INFO] [stdout] 
[INFO] [stdout] 
[INFO] [stdout] warning: unreachable call
[INFO] [stdout]    --> tests/all.rs:725:28
[INFO] [stdout]     |
[INFO] [stdout] 725 |     let other = t!(entries.next().await.unwrap());
[INFO] [stdout]     |                    ------- ^^^^ unreachable call
[INFO] [stdout]     |                    |
[INFO] [stdout]     |                    any code following this expression is unreachable
[INFO] [stdout] 
[INFO] [stdout] 
[INFO] [stdout] warning: method call on a diverging inference variable
[INFO] [stdout]    --> tests/all.rs:726:22
[INFO] [stdout]     |
[INFO] [stdout] 726 |     assert!(t!(other.header().link_name()).is_none());
[INFO] [stdout]     |                      ^^^^^^
[INFO] [stdout]     |
[INFO] [stdout]     = help: consider providing a type annotation
[INFO] [stdout]     = warning: this was previously accepted by the compiler but is being phased out; it will become a hard error in a future release!
[INFO] [stdout]     = note: for more information, see issue #156047 <https://github.com/rust-lang/rust/issues/156047>
[INFO] [stdout] 
[INFO] [stdout] 
[INFO] [stdout] error[E0599]: no method named `header` found for type `!` in the current scope
[INFO] [stdout]    --> tests/all.rs:726:22
[INFO] [stdout]     |
[INFO] [stdout] 726 |     assert!(t!(other.header().link_name()).is_none());
[INFO] [stdout]     |                      ^^^^^^ method not found in `!`
[INFO] [stdout] 
[INFO] [stdout] 
[INFO] [stdout] warning: method call on a diverging inference variable
[INFO] [stdout]    --> tests/all.rs:726:44
[INFO] [stdout]     |
[INFO] [stdout] 726 |     assert!(t!(other.header().link_name()).is_none());
[INFO] [stdout]     |                                            ^^^^^^^
[INFO] [stdout]     |
[INFO] [stdout]     = help: consider providing a type annotation
[INFO] [stdout]     = warning: this was previously accepted by the compiler but is being phased out; it will become a hard error in a future release!
[INFO] [stdout]     = note: for more information, see issue #156047 <https://github.com/rust-lang/rust/issues/156047>
[INFO] [stdout] 
[INFO] [stdout] 
[INFO] [stdout] error[E0599]: no method named `is_none` found for type `_` in the current scope
[INFO] [stdout]    --> tests/all.rs:726:44
[INFO] [stdout]     |
[INFO] [stdout] 726 |     assert!(t!(other.header().link_name()).is_none());
[INFO] [stdout]     |                                            ^^^^^^^
[INFO] [stdout]     |
[INFO] [stdout] help: there is a method `is_minus_one` with a similar name
[INFO] [stdout]     |
[INFO] [stdout] 726 -     assert!(t!(other.header().link_name()).is_none());
[INFO] [stdout] 726 +     assert!(t!(other.header().link_name()).is_minus_one());
[INFO] [stdout]     |
[INFO] [stdout] 
[INFO] [stdout] 
[INFO] [stdout] warning: method call on a diverging inference variable
[INFO] [stdout]    --> tests/all.rs:750:32
[INFO] [stdout]     |
[INFO] [stdout] 750 |     let mut first = t!(entries.next().await.unwrap());
[INFO] [stdout]     |                                ^^^^
[INFO] [stdout]     |
[INFO] [stdout]     = help: consider providing a type annotation
[INFO] [stdout]     = warning: this was previously accepted by the compiler but is being phased out; it will become a hard error in a future release!
[INFO] [stdout]     = note: for more information, see issue #156047 <https://github.com/rust-lang/rust/issues/156047>
[INFO] [stdout] 
[INFO] [stdout] 
[INFO] [stdout] error[E0599]: the method `next` exists for type `!`, but its trait bounds were not satisfied
[INFO] [stdout]    --> tests/all.rs:750:32
[INFO] [stdout]     |
[INFO] [stdout] 750 |     let mut first = t!(entries.next().await.unwrap());
[INFO] [stdout]     |                                ^^^^
[INFO] [stdout]     |
[INFO] [stdout]     = note: the following trait bounds were not satisfied:
[INFO] [stdout]             `!: Stream`
[INFO] [stdout]             which is required by `!: tokio_stream::StreamExt`
[INFO] [stdout] 
[INFO] [stdout] 
[INFO] [stdout] warning: method call on a diverging inference variable
[INFO] [stdout]    --> tests/all.rs:751:35
[INFO] [stdout]     |
[INFO] [stdout] 751 |     let mut attributes = t!(first.pax_extensions().await).unwrap();
[INFO] [stdout]     |                                   ^^^^^^^^^^^^^^
[INFO] [stdout]     |
[INFO] [stdout]     = help: consider providing a type annotation
[INFO] [stdout]     = warning: this was previously accepted by the compiler but is being phased out; it will become a hard error in a future release!
[INFO] [stdout]     = note: for more information, see issue #156047 <https://github.com/rust-lang/rust/issues/156047>
[INFO] [stdout] 
[INFO] [stdout] 
[INFO] [stdout] error[E0599]: no method named `pax_extensions` found for type `!` in the current scope
[INFO] [stdout]    --> tests/all.rs:751:35
[INFO] [stdout]     |
[INFO] [stdout] 751 |     let mut attributes = t!(first.pax_extensions().await).unwrap();
[INFO] [stdout]     |                                   ^^^^^^^^^^^^^^ method not found in `!`
[INFO] [stdout] 
[INFO] [stdout] 
[INFO] [stdout] warning: method call on a diverging inference variable
[INFO] [stdout]    --> tests/all.rs:751:59
[INFO] [stdout]     |
[INFO] [stdout] 751 |     let mut attributes = t!(first.pax_extensions().await).unwrap();
[INFO] [stdout]     |                                                           ^^^^^^
[INFO] [stdout]     |
[INFO] [stdout]     = help: consider providing a type annotation
[INFO] [stdout]     = warning: this was previously accepted by the compiler but is being phased out; it will become a hard error in a future release!
[INFO] [stdout]     = note: for more information, see issue #156047 <https://github.com/rust-lang/rust/issues/156047>
[INFO] [stdout] 
[INFO] [stdout] 
[INFO] [stdout] error[E0599]: no method named `unwrap` found for type `_` in the current scope
[INFO] [stdout]    --> tests/all.rs:751:59
[INFO] [stdout]     |
[INFO] [stdout] 751 |     let mut attributes = t!(first.pax_extensions().await).unwrap();
[INFO] [stdout]     |                                                           ^^^^^^ method not found in `_`
[INFO] [stdout] 
[INFO] [stdout] 
[INFO] [stdout] warning: method call on a diverging inference variable
[INFO] [stdout]    --> tests/all.rs:757:22
[INFO] [stdout]     |
[INFO] [stdout] 757 |     assert_eq!(first.key(), Ok("mtime"));
[INFO] [stdout]     |                      ^^^
[INFO] [stdout]     |
[INFO] [stdout]     = help: consider providing a type annotation
[INFO] [stdout]     = warning: this was previously accepted by the compiler but is being phased out; it will become a hard error in a future release!
[INFO] [stdout]     = note: for more information, see issue #156047 <https://github.com/rust-lang/rust/issues/156047>
[INFO] [stdout] 
[INFO] [stdout] 
[INFO] [stdout] error[E0599]: no method named `key` found for type `!` in the current scope
[INFO] [stdout]    --> tests/all.rs:757:22
[INFO] [stdout]     |
[INFO] [stdout] 757 |     assert_eq!(first.key(), Ok("mtime"));
[INFO] [stdout]     |                      ^^^ method not found in `!`
[INFO] [stdout] 
[INFO] [stdout] 
[INFO] [stdout] error[E0599]: no method named `value` found for type `!` in the current scope
[INFO] [stdout]    --> tests/all.rs:758:22
[INFO] [stdout]     |
[INFO] [stdout] 758 |     assert_eq!(first.value(), Ok("1453146164.953123768"));
[INFO] [stdout]     |                      ^^^^^ method not found in `!`
[INFO] [stdout] 
[INFO] [stdout] 
[INFO] [stdout] warning: unreachable call
[INFO] [stdout]    --> tests/all.rs:758:22
[INFO] [stdout]     |
[INFO] [stdout] 758 |     assert_eq!(first.value(), Ok("1453146164.953123768"));
[INFO] [stdout]     |                ----- ^^^^^ unreachable call
[INFO] [stdout]     |                |
[INFO] [stdout]     |                any code following this expression is unreachable
[INFO] [stdout] 
[INFO] [stdout] 
[INFO] [stdout] warning: method call on a diverging inference variable
[INFO] [stdout]    --> tests/all.rs:759:23
[INFO] [stdout]     |
[INFO] [stdout] 759 |     assert_eq!(second.key(), Ok("atime"));
[INFO] [stdout]     |                       ^^^
[INFO] [stdout]     |
[INFO] [stdout]     = help: consider providing a type annotation
[INFO] [stdout]     = warning: this was previously accepted by the compiler but is being phased out; it will become a hard error in a future release!
[INFO] [stdout]     = note: for more information, see issue #156047 <https://github.com/rust-lang/rust/issues/156047>
[INFO] [stdout] 
[INFO] [stdout] 
[INFO] [stdout] error[E0599]: no method named `key` found for type `!` in the current scope
[INFO] [stdout]    --> tests/all.rs:759:23
[INFO] [stdout]     |
[INFO] [stdout] 759 |     assert_eq!(second.key(), Ok("atime"));
[INFO] [stdout]     |                       ^^^ method not found in `!`
[INFO] [stdout] 
[INFO] [stdout] 
[INFO] [stdout] error[E0599]: no method named `value` found for type `!` in the current scope
[INFO] [stdout]    --> tests/all.rs:760:23
[INFO] [stdout]     |
[INFO] [stdout] 760 |     assert_eq!(second.value(), Ok("1453251915.24892486"));
[INFO] [stdout]     |                       ^^^^^ method not found in `!`
[INFO] [stdout] 
[INFO] [stdout] 
[INFO] [stdout] warning: unreachable call
[INFO] [stdout]    --> tests/all.rs:760:23
[INFO] [stdout]     |
[INFO] [stdout] 760 |     assert_eq!(second.value(), Ok("1453251915.24892486"));
[INFO] [stdout]     |                ------ ^^^^^ unreachable call
[INFO] [stdout]     |                |
[INFO] [stdout]     |                any code following this expression is unreachable
[INFO] [stdout] 
[INFO] [stdout] 
[INFO] [stdout] warning: method call on a diverging inference variable
[INFO] [stdout]    --> tests/all.rs:761:22
[INFO] [stdout]     |
[INFO] [stdout] 761 |     assert_eq!(third.key(), Ok("ctime"));
[INFO] [stdout]     |                      ^^^
[INFO] [stdout]     |
[INFO] [stdout]     = help: consider providing a type annotation
[INFO] [stdout]     = warning: this was previously accepted by the compiler but is being phased out; it will become a hard error in a future release!
[INFO] [stdout]     = note: for more information, see issue #156047 <https://github.com/rust-lang/rust/issues/156047>
[INFO] [stdout] 
[INFO] [stdout] 
[INFO] [stdout] error[E0599]: no method named `key` found for type `!` in the current scope
[INFO] [stdout]    --> tests/all.rs:761:22
[INFO] [stdout]     |
[INFO] [stdout] 761 |     assert_eq!(third.key(), Ok("ctime"));
[INFO] [stdout]     |                      ^^^ method not found in `!`
[INFO] [stdout] 
[INFO] [stdout] 
[INFO] [stdout] error[E0599]: no method named `value` found for type `!` in the current scope
[INFO] [stdout]    --> tests/all.rs:762:22
[INFO] [stdout]     |
[INFO] [stdout] 762 |     assert_eq!(third.value(), Ok("1453146164.953123768"));
[INFO] [stdout]     |                      ^^^^^ method not found in `!`
[INFO] [stdout] 
[INFO] [stdout] 
[INFO] [stdout] warning: unreachable call
[INFO] [stdout]    --> tests/all.rs:762:22
[INFO] [stdout]     |
[INFO] [stdout] 762 |     assert_eq!(third.value(), Ok("1453146164.953123768"));
[INFO] [stdout]     |                ----- ^^^^^ unreachable call
[INFO] [stdout]     |                |
[INFO] [stdout]     |                any code following this expression is unreachable
[INFO] [stdout] 
[INFO] [stdout] 
[INFO] [stdout] warning: method call on a diverging inference variable
[INFO] [stdout]    --> tests/all.rs:770:28
[INFO] [stdout]     |
[INFO] [stdout] 770 |     let first = t!(entries.next().await.unwrap());
[INFO] [stdout]     |                            ^^^^
[INFO] [stdout]     |
[INFO] [stdout]     = help: consider providing a type annotation
[INFO] [stdout]     = warning: this was previously accepted by the compiler but is being phased out; it will become a hard error in a future release!
[INFO] [stdout]     = note: for more information, see issue #156047 <https://github.com/rust-lang/rust/issues/156047>
[INFO] [stdout] 
[INFO] [stdout] 
[INFO] [stdout] error[E0599]: the method `next` exists for type `!`, but its trait bounds were not satisfied
[INFO] [stdout]    --> tests/all.rs:770:28
[INFO] [stdout]     |
[INFO] [stdout] 770 |     let first = t!(entries.next().await.unwrap());
[INFO] [stdout]     |                            ^^^^
[INFO] [stdout]     |
[INFO] [stdout]     = note: the following trait bounds were not satisfied:
[INFO] [stdout]             `!: Stream`
[INFO] [stdout]             which is required by `!: tokio_stream::StreamExt`
[INFO] [stdout] 
[INFO] [stdout] 
[INFO] [stdout] warning: method call on a diverging inference variable
[INFO] [stdout]    --> tests/all.rs:771:19
[INFO] [stdout]     |
[INFO] [stdout] 771 |     assert!(first.path().unwrap().ends_with("aaaaaaaaaaaaaaa"));
[INFO] [stdout]     |                   ^^^^
[INFO] [stdout]     |
[INFO] [stdout]     = help: consider providing a type annotation
[INFO] [stdout]     = warning: this was previously accepted by the compiler but is being phased out; it will become a hard error in a future release!
[INFO] [stdout]     = note: for more information, see issue #156047 <https://github.com/rust-lang/rust/issues/156047>
[INFO] [stdout] 
[INFO] [stdout] 
[INFO] [stdout] error[E0599]: no method named `path` found for type `!` in the current scope
[INFO] [stdout]    --> tests/all.rs:771:19
[INFO] [stdout]     |
[INFO] [stdout] 771 |     assert!(first.path().unwrap().ends_with("aaaaaaaaaaaaaaa"));
[INFO] [stdout]     |                   ^^^^ method not found in `!`
[INFO] [stdout] 
[INFO] [stdout] 
[INFO] [stdout] warning: method call on a diverging inference variable
[INFO] [stdout]    --> tests/all.rs:853:28
[INFO] [stdout]     |
[INFO] [stdout] 853 |     let mut a = t!(entries.next().await.unwrap());
[INFO] [stdout]     |                            ^^^^
[INFO] [stdout]     |
[INFO] [stdout]     = help: consider providing a type annotation
[INFO] [stdout]     = warning: this was previously accepted by the compiler but is being phased out; it will become a hard error in a future release!
[INFO] [stdout]     = note: for more information, see issue #156047 <https://github.com/rust-lang/rust/issues/156047>
[INFO] [stdout] 
[INFO] [stdout] 
[INFO] [stdout] error[E0599]: the method `next` exists for type `!`, but its trait bounds were not satisfied
[INFO] [stdout]    --> tests/all.rs:853:28
[INFO] [stdout]     |
[INFO] [stdout] 853 |     let mut a = t!(entries.next().await.unwrap());
[INFO] [stdout]     |                            ^^^^
[INFO] [stdout]     |
[INFO] [stdout]     = note: the following trait bounds were not satisfied:
[INFO] [stdout]             `!: Stream`
[INFO] [stdout]             which is required by `!: tokio_stream::StreamExt`
[INFO] [stdout] 
[INFO] [stdout] 
[INFO] [stdout] warning: method call on a diverging inference variable
[INFO] [stdout]    --> tests/all.rs:855:20
[INFO] [stdout]     |
[INFO] [stdout] 855 |     assert_eq!(&*a.header().path_bytes(), b"sparse_begin.txt");
[INFO] [stdout]     |                    ^^^^^^
[INFO] [stdout]     |
[INFO] [stdout]     = help: consider providing a type annotation
[INFO] [stdout]     = warning: this was previously accepted by the compiler but is being phased out; it will become a hard error in a future release!
[INFO] [stdout]     = note: for more information, see issue #156047 <https://github.com/rust-lang/rust/issues/156047>
[INFO] [stdout] 
[INFO] [stdout] 
[INFO] [stdout] error[E0599]: no method named `header` found for type `!` in the current scope
[INFO] [stdout]    --> tests/all.rs:855:20
[INFO] [stdout]     |
[INFO] [stdout] 855 |     assert_eq!(&*a.header().path_bytes(), b"sparse_begin.txt");
[INFO] [stdout]     |                    ^^^^^^ method not found in `!`
[INFO] [stdout] 
[INFO] [stdout] 
[INFO] [stdout] error[E0599]: the method `read_to_string` exists for type `!`, but its trait bounds were not satisfied
[INFO] [stdout]    --> tests/all.rs:856:10
[INFO] [stdout]     |
[INFO] [stdout] 856 |     t!(a.read_to_string(&mut s).await);
[INFO] [stdout]     |          ^^^^^^^^^^^^^^
[INFO] [stdout]     |
[INFO] [stdout]     = note: the following trait bounds were not satisfied:
[INFO] [stdout]             `!: AsyncRead`
[INFO] [stdout]             which is required by `!: AsyncReadExt`
[INFO] [stdout] 
[INFO] [stdout] 
[INFO] [stdout] warning: unreachable expression
[INFO] [stdout]    --> tests/all.rs:856:25
[INFO] [stdout]     |
[INFO] [stdout] 856 |     t!(a.read_to_string(&mut s).await);
[INFO] [stdout]     |        -                ^^^^^^ unreachable expression
[INFO] [stdout]     |        |
[INFO] [stdout]     |        any code following this expression is unreachable
[INFO] [stdout] 
[INFO] [stdout] 
[INFO] [stdout] error[E0599]: the method `next` exists for type `!`, but its trait bounds were not satisfied
[INFO] [stdout]    --> tests/all.rs:860:28
[INFO] [stdout]     |
[INFO] [stdout] 860 |     let mut a = t!(entries.next().await.unwrap());
[INFO] [stdout]     |                            ^^^^
[INFO] [stdout]     |
[INFO] [stdout]     = note: the following trait bounds were not satisfied:
[INFO] [stdout]             `!: Stream`
[INFO] [stdout]             which is required by `!: tokio_stream::StreamExt`
[INFO] [stdout] 
[INFO] [stdout] 
[INFO] [stdout] warning: unreachable call
[INFO] [stdout]    --> tests/all.rs:860:28
[INFO] [stdout]     |
[INFO] [stdout] 860 |     let mut a = t!(entries.next().await.unwrap());
[INFO] [stdout]     |                    ------- ^^^^ unreachable call
[INFO] [stdout]     |                    |
[INFO] [stdout]     |                    any code following this expression is unreachable
[INFO] [stdout] 
[INFO] [stdout] 
[INFO] [stdout] warning: method call on a diverging inference variable
[INFO] [stdout]    --> tests/all.rs:862:20
[INFO] [stdout]     |
[INFO] [stdout] 862 |     assert_eq!(&*a.header().path_bytes(), b"sparse_end.txt");
[INFO] [stdout]     |                    ^^^^^^
[INFO] [stdout]     |
[INFO] [stdout]     = help: consider providing a type annotation
[INFO] [stdout]     = warning: this was previously accepted by the compiler but is being phased out; it will become a hard error in a future release!
[INFO] [stdout]     = note: for more information, see issue #156047 <https://github.com/rust-lang/rust/issues/156047>
[INFO] [stdout] 
[INFO] [stdout] 
[INFO] [stdout] error[E0599]: no method named `header` found for type `!` in the current scope
[INFO] [stdout]    --> tests/all.rs:862:20
[INFO] [stdout]     |
[INFO] [stdout] 862 |     assert_eq!(&*a.header().path_bytes(), b"sparse_end.txt");
[INFO] [stdout]     |                    ^^^^^^ method not found in `!`
[INFO] [stdout] 
[INFO] [stdout] 
[INFO] [stdout] error[E0599]: the method `read_to_string` exists for type `!`, but its trait bounds were not satisfied
[INFO] [stdout]    --> tests/all.rs:863:10
[INFO] [stdout]     |
[INFO] [stdout] 863 |     t!(a.read_to_string(&mut s).await);
[INFO] [stdout]     |          ^^^^^^^^^^^^^^
[INFO] [stdout]     |
[INFO] [stdout]     = note: the following trait bounds were not satisfied:
[INFO] [stdout]             `!: AsyncRead`
[INFO] [stdout]             which is required by `!: AsyncReadExt`
[INFO] [stdout] 
[INFO] [stdout] 
[INFO] [stdout] warning: unreachable expression
[INFO] [stdout]    --> tests/all.rs:863:25
[INFO] [stdout]     |
[INFO] [stdout] 863 |     t!(a.read_to_string(&mut s).await);
[INFO] [stdout]     |        -                ^^^^^^ unreachable expression
[INFO] [stdout]     |        |
[INFO] [stdout]     |        any code following this expression is unreachable
[INFO] [stdout] 
[INFO] [stdout] 
[INFO] [stdout] error[E0599]: the method `next` exists for type `!`, but its trait bounds were not satisfied
[INFO] [stdout]    --> tests/all.rs:867:28
[INFO] [stdout]     |
[INFO] [stdout] 867 |     let mut a = t!(entries.next().await.unwrap());
[INFO] [stdout]     |                            ^^^^
[INFO] [stdout]     |
[INFO] [stdout]     = note: the following trait bounds were not satisfied:
[INFO] [stdout]             `!: Stream`
[INFO] [stdout]             which is required by `!: tokio_stream::StreamExt`
[INFO] [stdout] 
[INFO] [stdout] 
[INFO] [stdout] warning: unreachable call
[INFO] [stdout]    --> tests/all.rs:867:28
[INFO] [stdout]     |
[INFO] [stdout] 867 |     let mut a = t!(entries.next().await.unwrap());
[INFO] [stdout]     |                    ------- ^^^^ unreachable call
[INFO] [stdout]     |                    |
[INFO] [stdout]     |                    any code following this expression is unreachable
[INFO] [stdout] 
[INFO] [stdout] 
[INFO] [stdout] warning: method call on a diverging inference variable
[INFO] [stdout]    --> tests/all.rs:869:20
[INFO] [stdout]     |
[INFO] [stdout] 869 |     assert_eq!(&*a.header().path_bytes(), b"sparse_ext.txt");
[INFO] [stdout]     |                    ^^^^^^
[INFO] [stdout]     |
[INFO] [stdout]     = help: consider providing a type annotation
[INFO] [stdout]     = warning: this was previously accepted by the compiler but is being phased out; it will become a hard error in a future release!
[INFO] [stdout]     = note: for more information, see issue #156047 <https://github.com/rust-lang/rust/issues/156047>
[INFO] [stdout] 
[INFO] [stdout] 
[INFO] [stdout] error[E0599]: no method named `header` found for type `!` in the current scope
[INFO] [stdout]    --> tests/all.rs:869:20
[INFO] [stdout]     |
[INFO] [stdout] 869 |     assert_eq!(&*a.header().path_bytes(), b"sparse_ext.txt");
[INFO] [stdout]     |                    ^^^^^^ method not found in `!`
[INFO] [stdout] 
[INFO] [stdout] 
[INFO] [stdout] error[E0599]: the method `read_to_string` exists for type `!`, but its trait bounds were not satisfied
[INFO] [stdout]    --> tests/all.rs:870:10
[INFO] [stdout]     |
[INFO] [stdout] 870 |     t!(a.read_to_string(&mut s).await);
[INFO] [stdout]     |          ^^^^^^^^^^^^^^
[INFO] [stdout]     |
[INFO] [stdout]     = note: the following trait bounds were not satisfied:
[INFO] [stdout]             `!: AsyncRead`
[INFO] [stdout]             which is required by `!: AsyncReadExt`
[INFO] [stdout] 
[INFO] [stdout] 
[INFO] [stdout] warning: unreachable expression
[INFO] [stdout]    --> tests/all.rs:870:25
[INFO] [stdout]     |
[INFO] [stdout] 870 |     t!(a.read_to_string(&mut s).await);
[INFO] [stdout]     |        -                ^^^^^^ unreachable expression
[INFO] [stdout]     |        |
[INFO] [stdout]     |        any code following this expression is unreachable
[INFO] [stdout] 
[INFO] [stdout] 
[INFO] [stdout] error[E0599]: the method `next` exists for type `!`, but its trait bounds were not satisfied
[INFO] [stdout]    --> tests/all.rs:884:28
[INFO] [stdout]     |
[INFO] [stdout] 884 |     let mut a = t!(entries.next().await.unwrap());
[INFO] [stdout]     |                            ^^^^
[INFO] [stdout]     |
[INFO] [stdout]     = note: the following trait bounds were not satisfied:
[INFO] [stdout]             `!: Stream`
[INFO] [stdout]             which is required by `!: tokio_stream::StreamExt`
[INFO] [stdout] 
[INFO] [stdout] 
[INFO] [stdout] warning: unreachable call
[INFO] [stdout]    --> tests/all.rs:884:28
[INFO] [stdout]     |
[INFO] [stdout] 884 |     let mut a = t!(entries.next().await.unwrap());
[INFO] [stdout]     |                    ------- ^^^^ unreachable call
[INFO] [stdout]     |                    |
[INFO] [stdout]     |                    any code following this expression is unreachable
[INFO] [stdout] 
[INFO] [stdout] 
[INFO] [stdout] warning: method call on a diverging inference variable
[INFO] [stdout]    --> tests/all.rs:886:20
[INFO] [stdout]     |
[INFO] [stdout] 886 |     assert_eq!(&*a.header().path_bytes(), b"sparse.txt");
[INFO] [stdout]     |                    ^^^^^^
[INFO] [stdout]     |
[INFO] [stdout]     = help: consider providing a type annotation
[INFO] [stdout]     = warning: this was previously accepted by the compiler but is being phased out; it will become a hard error in a future release!
[INFO] [stdout]     = note: for more information, see issue #156047 <https://github.com/rust-lang/rust/issues/156047>
[INFO] [stdout] 
[INFO] [stdout] 
[INFO] [stdout] error[E0599]: no method named `header` found for type `!` in the current scope
[INFO] [stdout]    --> tests/all.rs:886:20
[INFO] [stdout]     |
[INFO] [stdout] 886 |     assert_eq!(&*a.header().path_bytes(), b"sparse.txt");
[INFO] [stdout]     |                    ^^^^^^ method not found in `!`
[INFO] [stdout] 
[INFO] [stdout] 
[INFO] [stdout] error[E0599]: the method `read_to_string` exists for type `!`, but its trait bounds were not satisfied
[INFO] [stdout]    --> tests/all.rs:887:10
[INFO] [stdout]     |
[INFO] [stdout] 887 |     t!(a.read_to_string(&mut s).await);
[INFO] [stdout]     |          ^^^^^^^^^^^^^^
[INFO] [stdout]     |
[INFO] [stdout]     = note: the following trait bounds were not satisfied:
[INFO] [stdout]             `!: AsyncRead`
[INFO] [stdout]             which is required by `!: AsyncReadExt`
[INFO] [stdout] 
[INFO] [stdout] 
[INFO] [stdout] warning: unreachable expression
[INFO] [stdout]    --> tests/all.rs:887:25
[INFO] [stdout]     |
[INFO] [stdout] 887 |     t!(a.read_to_string(&mut s).await);
[INFO] [stdout]     |        -                ^^^^^^ unreachable expression
[INFO] [stdout]     |        |
[INFO] [stdout]     |        any code following this expression is unreachable
[INFO] [stdout] 
[INFO] [stdout] 
[INFO] [stdout] error[E0599]: the method `next` exists for type `!`, but its trait bounds were not satisfied
[INFO] [stdout]    --> tests/all.rs:894:21
[INFO] [stdout]     |
[INFO] [stdout] 894 |     assert!(entries.next().await.is_none());
[INFO] [stdout]     |                     ^^^^
[INFO] [stdout]     |
[INFO] [stdout]     = note: the following trait bounds were not satisfied:
[INFO] [stdout]             `!: Stream`
[INFO] [stdout]             which is required by `!: tokio_stream::StreamExt`
[INFO] [stdout] 
[INFO] [stdout] 
[INFO] [stdout] warning: unreachable call
[INFO] [stdout]    --> tests/all.rs:894:21
[INFO] [stdout]     |
[INFO] [stdout] 894 |     assert!(entries.next().await.is_none());
[INFO] [stdout]     |             ------- ^^^^ unreachable call
[INFO] [stdout]     |             |
[INFO] [stdout]     |             any code following this expression is unreachable
[INFO] [stdout] 
[INFO] [stdout] 
[INFO] [stdout] Some errors have detailed explanations: E0308, E0599.
[INFO] [stdout] 
[INFO] [stdout] For more information about an error, try `rustc --explain E0308`.
[INFO] [stdout] 
[INFO] [stderr] error: could not compile `tokio-tar` (test "all") due to 68 previous errors; 77 warnings emitted
[INFO] [stderr] warning: build failed, waiting for other jobs to finish...
[INFO] running `Command { std: "docker" "inspect" "c04e66547c3670b2f557646950bfd449780361550a7cb9f0b99abefe6ec0f4f6", kill_on_drop: false }`
[INFO] running `Command { std: "docker" "rm" "-f" "c04e66547c3670b2f557646950bfd449780361550a7cb9f0b99abefe6ec0f4f6", kill_on_drop: false }`
[INFO] [stdout] c04e66547c3670b2f557646950bfd449780361550a7cb9f0b99abefe6ec0f4f6
