[INFO] fetching crate tokie 0.1.4...
[INFO] testing tokie-0.1.4 against 1.100.0-beta.1 for beta-1.100-2
[INFO] extracting crate tokie 0.1.4 into /workspace/builds/worker-0-tc2/source
[INFO] started tweaking crates.io crate tokie 0.1.4
[INFO] removed 0 missing examples
[INFO] removed 0 missing tests
[INFO] finished tweaking crates.io crate tokie 0.1.4
[INFO] tweaked toml for crates.io crate tokie 0.1.4 written to /workspace/builds/worker-0-tc2/source/Cargo.toml
[INFO] validating manifest of crates.io crate tokie 0.1.4 on toolchain 1.100.0-beta.1
[INFO] running `Command { std: CARGO_HOME="/workspace/cargo-home" RUSTUP_HOME="/workspace/rustup-home" "/workspace/cargo-home/bin/cargo" "+1.100.0-beta.1" "metadata" "--manifest-path" "Cargo.toml" "--no-deps", kill_on_drop: false }`
[INFO] crate crates.io crate tokie 0.1.4 already has a lockfile, it will not be regenerated
[INFO] running `Command { std: CARGO_HOME="/workspace/cargo-home" RUSTUP_HOME="/workspace/rustup-home" "/workspace/cargo-home/bin/cargo" "+1.100.0-beta.1" "fetch" "--manifest-path" "Cargo.toml", kill_on_drop: false }`
[INFO] running `Command { std: "docker" "create" "-v" "/var/lib/crater-agent-workspace/builds/worker-0-tc2/source:/opt/rustwide/workdir:ro,Z" "-v" "/var/lib/crater-agent-workspace/builds/worker-0-tc2/target:/opt/rustwide/target:rw,Z" "-v" "/var/lib/crater-agent-workspace/cargo-home:/opt/rustwide/cargo-home:ro,Z" "-v" "/var/lib/crater-agent-workspace/rustup-home:/opt/rustwide/rustup-home:ro,Z" "-m" "1610612736" "--network" "none" "ghcr.io/rust-lang/crates-build-env/linux@sha256:3111399a4047eeb3a02b7a90e478d715f38a8c6669b5c4b49d30a17385265909" "sleep" "infinity", kill_on_drop: false }`
[INFO] [stdout] 0d15e1b840c8b96b3649ee1d7295ed145ce3c85838297a16ffd061532f719531
[INFO] running `Command { std: "docker" "start" "0d15e1b840c8b96b3649ee1d7295ed145ce3c85838297a16ffd061532f719531", kill_on_drop: false }`
[INFO] running `Command { std: "docker" "inspect" "0d15e1b840c8b96b3649ee1d7295ed145ce3c85838297a16ffd061532f719531", kill_on_drop: false }`
[INFO] running `Command { std: "docker" "exec" "-e" "SOURCE_DIR=/opt/rustwide/workdir" "-e" "CARGO_HOME=/opt/rustwide/cargo-home" "-e" "RUSTUP_HOME=/opt/rustwide/rustup-home" "-e" "CARGO_TARGET_DIR=/opt/rustwide/target" "-w" "/opt/rustwide/workdir" "--user" "0:0" "0d15e1b840c8b96b3649ee1d7295ed145ce3c85838297a16ffd061532f719531" "/opt/rustwide/cargo-home/bin/cargo" "+1.100.0-beta.1" "metadata" "--no-deps" "--format-version=1", kill_on_drop: false }`
[INFO] running `Command { std: "docker" "inspect" "0d15e1b840c8b96b3649ee1d7295ed145ce3c85838297a16ffd061532f719531", kill_on_drop: false }`
[INFO] running `Command { std: "docker" "exec" "-e" "SOURCE_DIR=/opt/rustwide/workdir" "-e" "CARGO_HOME=/opt/rustwide/cargo-home" "-e" "RUSTUP_HOME=/opt/rustwide/rustup-home" "-e" "CARGO_TARGET_DIR=/opt/rustwide/target" "-e" "CARGO_INCREMENTAL=0" "-e" "RUST_BACKTRACE=full" "-e" "RUSTFLAGS=--cap-lints=warn" "-e" "RUSTDOCFLAGS=--cap-lints=warn" "-w" "/opt/rustwide/workdir" "--user" "0:0" "0d15e1b840c8b96b3649ee1d7295ed145ce3c85838297a16ffd061532f719531" "/opt/rustwide/cargo-home/bin/cargo" "+1.100.0-beta.1" "build" "--frozen" "--message-format=json", kill_on_drop: false }`
[INFO] [stderr]    Compiling stable_deref_trait v1.2.1
[INFO] [stderr]    Compiling litemap v0.7.5
[INFO] [stderr]    Compiling writeable v0.5.5
[INFO] [stderr]    Compiling icu_locid_transform_data v1.5.1
[INFO] [stderr]    Compiling icu_properties_data v1.5.1
[INFO] [stderr]    Compiling icu_normalizer_data v1.5.1
[INFO] [stderr]    Compiling unicode-general-category v1.1.0
[INFO] [stderr]    Compiling regex-syntax v0.8.11
[INFO] [stderr]    Compiling syn v2.0.119
[INFO] [stderr]    Compiling syn v3.0.3
[INFO] [stderr]    Compiling utf16_iter v1.0.5
[INFO] [stderr]    Compiling tokie v0.1.4 (/opt/rustwide/workdir)
[INFO] [stderr]    Compiling daggrs v0.1.1
[INFO] [stderr]    Compiling smallvec v1.15.2
[INFO] [stderr]    Compiling write16 v1.0.0
[INFO] [stderr]    Compiling unicode-segmentation v1.13.3
[INFO] [stderr]    Compiling foldhash v0.1.5
[INFO] [stderr]    Compiling chunk v0.9.2
[INFO] [stderr]    Compiling serde_derive v1.0.229
[INFO] [stderr]    Compiling regex-automata v0.4.16
[INFO] [stderr]    Compiling synstructure v0.13.2
[INFO] [stderr]    Compiling zerovec-derive v0.10.3
[INFO] [stderr]    Compiling displaydoc v0.2.6
[INFO] [stderr]    Compiling icu_provider_macros v1.5.0
[INFO] [stderr]    Compiling zerofrom-derive v0.1.7
[INFO] [stderr]    Compiling yoke-derive v0.7.5
[INFO] [stderr]    Compiling zerofrom v0.1.8
[INFO] [stderr]    Compiling yoke v0.7.5
[INFO] [stderr]    Compiling zerovec v0.10.4
[INFO] [stderr]    Compiling serde v1.0.229
[INFO] [stderr]    Compiling tinystr v0.7.6
[INFO] [stderr]    Compiling icu_collections v1.5.0
[INFO] [stderr]    Compiling icu_locid v1.5.0
[INFO] [stderr]    Compiling pretokie v0.1.3
[INFO] [stderr]    Compiling icu_provider v1.5.0
[INFO] [stderr]    Compiling icu_locid_transform v1.5.0
[INFO] [stderr]    Compiling icu_properties v1.5.1
[INFO] [stderr]    Compiling icu_normalizer v1.5.0
[INFO] [stderr] warning: unused dependency `serde`
[INFO] [stderr]   --> Cargo.toml:46:15
[INFO] [stderr]    |
[INFO] [stderr] 46 | [dependencies.serde]
[INFO] [stderr]    |               ^^^^^^
[INFO] [stderr]    |
[INFO] [stderr]    = note: `cargo::unused_dependencies` is set to `warn` by default
[INFO] [stderr] help: consider removing the dependency on `serde`
[INFO] [stderr] warning: `tokie` (manifest) generated 1 warning
[INFO] [stderr]     Finished `dev` profile [unoptimized + debuginfo] target(s) in 33.67s
[INFO] running `Command { std: "docker" "inspect" "0d15e1b840c8b96b3649ee1d7295ed145ce3c85838297a16ffd061532f719531", kill_on_drop: false }`
[INFO] running `Command { std: "docker" "exec" "-e" "SOURCE_DIR=/opt/rustwide/workdir" "-e" "CARGO_HOME=/opt/rustwide/cargo-home" "-e" "RUSTUP_HOME=/opt/rustwide/rustup-home" "-e" "CARGO_TARGET_DIR=/opt/rustwide/target" "-e" "CARGO_INCREMENTAL=0" "-e" "RUST_BACKTRACE=full" "-e" "RUSTFLAGS=--cap-lints=warn" "-e" "RUSTDOCFLAGS=--cap-lints=warn" "-w" "/opt/rustwide/workdir" "--user" "0:0" "0d15e1b840c8b96b3649ee1d7295ed145ce3c85838297a16ffd061532f719531" "/opt/rustwide/cargo-home/bin/cargo" "+1.100.0-beta.1" "test" "--frozen" "--no-run" "--message-format=json", kill_on_drop: false }`
[INFO] [stderr]    Compiling serde_core v1.0.229
[INFO] [stderr]    Compiling serde v1.0.229
[INFO] [stderr]    Compiling crossbeam-epoch v0.9.20
[INFO] [stderr]    Compiling zerocopy v0.8.55
[INFO] [stderr]    Compiling num-traits v0.2.19
[INFO] [stderr]    Compiling syn v2.0.119
[INFO] [stderr]    Compiling either v1.16.0
[INFO] [stderr]    Compiling anstyle v1.0.14
[INFO] [stderr]    Compiling ciborium-io v0.2.2
[INFO] [stderr]    Compiling plotters-backend v0.3.7
[INFO] [stderr]    Compiling clap_lex v1.1.0
[INFO] [stderr]    Compiling cast v0.3.0
[INFO] [stderr]    Compiling is-terminal v0.4.17
[INFO] [stderr]    Compiling regex v1.13.1
[INFO] [stderr]    Compiling anes v0.1.6
[INFO] [stderr]    Compiling oorandom v11.1.5
[INFO] [stderr]    Compiling clap_builder v4.6.2
[INFO] [stderr]    Compiling plotters-svg v0.3.7
[INFO] [stderr]    Compiling itertools v0.10.5
[INFO] [stderr]    Compiling crossbeam-deque v0.8.7
[INFO] [stderr]    Compiling rayon-core v1.13.0
[INFO] [stderr]    Compiling rayon v1.12.0
[INFO] [stderr]    Compiling plotters v0.3.7
[INFO] [stderr]    Compiling criterion-plot v0.5.0
[INFO] [stderr]    Compiling clap v4.6.4
[INFO] [stderr]    Compiling serde_json v1.0.151
[INFO] [stderr]    Compiling synstructure v0.13.2
[INFO] [stderr]    Compiling tinytemplate v1.2.1
[INFO] [stderr]    Compiling zerofrom-derive v0.1.7
[INFO] [stderr]    Compiling yoke-derive v0.7.5
[INFO] [stderr]    Compiling zerovec-derive v0.10.3
[INFO] [stderr]    Compiling displaydoc v0.2.6
[INFO] [stderr]    Compiling icu_provider_macros v1.5.0
[INFO] [stderr]    Compiling zerocopy-derive v0.8.55
[INFO] [stderr]    Compiling zerofrom v0.1.8
[INFO] [stderr]    Compiling yoke v0.7.5
[INFO] [stderr]    Compiling zerovec v0.10.4
[INFO] [stderr]    Compiling tinystr v0.7.6
[INFO] [stderr]    Compiling icu_collections v1.5.0
[INFO] [stderr]    Compiling icu_locid v1.5.0
[INFO] [stderr]    Compiling icu_provider v1.5.0
[INFO] [stderr]    Compiling icu_locid_transform v1.5.0
[INFO] [stderr]    Compiling icu_properties v1.5.1
[INFO] [stderr]    Compiling half v2.7.1
[INFO] [stderr]    Compiling ciborium-ll v0.2.2
[INFO] [stderr]    Compiling ciborium v0.2.2
[INFO] [stderr]    Compiling icu_normalizer v1.5.0
[INFO] [stderr]    Compiling criterion v0.5.1
[INFO] [stderr]    Compiling tokie v0.1.4 (/opt/rustwide/workdir)
[INFO] [stdout] error[E0599]: no associated function or constant named `from_pretrained` found for struct `Tokenizer` in the current scope
[INFO] [stdout]    --> examples/profile_hotpath.rs:21:37
[INFO] [stdout]     |
[INFO] [stdout]  21 |         Err(_) => tokie::Tokenizer::from_pretrained("openai-community/gpt2").unwrap(),
[INFO] [stdout]     |                                     ^^^^^^^^^^^^^^^ associated function or constant not found in `Tokenizer`
[INFO] [stdout]     |
[INFO] [stdout] note: if you're trying to build a new `Tokenizer` consider using one of the following associated functions:
[INFO] [stdout]       tokie::serde::<impl Tokenizer>::from_file
[INFO] [stdout]       tokie::serde::<impl Tokenizer>::load
[INFO] [stdout]       Tokenizer::new
[INFO] [stdout]       Tokenizer::from_json
[INFO] [stdout]       Tokenizer::from_json_with_encoder
[INFO] [stdout]    --> src/serde.rs:418:5
[INFO] [stdout]     |
[INFO] [stdout] 418 |       pub fn from_file(path: impl AsRef<std::path::Path>) -> Result<Self, SerdeError> {
[INFO] [stdout]     |       ^^^^^^^^^^^^^^^^^^^^^^^^^^^^^^^^^^^^^^^^^^^^^^^^^^^^^^^^^^^^^^^^^^^^^^^^^^^^^^^
[INFO] [stdout] ...
[INFO] [stdout] 425 |       pub fn load<R: Read>(reader: &mut R) -> Result<Self, SerdeError> {
[INFO] [stdout]     |       ^^^^^^^^^^^^^^^^^^^^^^^^^^^^^^^^^^^^^^^^^^^^^^^^^^^^^^^^^^^^^^^^
[INFO] [stdout]     |
[INFO] [stdout]    ::: src/tokenizer.rs:375:5
[INFO] [stdout]     |
[INFO] [stdout] 375 | /     pub fn new(
[INFO] [stdout] 376 | |         encoder: Encoder,
[INFO] [stdout] 377 | |         decoder: Decoder,
[INFO] [stdout] 378 | |         pretokenizer_type: PretokType,
[INFO] [stdout] 379 | |         normalizer: Normalizer,
[INFO] [stdout] 380 | |         post_processor: PostProcessor,
[INFO] [stdout] 381 | |     ) -> Self {
[INFO] [stdout]     | |_____________^
[INFO] [stdout] ...
[INFO] [stdout] 567 |       pub fn from_json(path: impl AsRef<Path>) -> Result<Self, JsonLoadError> {
[INFO] [stdout]     |       ^^^^^^^^^^^^^^^^^^^^^^^^^^^^^^^^^^^^^^^^^^^^^^^^^^^^^^^^^^^^^^^^^^^^^^^
[INFO] [stdout] ...
[INFO] [stdout] 572 | /     pub fn from_json_with_encoder(
[INFO] [stdout] 573 | |         path: impl AsRef<Path>,
[INFO] [stdout] 574 | |         encoder_type: EncoderType,
[INFO] [stdout] 575 | |     ) -> Result<Self, JsonLoadError> {
[INFO] [stdout]     | |____________________________________^
[INFO] [stdout] help: there is an associated function `from_file` with a similar name
[INFO] [stdout]     |
[INFO] [stdout]  21 -         Err(_) => tokie::Tokenizer::from_pretrained("openai-community/gpt2").unwrap(),
[INFO] [stdout]  21 +         Err(_) => tokie::Tokenizer::from_file("openai-community/gpt2").unwrap(),
[INFO] [stdout]     |
[INFO] [stdout] 
[INFO] [stdout] 
[INFO] [stdout] error[E0599]: no associated function or constant named `from_pretrained` found for struct `Tokenizer` in the current scope
[INFO] [stdout]    --> examples/profile_piece_costs.rs:44:37
[INFO] [stdout]     |
[INFO] [stdout]  44 |         Err(_) => tokie::Tokenizer::from_pretrained("openai-community/gpt2").unwrap(),
[INFO] [stdout]     |                                     ^^^^^^^^^^^^^^^ associated function or constant not found in `Tokenizer`
[INFO] [stdout]     |
[INFO] [stdout] note: if you're trying to build a new `Tokenizer` consider using one of the following associated functions:
[INFO] [stdout]       tokie::serde::<impl Tokenizer>::from_file
[INFO] [stdout]       tokie::serde::<impl Tokenizer>::load
[INFO] [stdout]       Tokenizer::new
[INFO] [stdout]       Tokenizer::from_json
[INFO] [stdout]       Tokenizer::from_json_with_encoder
[INFO] [stdout]    --> src/serde.rs:418:5
[INFO] [stdout]     |
[INFO] [stdout] 418 |       pub fn from_file(path: impl AsRef<std::path::Path>) -> Result<Self, SerdeError> {
[INFO] [stdout]     |       ^^^^^^^^^^^^^^^^^^^^^^^^^^^^^^^^^^^^^^^^^^^^^^^^^^^^^^^^^^^^^^^^^^^^^^^^^^^^^^^
[INFO] [stdout] ...
[INFO] [stdout] 425 |       pub fn load<R: Read>(reader: &mut R) -> Result<Self, SerdeError> {
[INFO] [stdout]     |       ^^^^^^^^^^^^^^^^^^^^^^^^^^^^^^^^^^^^^^^^^^^^^^^^^^^^^^^^^^^^^^^^
[INFO] [stdout]     |
[INFO] [stdout]    ::: src/tokenizer.rs:375:5
[INFO] [stdout]     |
[INFO] [stdout] 375 | /     pub fn new(
[INFO] [stdout] 376 | |         encoder: Encoder,
[INFO] [stdout] 377 | |         decoder: Decoder,
[INFO] [stdout] 378 | |         pretokenizer_type: PretokType,
[INFO] [stdout] 379 | |         normalizer: Normalizer,
[INFO] [stdout] 380 | |         post_processor: PostProcessor,
[INFO] [stdout] 381 | |     ) -> Self {
[INFO] [stdout]     | |_____________^
[INFO] [stdout] ...
[INFO] [stdout] 567 |       pub fn from_json(path: impl AsRef<Path>) -> Result<Self, JsonLoadError> {
[INFO] [stdout]     |       ^^^^^^^^^^^^^^^^^^^^^^^^^^^^^^^^^^^^^^^^^^^^^^^^^^^^^^^^^^^^^^^^^^^^^^^
[INFO] [stdout] ...
[INFO] [stdout] 572 | /     pub fn from_json_with_encoder(
[INFO] [stdout] 573 | |         path: impl AsRef<Path>,
[INFO] [stdout] 574 | |         encoder_type: EncoderType,
[INFO] [stdout] 575 | |     ) -> Result<Self, JsonLoadError> {
[INFO] [stdout]     | |____________________________________^
[INFO] [stdout] help: there is an associated function `from_file` with a similar name
[INFO] [stdout]     |
[INFO] [stdout]  44 -         Err(_) => tokie::Tokenizer::from_pretrained("openai-community/gpt2").unwrap(),
[INFO] [stdout]  44 +         Err(_) => tokie::Tokenizer::from_file("openai-community/gpt2").unwrap(),
[INFO] [stdout]     |
[INFO] [stdout] 
[INFO] [stdout] 
[INFO] [stdout] For more information about this error, try `rustc --explain E0599`.
[INFO] [stdout] 
[INFO] [stderr] error: could not compile `tokie` (example "profile_hotpath") due to 1 previous error
[INFO] [stderr] warning: build failed, waiting for other jobs to finish...
[INFO] [stdout] error[E0599]: no associated function or constant named `from_pretrained` found for struct `Tokenizer` in the current scope
[INFO] [stdout]    --> examples/profile_files.rs:14:37
[INFO] [stdout]     |
[INFO] [stdout]  14 |         Err(_) => tokie::Tokenizer::from_pretrained("openai-community/gpt2").unwrap(),
[INFO] [stdout]     |                                     ^^^^^^^^^^^^^^^ associated function or constant not found in `Tokenizer`
[INFO] [stdout]     |
[INFO] [stdout] note: if you're trying to build a new `Tokenizer` consider using one of the following associated functions:
[INFO] [stdout]       tokie::serde::<impl Tokenizer>::from_file
[INFO] [stdout]       tokie::serde::<impl Tokenizer>::load
[INFO] [stdout]       Tokenizer::new
[INFO] [stdout]       Tokenizer::from_json
[INFO] [stdout]       Tokenizer::from_json_with_encoder
[INFO] [stdout]    --> src/serde.rs:418:5
[INFO] [stdout]     |
[INFO] [stdout] 418 |       pub fn from_file(path: impl AsRef<std::path::Path>) -> Result<Self, SerdeError> {
[INFO] [stdout]     |       ^^^^^^^^^^^^^^^^^^^^^^^^^^^^^^^^^^^^^^^^^^^^^^^^^^^^^^^^^^^^^^^^^^^^^^^^^^^^^^^
[INFO] [stdout] ...
[INFO] [stdout] 425 |       pub fn load<R: Read>(reader: &mut R) -> Result<Self, SerdeError> {
[INFO] [stdout]     |       ^^^^^^^^^^^^^^^^^^^^^^^^^^^^^^^^^^^^^^^^^^^^^^^^^^^^^^^^^^^^^^^^
[INFO] [stdout]     |
[INFO] [stdout]    ::: src/tokenizer.rs:375:5
[INFO] [stdout]     |
[INFO] [stdout] 375 | /     pub fn new(
[INFO] [stdout] 376 | |         encoder: Encoder,
[INFO] [stdout] 377 | |         decoder: Decoder,
[INFO] [stdout] 378 | |         pretokenizer_type: PretokType,
[INFO] [stdout] 379 | |         normalizer: Normalizer,
[INFO] [stdout] 380 | |         post_processor: PostProcessor,
[INFO] [stdout] 381 | |     ) -> Self {
[INFO] [stdout]     | |_____________^
[INFO] [stdout] ...
[INFO] [stdout] 567 |       pub fn from_json(path: impl AsRef<Path>) -> Result<Self, JsonLoadError> {
[INFO] [stdout]     |       ^^^^^^^^^^^^^^^^^^^^^^^^^^^^^^^^^^^^^^^^^^^^^^^^^^^^^^^^^^^^^^^^^^^^^^^
[INFO] [stdout] ...
[INFO] [stdout] 572 | /     pub fn from_json_with_encoder(
[INFO] [stdout] 573 | |         path: impl AsRef<Path>,
[INFO] [stdout] 574 | |         encoder_type: EncoderType,
[INFO] [stdout] 575 | |     ) -> Result<Self, JsonLoadError> {
[INFO] [stdout]     | |____________________________________^
[INFO] [stdout] help: there is an associated function `from_file` with a similar name
[INFO] [stdout]     |
[INFO] [stdout]  14 -         Err(_) => tokie::Tokenizer::from_pretrained("openai-community/gpt2").unwrap(),
[INFO] [stdout]  14 +         Err(_) => tokie::Tokenizer::from_file("openai-community/gpt2").unwrap(),
[INFO] [stdout]     |
[INFO] [stdout] 
[INFO] [stdout] 
[INFO] [stdout] For more information about this error, try `rustc --explain E0599`.
[INFO] [stdout] 
[INFO] [stderr] error: could not compile `tokie` (example "profile_files") due to 1 previous error
[INFO] [stdout] error[E0599]: no associated function or constant named `from_pretrained` found for struct `Tokenizer` in the current scope
[INFO] [stdout]    --> examples/profile_glue_costs.rs:71:37
[INFO] [stdout]     |
[INFO] [stdout]  71 |         Err(_) => tokie::Tokenizer::from_pretrained("openai-community/gpt2").unwrap(),
[INFO] [stdout]     |                                     ^^^^^^^^^^^^^^^ associated function or constant not found in `Tokenizer`
[INFO] [stdout]     |
[INFO] [stdout] note: if you're trying to build a new `Tokenizer` consider using one of the following associated functions:
[INFO] [stdout]       tokie::serde::<impl Tokenizer>::from_file
[INFO] [stdout]       tokie::serde::<impl Tokenizer>::load
[INFO] [stdout]       Tokenizer::new
[INFO] [stdout]       Tokenizer::from_json
[INFO] [stdout]       Tokenizer::from_json_with_encoder
[INFO] [stdout]    --> src/serde.rs:418:5
[INFO] [stdout]     |
[INFO] [stdout] 418 |       pub fn from_file(path: impl AsRef<std::path::Path>) -> Result<Self, SerdeError> {
[INFO] [stdout]     |       ^^^^^^^^^^^^^^^^^^^^^^^^^^^^^^^^^^^^^^^^^^^^^^^^^^^^^^^^^^^^^^^^^^^^^^^^^^^^^^^
[INFO] [stdout] ...
[INFO] [stdout] 425 |       pub fn load<R: Read>(reader: &mut R) -> Result<Self, SerdeError> {
[INFO] [stdout]     |       ^^^^^^^^^^^^^^^^^^^^^^^^^^^^^^^^^^^^^^^^^^^^^^^^^^^^^^^^^^^^^^^^
[INFO] [stdout]     |
[INFO] [stdout]    ::: src/tokenizer.rs:375:5
[INFO] [stdout]     |
[INFO] [stdout] 375 | /     pub fn new(
[INFO] [stdout] 376 | |         encoder: Encoder,
[INFO] [stdout] 377 | |         decoder: Decoder,
[INFO] [stdout] 378 | |         pretokenizer_type: PretokType,
[INFO] [stdout] 379 | |         normalizer: Normalizer,
[INFO] [stdout] 380 | |         post_processor: PostProcessor,
[INFO] [stdout] 381 | |     ) -> Self {
[INFO] [stdout]     | |_____________^
[INFO] [stdout] ...
[INFO] [stdout] 567 |       pub fn from_json(path: impl AsRef<Path>) -> Result<Self, JsonLoadError> {
[INFO] [stdout]     |       ^^^^^^^^^^^^^^^^^^^^^^^^^^^^^^^^^^^^^^^^^^^^^^^^^^^^^^^^^^^^^^^^^^^^^^^
[INFO] [stdout] ...
[INFO] [stdout] 572 | /     pub fn from_json_with_encoder(
[INFO] [stdout] 573 | |         path: impl AsRef<Path>,
[INFO] [stdout] 574 | |         encoder_type: EncoderType,
[INFO] [stdout] 575 | |     ) -> Result<Self, JsonLoadError> {
[INFO] [stdout]     | |____________________________________^
[INFO] [stdout] help: there is an associated function `from_file` with a similar name
[INFO] [stdout]     |
[INFO] [stdout]  71 -         Err(_) => tokie::Tokenizer::from_pretrained("openai-community/gpt2").unwrap(),
[INFO] [stdout]  71 +         Err(_) => tokie::Tokenizer::from_file("openai-community/gpt2").unwrap(),
[INFO] [stdout]     |
[INFO] [stdout] 
[INFO] [stdout] 
[INFO] [stdout] For more information about this error, try `rustc --explain E0599`.
[INFO] [stdout] 
[INFO] [stderr] error: could not compile `tokie` (example "profile_piece_costs") due to 1 previous error
[INFO] [stdout] error[E0599]: no associated function or constant named `from_pretrained` found for struct `Tokenizer` in the current scope
[INFO] [stdout]    --> examples/rank_merge_diff.rs:112:37
[INFO] [stdout]     |
[INFO] [stdout] 112 |         Err(_) => tokie::Tokenizer::from_pretrained("openai-community/gpt2").unwrap(),
[INFO] [stdout]     |                                     ^^^^^^^^^^^^^^^ associated function or constant not found in `Tokenizer`
[INFO] [stdout]     |
[INFO] [stdout] note: if you're trying to build a new `Tokenizer` consider using one of the following associated functions:
[INFO] [stdout]       tokie::serde::<impl Tokenizer>::from_file
[INFO] [stdout]       tokie::serde::<impl Tokenizer>::load
[INFO] [stdout]       Tokenizer::new
[INFO] [stdout]       Tokenizer::from_json
[INFO] [stdout]       Tokenizer::from_json_with_encoder
[INFO] [stdout]    --> src/serde.rs:418:5
[INFO] [stdout]     |
[INFO] [stdout] 418 |       pub fn from_file(path: impl AsRef<std::path::Path>) -> Result<Self, SerdeError> {
[INFO] [stdout]     |       ^^^^^^^^^^^^^^^^^^^^^^^^^^^^^^^^^^^^^^^^^^^^^^^^^^^^^^^^^^^^^^^^^^^^^^^^^^^^^^^
[INFO] [stdout] ...
[INFO] [stdout] 425 |       pub fn load<R: Read>(reader: &mut R) -> Result<Self, SerdeError> {
[INFO] [stdout]     |       ^^^^^^^^^^^^^^^^^^^^^^^^^^^^^^^^^^^^^^^^^^^^^^^^^^^^^^^^^^^^^^^^
[INFO] [stdout]     |
[INFO] [stdout]    ::: src/tokenizer.rs:375:5
[INFO] [stdout]     |
[INFO] [stdout] 375 | /     pub fn new(
[INFO] [stdout] 376 | |         encoder: Encoder,
[INFO] [stdout] 377 | |         decoder: Decoder,
[INFO] [stdout] 378 | |         pretokenizer_type: PretokType,
[INFO] [stdout] 379 | |         normalizer: Normalizer,
[INFO] [stdout] 380 | |         post_processor: PostProcessor,
[INFO] [stdout] 381 | |     ) -> Self {
[INFO] [stdout]     | |_____________^
[INFO] [stdout] ...
[INFO] [stdout] 567 |       pub fn from_json(path: impl AsRef<Path>) -> Result<Self, JsonLoadError> {
[INFO] [stdout]     |       ^^^^^^^^^^^^^^^^^^^^^^^^^^^^^^^^^^^^^^^^^^^^^^^^^^^^^^^^^^^^^^^^^^^^^^^
[INFO] [stdout] ...
[INFO] [stdout] 572 | /     pub fn from_json_with_encoder(
[INFO] [stdout] 573 | |         path: impl AsRef<Path>,
[INFO] [stdout] 574 | |         encoder_type: EncoderType,
[INFO] [stdout] 575 | |     ) -> Result<Self, JsonLoadError> {
[INFO] [stdout]     | |____________________________________^
[INFO] [stdout] help: there is an associated function `from_file` with a similar name
[INFO] [stdout]     |
[INFO] [stdout] 112 -         Err(_) => tokie::Tokenizer::from_pretrained("openai-community/gpt2").unwrap(),
[INFO] [stdout] 112 +         Err(_) => tokie::Tokenizer::from_file("openai-community/gpt2").unwrap(),
[INFO] [stdout]     |
[INFO] [stdout] 
[INFO] [stdout] 
[INFO] [stdout] error[E0599]: no associated function or constant named `from_pretrained` found for struct `Tokenizer` in the current scope
[INFO] [stdout]    --> examples/rank_merge_diff.rs:117:34
[INFO] [stdout]     |
[INFO] [stdout] 117 |     let dsv3 = tokie::Tokenizer::from_pretrained("tokiers/DeepSeek-V3").unwrap();
[INFO] [stdout]     |                                  ^^^^^^^^^^^^^^^ associated function or constant not found in `Tokenizer`
[INFO] [stdout]     |
[INFO] [stdout] note: if you're trying to build a new `Tokenizer` consider using one of the following associated functions:
[INFO] [stdout]       tokie::serde::<impl Tokenizer>::from_file
[INFO] [stdout]       tokie::serde::<impl Tokenizer>::load
[INFO] [stdout]       Tokenizer::new
[INFO] [stdout]       Tokenizer::from_json
[INFO] [stdout]       Tokenizer::from_json_with_encoder
[INFO] [stdout]    --> src/serde.rs:418:5
[INFO] [stdout]     |
[INFO] [stdout] 418 |       pub fn from_file(path: impl AsRef<std::path::Path>) -> Result<Self, SerdeError> {
[INFO] [stdout]     |       ^^^^^^^^^^^^^^^^^^^^^^^^^^^^^^^^^^^^^^^^^^^^^^^^^^^^^^^^^^^^^^^^^^^^^^^^^^^^^^^
[INFO] [stdout] ...
[INFO] [stdout] 425 |       pub fn load<R: Read>(reader: &mut R) -> Result<Self, SerdeError> {
[INFO] [stdout]     |       ^^^^^^^^^^^^^^^^^^^^^^^^^^^^^^^^^^^^^^^^^^^^^^^^^^^^^^^^^^^^^^^^
[INFO] [stdout]     |
[INFO] [stdout]    ::: src/tokenizer.rs:375:5
[INFO] [stdout]     |
[INFO] [stdout] 375 | /     pub fn new(
[INFO] [stdout] 376 | |         encoder: Encoder,
[INFO] [stdout] 377 | |         decoder: Decoder,
[INFO] [stdout] 378 | |         pretokenizer_type: PretokType,
[INFO] [stdout] 379 | |         normalizer: Normalizer,
[INFO] [stdout] 380 | |         post_processor: PostProcessor,
[INFO] [stdout] 381 | |     ) -> Self {
[INFO] [stdout]     | |_____________^
[INFO] [stdout] ...
[INFO] [stdout] 567 |       pub fn from_json(path: impl AsRef<Path>) -> Result<Self, JsonLoadError> {
[INFO] [stdout]     |       ^^^^^^^^^^^^^^^^^^^^^^^^^^^^^^^^^^^^^^^^^^^^^^^^^^^^^^^^^^^^^^^^^^^^^^^
[INFO] [stdout] ...
[INFO] [stdout] 572 | /     pub fn from_json_with_encoder(
[INFO] [stdout] 573 | |         path: impl AsRef<Path>,
[INFO] [stdout] 574 | |         encoder_type: EncoderType,
[INFO] [stdout] 575 | |     ) -> Result<Self, JsonLoadError> {
[INFO] [stdout]     | |____________________________________^
[INFO] [stdout] help: there is an associated function `from_file` with a similar name
[INFO] [stdout]     |
[INFO] [stdout] 117 -     let dsv3 = tokie::Tokenizer::from_pretrained("tokiers/DeepSeek-V3").unwrap();
[INFO] [stdout] 117 +     let dsv3 = tokie::Tokenizer::from_file("tokiers/DeepSeek-V3").unwrap();
[INFO] [stdout]     |
[INFO] [stdout] 
[INFO] [stdout] 
[INFO] [stdout] error[E0599]: no associated function or constant named `from_pretrained` found for struct `Tokenizer` in the current scope
[INFO] [stdout]    --> examples/profile_spawn_cost.rs:43:37
[INFO] [stdout]     |
[INFO] [stdout]  43 |         Err(_) => tokie::Tokenizer::from_pretrained("openai-community/gpt2").unwrap(),
[INFO] [stdout]     |                                     ^^^^^^^^^^^^^^^ associated function or constant not found in `Tokenizer`
[INFO] [stdout]     |
[INFO] [stdout] note: if you're trying to build a new `Tokenizer` consider using one of the following associated functions:
[INFO] [stdout]       tokie::serde::<impl Tokenizer>::from_file
[INFO] [stdout]       tokie::serde::<impl Tokenizer>::load
[INFO] [stdout]       Tokenizer::new
[INFO] [stdout]       Tokenizer::from_json
[INFO] [stdout]       Tokenizer::from_json_with_encoder
[INFO] [stdout]    --> src/serde.rs:418:5
[INFO] [stdout]     |
[INFO] [stdout] 418 |       pub fn from_file(path: impl AsRef<std::path::Path>) -> Result<Self, SerdeError> {
[INFO] [stdout]     |       ^^^^^^^^^^^^^^^^^^^^^^^^^^^^^^^^^^^^^^^^^^^^^^^^^^^^^^^^^^^^^^^^^^^^^^^^^^^^^^^
[INFO] [stdout] ...
[INFO] [stdout] 425 |       pub fn load<R: Read>(reader: &mut R) -> Result<Self, SerdeError> {
[INFO] [stdout]     |       ^^^^^^^^^^^^^^^^^^^^^^^^^^^^^^^^^^^^^^^^^^^^^^^^^^^^^^^^^^^^^^^^
[INFO] [stdout]     |
[INFO] [stdout]    ::: src/tokenizer.rs:375:5
[INFO] [stdout]     |
[INFO] [stdout] 375 | /     pub fn new(
[INFO] [stdout] 376 | |         encoder: Encoder,
[INFO] [stdout] 377 | |         decoder: Decoder,
[INFO] [stdout] 378 | |         pretokenizer_type: PretokType,
[INFO] [stdout] 379 | |         normalizer: Normalizer,
[INFO] [stdout] 380 | |         post_processor: PostProcessor,
[INFO] [stdout] 381 | |     ) -> Self {
[INFO] [stdout]     | |_____________^
[INFO] [stdout] ...
[INFO] [stdout] 567 |       pub fn from_json(path: impl AsRef<Path>) -> Result<Self, JsonLoadError> {
[INFO] [stdout]     |       ^^^^^^^^^^^^^^^^^^^^^^^^^^^^^^^^^^^^^^^^^^^^^^^^^^^^^^^^^^^^^^^^^^^^^^^
[INFO] [stdout] ...
[INFO] [stdout] 572 | /     pub fn from_json_with_encoder(
[INFO] [stdout] 573 | |         path: impl AsRef<Path>,
[INFO] [stdout] 574 | |         encoder_type: EncoderType,
[INFO] [stdout] 575 | |     ) -> Result<Self, JsonLoadError> {
[INFO] [stdout]     | |____________________________________^
[INFO] [stdout] help: there is an associated function `from_file` with a similar name
[INFO] [stdout]     |
[INFO] [stdout]  43 -         Err(_) => tokie::Tokenizer::from_pretrained("openai-community/gpt2").unwrap(),
[INFO] [stdout]  43 +         Err(_) => tokie::Tokenizer::from_file("openai-community/gpt2").unwrap(),
[INFO] [stdout]     |
[INFO] [stdout] 
[INFO] [stdout] 
[INFO] [stdout] For more information about this error, try `rustc --explain E0599`.
[INFO] [stdout] 
[INFO] [stdout] For more information about this error, try `rustc --explain E0599`.
[INFO] [stdout] 
[INFO] [stdout] error[E0599]: no associated function or constant named `from_pretrained` found for struct `Tokenizer` in the current scope
[INFO] [stdout]    --> examples/bench_files.rs:10:37
[INFO] [stdout]     |
[INFO] [stdout]  10 |         Err(_) => tokie::Tokenizer::from_pretrained("openai-community/gpt2").unwrap(),
[INFO] [stdout]     |                                     ^^^^^^^^^^^^^^^ associated function or constant not found in `Tokenizer`
[INFO] [stdout]     |
[INFO] [stdout] note: if you're trying to build a new `Tokenizer` consider using one of the following associated functions:
[INFO] [stdout]       tokie::serde::<impl Tokenizer>::from_file
[INFO] [stdout]       tokie::serde::<impl Tokenizer>::load
[INFO] [stdout]       Tokenizer::new
[INFO] [stdout]       Tokenizer::from_json
[INFO] [stdout]       Tokenizer::from_json_with_encoder
[INFO] [stdout]    --> src/serde.rs:418:5
[INFO] [stdout]     |
[INFO] [stdout] 418 |       pub fn from_file(path: impl AsRef<std::path::Path>) -> Result<Self, SerdeError> {
[INFO] [stdout]     |       ^^^^^^^^^^^^^^^^^^^^^^^^^^^^^^^^^^^^^^^^^^^^^^^^^^^^^^^^^^^^^^^^^^^^^^^^^^^^^^^
[INFO] [stdout] ...
[INFO] [stdout] 425 |       pub fn load<R: Read>(reader: &mut R) -> Result<Self, SerdeError> {
[INFO] [stdout]     |       ^^^^^^^^^^^^^^^^^^^^^^^^^^^^^^^^^^^^^^^^^^^^^^^^^^^^^^^^^^^^^^^^
[INFO] [stdout]     |
[INFO] [stdout]    ::: src/tokenizer.rs:375:5
[INFO] [stdout]     |
[INFO] [stdout] 375 | /     pub fn new(
[INFO] [stdout] 376 | |         encoder: Encoder,
[INFO] [stdout] 377 | |         decoder: Decoder,
[INFO] [stdout] 378 | |         pretokenizer_type: PretokType,
[INFO] [stdout] 379 | |         normalizer: Normalizer,
[INFO] [stdout] 380 | |         post_processor: PostProcessor,
[INFO] [stdout] 381 | |     ) -> Self {
[INFO] [stdout]     | |_____________^
[INFO] [stdout] ...
[INFO] [stdout] 567 |       pub fn from_json(path: impl AsRef<Path>) -> Result<Self, JsonLoadError> {
[INFO] [stdout]     |       ^^^^^^^^^^^^^^^^^^^^^^^^^^^^^^^^^^^^^^^^^^^^^^^^^^^^^^^^^^^^^^^^^^^^^^^
[INFO] [stdout] ...
[INFO] [stdout] 572 | /     pub fn from_json_with_encoder(
[INFO] [stdout] 573 | |         path: impl AsRef<Path>,
[INFO] [stdout] 574 | |         encoder_type: EncoderType,
[INFO] [stdout] 575 | |     ) -> Result<Self, JsonLoadError> {
[INFO] [stdout]     | |____________________________________^
[INFO] [stdout] help: there is an associated function `from_file` with a similar name
[INFO] [stdout]     |
[INFO] [stdout]  10 -         Err(_) => tokie::Tokenizer::from_pretrained("openai-community/gpt2").unwrap(),
[INFO] [stdout]  10 +         Err(_) => tokie::Tokenizer::from_file("openai-community/gpt2").unwrap(),
[INFO] [stdout]     |
[INFO] [stdout] 
[INFO] [stdout] 
[INFO] [stderr] error: could not compile `tokie` (example "profile_spawn_cost") due to 1 previous error
[INFO] [stderr] error: could not compile `tokie` (example "rank_merge_diff") due to 2 previous errors
[INFO] [stderr] error: could not compile `tokie` (example "bench_files") due to 1 previous error
[INFO] [stdout] For more information about this error, try `rustc --explain E0599`.
[INFO] [stdout] 
[INFO] [stdout] error[E0599]: no associated function or constant named `from_pretrained` found for struct `Tokenizer` in the current scope
[INFO] [stdout]    --> examples/rank_merge_bench.rs:96:37
[INFO] [stdout]     |
[INFO] [stdout]  96 |         Err(_) => tokie::Tokenizer::from_pretrained("openai-community/gpt2").unwrap(),
[INFO] [stdout]     |                                     ^^^^^^^^^^^^^^^ associated function or constant not found in `Tokenizer`
[INFO] [stdout]     |
[INFO] [stdout] note: if you're trying to build a new `Tokenizer` consider using one of the following associated functions:
[INFO] [stdout]       tokie::serde::<impl Tokenizer>::from_file
[INFO] [stdout]       tokie::serde::<impl Tokenizer>::load
[INFO] [stdout]       Tokenizer::new
[INFO] [stdout]       Tokenizer::from_json
[INFO] [stdout]       Tokenizer::from_json_with_encoder
[INFO] [stdout]    --> src/serde.rs:418:5
[INFO] [stdout]     |
[INFO] [stdout] 418 |       pub fn from_file(path: impl AsRef<std::path::Path>) -> Result<Self, SerdeError> {
[INFO] [stdout]     |       ^^^^^^^^^^^^^^^^^^^^^^^^^^^^^^^^^^^^^^^^^^^^^^^^^^^^^^^^^^^^^^^^^^^^^^^^^^^^^^^
[INFO] [stdout] ...
[INFO] [stdout] 425 |       pub fn load<R: Read>(reader: &mut R) -> Result<Self, SerdeError> {
[INFO] [stdout]     |       ^^^^^^^^^^^^^^^^^^^^^^^^^^^^^^^^^^^^^^^^^^^^^^^^^^^^^^^^^^^^^^^^
[INFO] [stdout]     |
[INFO] [stdout]    ::: src/tokenizer.rs:375:5
[INFO] [stdout]     |
[INFO] [stdout] 375 | /     pub fn new(
[INFO] [stdout] 376 | |         encoder: Encoder,
[INFO] [stdout] 377 | |         decoder: Decoder,
[INFO] [stdout] 378 | |         pretokenizer_type: PretokType,
[INFO] [stdout] 379 | |         normalizer: Normalizer,
[INFO] [stdout] 380 | |         post_processor: PostProcessor,
[INFO] [stdout] 381 | |     ) -> Self {
[INFO] [stdout]     | |_____________^
[INFO] [stdout] ...
[INFO] [stdout] 567 |       pub fn from_json(path: impl AsRef<Path>) -> Result<Self, JsonLoadError> {
[INFO] [stdout]     |       ^^^^^^^^^^^^^^^^^^^^^^^^^^^^^^^^^^^^^^^^^^^^^^^^^^^^^^^^^^^^^^^^^^^^^^^
[INFO] [stdout] ...
[INFO] [stdout] 572 | /     pub fn from_json_with_encoder(
[INFO] [stdout] 573 | |         path: impl AsRef<Path>,
[INFO] [stdout] 574 | |         encoder_type: EncoderType,
[INFO] [stdout] 575 | |     ) -> Result<Self, JsonLoadError> {
[INFO] [stdout]     | |____________________________________^
[INFO] [stdout] help: there is an associated function `from_file` with a similar name
[INFO] [stdout]     |
[INFO] [stdout]  96 -         Err(_) => tokie::Tokenizer::from_pretrained("openai-community/gpt2").unwrap(),
[INFO] [stdout]  96 +         Err(_) => tokie::Tokenizer::from_file("openai-community/gpt2").unwrap(),
[INFO] [stdout]     |
[INFO] [stdout] 
[INFO] [stdout] 
[INFO] [stdout] error[E0599]: no associated function or constant named `from_pretrained` found for struct `Tokenizer` in the current scope
[INFO] [stdout]    --> examples/rank_merge_bench.rs:100:34
[INFO] [stdout]     |
[INFO] [stdout] 100 |     let dsv3 = tokie::Tokenizer::from_pretrained("tokiers/DeepSeek-V3").unwrap();
[INFO] [stdout]     |                                  ^^^^^^^^^^^^^^^ associated function or constant not found in `Tokenizer`
[INFO] [stdout]     |
[INFO] [stdout] note: if you're trying to build a new `Tokenizer` consider using one of the following associated functions:
[INFO] [stdout]       tokie::serde::<impl Tokenizer>::from_file
[INFO] [stdout]       tokie::serde::<impl Tokenizer>::load
[INFO] [stdout]       Tokenizer::new
[INFO] [stdout]       Tokenizer::from_json
[INFO] [stdout]       Tokenizer::from_json_with_encoder
[INFO] [stdout]    --> src/serde.rs:418:5
[INFO] [stdout]     |
[INFO] [stdout] 418 |       pub fn from_file(path: impl AsRef<std::path::Path>) -> Result<Self, SerdeError> {
[INFO] [stdout]     |       ^^^^^^^^^^^^^^^^^^^^^^^^^^^^^^^^^^^^^^^^^^^^^^^^^^^^^^^^^^^^^^^^^^^^^^^^^^^^^^^
[INFO] [stdout] ...
[INFO] [stdout] 425 |       pub fn load<R: Read>(reader: &mut R) -> Result<Self, SerdeError> {
[INFO] [stdout]     |       ^^^^^^^^^^^^^^^^^^^^^^^^^^^^^^^^^^^^^^^^^^^^^^^^^^^^^^^^^^^^^^^^
[INFO] [stdout]     |
[INFO] [stdout]    ::: src/tokenizer.rs:375:5
[INFO] [stdout]     |
[INFO] [stdout] 375 | /     pub fn new(
[INFO] [stdout] 376 | |         encoder: Encoder,
[INFO] [stdout] 377 | |         decoder: Decoder,
[INFO] [stdout] 378 | |         pretokenizer_type: PretokType,
[INFO] [stdout] 379 | |         normalizer: Normalizer,
[INFO] [stdout] 380 | |         post_processor: PostProcessor,
[INFO] [stdout] 381 | |     ) -> Self {
[INFO] [stdout]     | |_____________^
[INFO] [stdout] ...
[INFO] [stdout] 567 |       pub fn from_json(path: impl AsRef<Path>) -> Result<Self, JsonLoadError> {
[INFO] [stdout]     |       ^^^^^^^^^^^^^^^^^^^^^^^^^^^^^^^^^^^^^^^^^^^^^^^^^^^^^^^^^^^^^^^^^^^^^^^
[INFO] [stdout] ...
[INFO] [stdout] 572 | /     pub fn from_json_with_encoder(
[INFO] [stdout] 573 | |         path: impl AsRef<Path>,
[INFO] [stdout] 574 | |         encoder_type: EncoderType,
[INFO] [stdout] 575 | |     ) -> Result<Self, JsonLoadError> {
[INFO] [stdout]     | |____________________________________^
[INFO] [stdout] help: there is an associated function `from_file` with a similar name
[INFO] [stdout]     |
[INFO] [stdout] 100 -     let dsv3 = tokie::Tokenizer::from_pretrained("tokiers/DeepSeek-V3").unwrap();
[INFO] [stdout] 100 +     let dsv3 = tokie::Tokenizer::from_file("tokiers/DeepSeek-V3").unwrap();
[INFO] [stdout]     |
[INFO] [stdout] 
[INFO] [stdout] 
[INFO] [stdout] For more information about this error, try `rustc --explain E0599`.
[INFO] [stdout] 
[INFO] [stderr] error: could not compile `tokie` (example "rank_merge_bench") due to 2 previous errors
[INFO] [stdout] For more information about this error, try `rustc --explain E0599`.
[INFO] [stdout] 
[INFO] [stderr] error: could not compile `tokie` (example "profile_glue_costs") due to 1 previous error
[INFO] [stderr] warning: unused dependency `serde`
[INFO] [stderr]   --> Cargo.toml:46:15
[INFO] [stderr]    |
[INFO] [stderr] 46 | [dependencies.serde]
[INFO] [stderr]    |               ^^^^^^
[INFO] [stderr]    |
[INFO] [stderr]    = note: `cargo::unused_dependencies` is set to `warn` by default
[INFO] [stderr] help: consider removing the dependency on `serde`
[INFO] [stderr] warning: `tokie` (manifest) generated 1 warning
[INFO] running `Command { std: "docker" "inspect" "0d15e1b840c8b96b3649ee1d7295ed145ce3c85838297a16ffd061532f719531", kill_on_drop: false }`
[INFO] running `Command { std: "docker" "rm" "-f" "0d15e1b840c8b96b3649ee1d7295ed145ce3c85838297a16ffd061532f719531", kill_on_drop: false }`
[INFO] [stdout] 0d15e1b840c8b96b3649ee1d7295ed145ce3c85838297a16ffd061532f719531
