[INFO] fetching crate tok3niz3r-cli 0.2.0...
[INFO] testing tok3niz3r-cli-0.2.0 against 1.100.0-beta.1 for beta-1.100-2
[INFO] extracting crate tok3niz3r-cli 0.2.0 into /workspace/builds/worker-5-tc2/source
[INFO] started tweaking crates.io crate tok3niz3r-cli 0.2.0
[INFO] removed 0 missing tests
[INFO] finished tweaking crates.io crate tok3niz3r-cli 0.2.0
[INFO] tweaked toml for crates.io crate tok3niz3r-cli 0.2.0 written to /workspace/builds/worker-5-tc2/source/Cargo.toml
[INFO] validating manifest of crates.io crate tok3niz3r-cli 0.2.0 on toolchain 1.100.0-beta.1
[INFO] running `Command { std: CARGO_HOME="/workspace/cargo-home" RUSTUP_HOME="/workspace/rustup-home" "/workspace/cargo-home/bin/cargo" "+1.100.0-beta.1" "metadata" "--manifest-path" "Cargo.toml" "--no-deps", kill_on_drop: false }`
[INFO] crate crates.io crate tok3niz3r-cli 0.2.0 already has a lockfile, it will not be regenerated
[INFO] running `Command { std: CARGO_HOME="/workspace/cargo-home" RUSTUP_HOME="/workspace/rustup-home" "/workspace/cargo-home/bin/cargo" "+1.100.0-beta.1" "fetch" "--manifest-path" "Cargo.toml", kill_on_drop: false }`
[INFO] [stderr] warning: `package.homepage` is redundant with `package.repository`
[INFO] [stderr]   --> Cargo.toml:62:12
[INFO] [stderr]    |
[INFO] [stderr] 62 | homepage = "https://forge.cloudsling.dev/andreu/tok3niz3r"
[INFO] [stderr]    |            ^^^^^^^^^^^^^^^^^^^^^^^^^^^^^^^^^^^^^^^^^^^^^^^
[INFO] [stderr] ...
[INFO] [stderr] 67 | repository = "https://forge.cloudsling.dev/andreu/tok3niz3r"
[INFO] [stderr]    |              -----------------------------------------------
[INFO] [stderr]    |
[INFO] [stderr]    = note: `cargo::redundant_homepage` is set to `warn` by default
[INFO] [stderr] help: consider removing `package.homepage`
[INFO] [stderr] warning: `tok3niz3r-cli` (manifest) generated 1 warning
[INFO] running `Command { std: "docker" "create" "-v" "/var/lib/crater-agent-workspace/builds/worker-5-tc2/source:/opt/rustwide/workdir:ro,Z" "-v" "/var/lib/crater-agent-workspace/builds/worker-5-tc2/target:/opt/rustwide/target:rw,Z" "-v" "/var/lib/crater-agent-workspace/cargo-home:/opt/rustwide/cargo-home:ro,Z" "-v" "/var/lib/crater-agent-workspace/rustup-home:/opt/rustwide/rustup-home:ro,Z" "-m" "1610612736" "--network" "none" "ghcr.io/rust-lang/crates-build-env/linux@sha256:3111399a4047eeb3a02b7a90e478d715f38a8c6669b5c4b49d30a17385265909" "sleep" "infinity", kill_on_drop: false }`
[INFO] [stdout] 5eb702ff3b5e61cf084a70b997d4421b2b8420c57a4e082b8fdfc62465e87b29
[INFO] running `Command { std: "docker" "start" "5eb702ff3b5e61cf084a70b997d4421b2b8420c57a4e082b8fdfc62465e87b29", kill_on_drop: false }`
[INFO] running `Command { std: "docker" "inspect" "5eb702ff3b5e61cf084a70b997d4421b2b8420c57a4e082b8fdfc62465e87b29", kill_on_drop: false }`
[INFO] running `Command { std: "docker" "exec" "-e" "SOURCE_DIR=/opt/rustwide/workdir" "-e" "CARGO_HOME=/opt/rustwide/cargo-home" "-e" "RUSTUP_HOME=/opt/rustwide/rustup-home" "-e" "CARGO_TARGET_DIR=/opt/rustwide/target" "-w" "/opt/rustwide/workdir" "--user" "0:0" "5eb702ff3b5e61cf084a70b997d4421b2b8420c57a4e082b8fdfc62465e87b29" "/opt/rustwide/cargo-home/bin/cargo" "+1.100.0-beta.1" "metadata" "--no-deps" "--format-version=1", kill_on_drop: false }`
[INFO] running `Command { std: "docker" "inspect" "5eb702ff3b5e61cf084a70b997d4421b2b8420c57a4e082b8fdfc62465e87b29", kill_on_drop: false }`
[INFO] running `Command { std: "docker" "exec" "-e" "SOURCE_DIR=/opt/rustwide/workdir" "-e" "CARGO_HOME=/opt/rustwide/cargo-home" "-e" "RUSTUP_HOME=/opt/rustwide/rustup-home" "-e" "CARGO_TARGET_DIR=/opt/rustwide/target" "-e" "CARGO_INCREMENTAL=0" "-e" "RUST_BACKTRACE=full" "-e" "RUSTFLAGS=--cap-lints=warn" "-e" "RUSTDOCFLAGS=--cap-lints=warn" "-w" "/opt/rustwide/workdir" "--user" "0:0" "5eb702ff3b5e61cf084a70b997d4421b2b8420c57a4e082b8fdfc62465e87b29" "/opt/rustwide/cargo-home/bin/cargo" "+1.100.0-beta.1" "build" "--frozen" "--message-format=json", kill_on_drop: false }`
[INFO] [stderr] warning: `package.homepage` is redundant with `package.repository`
[INFO] [stderr]   --> Cargo.toml:62:12
[INFO] [stderr]    |
[INFO] [stderr] 62 | homepage = "https://forge.cloudsling.dev/andreu/tok3niz3r"
[INFO] [stderr]    |            ^^^^^^^^^^^^^^^^^^^^^^^^^^^^^^^^^^^^^^^^^^^^^^^
[INFO] [stderr] ...
[INFO] [stderr] 67 | repository = "https://forge.cloudsling.dev/andreu/tok3niz3r"
[INFO] [stderr]    |              -----------------------------------------------
[INFO] [stderr]    |
[INFO] [stderr]    = note: `cargo::redundant_homepage` is set to `warn` by default
[INFO] [stderr] help: consider removing `package.homepage`
[INFO] [stderr] warning: `tok3niz3r-cli` (manifest) generated 1 warning
[INFO] [stderr]    Compiling unicode-ident v1.0.24
[INFO] [stderr]    Compiling quote v1.0.45
[INFO] [stderr]    Compiling serde_core v1.0.228
[INFO] [stderr]    Compiling version_check v0.9.5
[INFO] [stderr]    Compiling serde v1.0.228
[INFO] [stderr]    Compiling libc v0.2.185
[INFO] [stderr]    Compiling crossbeam-utils v0.8.21
[INFO] [stderr]    Compiling memchr v2.8.0
[INFO] [stderr]    Compiling proc-macro2 v1.0.106
[INFO] [stderr]    Compiling getrandom v0.3.4
[INFO] [stderr]    Compiling strsim v0.11.1
[INFO] [stderr]    Compiling zerocopy v0.8.48
[INFO] [stderr]    Compiling ident_case v1.0.1
[INFO] [stderr]    Compiling fnv v1.0.7
[INFO] [stderr]    Compiling cc v1.2.60
[INFO] [stderr]    Compiling rustversion v1.0.22
[INFO] [stderr]    Compiling pkg-config v0.3.33
[INFO] [stderr]    Compiling rayon-core v1.13.0
[INFO] [stderr]    Compiling syn v2.0.117
[INFO] [stderr]    Compiling crossbeam-epoch v0.9.18
[INFO] [stderr]    Compiling aho-corasick v1.1.4
[INFO] [stderr]    Compiling paste v1.0.15
[INFO] [stderr]    Compiling crossbeam-deque v0.8.6
[INFO] [stderr]    Compiling regex-syntax v0.8.10
[INFO] [stderr]    Compiling either v1.15.0
[INFO] [stderr]    Compiling rand_core v0.9.5
[INFO] [stderr]    Compiling onig_sys v69.9.1
[INFO] [stderr]    Compiling ahash v0.8.12
[INFO] [stderr]    Compiling simdutf8 v0.1.5
[INFO] [stderr]    Compiling esaxx-rs v0.1.10
[INFO] [stderr]    Compiling once_cell v1.21.4
[INFO] [stderr]    Compiling itoa v1.0.18
[INFO] [stderr]    Compiling serde_json v1.0.149
[INFO] [stderr]    Compiling thiserror v2.0.18
[INFO] [stderr]    Compiling minimal-lexical v0.2.1
[INFO] [stderr]    Compiling nom v7.1.3
[INFO] [stderr]    Compiling castaway v0.2.4
[INFO] [stderr]    Compiling rayon v1.12.0
[INFO] [stderr]    Compiling regex-automata v0.4.14
[INFO] [stderr]    Compiling itertools v0.14.0
[INFO] [stderr]    Compiling proc-macro2-diagnostics v0.10.1
[INFO] [stderr]    Compiling smallvec v1.15.1
[INFO] [stderr]    Compiling darling_core v0.20.11
[INFO] [stderr]    Compiling macro_rules_attribute-proc_macro v0.2.2
[INFO] [stderr]    Compiling ppv-lite86 v0.2.21
[INFO] [stderr]    Compiling unicode-segmentation v1.13.2
[INFO] [stderr]    Compiling static_assertions v1.1.0
[INFO] [stderr]    Compiling bitflags v2.11.1
[INFO] [stderr]    Compiling base64 v0.13.1
[INFO] [stderr]    Compiling rand_chacha v0.9.0
[INFO] [stderr]    Compiling rayon-cond v0.4.0
[INFO] [stderr]    Compiling macro_rules_attribute v0.2.2
[INFO] [stderr]    Compiling unicode-normalization-alignments v0.1.12
[INFO] [stderr]    Compiling rand v0.9.4
[INFO] [stderr]    Compiling tinyvec_macros v0.1.1
[INFO] [stderr]    Compiling yansi v1.0.1
[INFO] [stderr]    Compiling onig v6.5.1
[INFO] [stderr]    Compiling regex v1.12.3
[INFO] [stderr]    Compiling bit-vec v0.8.0
[INFO] [stderr]    Compiling hashbrown v0.17.0
[INFO] [stderr]    Compiling log v0.4.29
[INFO] [stderr]    Compiling unicode_categories v0.1.1
[INFO] [stderr]    Compiling serde_derive v1.0.228
[INFO] [stderr]    Compiling ptr_meta_derive v0.3.1
[INFO] [stderr]    Compiling bytecheck_derive v0.8.2
[INFO] [stderr]    Compiling monostate-impl v0.1.18
[INFO] [stderr]    Compiling ptr_meta v0.3.1
[INFO] [stderr]    Compiling rancor v0.1.1
[INFO] [stderr]    Compiling thiserror-impl v2.0.18
[INFO] [stderr]    Compiling munge_macro v0.4.7
[INFO] [stderr]    Compiling monostate v0.1.18
[INFO] [stderr]    Compiling rkyv_derive v0.8.15
[INFO] [stderr]    Compiling darling_macro v0.20.11
[INFO] [stderr]    Compiling bytecheck v0.8.2
[INFO] [stderr]    Compiling indexmap v2.14.0
[INFO] [stderr]    Compiling munge v0.4.7
[INFO] [stderr]    Compiling rend v0.5.3
[INFO] [stderr]    Compiling darling v0.20.11
[INFO] [stderr]    Compiling derive_builder_core v0.20.2
[INFO] [stderr]    Compiling bit-set v0.8.0
[INFO] [stderr]    Compiling tinyvec v1.11.0
[INFO] [stderr]    Compiling uncased v0.9.10
[INFO] [stderr]    Compiling portable-atomic v1.13.1
[INFO] [stderr]    Compiling rustc-hash v2.1.2
[INFO] [stderr]    Compiling winnow v0.7.15
[INFO] [stderr]    Compiling toml_write v0.1.2
[INFO] [stderr]    Compiling unicode-normalization v0.1.25
[INFO] [stderr]    Compiling pear_codegen v0.2.9
[INFO] [stderr]    Compiling derive_builder_macro v0.20.2
[INFO] [stderr]    Compiling derive_builder v0.20.2
[INFO] [stderr]    Compiling fancy-regex v0.17.0
[INFO] [stderr]    Compiling memmap2 v0.9.10
[INFO] [stderr]    Compiling figment v0.10.19
[INFO] [stderr]    Compiling unicode-width v0.2.2
[INFO] [stderr]    Compiling inlinable_string v0.1.15
[INFO] [stderr]    Compiling console v0.16.3
[INFO] [stderr]    Compiling pear v0.2.9
[INFO] [stderr]    Compiling unit-prefix v0.5.2
[INFO] [stderr]    Compiling bpaf v0.9.25
[INFO] [stderr]    Compiling indicatif v0.18.4
[INFO] [stderr]    Compiling spm_precompiled v0.1.4
[INFO] [stderr]    Compiling compact_str v0.9.0
[INFO] [stderr]    Compiling dary_heap v0.3.9
[INFO] [stderr]    Compiling toml_datetime v0.6.11
[INFO] [stderr]    Compiling serde_spanned v0.6.9
[INFO] [stderr]    Compiling toml_edit v0.22.27
[INFO] [stderr]    Compiling tokenizers v0.22.2
[INFO] [stderr]    Compiling rkyv v0.8.15
[INFO] [stderr]    Compiling toml v0.8.23
[INFO] [stderr]    Compiling tok3niz3r-core v0.2.0
[INFO] [stderr]    Compiling tok3niz3r-runtime v0.2.0
[INFO] [stderr]    Compiling tok3niz3r-trainer v0.2.0
[INFO] [stderr]    Compiling tok3niz3r-cli v0.2.0 (/opt/rustwide/workdir)
[INFO] [stderr]     Finished `dev` profile [unoptimized + debuginfo] target(s) in 1m 54s
[INFO] [stderr] warning: the following packages contain code that will be rejected by a future version of Rust: bytecheck v0.8.2, rkyv v0.8.15
[INFO] [stderr] note: to see what the problems were, use the option `--future-incompat-report`, or run `cargo report future-incompatibilities --id 1`
[INFO] running `Command { std: "docker" "inspect" "5eb702ff3b5e61cf084a70b997d4421b2b8420c57a4e082b8fdfc62465e87b29", kill_on_drop: false }`
[INFO] running `Command { std: "docker" "exec" "-e" "SOURCE_DIR=/opt/rustwide/workdir" "-e" "CARGO_HOME=/opt/rustwide/cargo-home" "-e" "RUSTUP_HOME=/opt/rustwide/rustup-home" "-e" "CARGO_TARGET_DIR=/opt/rustwide/target" "-e" "CARGO_INCREMENTAL=0" "-e" "RUST_BACKTRACE=full" "-e" "RUSTFLAGS=--cap-lints=warn" "-e" "RUSTDOCFLAGS=--cap-lints=warn" "-w" "/opt/rustwide/workdir" "--user" "0:0" "5eb702ff3b5e61cf084a70b997d4421b2b8420c57a4e082b8fdfc62465e87b29" "/opt/rustwide/cargo-home/bin/cargo" "+1.100.0-beta.1" "test" "--frozen" "--no-run" "--message-format=json", kill_on_drop: false }`
[INFO] [stderr] warning: `package.homepage` is redundant with `package.repository`
[INFO] [stderr]   --> Cargo.toml:62:12
[INFO] [stderr]    |
[INFO] [stderr] 62 | homepage = "https://forge.cloudsling.dev/andreu/tok3niz3r"
[INFO] [stderr]    |            ^^^^^^^^^^^^^^^^^^^^^^^^^^^^^^^^^^^^^^^^^^^^^^^
[INFO] [stderr] ...
[INFO] [stderr] 67 | repository = "https://forge.cloudsling.dev/andreu/tok3niz3r"
[INFO] [stderr]    |              -----------------------------------------------
[INFO] [stderr]    |
[INFO] [stderr]    = note: `cargo::redundant_homepage` is set to `warn` by default
[INFO] [stderr] help: consider removing `package.homepage`
[INFO] [stderr] warning: `tok3niz3r-cli` (manifest) generated 1 warning
[INFO] [stderr]    Compiling bitflags v2.11.1
[INFO] [stderr]    Compiling getrandom v0.4.2
[INFO] [stderr]    Compiling rustix v1.1.4
[INFO] [stderr]    Compiling linux-raw-sys v0.12.1
[INFO] [stderr]    Compiling parking_lot_core v0.9.12
[INFO] [stderr]    Compiling figment v0.10.19
[INFO] [stderr]    Compiling predicates-core v1.0.10
[INFO] [stderr]    Compiling fastrand v2.4.1
[INFO] [stderr]    Compiling winnow v1.0.1
[INFO] [stderr]    Compiling onig v6.5.1
[INFO] [stderr]    Compiling termtree v0.5.1
[INFO] [stderr]    Compiling difflib v0.4.0
[INFO] [stderr]    Compiling assert_cmd v2.2.1
[INFO] [stderr]    Compiling anstyle v1.0.14
[INFO] [stderr]    Compiling parking_lot v0.12.5
[INFO] [stderr]    Compiling predicates-tree v1.0.13
[INFO] [stderr]    Compiling bstr v1.12.1
[INFO] [stderr]    Compiling serde_spanned v1.1.1
[INFO] [stderr]    Compiling toml_parser v1.1.2+spec-1.1.0
[INFO] [stderr]    Compiling predicates v3.1.4
[INFO] [stderr]    Compiling wait-timeout v0.2.1
[INFO] [stderr]    Compiling toml_datetime v1.1.1+spec-1.1.0
[INFO] [stderr]    Compiling toml_writer v1.1.1+spec-1.1.0
[INFO] [stderr]    Compiling tokenizers v0.22.2
[INFO] [stderr]    Compiling toml v1.1.2+spec-1.1.0
[INFO] [stderr]    Compiling tempfile v3.27.0
[INFO] [stderr]    Compiling tok3niz3r-core v0.2.0
[INFO] [stderr]    Compiling tok3niz3r-runtime v0.2.0
[INFO] [stderr]    Compiling tok3niz3r-trainer v0.2.0
[INFO] [stderr]    Compiling tok3niz3r-cli v0.2.0 (/opt/rustwide/workdir)
[INFO] [stdout] error[E0433]: cannot find module or crate `tok3niz3r_test_support` in this scope
[INFO] [stdout]  --> tests/encode_decode_cli.rs:6:5
[INFO] [stdout]   |
[INFO] [stdout] 6 | use tok3niz3r_test_support::cli_runner::train_tiny_tokenizer;
[INFO] [stdout]   |     ^^^^^^^^^^^^^^^^^^^^^^ use of unresolved module or unlinked crate `tok3niz3r_test_support`
[INFO] [stdout]   |
[INFO] [stdout]   = help: if you wanted to use a crate named `tok3niz3r_test_support`, use `cargo add tok3niz3r_test_support` to add it to your `Cargo.toml`
[INFO] [stdout] 
[INFO] [stdout] 
[INFO] [stdout] error[E0433]: cannot find module or crate `tok3niz3r_test_support` in this scope
[INFO] [stdout]  --> tests/stats_cli.rs:5:5
[INFO] [stdout]   |
[INFO] [stdout] 5 | use tok3niz3r_test_support::cli_runner::train_tiny_tokenizer;
[INFO] [stdout]   |     ^^^^^^^^^^^^^^^^^^^^^^ use of unresolved module or unlinked crate `tok3niz3r_test_support`
[INFO] [stdout]   |
[INFO] [stdout]   = help: if you wanted to use a crate named `tok3niz3r_test_support`, use `cargo add tok3niz3r_test_support` to add it to your `Cargo.toml`
[INFO] [stdout] 
[INFO] [stdout] 
[INFO] [stdout] error[E0432]: unresolved import `tok3niz3r_test_support`
[INFO] [stdout]  --> tests/encode_decode_cli.rs:7:5
[INFO] [stdout]   |
[INFO] [stdout] 7 | use tok3niz3r_test_support::{TINY_TRAINING_CORPUS, workspace_file};
[INFO] [stdout]   |     ^^^^^^^^^^^^^^^^^^^^^^ use of unresolved module or unlinked crate `tok3niz3r_test_support`
[INFO] [stdout]   |
[INFO] [stdout]   = help: if you wanted to use a crate named `tok3niz3r_test_support`, use `cargo add tok3niz3r_test_support` to add it to your `Cargo.toml`
[INFO] [stdout] 
[INFO] [stdout] 
[INFO] [stdout] error[E0432]: unresolved import `tok3niz3r_test_support`
[INFO] [stdout]   --> tests/train_cli.rs:11:5
[INFO] [stdout]    |
[INFO] [stdout] 11 | use tok3niz3r_test_support::{TINY_TRAINING_CORPUS, workspace_file};
[INFO] [stdout]    |     ^^^^^^^^^^^^^^^^^^^^^^ use of unresolved module or unlinked crate `tok3niz3r_test_support`
[INFO] [stdout]    |
[INFO] [stdout]    = help: if you wanted to use a crate named `tok3niz3r_test_support`, use `cargo add tok3niz3r_test_support` to add it to your `Cargo.toml`
[INFO] [stdout] 
[INFO] [stdout] 
[INFO] [stdout] error[E0432]: unresolved import `tok3niz3r_test_support`
[INFO] [stdout]  --> tests/stats_cli.rs:6:5
[INFO] [stdout]   |
[INFO] [stdout] 6 | use tok3niz3r_test_support::{TINY_TRAINING_CORPUS, workspace_file};
[INFO] [stdout]   |     ^^^^^^^^^^^^^^^^^^^^^^ use of unresolved module or unlinked crate `tok3niz3r_test_support`
[INFO] [stdout]   |
[INFO] [stdout]   = help: if you wanted to use a crate named `tok3niz3r_test_support`, use `cargo add tok3niz3r_test_support` to add it to your `Cargo.toml`
[INFO] [stdout] 
[INFO] [stdout] 
[INFO] [stdout] For more information about this error, try `rustc --explain E0432`.
[INFO] [stdout] 
[INFO] [stderr] error: could not compile `tok3niz3r-cli` (test "train_cli") due to 1 previous error
[INFO] [stderr] warning: build failed, waiting for other jobs to finish...
[INFO] [stdout] Some errors have detailed explanations: E0432, E0433.
[INFO] [stdout] 
[INFO] [stdout] For more information about an error, try `rustc --explain E0432`.
[INFO] [stdout] 
[INFO] [stdout] Some errors have detailed explanations: E0432, E0433.
[INFO] [stdout] 
[INFO] [stdout] For more information about an error, try `rustc --explain E0432`.
[INFO] [stdout] 
[INFO] [stderr] error: could not compile `tok3niz3r-cli` (test "encode_decode_cli") due to 2 previous errors
[INFO] [stderr] error: could not compile `tok3niz3r-cli` (test "stats_cli") due to 2 previous errors
[INFO] running `Command { std: "docker" "inspect" "5eb702ff3b5e61cf084a70b997d4421b2b8420c57a4e082b8fdfc62465e87b29", kill_on_drop: false }`
[INFO] running `Command { std: "docker" "rm" "-f" "5eb702ff3b5e61cf084a70b997d4421b2b8420c57a4e082b8fdfc62465e87b29", kill_on_drop: false }`
[INFO] [stdout] 5eb702ff3b5e61cf084a70b997d4421b2b8420c57a4e082b8fdfc62465e87b29
