[INFO] fetching crate toasty-mgr 0.1.3...
[INFO] testing toasty-mgr-0.1.3 against 1.100.0-beta.1 for beta-1.100-2
[INFO] extracting crate toasty-mgr 0.1.3 into /workspace/builds/worker-5-tc2/source
[INFO] started tweaking crates.io crate toasty-mgr 0.1.3
[INFO] removed 0 missing tests
[INFO] finished tweaking crates.io crate toasty-mgr 0.1.3
[INFO] tweaked toml for crates.io crate toasty-mgr 0.1.3 written to /workspace/builds/worker-5-tc2/source/Cargo.toml
[INFO] validating manifest of crates.io crate toasty-mgr 0.1.3 on toolchain 1.100.0-beta.1
[INFO] running `Command { std: CARGO_HOME="/workspace/cargo-home" RUSTUP_HOME="/workspace/rustup-home" "/workspace/cargo-home/bin/cargo" "+1.100.0-beta.1" "metadata" "--manifest-path" "Cargo.toml" "--no-deps", kill_on_drop: false }`
[INFO] crate crates.io crate toasty-mgr 0.1.3 already has a lockfile, it will not be regenerated
[INFO] running `Command { std: CARGO_HOME="/workspace/cargo-home" RUSTUP_HOME="/workspace/rustup-home" "/workspace/cargo-home/bin/cargo" "+1.100.0-beta.1" "fetch" "--manifest-path" "Cargo.toml", kill_on_drop: false }`
[INFO] [stderr]     Blocking waiting for file lock on package cache
[INFO] [stderr]     Blocking waiting for file lock on package cache
[INFO] running `Command { std: "docker" "create" "-v" "/var/lib/crater-agent-workspace/builds/worker-5-tc2/source:/opt/rustwide/workdir:ro,Z" "-v" "/var/lib/crater-agent-workspace/builds/worker-5-tc2/target:/opt/rustwide/target:rw,Z" "-v" "/var/lib/crater-agent-workspace/cargo-home:/opt/rustwide/cargo-home:ro,Z" "-v" "/var/lib/crater-agent-workspace/rustup-home:/opt/rustwide/rustup-home:ro,Z" "-m" "1610612736" "--network" "none" "ghcr.io/rust-lang/crates-build-env/linux@sha256:3111399a4047eeb3a02b7a90e478d715f38a8c6669b5c4b49d30a17385265909" "sleep" "infinity", kill_on_drop: false }`
[INFO] [stdout] b54452370e8c12fd42f694a4a921b37457525479b301cb75f06fb2a64e7f893a
[INFO] running `Command { std: "docker" "start" "b54452370e8c12fd42f694a4a921b37457525479b301cb75f06fb2a64e7f893a", kill_on_drop: false }`
[INFO] running `Command { std: "docker" "inspect" "b54452370e8c12fd42f694a4a921b37457525479b301cb75f06fb2a64e7f893a", kill_on_drop: false }`
[INFO] running `Command { std: "docker" "exec" "-e" "SOURCE_DIR=/opt/rustwide/workdir" "-e" "CARGO_HOME=/opt/rustwide/cargo-home" "-e" "RUSTUP_HOME=/opt/rustwide/rustup-home" "-e" "CARGO_TARGET_DIR=/opt/rustwide/target" "-w" "/opt/rustwide/workdir" "--user" "0:0" "b54452370e8c12fd42f694a4a921b37457525479b301cb75f06fb2a64e7f893a" "/opt/rustwide/cargo-home/bin/cargo" "+1.100.0-beta.1" "metadata" "--no-deps" "--format-version=1", kill_on_drop: false }`
[INFO] running `Command { std: "docker" "inspect" "b54452370e8c12fd42f694a4a921b37457525479b301cb75f06fb2a64e7f893a", kill_on_drop: false }`
[INFO] running `Command { std: "docker" "exec" "-e" "SOURCE_DIR=/opt/rustwide/workdir" "-e" "CARGO_HOME=/opt/rustwide/cargo-home" "-e" "RUSTUP_HOME=/opt/rustwide/rustup-home" "-e" "CARGO_TARGET_DIR=/opt/rustwide/target" "-e" "CARGO_INCREMENTAL=0" "-e" "RUST_BACKTRACE=full" "-e" "RUSTFLAGS=--cap-lints=warn" "-e" "RUSTDOCFLAGS=--cap-lints=warn" "-w" "/opt/rustwide/workdir" "--user" "0:0" "b54452370e8c12fd42f694a4a921b37457525479b301cb75f06fb2a64e7f893a" "/opt/rustwide/cargo-home/bin/cargo" "+1.100.0-beta.1" "build" "--frozen" "--message-format=json", kill_on_drop: false }`
[INFO] [stderr]    Compiling smallvec v1.15.2
[INFO] [stderr]    Compiling futures-core v0.3.33
[INFO] [stderr]    Compiling typenum v1.20.1
[INFO] [stderr]    Compiling chacha20 v0.10.1
[INFO] [stderr]    Compiling shlex v2.0.1
[INFO] [stderr]    Compiling cmov v0.5.4
[INFO] [stderr]    Compiling zeroize v1.9.0
[INFO] [stderr]    Compiling hashbrown v0.17.1
[INFO] [stderr]    Compiling const-oid v0.10.2
[INFO] [stderr]    Compiling litemap v0.8.2
[INFO] [stderr]    Compiling writeable v0.6.3
[INFO] [stderr]    Compiling libc v0.2.186
[INFO] [stderr]    Compiling syn v2.0.119
[INFO] [stderr]    Compiling errno v0.3.14
[INFO] [stderr]    Compiling getrandom v0.4.3
[INFO] [stderr]    Compiling tinyvec v1.12.0
[INFO] [stderr]    Compiling rustls-pki-types v1.15.0
[INFO] [stderr]    Compiling icu_properties_data v2.2.0
[INFO] [stderr]    Compiling signal-hook-registry v1.4.8
[INFO] [stderr]    Compiling cc v1.2.67
[INFO] [stderr]    Compiling ctutils v0.4.2
[INFO] [stderr]    Compiling untrusted v0.9.0
[INFO] [stderr]    Compiling icu_normalizer_data v2.2.0
[INFO] [stderr]    Compiling rand v0.10.2
[INFO] [stderr]    Compiling futures-sink v0.3.33
[INFO] [stderr]    Compiling parking_lot_core v0.9.12
[INFO] [stderr]    Compiling bit-vec v0.10.1
[INFO] [stderr]    Compiling unicode-properties v0.1.4
[INFO] [stderr]    Compiling unicode-bidi v0.3.18
[INFO] [stderr]    Compiling serde_core v1.0.228
[INFO] [stderr]    Compiling rustls v0.23.42
[INFO] [stderr]    Compiling unicode-normalization v0.1.25
[INFO] [stderr]    Compiling parking_lot v0.12.5
[INFO] [stderr]    Compiling siphasher v1.0.3
[INFO] [stderr]    Compiling bit-set v0.11.1
[INFO] [stderr]    Compiling heck v0.5.0
[INFO] [stderr]    Compiling memchr v2.8.3
[INFO] [stderr]    Compiling byteorder v1.5.0
[INFO] [stderr]    Compiling fallible-iterator v0.2.0
[INFO] [stderr]    Compiling indexmap v2.14.0
[INFO] [stderr]    Compiling const-oid v0.9.6
[INFO] [stderr]    Compiling subtle v2.6.1
[INFO] [stderr]    Compiling flagset v0.4.7
[INFO] [stderr]    Compiling phf_shared v0.13.1
[INFO] [stderr]    Compiling uuid v1.24.0
[INFO] [stderr]    Compiling stringprep v0.1.5
[INFO] [stderr]    Compiling regex-syntax v0.8.11
[INFO] [stderr]    Compiling array-init v2.1.0
[INFO] [stderr]    Compiling futures-task v0.3.33
[INFO] [stderr]    Compiling serde_json v1.0.150
[INFO] [stderr]    Compiling phf v0.13.1
[INFO] [stderr]    Compiling serde v1.0.228
[INFO] [stderr]    Compiling futures-channel v0.3.33
[INFO] [stderr]    Compiling futures-util v0.3.33
[INFO] [stderr]    Compiling whoami v2.1.2
[INFO] [stderr]    Compiling tokio v1.53.0
[INFO] [stderr]    Compiling rustversion v1.0.23
[INFO] [stderr]    Compiling hybrid-array v0.4.13
[INFO] [stderr]    Compiling aho-corasick v1.1.4
[INFO] [stderr]    Compiling openssl-probe v0.2.1
[INFO] [stderr]    Compiling winnow v1.0.4
[INFO] [stderr]    Compiling prettyplease v0.2.37
[INFO] [stderr]    Compiling rustls-native-certs v0.8.4
[INFO] [stderr]    Compiling form_urlencoded v1.2.2
[INFO] [stderr]    Compiling toml_datetime v1.1.1+spec-1.1.0
[INFO] [stderr]    Compiling toasty-macros v0.9.0
[INFO] [stderr]    Compiling lru v0.18.1
[INFO] [stderr]    Compiling rustls-pemfile v2.2.0
[INFO] [stderr]    Compiling crypto-common v0.2.2
[INFO] [stderr]    Compiling block-buffer v0.12.1
[INFO] [stderr]    Compiling num_cpus v1.17.0
[INFO] [stderr]    Compiling syn v3.0.3
[INFO] [stderr]    Compiling anyhow v1.0.103
[INFO] [stderr]    Compiling toasty v0.9.0
[INFO] [stderr]    Compiling inventory v0.3.24
[INFO] [stderr]    Compiling ring v0.17.14
[INFO] [stderr]    Compiling by_address v1.2.1
[INFO] [stderr]    Compiling index_vec v0.1.4
[INFO] [stderr]    Compiling pastey v0.2.3
[INFO] [stderr]    Compiling digest v0.11.3
[INFO] [stderr]    Compiling toml_parser v1.1.2+spec-1.1.0
[INFO] [stderr]    Compiling hmac v0.13.0
[INFO] [stderr]    Compiling md-5 v0.11.0
[INFO] [stderr]    Compiling sha2 v0.11.0
[INFO] [stderr]    Compiling tokio-stream v0.1.18
[INFO] [stderr]    Compiling regex-automata v0.4.16
[INFO] [stderr]    Compiling toml_edit v0.25.13+spec-1.1.0
[INFO] [stderr]    Compiling postgres-protocol v0.6.12
[INFO] [stderr]    Compiling proc-macro-crate v3.5.0
[INFO] [stderr]    Compiling postgres-types v0.2.14
[INFO] [stderr]    Compiling synstructure v0.13.2
[INFO] [stderr]    Compiling darling_core v0.23.0
[INFO] [stderr]    Compiling zerofrom-derive v0.1.7
[INFO] [stderr]    Compiling yoke-derive v0.8.2
[INFO] [stderr]    Compiling zerovec-derive v0.11.3
[INFO] [stderr]    Compiling displaydoc v0.2.6
[INFO] [stderr]    Compiling tokio-macros v2.7.1
[INFO] [stderr]    Compiling async-trait v0.1.89
[INFO] [stderr]    Compiling tracing-attributes v0.1.31
[INFO] [stderr]    Compiling der_derive v0.7.3
[INFO] [stderr]    Compiling serde_derive v1.0.228
[INFO] [stderr]    Compiling toasty-mgr-macros v0.1.0
[INFO] [stderr]    Compiling regex v1.13.1
[INFO] [stderr]    Compiling pluralizer v0.5.0
[INFO] [stderr]    Compiling tracing v0.1.44
[INFO] [stderr]    Compiling zerofrom v0.1.8
[INFO] [stderr]    Compiling toasty-core v0.9.0
[INFO] [stderr]    Compiling der v0.7.10
[INFO] [stderr]    Compiling yoke v0.8.3
[INFO] [stderr]    Compiling darling_macro v0.23.0
[INFO] [stderr]    Compiling zerovec v0.11.6
[INFO] [stderr]    Compiling zerotrie v0.2.4
[INFO] [stderr]    Compiling darling v0.23.0
[INFO] [stderr]    Compiling bon-macros v3.9.3
[INFO] [stderr]    Compiling rustls-webpki v0.103.13
[INFO] [stderr]    Compiling tinystr v0.8.3
[INFO] [stderr]    Compiling potential_utf v0.1.5
[INFO] [stderr]    Compiling icu_collections v2.2.0
[INFO] [stderr]    Compiling icu_locale_core v2.2.0
[INFO] [stderr]    Compiling spki v0.7.3
[INFO] [stderr]    Compiling x509-cert v0.2.5
[INFO] [stderr]    Compiling icu_provider v2.2.0
[INFO] [stderr]    Compiling icu_normalizer v2.2.0
[INFO] [stderr]    Compiling icu_properties v2.2.0
[INFO] [stderr]    Compiling idna_adapter v1.2.2
[INFO] [stderr]    Compiling idna v1.1.0
[INFO] [stderr]    Compiling url v2.5.8
[INFO] [stderr]    Compiling tokio-util v0.7.18
[INFO] [stderr]    Compiling deadpool-runtime v0.3.1
[INFO] [stderr]    Compiling deadpool v0.13.0
[INFO] [stderr]    Compiling bon v3.9.3
[INFO] [stderr]    Compiling tokio-postgres v0.7.18
[INFO] [stderr]    Compiling tokio-rustls v0.26.4
[INFO] [stderr]    Compiling rustls-platform-verifier v0.7.0
[INFO] [stderr]    Compiling tokio-postgres-rustls v0.14.0
[INFO] [stderr]    Compiling toasty-sql v0.9.0
[INFO] [stderr]    Compiling toasty-driver-postgresql v0.9.0
[INFO] [stderr]    Compiling toasty-mgr v0.1.3 (/opt/rustwide/workdir)
[INFO] [stderr]     Finished `dev` profile [unoptimized + debuginfo] target(s) in 49.41s
[INFO] running `Command { std: "docker" "inspect" "b54452370e8c12fd42f694a4a921b37457525479b301cb75f06fb2a64e7f893a", kill_on_drop: false }`
[INFO] running `Command { std: "docker" "exec" "-e" "SOURCE_DIR=/opt/rustwide/workdir" "-e" "CARGO_HOME=/opt/rustwide/cargo-home" "-e" "RUSTUP_HOME=/opt/rustwide/rustup-home" "-e" "CARGO_TARGET_DIR=/opt/rustwide/target" "-e" "CARGO_INCREMENTAL=0" "-e" "RUST_BACKTRACE=full" "-e" "RUSTFLAGS=--cap-lints=warn" "-e" "RUSTDOCFLAGS=--cap-lints=warn" "-w" "/opt/rustwide/workdir" "--user" "0:0" "b54452370e8c12fd42f694a4a921b37457525479b301cb75f06fb2a64e7f893a" "/opt/rustwide/cargo-home/bin/cargo" "+1.100.0-beta.1" "test" "--frozen" "--no-run" "--message-format=json", kill_on_drop: false }`
[INFO] [stderr]    Compiling serde_urlencoded v0.7.1
[INFO] [stderr]    Compiling url v2.5.8
[INFO] [stderr]    Compiling toasty-driver-postgresql v0.9.0
[INFO] [stderr]    Compiling toasty v0.9.0
[INFO] [stderr]    Compiling toasty-mgr v0.1.3 (/opt/rustwide/workdir)
[INFO] [stdout] error[E0277]: the trait bound `CustomerSearch: serde::Deserialize<'de>` is not satisfied
[INFO] [stdout]    --> tests/query_spec.rs:231:35
[INFO] [stdout]     |
[INFO] [stdout] 231 |       let request: CustomerSearch = serde_urlencoded::from_str(
[INFO] [stdout]     |  ___________________________________^
[INFO] [stdout] 232 | |         "namePrefix=Al&state=true&sort=name&descending=true&page=2&size=25",
[INFO] [stdout] 233 | |     )
[INFO] [stdout]     | |_____^ unsatisfied trait bound
[INFO] [stdout]     |
[INFO] [stdout] help: the trait `Deserialize<'_>` is not implemented for `CustomerSearch`
[INFO] [stdout]    --> tests/query_spec.rs:15:1
[INFO] [stdout]     |
[INFO] [stdout]  15 | / toasty_mgr::tc_query_spec! {
[INFO] [stdout]  16 | |     pub CustomerSearch for SearchCustomer {
[INFO] [stdout]     | |______________________^
[INFO] [stdout]     = note: for local types consider adding `#[derive(serde::Deserialize)]` to your `CustomerSearch` type
[INFO] [stdout]     = note: for types from other crates check whether the crate offers a `serde` feature flag
[INFO] [stdout]     = help: the following other types implement trait `Deserialize<'de>`:
[INFO] [stdout]               &'a [u8]
[INFO] [stdout]               &'a std::path::Path
[INFO] [stdout]               &'a str
[INFO] [stdout]               ()
[INFO] [stdout]               (T,)
[INFO] [stdout]               (T0, T1)
[INFO] [stdout]               (T0, T1, T2)
[INFO] [stdout]               (T0, T1, T2, T3)
[INFO] [stdout]             and 140 others
[INFO] [stdout] note: required by a bound in `serde_urlencoded::from_str`
[INFO] [stdout]    --> /opt/rustwide/cargo-home/registry/src/index.crates.io-1949cf8c6b5b557f/serde_urlencoded-0.7.1/src/de.rs:54:8
[INFO] [stdout]     |
[INFO] [stdout]  52 | pub fn from_str<'de, T>(input: &'de str) -> Result<T, Error>
[INFO] [stdout]  53 | where
[INFO] [stdout]  54 |     T: de::Deserialize<'de>,
[INFO] [stdout]     |        ^^^^^^^^^^^^^^^^^^^^ required by this bound in `from_str`
[INFO] [stdout]     = note: this error originates in the macro `toasty_mgr::tc_query_spec` (in Nightly builds, run with -Z macro-backtrace for more info)
[INFO] [stdout] 
[INFO] [stdout] 
[INFO] [stdout] error[E0277]: the trait bound `CustomerSearch: serde::Deserialize<'de>` is not satisfied
[INFO] [stdout]    --> tests/query_spec.rs:246:9
[INFO] [stdout]     |
[INFO] [stdout] 246 |         serde_urlencoded::from_str("ids=1,2,3&createdRange=10,20").unwrap();
[INFO] [stdout]     |         ^^^^^^^^^^^^^^^^^^^^^^^^^^^^^^^^^^^^^^^^^^^^^^^^^^^^^^^^^^ unsatisfied trait bound
[INFO] [stdout]     |
[INFO] [stdout] help: the trait `Deserialize<'_>` is not implemented for `CustomerSearch`
[INFO] [stdout]    --> tests/query_spec.rs:15:1
[INFO] [stdout]     |
[INFO] [stdout]  15 | / toasty_mgr::tc_query_spec! {
[INFO] [stdout]  16 | |     pub CustomerSearch for SearchCustomer {
[INFO] [stdout]     | |______________________^
[INFO] [stdout]     = note: for local types consider adding `#[derive(serde::Deserialize)]` to your `CustomerSearch` type
[INFO] [stdout]     = note: for types from other crates check whether the crate offers a `serde` feature flag
[INFO] [stdout]     = help: the following other types implement trait `Deserialize<'de>`:
[INFO] [stdout]               &'a [u8]
[INFO] [stdout]               &'a std::path::Path
[INFO] [stdout]               &'a str
[INFO] [stdout]               ()
[INFO] [stdout]               (T,)
[INFO] [stdout]               (T0, T1)
[INFO] [stdout]               (T0, T1, T2)
[INFO] [stdout]               (T0, T1, T2, T3)
[INFO] [stdout]             and 140 others
[INFO] [stdout] note: required by a bound in `serde_urlencoded::from_str`
[INFO] [stdout]    --> /opt/rustwide/cargo-home/registry/src/index.crates.io-1949cf8c6b5b557f/serde_urlencoded-0.7.1/src/de.rs:54:8
[INFO] [stdout]     |
[INFO] [stdout]  52 | pub fn from_str<'de, T>(input: &'de str) -> Result<T, Error>
[INFO] [stdout]  53 | where
[INFO] [stdout]  54 |     T: de::Deserialize<'de>,
[INFO] [stdout]     |        ^^^^^^^^^^^^^^^^^^^^ required by this bound in `from_str`
[INFO] [stdout]     = note: this error originates in the macro `toasty_mgr::tc_query_spec` (in Nightly builds, run with -Z macro-backtrace for more info)
[INFO] [stdout] 
[INFO] [stdout] 
[INFO] [stdout] error[E0277]: the trait bound `CustomerSearch: serde::Deserialize<'de>` is not satisfied
[INFO] [stdout]    --> tests/query_spec.rs:254:42
[INFO] [stdout]     |
[INFO] [stdout] 254 |     assert!(serde_urlencoded::from_str::<CustomerSearch>("sort=password").is_err());
[INFO] [stdout]     |                                          ^^^^^^^^^^^^^^ unsatisfied trait bound
[INFO] [stdout]     |
[INFO] [stdout] help: the trait `Deserialize<'_>` is not implemented for `CustomerSearch`
[INFO] [stdout]    --> tests/query_spec.rs:15:1
[INFO] [stdout]     |
[INFO] [stdout]  15 | / toasty_mgr::tc_query_spec! {
[INFO] [stdout]  16 | |     pub CustomerSearch for SearchCustomer {
[INFO] [stdout]     | |______________________^
[INFO] [stdout]     = note: for local types consider adding `#[derive(serde::Deserialize)]` to your `CustomerSearch` type
[INFO] [stdout]     = note: for types from other crates check whether the crate offers a `serde` feature flag
[INFO] [stdout]     = help: the following other types implement trait `Deserialize<'de>`:
[INFO] [stdout]               &'a [u8]
[INFO] [stdout]               &'a std::path::Path
[INFO] [stdout]               &'a str
[INFO] [stdout]               ()
[INFO] [stdout]               (T,)
[INFO] [stdout]               (T0, T1)
[INFO] [stdout]               (T0, T1, T2)
[INFO] [stdout]               (T0, T1, T2, T3)
[INFO] [stdout]             and 140 others
[INFO] [stdout] note: required by a bound in `serde_urlencoded::from_str`
[INFO] [stdout]    --> /opt/rustwide/cargo-home/registry/src/index.crates.io-1949cf8c6b5b557f/serde_urlencoded-0.7.1/src/de.rs:54:8
[INFO] [stdout]     |
[INFO] [stdout]  52 | pub fn from_str<'de, T>(input: &'de str) -> Result<T, Error>
[INFO] [stdout]  53 | where
[INFO] [stdout]  54 |     T: de::Deserialize<'de>,
[INFO] [stdout]     |        ^^^^^^^^^^^^^^^^^^^^ required by this bound in `from_str`
[INFO] [stdout]     = note: this error originates in the macro `toasty_mgr::tc_query_spec` (in Nightly builds, run with -Z macro-backtrace for more info)
[INFO] [stdout] 
[INFO] [stdout] 
[INFO] [stdout] error[E0277]: the trait bound `CustomerSearch: serde::Deserialize<'de>` is not satisfied
[INFO] [stdout]    --> tests/query_spec.rs:255:42
[INFO] [stdout]     |
[INFO] [stdout] 255 |     assert!(serde_urlencoded::from_str::<CustomerSearch>("unknown=value").is_err());
[INFO] [stdout]     |                                          ^^^^^^^^^^^^^^ unsatisfied trait bound
[INFO] [stdout]     |
[INFO] [stdout] help: the trait `Deserialize<'_>` is not implemented for `CustomerSearch`
[INFO] [stdout]    --> tests/query_spec.rs:15:1
[INFO] [stdout]     |
[INFO] [stdout]  15 | / toasty_mgr::tc_query_spec! {
[INFO] [stdout]  16 | |     pub CustomerSearch for SearchCustomer {
[INFO] [stdout]     | |______________________^
[INFO] [stdout]     = note: for local types consider adding `#[derive(serde::Deserialize)]` to your `CustomerSearch` type
[INFO] [stdout]     = note: for types from other crates check whether the crate offers a `serde` feature flag
[INFO] [stdout]     = help: the following other types implement trait `Deserialize<'de>`:
[INFO] [stdout]               &'a [u8]
[INFO] [stdout]               &'a std::path::Path
[INFO] [stdout]               &'a str
[INFO] [stdout]               ()
[INFO] [stdout]               (T,)
[INFO] [stdout]               (T0, T1)
[INFO] [stdout]               (T0, T1, T2)
[INFO] [stdout]               (T0, T1, T2, T3)
[INFO] [stdout]             and 140 others
[INFO] [stdout] note: required by a bound in `serde_urlencoded::from_str`
[INFO] [stdout]    --> /opt/rustwide/cargo-home/registry/src/index.crates.io-1949cf8c6b5b557f/serde_urlencoded-0.7.1/src/de.rs:54:8
[INFO] [stdout]     |
[INFO] [stdout]  52 | pub fn from_str<'de, T>(input: &'de str) -> Result<T, Error>
[INFO] [stdout]  53 | where
[INFO] [stdout]  54 |     T: de::Deserialize<'de>,
[INFO] [stdout]     |        ^^^^^^^^^^^^^^^^^^^^ required by this bound in `from_str`
[INFO] [stdout]     = note: this error originates in the macro `toasty_mgr::tc_query_spec` (in Nightly builds, run with -Z macro-backtrace for more info)
[INFO] [stdout] 
[INFO] [stdout] 
[INFO] [stdout] For more information about this error, try `rustc --explain E0277`.
[INFO] [stdout] 
[INFO] [stderr] error: could not compile `toasty-mgr` (test "query_spec") due to 4 previous errors
[INFO] [stderr] warning: build failed, waiting for other jobs to finish...
[INFO] running `Command { std: "docker" "inspect" "b54452370e8c12fd42f694a4a921b37457525479b301cb75f06fb2a64e7f893a", kill_on_drop: false }`
[INFO] running `Command { std: "docker" "rm" "-f" "b54452370e8c12fd42f694a4a921b37457525479b301cb75f06fb2a64e7f893a", kill_on_drop: false }`
[INFO] [stdout] b54452370e8c12fd42f694a4a921b37457525479b301cb75f06fb2a64e7f893a
