[INFO] fetching crate tirea-agentos-server 0.5.0...
[INFO] testing tirea-agentos-server-0.5.0 against 1.99.0-beta.8 for beta-1.100-2
[INFO] extracting crate tirea-agentos-server 0.5.0 into /workspace/builds/worker-1-tc1/source
[INFO] started tweaking crates.io crate tirea-agentos-server 0.5.0
[INFO] removed 0 missing tests
[INFO] finished tweaking crates.io crate tirea-agentos-server 0.5.0
[INFO] tweaked toml for crates.io crate tirea-agentos-server 0.5.0 written to /workspace/builds/worker-1-tc1/source/Cargo.toml
[INFO] validating manifest of crates.io crate tirea-agentos-server 0.5.0 on toolchain 1.99.0-beta.8
[INFO] running `Command { std: CARGO_HOME="/workspace/cargo-home" RUSTUP_HOME="/workspace/rustup-home" "/workspace/cargo-home/bin/cargo" "+1.99.0-beta.8" "metadata" "--manifest-path" "Cargo.toml" "--no-deps", kill_on_drop: false }`
[INFO] crate crates.io crate tirea-agentos-server 0.5.0 already has a lockfile, it will not be regenerated
[INFO] running `Command { std: CARGO_HOME="/workspace/cargo-home" RUSTUP_HOME="/workspace/rustup-home" "/workspace/cargo-home/bin/cargo" "+1.99.0-beta.8" "fetch" "--manifest-path" "Cargo.toml", kill_on_drop: false }`
[INFO] [stderr]     Updating crates.io index
[INFO] [stderr]     Blocking waiting for file lock on package cache
[INFO] [stderr]  Downloading crates ...
[INFO] [stderr]   Downloaded tirea-state v0.5.0
[INFO] [stderr]   Downloaded tirea-state-derive v0.5.0
[INFO] [stderr]   Downloaded serde_nanos v0.1.4
[INFO] [stderr]   Downloaded nuid v0.5.0
[INFO] [stderr]   Downloaded value-ext v0.1.3
[INFO] [stderr]   Downloaded glob-match v0.2.1
[INFO] [stderr]   Downloaded tirea-protocol-acp v0.5.0
[INFO] [stderr]   Downloaded tirea-store-adapters v0.5.0
[INFO] [stderr]   Downloaded parse-display v0.9.1
[INFO] [stderr]   Downloaded docker_credential v1.3.2
[INFO] [stderr]   Downloaded tonic-prost v0.14.5
[INFO] [stderr]   Downloaded etcetera v0.11.0
[INFO] [stderr]   Downloaded nkeys v0.4.5
[INFO] [stderr]   Downloaded wasm-bindgen-futures v0.4.64
[INFO] [stderr]   Downloaded tirea-extension-a2ui v0.5.0
[INFO] [stderr]   Downloaded inventory v0.3.22
[INFO] [stderr]   Downloaded parse-display-derive v0.9.1
[INFO] [stderr]   Downloaded tirea-extension-handoff v0.5.0
[INFO] [stderr]   Downloaded prost-derive v0.14.3
[INFO] [stderr]   Downloaded tryhard v0.5.2
[INFO] [stderr]   Downloaded tirea-protocol-ai-sdk-v6 v0.5.0
[INFO] [stderr]   Downloaded tirea-extension-observability v0.5.0
[INFO] [stderr]   Downloaded serde_with_macros v3.18.0
[INFO] [stderr]   Downloaded clap_derive v4.6.0
[INFO] [stderr]   Downloaded data-encoding v2.10.0
[INFO] [stderr]   Downloaded referencing v0.38.1
[INFO] [stderr]   Downloaded tirea-extension-permission v0.5.0
[INFO] [stderr]   Downloaded tirea-extension-mcp v0.5.0
[INFO] [stderr]   Downloaded tirea-extension-skills v0.5.0
[INFO] [stderr]   Downloaded prost v0.14.3
[INFO] [stderr]   Downloaded ureq-proto v0.5.3
[INFO] [stderr]   Downloaded prost-types v0.14.3
[INFO] [stderr]   Downloaded astral-tokio-tar v0.5.6
[INFO] [stderr]   Downloaded tirea-contract v0.5.0
[INFO] [stderr]   Downloaded ferroid v0.8.9
[INFO] [stderr]   Downloaded fraction v0.15.3
[INFO] [stderr]   Downloaded bollard-buildkit-proto v0.7.0
[INFO] [stderr]   Downloaded fancy-regex v0.17.0
[INFO] [stderr]   Downloaded bollard-stubs v1.49.1-rc.28.4.0
[INFO] [stderr]   Downloaded tirea-protocol-ag-ui v0.5.0
[INFO] [stderr]   Downloaded model-context-protocol v0.2.2
[INFO] [stderr]   Downloaded testcontainers v0.26.3
[INFO] [stderr]   Downloaded tonic v0.14.5
[INFO] [stderr]   Downloaded jsonschema v0.38.1
[INFO] [stderr]   Downloaded signatory v0.27.1
[INFO] [stderr]   Downloaded ureq v3.2.0
[INFO] [stderr]   Downloaded tokio-websockets v0.10.1
[INFO] [stderr]   Downloaded testcontainers-modules v0.14.0
[INFO] [stderr]   Downloaded serde_with v3.18.0
[INFO] [stderr]   Downloaded bollard v0.19.4
[INFO] [stderr]   Downloaded aws-lc-rs v1.16.1
[INFO] [stderr]   Downloaded genai v0.6.0-beta.5
[INFO] [stderr]   Downloaded async-nats v0.38.0
[INFO] [stderr]   Downloaded tirea-agentos v0.5.0
[INFO] [stderr]   Downloaded web-sys v0.3.91
[INFO] [stderr]   Downloaded aws-lc-sys v0.38.0
[INFO] running `Command { std: "docker" "create" "-v" "/var/lib/crater-agent-workspace/builds/worker-1-tc1/source:/opt/rustwide/workdir:ro,Z" "-v" "/var/lib/crater-agent-workspace/builds/worker-1-tc1/target:/opt/rustwide/target:rw,Z" "-v" "/var/lib/crater-agent-workspace/cargo-home:/opt/rustwide/cargo-home:ro,Z" "-v" "/var/lib/crater-agent-workspace/rustup-home:/opt/rustwide/rustup-home:ro,Z" "-m" "1610612736" "--network" "none" "ghcr.io/rust-lang/crates-build-env/linux@sha256:3111399a4047eeb3a02b7a90e478d715f38a8c6669b5c4b49d30a17385265909" "sleep" "infinity", kill_on_drop: false }`
[INFO] [stdout] 831cf56bfff2f35ac9581fac16d6d405eeaffa6b1c42323f139b05af4bad0bca
[INFO] running `Command { std: "docker" "start" "831cf56bfff2f35ac9581fac16d6d405eeaffa6b1c42323f139b05af4bad0bca", kill_on_drop: false }`
[INFO] running `Command { std: "docker" "inspect" "831cf56bfff2f35ac9581fac16d6d405eeaffa6b1c42323f139b05af4bad0bca", kill_on_drop: false }`
[INFO] running `Command { std: "docker" "exec" "-e" "SOURCE_DIR=/opt/rustwide/workdir" "-e" "CARGO_HOME=/opt/rustwide/cargo-home" "-e" "RUSTUP_HOME=/opt/rustwide/rustup-home" "-e" "CARGO_TARGET_DIR=/opt/rustwide/target" "-w" "/opt/rustwide/workdir" "--user" "0:0" "831cf56bfff2f35ac9581fac16d6d405eeaffa6b1c42323f139b05af4bad0bca" "/opt/rustwide/cargo-home/bin/cargo" "+1.99.0-beta.8" "metadata" "--no-deps" "--format-version=1", kill_on_drop: false }`
[INFO] running `Command { std: "docker" "inspect" "831cf56bfff2f35ac9581fac16d6d405eeaffa6b1c42323f139b05af4bad0bca", kill_on_drop: false }`
[INFO] running `Command { std: "docker" "exec" "-e" "SOURCE_DIR=/opt/rustwide/workdir" "-e" "CARGO_HOME=/opt/rustwide/cargo-home" "-e" "RUSTUP_HOME=/opt/rustwide/rustup-home" "-e" "CARGO_TARGET_DIR=/opt/rustwide/target" "-e" "CARGO_INCREMENTAL=0" "-e" "RUST_BACKTRACE=full" "-e" "RUSTFLAGS=--cap-lints=warn" "-e" "RUSTDOCFLAGS=--cap-lints=warn" "-w" "/opt/rustwide/workdir" "--user" "0:0" "831cf56bfff2f35ac9581fac16d6d405eeaffa6b1c42323f139b05af4bad0bca" "/opt/rustwide/cargo-home/bin/cargo" "+1.99.0-beta.8" "build" "--frozen" "--message-format=json", kill_on_drop: false }`
[INFO] [stderr]    Compiling libc v0.2.183
[INFO] [stderr]    Compiling itoa v1.0.17
[INFO] [stderr]    Compiling memchr v2.8.0
[INFO] [stderr]    Compiling futures-channel v0.3.32
[INFO] [stderr]    Compiling syn v2.0.117
[INFO] [stderr]    Compiling allocator-api2 v0.2.21
[INFO] [stderr]    Compiling foldhash v0.2.0
[INFO] [stderr]    Compiling serde_json v1.0.149
[INFO] [stderr]    Compiling litemap v0.8.1
[INFO] [stderr]    Compiling writeable v0.6.2
[INFO] [stderr]    Compiling rustls-pki-types v1.14.0
[INFO] [stderr]    Compiling icu_normalizer_data v2.1.1
[INFO] [stderr]    Compiling icu_properties_data v2.1.2
[INFO] [stderr]    Compiling zerocopy v0.8.42
[INFO] [stderr]    Compiling aws-lc-rs v1.16.1
[INFO] [stderr]    Compiling num-traits v0.2.19
[INFO] [stderr]    Compiling bitflags v2.11.0
[INFO] [stderr]    Compiling typenum v1.19.0
[INFO] [stderr]    Compiling rustls v0.23.37
[INFO] [stderr]    Compiling ref-cast v1.0.25
[INFO] [stderr]    Compiling iri-string v0.7.10
[INFO] [stderr]    Compiling tinyvec v1.10.0
[INFO] [stderr]    Compiling getrandom v0.4.2
[INFO] [stderr]    Compiling ahash v0.8.12
[INFO] [stderr]    Compiling bit-vec v0.8.0
[INFO] [stderr]    Compiling borrow-or-share v0.2.4
[INFO] [stderr]    Compiling unicode-general-category v1.1.0
[INFO] [stderr]    Compiling data-encoding v2.10.0
[INFO] [stderr]    Compiling webpki-roots v1.0.6
[INFO] [stderr]    Compiling hashbrown v0.16.1
[INFO] [stderr]    Compiling vsimd v0.8.0
[INFO] [stderr]    Compiling outref v0.5.2
[INFO] [stderr]    Compiling dyn-clone v1.0.20
[INFO] [stderr]    Compiling aho-corasick v1.1.4
[INFO] [stderr]    Compiling unicode-normalization v0.1.25
[INFO] [stderr]    Compiling bit-set v0.8.0
[INFO] [stderr]    Compiling bytecount v0.6.9
[INFO] [stderr]    Compiling num-cmp v0.1.0
[INFO] [stderr]    Compiling openssl v0.10.76
[INFO] [stderr]    Compiling rustls-native-certs v0.8.3
[INFO] [stderr]    Compiling semver v1.0.27
[INFO] [stderr]    Compiling generic-array v0.14.7
[INFO] [stderr]    Compiling base64ct v1.8.3
[INFO] [stderr]    Compiling uuid-simd v0.8.0
[INFO] [stderr]    Compiling const-oid v0.9.6
[INFO] [stderr]    Compiling pem-rfc7468 v0.7.0
[INFO] [stderr]    Compiling unicode-segmentation v1.12.0
[INFO] [stderr]    Compiling mime_guess v2.0.5
[INFO] [stderr]    Compiling indexmap v2.13.0
[INFO] [stderr]    Compiling num-integer v0.1.46
[INFO] [stderr]    Compiling block-buffer v0.10.4
[INFO] [stderr]    Compiling crypto-common v0.1.7
[INFO] [stderr]    Compiling num-complex v0.4.6
[INFO] [stderr]    Compiling rustc_version v0.4.1
[INFO] [stderr]    Compiling digest v0.10.7
[INFO] [stderr]    Compiling der v0.7.10
[INFO] [stderr]    Compiling convert_case v0.10.0
[INFO] [stderr]    Compiling sha2 v0.10.9
[INFO] [stderr]    Compiling signature v2.2.0
[INFO] [stderr]    Compiling curve25519-dalek v4.1.3
[INFO] [stderr]    Compiling hashbrown v0.15.5
[INFO] [stderr]    Compiling num-bigint v0.4.6
[INFO] [stderr]    Compiling regex-automata v0.4.14
[INFO] [stderr]    Compiling num-iter v0.1.45
[INFO] [stderr]    Compiling concurrent-queue v2.5.0
[INFO] [stderr]    Compiling hashbrown v0.14.5
[INFO] [stderr]    Compiling parking v2.2.1
[INFO] [stderr]    Compiling crc-catalog v2.4.0
[INFO] [stderr]    Compiling jobserver v0.1.34
[INFO] [stderr]    Compiling errno v0.3.14
[INFO] [stderr]    Compiling mio v1.1.1
[INFO] [stderr]    Compiling socket2 v0.6.3
[INFO] [stderr]    Compiling getrandom v0.2.17
[INFO] [stderr]    Compiling signal-hook-registry v1.4.8
[INFO] [stderr]    Compiling getrandom v0.3.4
[INFO] [stderr]    Compiling cc v1.2.57
[INFO] [stderr]    Compiling rand_core v0.6.4
[INFO] [stderr]    Compiling uuid v1.22.0
[INFO] [stderr]    Compiling socket2 v0.5.10
[INFO] [stderr]    Compiling minimal-lexical v0.2.1
[INFO] [stderr]    Compiling hashlink v0.10.0
[INFO] [stderr]    Compiling event-listener v5.4.1
[INFO] [stderr]    Compiling crc v3.4.0
[INFO] [stderr]    Compiling ed25519 v2.2.3
[INFO] [stderr]    Compiling hmac v0.12.1
[INFO] [stderr]    Compiling unicode-properties v0.1.4
[INFO] [stderr]    Compiling inventory v0.3.22
[INFO] [stderr]    Compiling nom v7.1.3
[INFO] [stderr]    Compiling unicode-bidi v0.3.18
[INFO] [stderr]    Compiling portable-atomic v1.13.1
[INFO] [stderr]    Compiling hkdf v0.12.4
[INFO] [stderr]    Compiling deranged v0.5.8
[INFO] [stderr]    Compiling cmake v0.1.57
[INFO] [stderr]    Compiling spki v0.7.3
[INFO] [stderr]    Compiling md-5 v0.10.6
[INFO] [stderr]    Compiling atoi v2.0.0
[INFO] [stderr]    Compiling num-rational v0.4.2
[INFO] [stderr]    Compiling pkcs8 v0.10.2
[INFO] [stderr]    Compiling rustls-pemfile v2.2.0
[INFO] [stderr]    Compiling num-conv v0.2.0
[INFO] [stderr]    Compiling stringprep v0.1.5
[INFO] [stderr]    Compiling dotenvy v0.15.7
[INFO] [stderr]    Compiling signatory v0.27.1
[INFO] [stderr]    Compiling unsafe-libyaml v0.2.11
[INFO] [stderr]    Compiling aws-lc-sys v0.38.0
[INFO] [stderr]    Compiling ring v0.17.14
[INFO] [stderr]    Compiling openssl-sys v0.9.112
[INFO] [stderr]    Compiling byteorder v1.5.0
[INFO] [stderr]    Compiling num v0.4.3
[INFO] [stderr]    Compiling home v0.5.12
[INFO] [stderr]    Compiling whoami v1.6.1
[INFO] [stderr]    Compiling rustls-native-certs v0.7.3
[INFO] [stderr]    Compiling fraction v0.15.3
[INFO] [stderr]    Compiling glob-match v0.2.1
[INFO] [stderr]    Compiling native-tls v0.2.18
[INFO] [stderr]    Compiling serde_path_to_error v0.1.20
[INFO] [stderr]    Compiling matchit v0.7.3
[INFO] [stderr]    Compiling time v0.3.47
[INFO] [stderr]    Compiling eventsource-stream v0.2.3
[INFO] [stderr]    Compiling regex v1.12.3
[INFO] [stderr]    Compiling fancy-regex v0.17.0
[INFO] [stderr]    Compiling synstructure v0.13.2
[INFO] [stderr]    Compiling darling_core v0.20.11
[INFO] [stderr]    Compiling serde_derive_internals v0.29.1
[INFO] [stderr]    Compiling darling_core v0.23.0
[INFO] [stderr]    Compiling ppv-lite86 v0.2.21
[INFO] [stderr]    Compiling rand_chacha v0.3.1
[INFO] [stderr]    Compiling serde_derive v1.0.228
[INFO] [stderr]    Compiling tokio-macros v2.6.1
[INFO] [stderr]    Compiling zerofrom-derive v0.1.6
[INFO] [stderr]    Compiling yoke-derive v0.8.1
[INFO] [stderr]    Compiling futures-macro v0.3.32
[INFO] [stderr]    Compiling zerovec-derive v0.11.2
[INFO] [stderr]    Compiling displaydoc v0.2.5
[INFO] [stderr]    Compiling tracing-attributes v0.1.31
[INFO] [stderr]    Compiling thiserror-impl v2.0.18
[INFO] [stderr]    Compiling ref-cast-impl v1.0.25
[INFO] [stderr]    Compiling async-trait v0.1.89
[INFO] [stderr]    Compiling futures-util v0.3.32
[INFO] [stderr]    Compiling schemars_derive v1.2.1
[INFO] [stderr]    Compiling openssl-macros v0.1.1
[INFO] [stderr]    Compiling thiserror-impl v1.0.69
[INFO] [stderr]    Compiling zerofrom v0.1.6
[INFO] [stderr]    Compiling yoke v0.8.1
[INFO] [stderr]    Compiling rand v0.8.5
[INFO] [stderr]    Compiling zerovec v0.11.5
[INFO] [stderr]    Compiling tracing v0.1.44
[INFO] [stderr]    Compiling zerotrie v0.2.3
[INFO] [stderr]    Compiling thiserror v2.0.18
[INFO] [stderr]    Compiling derive_more-impl v2.1.1
[INFO] [stderr]    Compiling curve25519-dalek-derive v0.1.1
[INFO] [stderr]    Compiling strum_macros v0.28.0
[INFO] [stderr]    Compiling pin-project-internal v1.1.11
[INFO] [stderr]    Compiling darling_macro v0.20.11
[INFO] [stderr]    Compiling darling_macro v0.23.0
[INFO] [stderr]    Compiling rustls-webpki v0.102.8
[INFO] [stderr]    Compiling tinystr v0.8.2
[INFO] [stderr]    Compiling potential_utf v0.1.4
[INFO] [stderr]    Compiling darling v0.20.11
[INFO] [stderr]    Compiling tirea-state-derive v0.5.0
[INFO] [stderr]    Compiling darling v0.23.0
[INFO] [stderr]    Compiling icu_collections v2.1.1
[INFO] [stderr]    Compiling serde_with_macros v3.18.0
[INFO] [stderr]    Compiling icu_locale_core v2.1.1
[INFO] [stderr]    Compiling nuid v0.5.0
[INFO] [stderr]    Compiling async-stream-impl v0.3.6
[INFO] [stderr]    Compiling thiserror v1.0.69
[INFO] [stderr]    Compiling serde_repr v0.1.20
[INFO] [stderr]    Compiling clap_derive v4.6.0
[INFO] [stderr]    Compiling async-stream v0.3.6
[INFO] [stderr]    Compiling pin-project v1.1.11
[INFO] [stderr]    Compiling icu_provider v2.1.1
[INFO] [stderr]    Compiling serde_with v3.18.0
[INFO] [stderr]    Compiling ed25519-dalek v2.2.0
[INFO] [stderr]    Compiling serde v1.0.228
[INFO] [stderr]    Compiling nkeys v0.4.5
[INFO] [stderr]    Compiling icu_properties v2.1.2
[INFO] [stderr]    Compiling strum v0.28.0
[INFO] [stderr]    Compiling derive_more v2.1.1
[INFO] [stderr]    Compiling clap v4.6.0
[INFO] [stderr]    Compiling futures-executor v0.3.32
[INFO] [stderr]    Compiling smallvec v1.15.1
[INFO] [stderr]    Compiling bytes v1.11.1
[INFO] [stderr]    Compiling serde_urlencoded v0.7.1
[INFO] [stderr]    Compiling futures v0.3.32
[INFO] [stderr]    Compiling fluent-uri v0.4.1
[INFO] [stderr]    Compiling email_address v0.2.9
[INFO] [stderr]    Compiling schemars v1.2.1
[INFO] [stderr]    Compiling either v1.15.0
[INFO] [stderr]    Compiling value-ext v0.1.3
[INFO] [stderr]    Compiling jsonptr v0.6.3
[INFO] [stderr]    Compiling parking_lot_core v0.9.12
[INFO] [stderr]    Compiling icu_normalizer v2.1.1
[INFO] [stderr]    Compiling serde_yaml v0.9.34+deprecated
[INFO] [stderr]    Compiling serde_nanos v0.1.4
[INFO] [stderr]    Compiling parking_lot v0.12.5
[INFO] [stderr]    Compiling dashmap v5.5.3
[INFO] [stderr]    Compiling json-patch v3.0.1
[INFO] [stderr]    Compiling tokio v1.50.0
[INFO] [stderr]    Compiling http v1.4.0
[INFO] [stderr]    Compiling idna_adapter v1.2.1
[INFO] [stderr]    Compiling referencing v0.38.1
[INFO] [stderr]    Compiling http v0.2.12
[INFO] [stderr]    Compiling futures-intrusive v0.5.0
[INFO] [stderr]    Compiling idna v1.1.0
[INFO] [stderr]    Compiling url v2.5.8
[INFO] [stderr]    Compiling http-body v1.0.1
[INFO] [stderr]    Compiling http-body v0.4.6
[INFO] [stderr]    Compiling http-body-util v0.1.3
[INFO] [stderr]    Compiling axum-core v0.4.5
[INFO] [stderr]    Compiling tokio-util v0.7.18
[INFO] [stderr]    Compiling tower v0.5.3
[INFO] [stderr]    Compiling tirea-state v0.5.0
[INFO] [stderr]    Compiling tokio-stream v0.1.18
[INFO] [stderr]    Compiling tokio-native-tls v0.3.1
[INFO] [stderr]    Compiling tryhard v0.5.2
[INFO] [stderr]    Compiling sqlx-core v0.8.6
[INFO] [stderr]    Compiling rustls-webpki v0.103.9
[INFO] [stderr]    Compiling h2 v0.4.13
[INFO] [stderr]    Compiling h2 v0.3.27
[INFO] [stderr]    Compiling tower-http v0.6.8
[INFO] [stderr]    Compiling sqlx-postgres v0.8.6
[INFO] [stderr]    Compiling hyper v1.8.1
[INFO] [stderr]    Compiling hyper v0.14.32
[INFO] [stderr]    Compiling tokio-rustls v0.26.4
[INFO] [stderr]    Compiling rustls-platform-verifier v0.6.2
[INFO] [stderr]    Compiling tokio-websockets v0.10.1
[INFO] [stderr]    Compiling hyper-util v0.1.20
[INFO] [stderr]    Compiling async-nats v0.38.0
[INFO] [stderr]    Compiling sqlx v0.8.6
[INFO] [stderr]    Compiling hyper-rustls v0.27.7
[INFO] [stderr]    Compiling axum v0.7.9
[INFO] [stderr]    Compiling reqwest v0.12.28
[INFO] [stderr]    Compiling reqwest v0.13.2
[INFO] [stderr]    Compiling hyper-tls v0.5.0
[INFO] [stderr]    Compiling reqwest v0.11.27
[INFO] [stderr]    Compiling genai v0.6.0-beta.5
[INFO] [stderr]    Compiling model-context-protocol v0.2.2
[INFO] [stderr]    Compiling jsonschema v0.38.1
[INFO] [stderr]    Compiling tirea-contract v0.5.0
[INFO] [stderr]    Compiling tirea-extension-mcp v0.5.0
[INFO] [stderr]    Compiling tirea-extension-handoff v0.5.0
[INFO] [stderr]    Compiling tirea-extension-observability v0.5.0
[INFO] [stderr]    Compiling tirea-extension-permission v0.5.0
[INFO] [stderr]    Compiling tirea-protocol-ai-sdk-v6 v0.5.0
[INFO] [stderr]    Compiling tirea-protocol-acp v0.5.0
[INFO] [stderr]    Compiling tirea-store-adapters v0.5.0
[INFO] [stderr]    Compiling tirea-protocol-ag-ui v0.5.0
[INFO] [stderr]    Compiling tirea-extension-skills v0.5.0
[INFO] [stderr]    Compiling tirea-agentos v0.5.0
[INFO] [stderr]    Compiling tirea-agentos-server v0.5.0 (/opt/rustwide/workdir)
[INFO] [stderr]     Finished `dev` profile [unoptimized + debuginfo] target(s) in 3m 35s
[INFO] running `Command { std: "docker" "inspect" "831cf56bfff2f35ac9581fac16d6d405eeaffa6b1c42323f139b05af4bad0bca", kill_on_drop: false }`
[INFO] running `Command { std: "docker" "exec" "-e" "SOURCE_DIR=/opt/rustwide/workdir" "-e" "CARGO_HOME=/opt/rustwide/cargo-home" "-e" "RUSTUP_HOME=/opt/rustwide/rustup-home" "-e" "CARGO_TARGET_DIR=/opt/rustwide/target" "-e" "CARGO_INCREMENTAL=0" "-e" "RUST_BACKTRACE=full" "-e" "RUSTFLAGS=--cap-lints=warn" "-e" "RUSTDOCFLAGS=--cap-lints=warn" "-w" "/opt/rustwide/workdir" "--user" "0:0" "831cf56bfff2f35ac9581fac16d6d405eeaffa6b1c42323f139b05af4bad0bca" "/opt/rustwide/cargo-home/bin/cargo" "+1.99.0-beta.8" "test" "--frozen" "--no-run" "--message-format=json", kill_on_drop: false }`
[INFO] [stderr]    Compiling serde_core v1.0.228
[INFO] [stderr]    Compiling futures-util v0.3.32
[INFO] [stderr]    Compiling bitflags v2.11.0
[INFO] [stderr]    Compiling rustls v0.23.37
[INFO] [stderr]    Compiling getrandom v0.3.4
[INFO] [stderr]    Compiling num v0.4.3
[INFO] [stderr]    Compiling anyhow v1.0.102
[INFO] [stderr]    Compiling itertools v0.14.0
[INFO] [stderr]    Compiling fraction v0.15.3
[INFO] [stderr]    Compiling memchr v2.8.0
[INFO] [stderr]    Compiling bollard-buildkit-proto v0.7.0
[INFO] [stderr]    Compiling rustix v1.1.4
[INFO] [stderr]    Compiling utf-8 v0.7.6
[INFO] [stderr]    Compiling structmeta-derive v0.3.0
[INFO] [stderr]    Compiling filetime v0.2.27
[INFO] [stderr]    Compiling rustc-hash v2.1.1
[INFO] [stderr]    Compiling etcetera v0.11.0
[INFO] [stderr]    Compiling openssl v0.10.76
[INFO] [stderr]    Compiling rand_core v0.9.5
[INFO] [stderr]    Compiling rand_chacha v0.9.0
[INFO] [stderr]    Compiling rand v0.9.2
[INFO] [stderr]    Compiling aho-corasick v1.1.4
[INFO] [stderr]    Compiling structmeta v0.3.0
[INFO] [stderr]    Compiling ferroid v0.8.9
[INFO] [stderr]    Compiling xattr v1.6.1
[INFO] [stderr]    Compiling regex-automata v0.4.14
[INFO] [stderr]    Compiling serde v1.0.228
[INFO] [stderr]    Compiling serde_json v1.0.149
[INFO] [stderr]    Compiling serde_with v3.18.0
[INFO] [stderr]    Compiling deranged v0.5.8
[INFO] [stderr]    Compiling serde_path_to_error v0.1.20
[INFO] [stderr]    Compiling prost-derive v0.14.3
[INFO] [stderr]    Compiling bytes v1.11.1
[INFO] [stderr]    Compiling smallvec v1.15.1
[INFO] [stderr]    Compiling serde_urlencoded v0.7.1
[INFO] [stderr]    Compiling ahash v0.8.12
[INFO] [stderr]    Compiling fluent-uri v0.4.1
[INFO] [stderr]    Compiling email_address v0.2.9
[INFO] [stderr]    Compiling either v1.15.0
[INFO] [stderr]    Compiling chrono v0.4.44
[INFO] [stderr]    Compiling serde_yaml v0.9.34+deprecated
[INFO] [stderr]    Compiling serde_nanos v0.1.4
[INFO] [stderr]    Compiling parking_lot_core v0.9.12
[INFO] [stderr]    Compiling icu_normalizer v2.1.1
[INFO] [stderr]    Compiling schemars v1.2.1
[INFO] [stderr]    Compiling parking_lot v0.12.5
[INFO] [stderr]    Compiling dashmap v5.5.3
[INFO] [stderr]    Compiling idna_adapter v1.2.1
[INFO] [stderr]    Compiling tokio v1.50.0
[INFO] [stderr]    Compiling http v1.4.0
[INFO] [stderr]    Compiling idna v1.1.0
[INFO] [stderr]    Compiling futures-executor v0.3.32
[INFO] [stderr]    Compiling referencing v0.38.1
[INFO] [stderr]    Compiling http v0.2.12
[INFO] [stderr]    Compiling prost v0.14.3
[INFO] [stderr]    Compiling native-tls v0.2.18
[INFO] [stderr]    Compiling url v2.5.8
[INFO] [stderr]    Compiling futures v0.3.32
[INFO] [stderr]    Compiling futures-intrusive v0.5.0
[INFO] [stderr]    Compiling prost-types v0.14.3
[INFO] [stderr]    Compiling value-ext v0.1.3
[INFO] [stderr]    Compiling http-body v1.0.1
[INFO] [stderr]    Compiling ureq-proto v0.5.3
[INFO] [stderr]    Compiling http-body-util v0.1.3
[INFO] [stderr]    Compiling http-body v0.4.6
[INFO] [stderr]    Compiling axum-core v0.5.6
[INFO] [stderr]    Compiling jsonptr v0.6.3
[INFO] [stderr]    Compiling regex v1.12.3
[INFO] [stderr]    Compiling time v0.3.47
[INFO] [stderr]    Compiling axum-core v0.4.5
[INFO] [stderr]    Compiling json-patch v3.0.1
[INFO] [stderr]    Compiling docker_credential v1.3.2
[INFO] [stderr]    Compiling parse-display-derive v0.9.1
[INFO] [stderr]    Compiling rustls-platform-verifier v0.6.2
[INFO] [stderr]    Compiling ureq v3.2.0
[INFO] [stderr]    Compiling parse-display v0.9.1
[INFO] [stderr]    Compiling tokio-util v0.7.18
[INFO] [stderr]    Compiling tokio-rustls v0.26.4
[INFO] [stderr]    Compiling tokio-stream v0.1.18
[INFO] [stderr]    Compiling tirea-state v0.5.0
[INFO] [stderr]    Compiling tokio-native-tls v0.3.1
[INFO] [stderr]    Compiling tryhard v0.5.2
[INFO] [stderr]    Compiling sqlx-core v0.8.6
[INFO] [stderr]    Compiling astral-tokio-tar v0.5.6
[INFO] [stderr]    Compiling h2 v0.4.13
[INFO] [stderr]    Compiling tower v0.5.3
[INFO] [stderr]    Compiling h2 v0.3.27
[INFO] [stderr]    Compiling tokio-websockets v0.10.1
[INFO] [stderr]    Compiling async-nats v0.38.0
[INFO] [stderr]    Compiling tower-http v0.6.8
[INFO] [stderr]    Compiling axum v0.8.8
[INFO] [stderr]    Compiling sqlx-postgres v0.8.6
[INFO] [stderr]    Compiling hyper v0.14.32
[INFO] [stderr]    Compiling hyper v1.8.1
[INFO] [stderr]    Compiling hyper-util v0.1.20
[INFO] [stderr]    Compiling sqlx v0.8.6
[INFO] [stderr]    Compiling hyper-rustls v0.27.7
[INFO] [stderr]    Compiling hyper-timeout v0.5.2
[INFO] [stderr]    Compiling hyperlocal v0.9.1
[INFO] [stderr]    Compiling axum v0.7.9
[INFO] [stderr]    Compiling tonic v0.14.5
[INFO] [stderr]    Compiling reqwest v0.12.28
[INFO] [stderr]    Compiling reqwest v0.13.2
[INFO] [stderr]    Compiling hyper-tls v0.5.0
[INFO] [stderr]    Compiling reqwest v0.11.27
[INFO] [stderr]    Compiling genai v0.6.0-beta.5
[INFO] [stderr]    Compiling model-context-protocol v0.2.2
[INFO] [stderr]    Compiling jsonschema v0.38.1
[INFO] [stderr]    Compiling tonic-prost v0.14.5
[INFO] [stderr]    Compiling tirea-contract v0.5.0
[INFO] [stderr]    Compiling bollard-stubs v1.49.1-rc.28.4.0
[INFO] [stderr]    Compiling tirea-extension-mcp v0.5.0
[INFO] [stderr]    Compiling tirea-extension-handoff v0.5.0
[INFO] [stderr]    Compiling tirea-extension-observability v0.5.0
[INFO] [stderr]    Compiling tirea-extension-permission v0.5.0
[INFO] [stderr]    Compiling tirea-store-adapters v0.5.0
[INFO] [stderr]    Compiling tirea-protocol-ag-ui v0.5.0
[INFO] [stderr]    Compiling tirea-protocol-ai-sdk-v6 v0.5.0
[INFO] [stderr]    Compiling tirea-protocol-acp v0.5.0
[INFO] [stderr]    Compiling tirea-extension-a2ui v0.5.0
[INFO] [stderr]    Compiling tirea-extension-skills v0.5.0
[INFO] [stderr]    Compiling tirea-agentos v0.5.0
[INFO] [stderr]    Compiling bollard v0.19.4
[INFO] [stderr]    Compiling testcontainers v0.26.3
[INFO] [stderr]    Compiling testcontainers-modules v0.14.0
[INFO] [stderr]    Compiling tirea-agentos-server v0.5.0 (/opt/rustwide/workdir)
[INFO] [stdout] error[E0432]: unresolved import `phoenix_test_helpers`
[INFO] [stdout]  --> tests/phoenix_observability_e2e.rs:5:5
[INFO] [stdout]   |
[INFO] [stdout] 5 | use phoenix_test_helpers::{
[INFO] [stdout]   |     ^^^^^^^^^^^^^^^^^^^^ use of unresolved module or unlinked crate `phoenix_test_helpers`
[INFO] [stdout]   |
[INFO] [stdout]   = help: if you wanted to use a crate named `phoenix_test_helpers`, use `cargo add phoenix_test_helpers` to add it to your `Cargo.toml`
[INFO] [stdout] 
[INFO] [stdout] 
[INFO] [stdout] For more information about this error, try `rustc --explain E0432`.
[INFO] [stdout] 
[INFO] [stderr] error: could not compile `tirea-agentos-server` (test "phoenix_observability_e2e") due to 1 previous error
[INFO] [stderr] warning: build failed, waiting for other jobs to finish...
[INFO] [stderr] error: could not compile `tirea-agentos-server` (lib test)
[INFO] [stderr] 
[INFO] [stderr] Caused by:
[INFO] [stderr]   process didn't exit successfully: `/opt/rustwide/rustup-home/toolchains/1.99.0-beta.8-x86_64-unknown-linux-gnu/bin/rustc --crate-name tirea_agentos_server --edition=2021 src/lib.rs --error-format=json --json=diagnostic-rendered-ansi,artifacts,future-incompat --emit=dep-info,link -C embed-bitcode=no -C debuginfo=2 --test --cfg 'feature="default"' --cfg 'feature="permission"' --check-cfg 'cfg(docsrs,test)' --check-cfg 'cfg(feature, values("default", "permission"))' -C metadata=6eb78d03e5f85def -C extra-filename=-4a14a72613d63251 --out-dir /opt/rustwide/target/debug/deps -L dependency=/opt/rustwide/target/debug/deps --extern async_nats=/opt/rustwide/target/debug/deps/libasync_nats-bee408dd1152f57f.rlib --extern async_stream=/opt/rustwide/target/debug/deps/libasync_stream-17d86ef5fef7654b.rlib --extern async_trait=/opt/rustwide/target/debug/deps/libasync_trait-3453bb6e76f3ba47.so --extern axum=/opt/rustwide/target/debug/deps/libaxum-b7e6cb9f40a1d25a.rlib --extern bytes=/opt/rustwide/target/debug/deps/libbytes-f56f9dd78a9ceeea.rlib --extern clap=/opt/rustwide/target/debug/deps/libclap-63d4e46d741afd6f.rlib --extern futures=/opt/rustwide/target/debug/deps/libfutures-9c921a066945f7b8.rlib --extern genai=/opt/rustwide/target/debug/deps/libgenai-ee960c642f782dfe.rlib --extern http_body_util=/opt/rustwide/target/debug/deps/libhttp_body_util-c0f255da7b1303d2.rlib --extern reqwest=/opt/rustwide/target/debug/deps/libreqwest-c3fc0e1ebaab5415.rlib --extern serde=/opt/rustwide/target/debug/deps/libserde-870ee391e4f6e8f9.rlib --extern serde_json=/opt/rustwide/target/debug/deps/libserde_json-8c6203af07eca333.rlib --extern sqlx=/opt/rustwide/target/debug/deps/libsqlx-48edf5a4775c03a7.rlib --extern testcontainers=/opt/rustwide/target/debug/deps/libtestcontainers-546d0e919d8ecfad.rlib --extern testcontainers_modules=/opt/rustwide/target/debug/deps/libtestcontainers_modules-aa4da1e338301b1a.rlib --extern thiserror=/opt/rustwide/target/debug/deps/libthiserror-5e90adc18491a337.rlib --extern tirea_agentos=/opt/rustwide/target/debug/deps/libtirea_agentos-f944a7532fb1c56a.rlib --extern tirea_contract=/opt/rustwide/target/debug/deps/libtirea_contract-3c89f235e2635dac.rlib --extern tirea_extension_a2ui=/opt/rustwide/target/debug/deps/libtirea_extension_a2ui-6050d30c480adca5.rlib --extern tirea_extension_observability=/opt/rustwide/target/debug/deps/libtirea_extension_observability-141b360cb72e6aaf.rlib --extern tirea_extension_permission=/opt/rustwide/target/debug/deps/libtirea_extension_permission-502a247475cc9227.rlib --extern tirea_protocol_acp=/opt/rustwide/target/debug/deps/libtirea_protocol_acp-0e80caafe73183a4.rlib --extern tirea_protocol_ag_ui=/opt/rustwide/target/debug/deps/libtirea_protocol_ag_ui-37bb736c68d298f2.rlib --extern tirea_protocol_ai_sdk_v6=/opt/rustwide/target/debug/deps/libtirea_protocol_ai_sdk_v6-c4f4781bdc4044fd.rlib --extern tirea_store_adapters=/opt/rustwide/target/debug/deps/libtirea_store_adapters-c306194fe861d53e.rlib --extern tokio=/opt/rustwide/target/debug/deps/libtokio-7783906f74c1f01f.rlib --extern tower=/opt/rustwide/target/debug/deps/libtower-deff3ba30ee2ed3d.rlib --extern tower_http=/opt/rustwide/target/debug/deps/libtower_http-b97baf9bb79083a5.rlib --extern tracing=/opt/rustwide/target/debug/deps/libtracing-02779275e9ae46ef.rlib --extern uuid=/opt/rustwide/target/debug/deps/libuuid-48e1e614cf5d2ec0.rlib --cap-lints=warn -L native=/opt/rustwide/target/debug/build/ring-ed9f6680db824c3c/out -L native=/opt/rustwide/target/debug/build/aws-lc-sys-3390dfe71d639e46/out` (signal: 9, SIGKILL: kill)
[INFO] [stderr] error: could not compile `tirea-agentos-server` (test "e2e_http_matrix")
[INFO] [stderr] 
[INFO] [stderr] Caused by:
[INFO] [stderr]   process didn't exit successfully: `/opt/rustwide/rustup-home/toolchains/1.99.0-beta.8-x86_64-unknown-linux-gnu/bin/rustc --crate-name e2e_http_matrix --edition=2021 tests/e2e_http_matrix.rs --error-format=json --json=diagnostic-rendered-ansi,artifacts,future-incompat --emit=dep-info,link -C embed-bitcode=no -C debuginfo=2 --test --cfg 'feature="default"' --cfg 'feature="permission"' --check-cfg 'cfg(docsrs,test)' --check-cfg 'cfg(feature, values("default", "permission"))' -C metadata=5ee6577c943b5c3c -C extra-filename=-1a7dfd6e24bd0728 --out-dir /opt/rustwide/target/debug/deps -L dependency=/opt/rustwide/target/debug/deps --extern async_nats=/opt/rustwide/target/debug/deps/libasync_nats-bee408dd1152f57f.rlib --extern async_stream=/opt/rustwide/target/debug/deps/libasync_stream-17d86ef5fef7654b.rlib --extern async_trait=/opt/rustwide/target/debug/deps/libasync_trait-3453bb6e76f3ba47.so --extern axum=/opt/rustwide/target/debug/deps/libaxum-b7e6cb9f40a1d25a.rlib --extern bytes=/opt/rustwide/target/debug/deps/libbytes-f56f9dd78a9ceeea.rlib --extern clap=/opt/rustwide/target/debug/deps/libclap-63d4e46d741afd6f.rlib --extern futures=/opt/rustwide/target/debug/deps/libfutures-9c921a066945f7b8.rlib --extern genai=/opt/rustwide/target/debug/deps/libgenai-ee960c642f782dfe.rlib --extern http_body_util=/opt/rustwide/target/debug/deps/libhttp_body_util-c0f255da7b1303d2.rlib --extern reqwest=/opt/rustwide/target/debug/deps/libreqwest-c3fc0e1ebaab5415.rlib --extern serde=/opt/rustwide/target/debug/deps/libserde-870ee391e4f6e8f9.rlib --extern serde_json=/opt/rustwide/target/debug/deps/libserde_json-8c6203af07eca333.rlib --extern sqlx=/opt/rustwide/target/debug/deps/libsqlx-48edf5a4775c03a7.rlib --extern testcontainers=/opt/rustwide/target/debug/deps/libtestcontainers-546d0e919d8ecfad.rlib --extern testcontainers_modules=/opt/rustwide/target/debug/deps/libtestcontainers_modules-aa4da1e338301b1a.rlib --extern thiserror=/opt/rustwide/target/debug/deps/libthiserror-5e90adc18491a337.rlib --extern tirea_agentos=/opt/rustwide/target/debug/deps/libtirea_agentos-f944a7532fb1c56a.rlib --extern tirea_agentos_server=/opt/rustwide/target/debug/deps/libtirea_agentos_server-caa1de9d358aa66c.rlib --extern tirea_contract=/opt/rustwide/target/debug/deps/libtirea_contract-3c89f235e2635dac.rlib --extern tirea_extension_a2ui=/opt/rustwide/target/debug/deps/libtirea_extension_a2ui-6050d30c480adca5.rlib --extern tirea_extension_observability=/opt/rustwide/target/debug/deps/libtirea_extension_observability-141b360cb72e6aaf.rlib --extern tirea_extension_permission=/opt/rustwide/target/debug/deps/libtirea_extension_permission-502a247475cc9227.rlib --extern tirea_protocol_acp=/opt/rustwide/target/debug/deps/libtirea_protocol_acp-0e80caafe73183a4.rlib --extern tirea_protocol_ag_ui=/opt/rustwide/target/debug/deps/libtirea_protocol_ag_ui-37bb736c68d298f2.rlib --extern tirea_protocol_ai_sdk_v6=/opt/rustwide/target/debug/deps/libtirea_protocol_ai_sdk_v6-c4f4781bdc4044fd.rlib --extern tirea_store_adapters=/opt/rustwide/target/debug/deps/libtirea_store_adapters-c306194fe861d53e.rlib --extern tokio=/opt/rustwide/target/debug/deps/libtokio-7783906f74c1f01f.rlib --extern tower=/opt/rustwide/target/debug/deps/libtower-deff3ba30ee2ed3d.rlib --extern tower_http=/opt/rustwide/target/debug/deps/libtower_http-b97baf9bb79083a5.rlib --extern tracing=/opt/rustwide/target/debug/deps/libtracing-02779275e9ae46ef.rlib --extern uuid=/opt/rustwide/target/debug/deps/libuuid-48e1e614cf5d2ec0.rlib --cap-lints=warn -L native=/opt/rustwide/target/debug/build/ring-ed9f6680db824c3c/out -L native=/opt/rustwide/target/debug/build/aws-lc-sys-3390dfe71d639e46/out` (signal: 9, SIGKILL: kill)
[INFO] [stderr] error: could not compile `tirea-agentos-server` (test "e2e_tensorzero")
[INFO] [stderr] 
[INFO] [stderr] Caused by:
[INFO] [stderr]   process didn't exit successfully: `/opt/rustwide/rustup-home/toolchains/1.99.0-beta.8-x86_64-unknown-linux-gnu/bin/rustc --crate-name e2e_tensorzero --edition=2021 tests/e2e_tensorzero.rs --error-format=json --json=diagnostic-rendered-ansi,artifacts,future-incompat --emit=dep-info,link -C embed-bitcode=no -C debuginfo=2 --test --cfg 'feature="default"' --cfg 'feature="permission"' --check-cfg 'cfg(docsrs,test)' --check-cfg 'cfg(feature, values("default", "permission"))' -C metadata=9e9479274b49327a -C extra-filename=-b08c63d610014dfd --out-dir /opt/rustwide/target/debug/deps -L dependency=/opt/rustwide/target/debug/deps --extern async_nats=/opt/rustwide/target/debug/deps/libasync_nats-bee408dd1152f57f.rlib --extern async_stream=/opt/rustwide/target/debug/deps/libasync_stream-17d86ef5fef7654b.rlib --extern async_trait=/opt/rustwide/target/debug/deps/libasync_trait-3453bb6e76f3ba47.so --extern axum=/opt/rustwide/target/debug/deps/libaxum-b7e6cb9f40a1d25a.rlib --extern bytes=/opt/rustwide/target/debug/deps/libbytes-f56f9dd78a9ceeea.rlib --extern clap=/opt/rustwide/target/debug/deps/libclap-63d4e46d741afd6f.rlib --extern futures=/opt/rustwide/target/debug/deps/libfutures-9c921a066945f7b8.rlib --extern genai=/opt/rustwide/target/debug/deps/libgenai-ee960c642f782dfe.rlib --extern http_body_util=/opt/rustwide/target/debug/deps/libhttp_body_util-c0f255da7b1303d2.rlib --extern reqwest=/opt/rustwide/target/debug/deps/libreqwest-c3fc0e1ebaab5415.rlib --extern serde=/opt/rustwide/target/debug/deps/libserde-870ee391e4f6e8f9.rlib --extern serde_json=/opt/rustwide/target/debug/deps/libserde_json-8c6203af07eca333.rlib --extern sqlx=/opt/rustwide/target/debug/deps/libsqlx-48edf5a4775c03a7.rlib --extern testcontainers=/opt/rustwide/target/debug/deps/libtestcontainers-546d0e919d8ecfad.rlib --extern testcontainers_modules=/opt/rustwide/target/debug/deps/libtestcontainers_modules-aa4da1e338301b1a.rlib --extern thiserror=/opt/rustwide/target/debug/deps/libthiserror-5e90adc18491a337.rlib --extern tirea_agentos=/opt/rustwide/target/debug/deps/libtirea_agentos-f944a7532fb1c56a.rlib --extern tirea_agentos_server=/opt/rustwide/target/debug/deps/libtirea_agentos_server-caa1de9d358aa66c.rlib --extern tirea_contract=/opt/rustwide/target/debug/deps/libtirea_contract-3c89f235e2635dac.rlib --extern tirea_extension_a2ui=/opt/rustwide/target/debug/deps/libtirea_extension_a2ui-6050d30c480adca5.rlib --extern tirea_extension_observability=/opt/rustwide/target/debug/deps/libtirea_extension_observability-141b360cb72e6aaf.rlib --extern tirea_extension_permission=/opt/rustwide/target/debug/deps/libtirea_extension_permission-502a247475cc9227.rlib --extern tirea_protocol_acp=/opt/rustwide/target/debug/deps/libtirea_protocol_acp-0e80caafe73183a4.rlib --extern tirea_protocol_ag_ui=/opt/rustwide/target/debug/deps/libtirea_protocol_ag_ui-37bb736c68d298f2.rlib --extern tirea_protocol_ai_sdk_v6=/opt/rustwide/target/debug/deps/libtirea_protocol_ai_sdk_v6-c4f4781bdc4044fd.rlib --extern tirea_store_adapters=/opt/rustwide/target/debug/deps/libtirea_store_adapters-c306194fe861d53e.rlib --extern tokio=/opt/rustwide/target/debug/deps/libtokio-7783906f74c1f01f.rlib --extern tower=/opt/rustwide/target/debug/deps/libtower-deff3ba30ee2ed3d.rlib --extern tower_http=/opt/rustwide/target/debug/deps/libtower_http-b97baf9bb79083a5.rlib --extern tracing=/opt/rustwide/target/debug/deps/libtracing-02779275e9ae46ef.rlib --extern uuid=/opt/rustwide/target/debug/deps/libuuid-48e1e614cf5d2ec0.rlib --cap-lints=warn -L native=/opt/rustwide/target/debug/build/ring-ed9f6680db824c3c/out -L native=/opt/rustwide/target/debug/build/aws-lc-sys-3390dfe71d639e46/out` (signal: 9, SIGKILL: kill)
[INFO] [stderr] error: could not compile `tirea-agentos-server` (test "nats_gateway")
[INFO] [stderr] 
[INFO] [stderr] Caused by:
[INFO] [stderr]   process didn't exit successfully: `/opt/rustwide/rustup-home/toolchains/1.99.0-beta.8-x86_64-unknown-linux-gnu/bin/rustc --crate-name nats_gateway --edition=2021 tests/nats_gateway.rs --error-format=json --json=diagnostic-rendered-ansi,artifacts,future-incompat --emit=dep-info,link -C embed-bitcode=no -C debuginfo=2 --test --cfg 'feature="default"' --cfg 'feature="permission"' --check-cfg 'cfg(docsrs,test)' --check-cfg 'cfg(feature, values("default", "permission"))' -C metadata=5301a9f60de4fca7 -C extra-filename=-c8d841e6b6bb0e9a --out-dir /opt/rustwide/target/debug/deps -L dependency=/opt/rustwide/target/debug/deps --extern async_nats=/opt/rustwide/target/debug/deps/libasync_nats-bee408dd1152f57f.rlib --extern async_stream=/opt/rustwide/target/debug/deps/libasync_stream-17d86ef5fef7654b.rlib --extern async_trait=/opt/rustwide/target/debug/deps/libasync_trait-3453bb6e76f3ba47.so --extern axum=/opt/rustwide/target/debug/deps/libaxum-b7e6cb9f40a1d25a.rlib --extern bytes=/opt/rustwide/target/debug/deps/libbytes-f56f9dd78a9ceeea.rlib --extern clap=/opt/rustwide/target/debug/deps/libclap-63d4e46d741afd6f.rlib --extern futures=/opt/rustwide/target/debug/deps/libfutures-9c921a066945f7b8.rlib --extern genai=/opt/rustwide/target/debug/deps/libgenai-ee960c642f782dfe.rlib --extern http_body_util=/opt/rustwide/target/debug/deps/libhttp_body_util-c0f255da7b1303d2.rlib --extern reqwest=/opt/rustwide/target/debug/deps/libreqwest-c3fc0e1ebaab5415.rlib --extern serde=/opt/rustwide/target/debug/deps/libserde-870ee391e4f6e8f9.rlib --extern serde_json=/opt/rustwide/target/debug/deps/libserde_json-8c6203af07eca333.rlib --extern sqlx=/opt/rustwide/target/debug/deps/libsqlx-48edf5a4775c03a7.rlib --extern testcontainers=/opt/rustwide/target/debug/deps/libtestcontainers-546d0e919d8ecfad.rlib --extern testcontainers_modules=/opt/rustwide/target/debug/deps/libtestcontainers_modules-aa4da1e338301b1a.rlib --extern thiserror=/opt/rustwide/target/debug/deps/libthiserror-5e90adc18491a337.rlib --extern tirea_agentos=/opt/rustwide/target/debug/deps/libtirea_agentos-f944a7532fb1c56a.rlib --extern tirea_agentos_server=/opt/rustwide/target/debug/deps/libtirea_agentos_server-caa1de9d358aa66c.rlib --extern tirea_contract=/opt/rustwide/target/debug/deps/libtirea_contract-3c89f235e2635dac.rlib --extern tirea_extension_a2ui=/opt/rustwide/target/debug/deps/libtirea_extension_a2ui-6050d30c480adca5.rlib --extern tirea_extension_observability=/opt/rustwide/target/debug/deps/libtirea_extension_observability-141b360cb72e6aaf.rlib --extern tirea_extension_permission=/opt/rustwide/target/debug/deps/libtirea_extension_permission-502a247475cc9227.rlib --extern tirea_protocol_acp=/opt/rustwide/target/debug/deps/libtirea_protocol_acp-0e80caafe73183a4.rlib --extern tirea_protocol_ag_ui=/opt/rustwide/target/debug/deps/libtirea_protocol_ag_ui-37bb736c68d298f2.rlib --extern tirea_protocol_ai_sdk_v6=/opt/rustwide/target/debug/deps/libtirea_protocol_ai_sdk_v6-c4f4781bdc4044fd.rlib --extern tirea_store_adapters=/opt/rustwide/target/debug/deps/libtirea_store_adapters-c306194fe861d53e.rlib --extern tokio=/opt/rustwide/target/debug/deps/libtokio-7783906f74c1f01f.rlib --extern tower=/opt/rustwide/target/debug/deps/libtower-deff3ba30ee2ed3d.rlib --extern tower_http=/opt/rustwide/target/debug/deps/libtower_http-b97baf9bb79083a5.rlib --extern tracing=/opt/rustwide/target/debug/deps/libtracing-02779275e9ae46ef.rlib --extern uuid=/opt/rustwide/target/debug/deps/libuuid-48e1e614cf5d2ec0.rlib --cap-lints=warn -L native=/opt/rustwide/target/debug/build/ring-ed9f6680db824c3c/out -L native=/opt/rustwide/target/debug/build/aws-lc-sys-3390dfe71d639e46/out` (signal: 9, SIGKILL: kill)
[INFO] [stderr] error: could not compile `tirea-agentos-server` (test "http_api")
[INFO] [stderr] 
[INFO] [stderr] Caused by:
[INFO] [stderr]   process didn't exit successfully: `/opt/rustwide/rustup-home/toolchains/1.99.0-beta.8-x86_64-unknown-linux-gnu/bin/rustc --crate-name http_api --edition=2021 tests/http_api.rs --error-format=json --json=diagnostic-rendered-ansi,artifacts,future-incompat --emit=dep-info,link -C embed-bitcode=no -C debuginfo=2 --test --cfg 'feature="default"' --cfg 'feature="permission"' --check-cfg 'cfg(docsrs,test)' --check-cfg 'cfg(feature, values("default", "permission"))' -C metadata=62d49a0f7c4b8b12 -C extra-filename=-e09c57a612e564db --out-dir /opt/rustwide/target/debug/deps -L dependency=/opt/rustwide/target/debug/deps --extern async_nats=/opt/rustwide/target/debug/deps/libasync_nats-bee408dd1152f57f.rlib --extern async_stream=/opt/rustwide/target/debug/deps/libasync_stream-17d86ef5fef7654b.rlib --extern async_trait=/opt/rustwide/target/debug/deps/libasync_trait-3453bb6e76f3ba47.so --extern axum=/opt/rustwide/target/debug/deps/libaxum-b7e6cb9f40a1d25a.rlib --extern bytes=/opt/rustwide/target/debug/deps/libbytes-f56f9dd78a9ceeea.rlib --extern clap=/opt/rustwide/target/debug/deps/libclap-63d4e46d741afd6f.rlib --extern futures=/opt/rustwide/target/debug/deps/libfutures-9c921a066945f7b8.rlib --extern genai=/opt/rustwide/target/debug/deps/libgenai-ee960c642f782dfe.rlib --extern http_body_util=/opt/rustwide/target/debug/deps/libhttp_body_util-c0f255da7b1303d2.rlib --extern reqwest=/opt/rustwide/target/debug/deps/libreqwest-c3fc0e1ebaab5415.rlib --extern serde=/opt/rustwide/target/debug/deps/libserde-870ee391e4f6e8f9.rlib --extern serde_json=/opt/rustwide/target/debug/deps/libserde_json-8c6203af07eca333.rlib --extern sqlx=/opt/rustwide/target/debug/deps/libsqlx-48edf5a4775c03a7.rlib --extern testcontainers=/opt/rustwide/target/debug/deps/libtestcontainers-546d0e919d8ecfad.rlib --extern testcontainers_modules=/opt/rustwide/target/debug/deps/libtestcontainers_modules-aa4da1e338301b1a.rlib --extern thiserror=/opt/rustwide/target/debug/deps/libthiserror-5e90adc18491a337.rlib --extern tirea_agentos=/opt/rustwide/target/debug/deps/libtirea_agentos-f944a7532fb1c56a.rlib --extern tirea_agentos_server=/opt/rustwide/target/debug/deps/libtirea_agentos_server-caa1de9d358aa66c.rlib --extern tirea_contract=/opt/rustwide/target/debug/deps/libtirea_contract-3c89f235e2635dac.rlib --extern tirea_extension_a2ui=/opt/rustwide/target/debug/deps/libtirea_extension_a2ui-6050d30c480adca5.rlib --extern tirea_extension_observability=/opt/rustwide/target/debug/deps/libtirea_extension_observability-141b360cb72e6aaf.rlib --extern tirea_extension_permission=/opt/rustwide/target/debug/deps/libtirea_extension_permission-502a247475cc9227.rlib --extern tirea_protocol_acp=/opt/rustwide/target/debug/deps/libtirea_protocol_acp-0e80caafe73183a4.rlib --extern tirea_protocol_ag_ui=/opt/rustwide/target/debug/deps/libtirea_protocol_ag_ui-37bb736c68d298f2.rlib --extern tirea_protocol_ai_sdk_v6=/opt/rustwide/target/debug/deps/libtirea_protocol_ai_sdk_v6-c4f4781bdc4044fd.rlib --extern tirea_store_adapters=/opt/rustwide/target/debug/deps/libtirea_store_adapters-c306194fe861d53e.rlib --extern tokio=/opt/rustwide/target/debug/deps/libtokio-7783906f74c1f01f.rlib --extern tower=/opt/rustwide/target/debug/deps/libtower-deff3ba30ee2ed3d.rlib --extern tower_http=/opt/rustwide/target/debug/deps/libtower_http-b97baf9bb79083a5.rlib --extern tracing=/opt/rustwide/target/debug/deps/libtracing-02779275e9ae46ef.rlib --extern uuid=/opt/rustwide/target/debug/deps/libuuid-48e1e614cf5d2ec0.rlib --cap-lints=warn -L native=/opt/rustwide/target/debug/build/ring-ed9f6680db824c3c/out -L native=/opt/rustwide/target/debug/build/aws-lc-sys-3390dfe71d639e46/out` (signal: 9, SIGKILL: kill)
[INFO] [stderr] error: could not compile `tirea-agentos-server` (test "e2e_nats_postgres")
[INFO] [stderr] 
[INFO] [stderr] Caused by:
[INFO] [stderr]   process didn't exit successfully: `/opt/rustwide/rustup-home/toolchains/1.99.0-beta.8-x86_64-unknown-linux-gnu/bin/rustc --crate-name e2e_nats_postgres --edition=2021 tests/e2e_nats_postgres.rs --error-format=json --json=diagnostic-rendered-ansi,artifacts,future-incompat --emit=dep-info,link -C embed-bitcode=no -C debuginfo=2 --test --cfg 'feature="default"' --cfg 'feature="permission"' --check-cfg 'cfg(docsrs,test)' --check-cfg 'cfg(feature, values("default", "permission"))' -C metadata=6e02d529f422bd80 -C extra-filename=-7e90f95ee5f40e5a --out-dir /opt/rustwide/target/debug/deps -L dependency=/opt/rustwide/target/debug/deps --extern async_nats=/opt/rustwide/target/debug/deps/libasync_nats-bee408dd1152f57f.rlib --extern async_stream=/opt/rustwide/target/debug/deps/libasync_stream-17d86ef5fef7654b.rlib --extern async_trait=/opt/rustwide/target/debug/deps/libasync_trait-3453bb6e76f3ba47.so --extern axum=/opt/rustwide/target/debug/deps/libaxum-b7e6cb9f40a1d25a.rlib --extern bytes=/opt/rustwide/target/debug/deps/libbytes-f56f9dd78a9ceeea.rlib --extern clap=/opt/rustwide/target/debug/deps/libclap-63d4e46d741afd6f.rlib --extern futures=/opt/rustwide/target/debug/deps/libfutures-9c921a066945f7b8.rlib --extern genai=/opt/rustwide/target/debug/deps/libgenai-ee960c642f782dfe.rlib --extern http_body_util=/opt/rustwide/target/debug/deps/libhttp_body_util-c0f255da7b1303d2.rlib --extern reqwest=/opt/rustwide/target/debug/deps/libreqwest-c3fc0e1ebaab5415.rlib --extern serde=/opt/rustwide/target/debug/deps/libserde-870ee391e4f6e8f9.rlib --extern serde_json=/opt/rustwide/target/debug/deps/libserde_json-8c6203af07eca333.rlib --extern sqlx=/opt/rustwide/target/debug/deps/libsqlx-48edf5a4775c03a7.rlib --extern testcontainers=/opt/rustwide/target/debug/deps/libtestcontainers-546d0e919d8ecfad.rlib --extern testcontainers_modules=/opt/rustwide/target/debug/deps/libtestcontainers_modules-aa4da1e338301b1a.rlib --extern thiserror=/opt/rustwide/target/debug/deps/libthiserror-5e90adc18491a337.rlib --extern tirea_agentos=/opt/rustwide/target/debug/deps/libtirea_agentos-f944a7532fb1c56a.rlib --extern tirea_agentos_server=/opt/rustwide/target/debug/deps/libtirea_agentos_server-caa1de9d358aa66c.rlib --extern tirea_contract=/opt/rustwide/target/debug/deps/libtirea_contract-3c89f235e2635dac.rlib --extern tirea_extension_a2ui=/opt/rustwide/target/debug/deps/libtirea_extension_a2ui-6050d30c480adca5.rlib --extern tirea_extension_observability=/opt/rustwide/target/debug/deps/libtirea_extension_observability-141b360cb72e6aaf.rlib --extern tirea_extension_permission=/opt/rustwide/target/debug/deps/libtirea_extension_permission-502a247475cc9227.rlib --extern tirea_protocol_acp=/opt/rustwide/target/debug/deps/libtirea_protocol_acp-0e80caafe73183a4.rlib --extern tirea_protocol_ag_ui=/opt/rustwide/target/debug/deps/libtirea_protocol_ag_ui-37bb736c68d298f2.rlib --extern tirea_protocol_ai_sdk_v6=/opt/rustwide/target/debug/deps/libtirea_protocol_ai_sdk_v6-c4f4781bdc4044fd.rlib --extern tirea_store_adapters=/opt/rustwide/target/debug/deps/libtirea_store_adapters-c306194fe861d53e.rlib --extern tokio=/opt/rustwide/target/debug/deps/libtokio-7783906f74c1f01f.rlib --extern tower=/opt/rustwide/target/debug/deps/libtower-deff3ba30ee2ed3d.rlib --extern tower_http=/opt/rustwide/target/debug/deps/libtower_http-b97baf9bb79083a5.rlib --extern tracing=/opt/rustwide/target/debug/deps/libtracing-02779275e9ae46ef.rlib --extern uuid=/opt/rustwide/target/debug/deps/libuuid-48e1e614cf5d2ec0.rlib --cap-lints=warn -L native=/opt/rustwide/target/debug/build/ring-ed9f6680db824c3c/out -L native=/opt/rustwide/target/debug/build/aws-lc-sys-3390dfe71d639e46/out` (signal: 9, SIGKILL: kill)
[INFO] [stdout] error: linking with `cc` failed: exit status: 1
[INFO] [stdout]   |
[INFO] [stdout]   = note:  "cc" "-m64" "/opt/rustwide/target/debug/deps/rustcGH1HXX/symbols.o" "<2 object files omitted>" "-Wl,--as-needed" "-Wl,-Bstatic" "<sysroot>/lib/rustlib/x86_64-unknown-linux-gnu/lib/{libtest-*,libgetopts-*,librustc_std_workspace_std-*}.rlib" "/opt/rustwide/target/debug/deps/{libtirea_protocol_ai_sdk_v6-c4f4781bdc4044fd,libtirea_protocol_ag_ui-37bb736c68d298f2,libjson_patch-2cd5892df3dd4849,libjsonptr-6bb627b469082d30,libtirea_agentos-f944a7532fb1c56a,libtirea_extension_handoff-a3233104b67bc6ac,libtirea_extension_permission-502a247475cc9227,libglob_match-574f049e8f1deb63,libasync_stream-17d86ef5fef7654b,libtirea_extension_skills-0ec45832643f3aa5,libserde_yaml-8715c5f452f59020,libunsafe_libyaml-d3127b66fe569cc5,libunicode_normalization-e2f4b6af903d2f78,libtinyvec-0e7c5ebf3c1ba3ec,libtinyvec_macros-7b77ea21c73594ca,libtirea_extension_mcp-b887eb97ec9bae44,libmodel_context_protocol-f6112cd893e9dfee,libreqwest-705118e67d616509,librustls_pemfile-30aaf682314043cb,libhyper_tls-c135c34e1a64b75c,libbase64-13144a1f1e192158,libtokio_native_tls-d128bfb7781e0284,libnative_tls-14ae9b483e6ce04a,libopenssl-9158dca02e74d37b,libforeign_types-4fe1886d5d9265b9,libforeign_types_shared-47b443a4583fd949,libopenssl_sys-769a582597298c7e,libhyper-4feba5198274d05e,libsocket2-090fb42053c5cefe,libh2-1d267b80b3788779,libsync_wrapper-b5d3a794a1e9deea,libhttp_body-24268f2b7fbd4a20,libhttp-95cbf0e5a903280b,libthiserror-305297abc8a52265,libinventory-7cd360b6225d39e1,libdashmap-1e06b6d3ce979b18,libhashbrown-d952ad0946629507,libsha2-095ad84fd5bfa493,libcpufeatures-e04321643d03190d,libdigest-55f2c16e3612c500,libblock_buffer-ceb5bfb4b62e5dc4,libcrypto_common-56b940ef3ee0385e,libgeneric_array-3399f74876fb1fa9,libtypenum-973adb5204d6e560,libgenai-ee960c642f782dfe,libmime_guess-62c79a973dd7d3e8,libunicase-14ef8cc0d70eefb8,libserde_with-9d512be680a5a4f6,libvalue_ext-45ea7d096156365f,libreqwest-05df18dd1b80566a,librustls_platform_verifier-e4de8add45163791,librustls_native_certs-465b2aa2129aa72f,libopenssl_probe-6b1b371432012237,libmime-0188e0814ca7ddbf,libencoding_rs-c7a67ac351c2b19f,libderive_more-57ae7444b1a5ce7d,libtirea_contract-3c89f235e2635dac,libuuid-48e1e614cf5d2ec0,libgetrandom-6841e0dbdb6c146b,libjsonschema-5bfec88bbeebabae,libreqwest-c3fc0e1ebaab5415,libhyper_rustls-955442bceb0e3d14,libwebpki_roots-d9cc86348a7593ab,libtokio_rustls-3a8763cd5bc34f9f,librustls-f23a7481cdb40942,libsubtle-2ae6a7038b9a0630,libwebpki-b8da5fbb88219d56,libaws_lc_rs-c5c366604a8ce827,libaws_lc_sys-671c69aa20e8d734,libring-ed564bd232d76bbe,libgetrandom-23d8bf2e7269f879,libuntrusted-b2f816886faf2178,librustls_pki_types-a1ff9279e609de76,libzeroize-7f213bea776ca5b6,libserde_urlencoded-7a365fc42251d5c2,libryu-1f4f40e4352371e5,libtower_http-b97baf9bb79083a5,libbitflags-19bd3a07fb167555,libiri_string-7980c6545d934b56,libtower-deff3ba30ee2ed3d,libtower_layer-d908dd771b239ecd,libhyper_util-3974932cc9adcfef,libbase64-32787b0325ea6df8,libipnet-61ca7a5e1c2863d4,libtower_service-3fb88d28c2218805,libhyper-651c883032b8923f,libwant-7a6260b9c50f1479,libtry_lock-8fa2f6971035be84,libhttparse-8c9b827b8f345444,libh2-8c93f57235df951f,libtracing-02779275e9ae46ef,libtracing_core-89b602bc4a7d7f8a,libindexmap-0ece783e234d1377,libfnv-79e2cbfbe03dcd16,libpin_utils-3860774ad9b215b5,libatomic_waker-06950c8c08d2b8fa,libhttpdate-331798cefc82cc7e,libhttp_body_util-c0f255da7b1303d2,libhttp_body-0a00ef6d60810830,liblog-f16ce4b64309590f,liburl-3676c8363076f8a8,libform_urlencoded-58b0f0edb59b40d2,libhttp-c1a05956a07658f0,libsync_wrapper-6bdfbc29c4269203,libbytecount-4690dc5a500fb13e,libregex-d11db3dc7b8ab39f,libidna-e9ad6e455e9a1538,libutf8_iter-51566bbad89f3a68,libidna_adapter-9dba3264a1bfc2c8,libicu_properties-82ff42289bb7499c,libicu_properties_data-b217809bf575558a,libicu_normalizer-8c867b914652bdf4,libicu_normalizer_data-ab8997d7cbbb3306,libicu_collections-f0026b89614cd57d,libpotential_utf-1a624fe73bbd467a,libicu_provider-0397860365ebade6,libicu_locale_core-816fe88e71ee8167,libtinystr-a70de79dd32ef62f,liblitemap-cd9b5b2aa04e2018,libwriteable-4f74a67d38fff78e,libzerovec-d945614e18b562f6,libzerotrie-ebf521f2ef5efadc,libyoke-da17f70501a25c31,libstable_deref_trait-63cbf3f3d3f94e56,libzerofrom-9cf902e0d855375e,libuuid_simd-d3e1f6e0583a7b9b,liboutref-a8d151a70d892957,libvsimd-df18ed82e402df6e,libunicode_general_category-bc3aae0f40ed0963,libfancy_regex-1d433ad6923c8bd5,libbit_set-0311c4fb3031ff2a,libbit_vec-b1d1b68c2b4b1dac,libregex_automata-42a29813635ff257,libaho_corasick-fa94425a423a79cf,libemail_address-ed34969590cfec02,libfraction-9c6cb8e6899c31ff,liblazy_static-3674be3f4245d19b,libnum-8187774c80f98a9a,libnum_iter-dafa5428079a43a4,libnum_rational-d1bbcbe2db5f69d2,libnum_complex-c533bd18104d369c,libnum_bigint-2477c4e6b378c085,libnum_integer-e1dae9bde9b8ffd5,libnum_traits-61451ab850bd490d,libnum_cmp-ef5cddd5e953f8cc,libregex_syntax-6d6ee545e2ffad72,libdata_encoding-4b0fc7d26697af29,libreferencing-91cb598f633b3989,libpercent_encoding-fa055ecaa1e57cfa,libhashbrown-63a892cc2d36a2f0,libequivalent-6a754676e6af62ae,liballocator_api2-8d9c1e895dea53bd,libfoldhash-3b780c428974a407,libfluent_uri-4e1ab55fde1d02d2,libborrow_or_share-0fa8a3ec06072945,libahash-7be31ba85a246f2e,libgetrandom-c27f5d9907cbefd0,libonce_cell-b5bdc597ed9676b3,libzerocopy-f356ca4a4615f711,libschemars-4a183bd204021e5e,libdyn_clone-319e7691ef78165b,libref_cast-b706dde3ea1204b4,libtokio_util-d929fa97c3e3960a,libfutures-9c921a066945f7b8,libfutures_executor-ce29f620c93d725f,libfutures_util-4e9f1b9e11a686e5,libfutures_io-3814ffd654d7040e,libslab-0582d648e59ab406,libfutures_channel-04b287164a72dbf0,libfutures_sink-3971bde37bb30e19,libfutures_task-36f327cfab86eddc,libfutures_core-1121ff913ed87f93,libtirea_state-ba694939717cf585,libtokio-7783906f74c1f01f,libsignal_hook_registry-0370c074c4bef323,liberrno-1d9457f3d77a0a23,libsocket2-050091baf38e5996,libbytes-f56f9dd78a9ceeea,libmio-b3d300bcba2dd5a7,libparking_lot-797f7647641c55b1,libparking_lot_core-c8176c07ca4f9b3f,liblibc-585253b8e2aa2651,libcfg_if-83060ec5685761ae,libsmallvec-be13743ec94bfa48,liblock_api-16d46fed645f7bff,libscopeguard-7ec2214574194454,libpin_project_lite-0a15d51c77964692,libthiserror-5e90adc18491a337,libserde_json-8c6203af07eca333,libmemchr-5cfa70d22cb32987,libitoa-f3a70a1441f7f89b,libzmij-ef63f1da73704b4c,libserde-870ee391e4f6e8f9,libserde_core-46542aab222bf259}.rlib" "<sysroot>/lib/rustlib/x86_64-unknown-linux-gnu/lib/{libstd-*,libpanic_unwind-*,libobject-*,libmemchr-*,libaddr2line-*,libgimli-*,libcfg_if-*,librustc_demangle-*,libstd_detect-*,libhashbrown-*,librustc_std_workspace_alloc-*,libminiz_oxide-*,libadler2-*,libunwind-*,liblibc-*,librustc_std_workspace_core-*,liballoc-*,libcore-*,libcompiler_builtins-*}.rlib" "-Wl,-Bdynamic" "-lssl" "-lcrypto" "-lgcc_s" "-lutil" "-lrt" "-lpthread" "-lm" "-ldl" "-lc" "-L" "/opt/rustwide/target/debug/deps/rustcGH1HXX/raw-dylibs" "-B<sysroot>/lib/rustlib/x86_64-unknown-linux-gnu/bin/gcc-ld" "-fuse-ld=lld" "-Wl,--eh-frame-hdr" "-Wl,-z,noexecstack" "-L" "/opt/rustwide/target/debug/build/ring-ed9f6680db824c3c/out" "-L" "/opt/rustwide/target/debug/build/aws-lc-sys-3390dfe71d639e46/out" "-L" "<sysroot>/lib/rustlib/x86_64-unknown-linux-gnu/lib" "-o" "/opt/rustwide/target/debug/deps/functional_protocol_matrix-3d0de80158f6f6cd" "-Wl,--gc-sections" "-pie" "-Wl,-z,relro,-z,now" "-nodefaultlibs"
[INFO] [stdout]   = note: some arguments are omitted. use `--verbose` to show all linker arguments
[INFO] [stdout]   = note: collect2: fatal error: ld terminated with signal 9 [Killed]
[INFO] [stdout]           compilation terminated.
[INFO] [stdout]           
[INFO] [stdout] 
[INFO] [stdout] 
[INFO] [stdout] error: linking with `cc` failed: exit status: 1
[INFO] [stdout]   |
[INFO] [stdout]   = note:  "cc" "-m64" "/opt/rustwide/target/debug/deps/rustcZCe875/symbols.o" "<5 object files omitted>" "-Wl,--as-needed" "-Wl,-Bstatic" "<sysroot>/lib/rustlib/x86_64-unknown-linux-gnu/lib/{libtest-*,libgetopts-*,librustc_std_workspace_std-*}.rlib" "/opt/rustwide/target/debug/deps/{libtirea_store_adapters-c306194fe861d53e,libsqlx-48edf5a4775c03a7,libsqlx_postgres-070799d6247ecc3d,libhex-13e08b3b00984ab7,libwhoami-679b18861a32e944,libhome-2459c00c573c2c5a,libmd5-d8c1649bad7aff8e,libbyteorder-7fb216e967c6a54f,libatoi-2889230d8eb66535,libstringprep-94fdae503584f596,libunicode_properties-d98df78cf9438258,libunicode_bidi-a9d2c96e849c6f3c,libhkdf-16555026228ea0f0,libhmac-741d575b19be3fc6,libsqlx_core-7a902526d059da31,libhashlink-f007fbd3ee912335,libhashbrown-621f4a290160b487,libfoldhash-07f233db1c671507,libcrossbeam_queue-7c6dbf82c0535e67,libcrossbeam_utils-076f45bf81d9c2d2,libeither-6c2313c2bbf520d2,libevent_listener-ab3faf5dd5c5db1b,libparking-a9ae72c6c16ee980,libtirea_agentos_server-caa1de9d358aa66c,libasync_nats-bee408dd1152f57f,librustls_native_certs-745c8a286af8228d,libopenssl_probe-2c6d21a9709cae46,librustls_pemfile-704b86c13aeb56e7,libserde_nanos-df65924741ef7296,libtryhard-d6c54ad534f44980,libnuid-300c0ace48b9cc9b,libwebpki-a4517a14045a8f30,libtime-d8f219f8f150241d,libtime_core-031b6ab885a7634b,libnum_conv-9ace8b7f2a214982,libderanged-f9bbcbf13dcfb1de,libpowerfmt-f6019a2766e431f7,libportable_atomic-b2c3e87a13df7d23,libnkeys-2bda70b8e124145f,libsignatory-97a510c99d97afc1,libpkcs8-470b58cefc9cdf9f,libspki-bc92a942e2b17e04,libder-12e39d39dee0011c,libpem_rfc7468-68a26afe4db4273c,libbase64ct-050420b1c69ac317,libconst_oid-2aadc73a32842898,librand-9430bfa85d5a43b1,librand_chacha-ece3a1fcada7f917,libppv_lite86-f71f66a5f0b2c41c,librand_core-d3604a144f1290be,libed25519_dalek-1fa22ee4e045fce6,libcurve25519_dalek-7c55bb9f178084f1,libed25519-2ef8a4ce641e6f1e,libsignature-86f24c9b08cf8b91,libtirea_protocol_ai_sdk_v6-c4f4781bdc4044fd,libtirea_protocol_ag_ui-37bb736c68d298f2,libjson_patch-2cd5892df3dd4849,libjsonptr-6bb627b469082d30,libtirea_protocol_acp-0e80caafe73183a4,libtirea_agentos-f944a7532fb1c56a,libtirea_extension_handoff-a3233104b67bc6ac,libtirea_extension_permission-502a247475cc9227,libglob_match-574f049e8f1deb63,libasync_stream-17d86ef5fef7654b,libtirea_extension_skills-0ec45832643f3aa5,libserde_yaml-8715c5f452f59020,libunsafe_libyaml-d3127b66fe569cc5,libunicode_normalization-e2f4b6af903d2f78,libtinyvec-0e7c5ebf3c1ba3ec,libtinyvec_macros-7b77ea21c73594ca,libtirea_extension_mcp-b887eb97ec9bae44,libmodel_context_protocol-f6112cd893e9dfee,libreqwest-705118e67d616509,librustls_pemfile-30aaf682314043cb,libhyper_tls-c135c34e1a64b75c,libbase64-13144a1f1e192158,libtokio_native_tls-d128bfb7781e0284,libnative_tls-14ae9b483e6ce04a,libopenssl-9158dca02e74d37b,libforeign_types-4fe1886d5d9265b9,libforeign_types_shared-47b443a4583fd949,libopenssl_sys-769a582597298c7e,libhyper-4feba5198274d05e,libsocket2-090fb42053c5cefe,libh2-1d267b80b3788779,libsync_wrapper-b5d3a794a1e9deea,libhttp_body-24268f2b7fbd4a20,libhttp-95cbf0e5a903280b,libthiserror-305297abc8a52265,libinventory-7cd360b6225d39e1,libdashmap-1e06b6d3ce979b18,libhashbrown-d952ad0946629507,libsha2-095ad84fd5bfa493,libcpufeatures-e04321643d03190d,libdigest-55f2c16e3612c500,libblock_buffer-ceb5bfb4b62e5dc4,libcrypto_common-56b940ef3ee0385e,libgeneric_array-3399f74876fb1fa9,libtypenum-973adb5204d6e560,libgenai-ee960c642f782dfe,libmime_guess-62c79a973dd7d3e8,libunicase-14ef8cc0d70eefb8,libserde_with-9d512be680a5a4f6,libvalue_ext-45ea7d096156365f,libreqwest-05df18dd1b80566a,librustls_platform_verifier-e4de8add45163791,librustls_native_certs-465b2aa2129aa72f,libopenssl_probe-6b1b371432012237,libencoding_rs-c7a67ac351c2b19f,libderive_more-57ae7444b1a5ce7d,libtirea_contract-3c89f235e2635dac,libuuid-48e1e614cf5d2ec0,libgetrandom-6841e0dbdb6c146b,libjsonschema-5bfec88bbeebabae,libreqwest-c3fc0e1ebaab5415,libhyper_rustls-955442bceb0e3d14,libwebpki_roots-d9cc86348a7593ab,libtokio_rustls-3a8763cd5bc34f9f,librustls-f23a7481cdb40942,libsubtle-2ae6a7038b9a0630,libwebpki-b8da5fbb88219d56,libaws_lc_rs-c5c366604a8ce827,libaws_lc_sys-671c69aa20e8d734,libring-ed564bd232d76bbe,libgetrandom-23d8bf2e7269f879,libuntrusted-b2f816886faf2178,librustls_pki_types-a1ff9279e609de76,libzeroize-7f213bea776ca5b6,libtower_http-b97baf9bb79083a5,libbitflags-19bd3a07fb167555,libiri_string-7980c6545d934b56,liburl-3676c8363076f8a8,libbytecount-4690dc5a500fb13e,libregex-d11db3dc7b8ab39f,libidna-e9ad6e455e9a1538,libutf8_iter-51566bbad89f3a68,libidna_adapter-9dba3264a1bfc2c8,libicu_properties-82ff42289bb7499c,libicu_properties_data-b217809bf575558a,libicu_normalizer-8c867b914652bdf4,libicu_normalizer_data-ab8997d7cbbb3306,libicu_collections-f0026b89614cd57d,libpotential_utf-1a624fe73bbd467a,libicu_provider-0397860365ebade6,libicu_locale_core-816fe88e71ee8167,libtinystr-a70de79dd32ef62f,liblitemap-cd9b5b2aa04e2018,libwriteable-4f74a67d38fff78e,libzerovec-d945614e18b562f6,libzerotrie-ebf521f2ef5efadc,libyoke-da17f70501a25c31,libstable_deref_trait-63cbf3f3d3f94e56,libzerofrom-9cf902e0d855375e,libuuid_simd-d3e1f6e0583a7b9b,liboutref-a8d151a70d892957,libvsimd-df18ed82e402df6e,libunicode_general_category-bc3aae0f40ed0963,libfancy_regex-1d433ad6923c8bd5,libbit_set-0311c4fb3031ff2a,libbit_vec-b1d1b68c2b4b1dac,libregex_automata-42a29813635ff257,libaho_corasick-fa94425a423a79cf,libemail_address-ed34969590cfec02,libfraction-9c6cb8e6899c31ff,liblazy_static-3674be3f4245d19b,libnum-8187774c80f98a9a,libnum_iter-dafa5428079a43a4,libnum_rational-d1bbcbe2db5f69d2,libnum_complex-c533bd18104d369c,libnum_bigint-2477c4e6b378c085,libnum_integer-e1dae9bde9b8ffd5,libnum_traits-61451ab850bd490d,libnum_cmp-ef5cddd5e953f8cc,libregex_syntax-6d6ee545e2ffad72,libdata_encoding-4b0fc7d26697af29,libreferencing-91cb598f633b3989,libfluent_uri-4e1ab55fde1d02d2,libborrow_or_share-0fa8a3ec06072945,libahash-7be31ba85a246f2e,libgetrandom-c27f5d9907cbefd0,libzerocopy-f356ca4a4615f711,libschemars-4a183bd204021e5e,libdyn_clone-319e7691ef78165b,libref_cast-b706dde3ea1204b4,libfutures-9c921a066945f7b8,libfutures_executor-ce29f620c93d725f,libtirea_state-ba694939717cf585,libthiserror-5e90adc18491a337,libaxum-b7e6cb9f40a1d25a,libserde_urlencoded-7a365fc42251d5c2,libryu-1f4f40e4352371e5,libform_urlencoded-58b0f0edb59b40d2,libserde_path_to_error-167b66c20b56519b,libserde_json-8c6203af07eca333,libzmij-ef63f1da73704b4c,libhyper_util-3974932cc9adcfef,libbase64-32787b0325ea6df8,libpercent_encoding-fa055ecaa1e57cfa,libipnet-61ca7a5e1c2863d4,libhyper-651c883032b8923f,libwant-7a6260b9c50f1479,libtry_lock-8fa2f6971035be84,libhttparse-8c9b827b8f345444,libh2-8c93f57235df951f,libfnv-79e2cbfbe03dcd16,libpin_utils-3860774ad9b215b5,libatomic_waker-06950c8c08d2b8fa,libhttpdate-331798cefc82cc7e,libmatchit-616cb01453b9e7d4,libaxum_core-9215ad6116496dc0,libmime-0188e0814ca7ddbf,libhttp_body_util-c0f255da7b1303d2,libhttp_body-0a00ef6d60810830,libhttp-c1a05956a07658f0,libitoa-f3a70a1441f7f89b,libtower-deff3ba30ee2ed3d,libsync_wrapper-6bdfbc29c4269203,libindexmap-0ece783e234d1377,libhashbrown-63a892cc2d36a2f0,libequivalent-6a754676e6af62ae,liballocator_api2-8d9c1e895dea53bd,libfoldhash-3b780c428974a407,libtokio_util-d929fa97c3e3960a,libtokio-7783906f74c1f01f,libsignal_hook_registry-0370c074c4bef323,liberrno-1d9457f3d77a0a23,libsocket2-050091baf38e5996,libbytes-f56f9dd78a9ceeea,libmio-b3d300bcba2dd5a7,libparking_lot-797f7647641c55b1,libparking_lot_core-c8176c07ca4f9b3f,liblibc-585253b8e2aa2651,libcfg_if-83060ec5685761ae,libsmallvec-be13743ec94bfa48,libserde-870ee391e4f6e8f9,libserde_core-46542aab222bf259,liblock_api-16d46fed645f7bff,libscopeguard-7ec2214574194454,libtracing-02779275e9ae46ef,liblog-f16ce4b64309590f,libtracing_core-89b602bc4a7d7f8a,libonce_cell-b5bdc597ed9676b3,libfutures_util-4e9f1b9e11a686e5,libmemchr-5cfa70d22cb32987,libfutures_io-3814ffd654d7040e,libslab-0582d648e59ab406,libfutures_channel-04b287164a72dbf0,libfutures_sink-3971bde37bb30e19,libfutures_task-36f327cfab86eddc,libfutures_core-1121ff913ed87f93,libtower_service-3fb88d28c2218805,libpin_project_lite-0a15d51c77964692,libtower_layer-d908dd771b239ecd}.rlib" "<sysroot>/lib/rustlib/x86_64-unknown-linux-gnu/lib/{libstd-*,libpanic_unwind-*,libobject-*,libmemchr-*,libaddr2line-*,libgimli-*,libcfg_if-*,librustc_demangle-*,libstd_detect-*,libhashbrown-*,librustc_std_workspace_alloc-*,libminiz_oxide-*,libadler2-*,libunwind-*,liblibc-*,librustc_std_workspace_core-*,liballoc-*,libcore-*,libcompiler_builtins-*}.rlib" "-Wl,-Bdynamic" "-lssl" "-lcrypto" "-lgcc_s" "-lutil" "-lrt" "-lpthread" "-lm" "-ldl" "-lc" "-L" "/opt/rustwide/target/debug/deps/rustcZCe875/raw-dylibs" "-B<sysroot>/lib/rustlib/x86_64-unknown-linux-gnu/bin/gcc-ld" "-fuse-ld=lld" "-Wl,--eh-frame-hdr" "-Wl,-z,noexecstack" "-L" "/opt/rustwide/target/debug/build/ring-ed9f6680db824c3c/out" "-L" "/opt/rustwide/target/debug/build/aws-lc-sys-3390dfe71d639e46/out" "-L" "<sysroot>/lib/rustlib/x86_64-unknown-linux-gnu/lib" "-o" "/opt/rustwide/target/debug/deps/explicit_composition-b29284a83be08b5d" "-Wl,--gc-sections" "-pie" "-Wl,-z,relro,-z,now" "-nodefaultlibs"
[INFO] [stdout]   = note: some arguments are omitted. use `--verbose` to show all linker arguments
[INFO] [stdout]   = note: collect2: fatal error: ld terminated with signal 9 [Killed]
[INFO] [stdout]           compilation terminated.
[INFO] [stdout]           
[INFO] [stdout] 
[INFO] [stdout] 
[INFO] [stderr] error: could not compile `tirea-agentos-server` (test "functional_protocol_matrix") due to 1 previous error
[INFO] [stderr] error: could not compile `tirea-agentos-server` (test "explicit_composition") due to 1 previous error
[INFO] [stdout] error: linking with `cc` failed: exit status: 1
[INFO] [stdout]   |
[INFO] [stdout]   = note:  "cc" "-m64" "/opt/rustwide/target/debug/deps/rustclQp9vl/symbols.o" "<2 object files omitted>" "-Wl,--as-needed" "-Wl,-Bstatic" "<sysroot>/lib/rustlib/x86_64-unknown-linux-gnu/lib/{libtest-*,libgetopts-*,librustc_std_workspace_std-*}.rlib" "/opt/rustwide/target/debug/deps/{libtirea_store_adapters-c306194fe861d53e,libsqlx-48edf5a4775c03a7,libsqlx_postgres-070799d6247ecc3d,libhex-13e08b3b00984ab7,libwhoami-679b18861a32e944,libhome-2459c00c573c2c5a,libmd5-d8c1649bad7aff8e,libbyteorder-7fb216e967c6a54f,libatoi-2889230d8eb66535,libstringprep-94fdae503584f596,libunicode_properties-d98df78cf9438258,libunicode_bidi-a9d2c96e849c6f3c,libhkdf-16555026228ea0f0,libhmac-741d575b19be3fc6,libsqlx_core-7a902526d059da31,libhashlink-f007fbd3ee912335,libhashbrown-621f4a290160b487,libfoldhash-07f233db1c671507,libcrossbeam_queue-7c6dbf82c0535e67,libcrossbeam_utils-076f45bf81d9c2d2,libeither-6c2313c2bbf520d2,libevent_listener-ab3faf5dd5c5db1b,libparking-a9ae72c6c16ee980,libtirea_agentos_server-caa1de9d358aa66c,libasync_nats-bee408dd1152f57f,librustls_native_certs-745c8a286af8228d,libopenssl_probe-2c6d21a9709cae46,librustls_pemfile-704b86c13aeb56e7,libserde_nanos-df65924741ef7296,libtryhard-d6c54ad534f44980,libnuid-300c0ace48b9cc9b,libwebpki-a4517a14045a8f30,libtime-d8f219f8f150241d,libtime_core-031b6ab885a7634b,libnum_conv-9ace8b7f2a214982,libderanged-f9bbcbf13dcfb1de,libpowerfmt-f6019a2766e431f7,libportable_atomic-b2c3e87a13df7d23,libnkeys-2bda70b8e124145f,libsignatory-97a510c99d97afc1,libpkcs8-470b58cefc9cdf9f,libspki-bc92a942e2b17e04,libder-12e39d39dee0011c,libpem_rfc7468-68a26afe4db4273c,libbase64ct-050420b1c69ac317,libconst_oid-2aadc73a32842898,librand-9430bfa85d5a43b1,librand_chacha-ece3a1fcada7f917,libppv_lite86-f71f66a5f0b2c41c,librand_core-d3604a144f1290be,libed25519_dalek-1fa22ee4e045fce6,libcurve25519_dalek-7c55bb9f178084f1,libed25519-2ef8a4ce641e6f1e,libsignature-86f24c9b08cf8b91,libtirea_protocol_ai_sdk_v6-c4f4781bdc4044fd,libtirea_protocol_ag_ui-37bb736c68d298f2,libjson_patch-2cd5892df3dd4849,libjsonptr-6bb627b469082d30,libtirea_protocol_acp-0e80caafe73183a4,libaxum-b7e6cb9f40a1d25a,libserde_path_to_error-167b66c20b56519b,libmatchit-616cb01453b9e7d4,libaxum_core-9215ad6116496dc0,libtirea_agentos-f944a7532fb1c56a,libtirea_extension_handoff-a3233104b67bc6ac,libtirea_extension_permission-502a247475cc9227,libglob_match-574f049e8f1deb63,libasync_stream-17d86ef5fef7654b,libtirea_extension_skills-0ec45832643f3aa5,libserde_yaml-8715c5f452f59020,libunsafe_libyaml-d3127b66fe569cc5,libunicode_normalization-e2f4b6af903d2f78,libtinyvec-0e7c5ebf3c1ba3ec,libtinyvec_macros-7b77ea21c73594ca,libtirea_extension_mcp-b887eb97ec9bae44,libmodel_context_protocol-f6112cd893e9dfee,libreqwest-705118e67d616509,librustls_pemfile-30aaf682314043cb,libhyper_tls-c135c34e1a64b75c,libbase64-13144a1f1e192158,libtokio_native_tls-d128bfb7781e0284,libnative_tls-14ae9b483e6ce04a,libopenssl-9158dca02e74d37b,libforeign_types-4fe1886d5d9265b9,libforeign_types_shared-47b443a4583fd949,libopenssl_sys-769a582597298c7e,libhyper-4feba5198274d05e,libsocket2-090fb42053c5cefe,libh2-1d267b80b3788779,libsync_wrapper-b5d3a794a1e9deea,libhttp_body-24268f2b7fbd4a20,libhttp-95cbf0e5a903280b,libthiserror-305297abc8a52265,libinventory-7cd360b6225d39e1,libdashmap-1e06b6d3ce979b18,libhashbrown-d952ad0946629507,libsha2-095ad84fd5bfa493,libcpufeatures-e04321643d03190d,libdigest-55f2c16e3612c500,libblock_buffer-ceb5bfb4b62e5dc4,libcrypto_common-56b940ef3ee0385e,libgeneric_array-3399f74876fb1fa9,libtypenum-973adb5204d6e560,libgenai-ee960c642f782dfe,libmime_guess-62c79a973dd7d3e8,libunicase-14ef8cc0d70eefb8,libserde_with-9d512be680a5a4f6,libvalue_ext-45ea7d096156365f,libreqwest-05df18dd1b80566a,librustls_platform_verifier-e4de8add45163791,librustls_native_certs-465b2aa2129aa72f,libopenssl_probe-6b1b371432012237,libmime-0188e0814ca7ddbf,libencoding_rs-c7a67ac351c2b19f,libderive_more-57ae7444b1a5ce7d,libtirea_contract-3c89f235e2635dac,libuuid-48e1e614cf5d2ec0,libgetrandom-6841e0dbdb6c146b,libjsonschema-5bfec88bbeebabae,libreqwest-c3fc0e1ebaab5415,libhyper_rustls-955442bceb0e3d14,libwebpki_roots-d9cc86348a7593ab,libtokio_rustls-3a8763cd5bc34f9f,librustls-f23a7481cdb40942,libsubtle-2ae6a7038b9a0630,libwebpki-b8da5fbb88219d56,libaws_lc_rs-c5c366604a8ce827,libaws_lc_sys-671c69aa20e8d734,libring-ed564bd232d76bbe,libgetrandom-23d8bf2e7269f879,libuntrusted-b2f816886faf2178,librustls_pki_types-a1ff9279e609de76,libzeroize-7f213bea776ca5b6,libserde_urlencoded-7a365fc42251d5c2,libryu-1f4f40e4352371e5,libtower_http-b97baf9bb79083a5,libbitflags-19bd3a07fb167555,libiri_string-7980c6545d934b56,libtower-deff3ba30ee2ed3d,libtower_layer-d908dd771b239ecd,libhyper_util-3974932cc9adcfef,libbase64-32787b0325ea6df8,libipnet-61ca7a5e1c2863d4,libtower_service-3fb88d28c2218805,libhyper-651c883032b8923f,libwant-7a6260b9c50f1479,libtry_lock-8fa2f6971035be84,libhttparse-8c9b827b8f345444,libh2-8c93f57235df951f,libtracing-02779275e9ae46ef,libtracing_core-89b602bc4a7d7f8a,libindexmap-0ece783e234d1377,libfnv-79e2cbfbe03dcd16,libpin_utils-3860774ad9b215b5,libatomic_waker-06950c8c08d2b8fa,libhttpdate-331798cefc82cc7e,libhttp_body_util-c0f255da7b1303d2,libhttp_body-0a00ef6d60810830,liblog-f16ce4b64309590f,liburl-3676c8363076f8a8,libform_urlencoded-58b0f0edb59b40d2,libhttp-c1a05956a07658f0,libsync_wrapper-6bdfbc29c4269203,libbytecount-4690dc5a500fb13e,libregex-d11db3dc7b8ab39f,libidna-e9ad6e455e9a1538,libutf8_iter-51566bbad89f3a68,libidna_adapter-9dba3264a1bfc2c8,libicu_properties-82ff42289bb7499c,libicu_properties_data-b217809bf575558a,libicu_normalizer-8c867b914652bdf4,libicu_normalizer_data-ab8997d7cbbb3306,libicu_collections-f0026b89614cd57d,libpotential_utf-1a624fe73bbd467a,libicu_provider-0397860365ebade6,libicu_locale_core-816fe88e71ee8167,libtinystr-a70de79dd32ef62f,liblitemap-cd9b5b2aa04e2018,libwriteable-4f74a67d38fff78e,libzerovec-d945614e18b562f6,libzerotrie-ebf521f2ef5efadc,libyoke-da17f70501a25c31,libstable_deref_trait-63cbf3f3d3f94e56,libzerofrom-9cf902e0d855375e,libuuid_simd-d3e1f6e0583a7b9b,liboutref-a8d151a70d892957,libvsimd-df18ed82e402df6e,libunicode_general_category-bc3aae0f40ed0963,libfancy_regex-1d433ad6923c8bd5,libbit_set-0311c4fb3031ff2a,libbit_vec-b1d1b68c2b4b1dac,libregex_automata-42a29813635ff257,libaho_corasick-fa94425a423a79cf,libemail_address-ed34969590cfec02,libfraction-9c6cb8e6899c31ff,liblazy_static-3674be3f4245d19b,libnum-8187774c80f98a9a,libnum_iter-dafa5428079a43a4,libnum_rational-d1bbcbe2db5f69d2,libnum_complex-c533bd18104d369c,libnum_bigint-2477c4e6b378c085,libnum_integer-e1dae9bde9b8ffd5,libnum_traits-61451ab850bd490d,libnum_cmp-ef5cddd5e953f8cc,libregex_syntax-6d6ee545e2ffad72,libdata_encoding-4b0fc7d26697af29,libreferencing-91cb598f633b3989,libpercent_encoding-fa055ecaa1e57cfa,libhashbrown-63a892cc2d36a2f0,libequivalent-6a754676e6af62ae,liballocator_api2-8d9c1e895dea53bd,libfoldhash-3b780c428974a407,libfluent_uri-4e1ab55fde1d02d2,libborrow_or_share-0fa8a3ec06072945,libahash-7be31ba85a246f2e,libgetrandom-c27f5d9907cbefd0,libonce_cell-b5bdc597ed9676b3,libzerocopy-f356ca4a4615f711,libschemars-4a183bd204021e5e,libdyn_clone-319e7691ef78165b,libref_cast-b706dde3ea1204b4,libtokio_util-d929fa97c3e3960a,libfutures-9c921a066945f7b8,libfutures_executor-ce29f620c93d725f,libfutures_util-4e9f1b9e11a686e5,libfutures_io-3814ffd654d7040e,libslab-0582d648e59ab406,libfutures_channel-04b287164a72dbf0,libfutures_sink-3971bde37bb30e19,libfutures_task-36f327cfab86eddc,libfutures_core-1121ff913ed87f93,libtirea_state-ba694939717cf585,libtokio-7783906f74c1f01f,libsignal_hook_registry-0370c074c4bef323,liberrno-1d9457f3d77a0a23,libsocket2-050091baf38e5996,libbytes-f56f9dd78a9ceeea,libmio-b3d300bcba2dd5a7,libparking_lot-797f7647641c55b1,libparking_lot_core-c8176c07ca4f9b3f,liblibc-585253b8e2aa2651,libcfg_if-83060ec5685761ae,libsmallvec-be13743ec94bfa48,liblock_api-16d46fed645f7bff,libscopeguard-7ec2214574194454,libpin_project_lite-0a15d51c77964692,libthiserror-5e90adc18491a337,libserde-870ee391e4f6e8f9,libserde_json-8c6203af07eca333,libmemchr-5cfa70d22cb32987,libitoa-f3a70a1441f7f89b,libzmij-ef63f1da73704b4c,libserde_core-46542aab222bf259,libclap-63d4e46d741afd6f,libclap_builder-04fcc109377776a2,libstrsim-4d1ed08a123238dc,libanstream-14b271bd294f0187,libanstyle_query-635080b1d6343734,libis_terminal_polyfill-3ca4268cb2568267,libcolorchoice-33c0bd1745dd5ace,libanstyle_parse-88399b635fc44f8e,libutf8parse-92d0158219063202,libclap_lex-2acbcd0288e51058,libanstyle-9beaeb754742faae}.rlib" "<sysroot>/lib/rustlib/x86_64-unknown-linux-gnu/lib/{libstd-*,libpanic_unwind-*,libobject-*,libmemchr-*,libaddr2line-*,libgimli-*,libcfg_if-*,librustc_demangle-*,libstd_detect-*,libhashbrown-*,librustc_std_workspace_alloc-*,libminiz_oxide-*,libadler2-*,libunwind-*,liblibc-*,librustc_std_workspace_core-*,liballoc-*,libcore-*,libcompiler_builtins-*}.rlib" "-Wl,-Bdynamic" "-lssl" "-lcrypto" "-lgcc_s" "-lutil" "-lrt" "-lpthread" "-lm" "-ldl" "-lc" "-L" "/opt/rustwide/target/debug/deps/rustclQp9vl/raw-dylibs" "-B<sysroot>/lib/rustlib/x86_64-unknown-linux-gnu/bin/gcc-ld" "-fuse-ld=lld" "-Wl,--eh-frame-hdr" "-Wl,-z,noexecstack" "-L" "/opt/rustwide/target/debug/build/ring-ed9f6680db824c3c/out" "-L" "/opt/rustwide/target/debug/build/aws-lc-sys-3390dfe71d639e46/out" "-L" "<sysroot>/lib/rustlib/x86_64-unknown-linux-gnu/lib" "-o" "/opt/rustwide/target/debug/deps/tirea_agentos_server-db1073c2f79f90e9" "-Wl,--gc-sections" "-pie" "-Wl,-z,relro,-z,now" "-nodefaultlibs"
[INFO] [stdout]   = note: some arguments are omitted. use `--verbose` to show all linker arguments
[INFO] [stdout]   = note: collect2: fatal error: ld terminated with signal 9 [Killed]
[INFO] [stdout]           compilation terminated.
[INFO] [stdout]           
[INFO] [stdout] 
[INFO] [stdout] 
[INFO] [stderr] error: could not compile `tirea-agentos-server` (bin "tirea-agentos-server" test) due to 1 previous error
[INFO] [stdout] error: linking with `cc` failed: exit status: 1
[INFO] [stdout]   |
[INFO] [stdout]   = note:  "cc" "-m64" "/opt/rustwide/target/debug/deps/rustcOmb5Yz/symbols.o" "<6 object files omitted>" "-Wl,--as-needed" "-Wl,-Bstatic" "<sysroot>/lib/rustlib/x86_64-unknown-linux-gnu/lib/{libtest-*,libgetopts-*,librustc_std_workspace_std-*}.rlib" "/opt/rustwide/target/debug/deps/{libtirea_store_adapters-c306194fe861d53e,libsqlx-48edf5a4775c03a7,libsqlx_postgres-070799d6247ecc3d,libhex-13e08b3b00984ab7,libwhoami-679b18861a32e944,libhome-2459c00c573c2c5a,libmd5-d8c1649bad7aff8e,libbyteorder-7fb216e967c6a54f,libatoi-2889230d8eb66535,libstringprep-94fdae503584f596,libunicode_properties-d98df78cf9438258,libunicode_bidi-a9d2c96e849c6f3c,libhkdf-16555026228ea0f0,libhmac-741d575b19be3fc6,libsqlx_core-7a902526d059da31,libhashlink-f007fbd3ee912335,libhashbrown-621f4a290160b487,libfoldhash-07f233db1c671507,libcrossbeam_queue-7c6dbf82c0535e67,libcrossbeam_utils-076f45bf81d9c2d2,libeither-6c2313c2bbf520d2,libevent_listener-ab3faf5dd5c5db1b,libparking-a9ae72c6c16ee980,libtirea_agentos_server-caa1de9d358aa66c,libasync_nats-bee408dd1152f57f,librustls_native_certs-745c8a286af8228d,libopenssl_probe-2c6d21a9709cae46,librustls_pemfile-704b86c13aeb56e7,libserde_nanos-df65924741ef7296,libtryhard-d6c54ad534f44980,libnuid-300c0ace48b9cc9b,libwebpki-a4517a14045a8f30,libtime-d8f219f8f150241d,libtime_core-031b6ab885a7634b,libnum_conv-9ace8b7f2a214982,libderanged-f9bbcbf13dcfb1de,libpowerfmt-f6019a2766e431f7,libportable_atomic-b2c3e87a13df7d23,libnkeys-2bda70b8e124145f,libsignatory-97a510c99d97afc1,libpkcs8-470b58cefc9cdf9f,libspki-bc92a942e2b17e04,libder-12e39d39dee0011c,libpem_rfc7468-68a26afe4db4273c,libbase64ct-050420b1c69ac317,libconst_oid-2aadc73a32842898,librand-9430bfa85d5a43b1,librand_chacha-ece3a1fcada7f917,libppv_lite86-f71f66a5f0b2c41c,librand_core-d3604a144f1290be,libed25519_dalek-1fa22ee4e045fce6,libcurve25519_dalek-7c55bb9f178084f1,libed25519-2ef8a4ce641e6f1e,libsignature-86f24c9b08cf8b91,libtirea_protocol_ai_sdk_v6-c4f4781bdc4044fd,libtirea_protocol_ag_ui-37bb736c68d298f2,libjson_patch-2cd5892df3dd4849,libjsonptr-6bb627b469082d30,libtirea_protocol_acp-0e80caafe73183a4,libtirea_agentos-f944a7532fb1c56a,libtirea_extension_handoff-a3233104b67bc6ac,libtirea_extension_permission-502a247475cc9227,libglob_match-574f049e8f1deb63,libasync_stream-17d86ef5fef7654b,libtirea_extension_skills-0ec45832643f3aa5,libserde_yaml-8715c5f452f59020,libunsafe_libyaml-d3127b66fe569cc5,libunicode_normalization-e2f4b6af903d2f78,libtinyvec-0e7c5ebf3c1ba3ec,libtinyvec_macros-7b77ea21c73594ca,libtirea_extension_mcp-b887eb97ec9bae44,libmodel_context_protocol-f6112cd893e9dfee,libreqwest-705118e67d616509,librustls_pemfile-30aaf682314043cb,libhyper_tls-c135c34e1a64b75c,libbase64-13144a1f1e192158,libtokio_native_tls-d128bfb7781e0284,libnative_tls-14ae9b483e6ce04a,libopenssl-9158dca02e74d37b,libforeign_types-4fe1886d5d9265b9,libforeign_types_shared-47b443a4583fd949,libopenssl_sys-769a582597298c7e,libhyper-4feba5198274d05e,libsocket2-090fb42053c5cefe,libh2-1d267b80b3788779,libsync_wrapper-b5d3a794a1e9deea,libhttp_body-24268f2b7fbd4a20,libhttp-95cbf0e5a903280b,libthiserror-305297abc8a52265,libinventory-7cd360b6225d39e1,libdashmap-1e06b6d3ce979b18,libhashbrown-d952ad0946629507,libsha2-095ad84fd5bfa493,libcpufeatures-e04321643d03190d,libdigest-55f2c16e3612c500,libblock_buffer-ceb5bfb4b62e5dc4,libcrypto_common-56b940ef3ee0385e,libgeneric_array-3399f74876fb1fa9,libtypenum-973adb5204d6e560,libgenai-ee960c642f782dfe,libmime_guess-62c79a973dd7d3e8,libunicase-14ef8cc0d70eefb8,libserde_with-9d512be680a5a4f6,libvalue_ext-45ea7d096156365f,libreqwest-05df18dd1b80566a,librustls_platform_verifier-e4de8add45163791,librustls_native_certs-465b2aa2129aa72f,libopenssl_probe-6b1b371432012237,libencoding_rs-c7a67ac351c2b19f,libderive_more-57ae7444b1a5ce7d,libtirea_contract-3c89f235e2635dac,libuuid-48e1e614cf5d2ec0,libgetrandom-6841e0dbdb6c146b,libjsonschema-5bfec88bbeebabae,libreqwest-c3fc0e1ebaab5415,libhyper_rustls-955442bceb0e3d14,libwebpki_roots-d9cc86348a7593ab,libtokio_rustls-3a8763cd5bc34f9f,librustls-f23a7481cdb40942,libsubtle-2ae6a7038b9a0630,libwebpki-b8da5fbb88219d56,libaws_lc_rs-c5c366604a8ce827,libaws_lc_sys-671c69aa20e8d734,libring-ed564bd232d76bbe,libgetrandom-23d8bf2e7269f879,libuntrusted-b2f816886faf2178,librustls_pki_types-a1ff9279e609de76,libzeroize-7f213bea776ca5b6,libtower_http-b97baf9bb79083a5,libbitflags-19bd3a07fb167555,libiri_string-7980c6545d934b56,liburl-3676c8363076f8a8,libbytecount-4690dc5a500fb13e,libregex-d11db3dc7b8ab39f,libidna-e9ad6e455e9a1538,libutf8_iter-51566bbad89f3a68,libidna_adapter-9dba3264a1bfc2c8,libicu_properties-82ff42289bb7499c,libicu_properties_data-b217809bf575558a,libicu_normalizer-8c867b914652bdf4,libicu_normalizer_data-ab8997d7cbbb3306,libicu_collections-f0026b89614cd57d,libpotential_utf-1a624fe73bbd467a,libicu_provider-0397860365ebade6,libicu_locale_core-816fe88e71ee8167,libtinystr-a70de79dd32ef62f,liblitemap-cd9b5b2aa04e2018,libwriteable-4f74a67d38fff78e,libzerovec-d945614e18b562f6,libzerotrie-ebf521f2ef5efadc,libyoke-da17f70501a25c31,libstable_deref_trait-63cbf3f3d3f94e56,libzerofrom-9cf902e0d855375e,libuuid_simd-d3e1f6e0583a7b9b,liboutref-a8d151a70d892957,libvsimd-df18ed82e402df6e,libunicode_general_category-bc3aae0f40ed0963,libfancy_regex-1d433ad6923c8bd5,libbit_set-0311c4fb3031ff2a,libbit_vec-b1d1b68c2b4b1dac,libregex_automata-42a29813635ff257,libaho_corasick-fa94425a423a79cf,libemail_address-ed34969590cfec02,libfraction-9c6cb8e6899c31ff,liblazy_static-3674be3f4245d19b,libnum-8187774c80f98a9a,libnum_iter-dafa5428079a43a4,libnum_rational-d1bbcbe2db5f69d2,libnum_complex-c533bd18104d369c,libnum_bigint-2477c4e6b378c085,libnum_integer-e1dae9bde9b8ffd5,libnum_traits-61451ab850bd490d,libnum_cmp-ef5cddd5e953f8cc,libregex_syntax-6d6ee545e2ffad72,libdata_encoding-4b0fc7d26697af29,libreferencing-91cb598f633b3989,libfluent_uri-4e1ab55fde1d02d2,libborrow_or_share-0fa8a3ec06072945,libahash-7be31ba85a246f2e,libgetrandom-c27f5d9907cbefd0,libzerocopy-f356ca4a4615f711,libschemars-4a183bd204021e5e,libdyn_clone-319e7691ef78165b,libref_cast-b706dde3ea1204b4,libtirea_state-ba694939717cf585,libthiserror-5e90adc18491a337,libfutures-9c921a066945f7b8,libfutures_executor-ce29f620c93d725f,libaxum-b7e6cb9f40a1d25a,libserde_urlencoded-7a365fc42251d5c2,libryu-1f4f40e4352371e5,libform_urlencoded-58b0f0edb59b40d2,libserde_path_to_error-167b66c20b56519b,libserde_json-8c6203af07eca333,libzmij-ef63f1da73704b4c,libhyper_util-3974932cc9adcfef,libbase64-32787b0325ea6df8,libpercent_encoding-fa055ecaa1e57cfa,libipnet-61ca7a5e1c2863d4,libhyper-651c883032b8923f,libwant-7a6260b9c50f1479,libtry_lock-8fa2f6971035be84,libhttparse-8c9b827b8f345444,libh2-8c93f57235df951f,libfnv-79e2cbfbe03dcd16,libpin_utils-3860774ad9b215b5,libatomic_waker-06950c8c08d2b8fa,libhttpdate-331798cefc82cc7e,libmatchit-616cb01453b9e7d4,libaxum_core-9215ad6116496dc0,libmime-0188e0814ca7ddbf,libhttp_body_util-c0f255da7b1303d2,libhttp_body-0a00ef6d60810830,libhttp-c1a05956a07658f0,libitoa-f3a70a1441f7f89b,libtower-deff3ba30ee2ed3d,libsync_wrapper-6bdfbc29c4269203,libindexmap-0ece783e234d1377,libhashbrown-63a892cc2d36a2f0,libequivalent-6a754676e6af62ae,liballocator_api2-8d9c1e895dea53bd,libfoldhash-3b780c428974a407,libtokio_util-d929fa97c3e3960a,libtokio-7783906f74c1f01f,libsignal_hook_registry-0370c074c4bef323,liberrno-1d9457f3d77a0a23,libsocket2-050091baf38e5996,libbytes-f56f9dd78a9ceeea,libmio-b3d300bcba2dd5a7,libparking_lot-797f7647641c55b1,libparking_lot_core-c8176c07ca4f9b3f,liblibc-585253b8e2aa2651,libcfg_if-83060ec5685761ae,libsmallvec-be13743ec94bfa48,libserde-870ee391e4f6e8f9,libserde_core-46542aab222bf259,liblock_api-16d46fed645f7bff,libscopeguard-7ec2214574194454,libtracing-02779275e9ae46ef,liblog-f16ce4b64309590f,libtracing_core-89b602bc4a7d7f8a,libonce_cell-b5bdc597ed9676b3,libfutures_util-4e9f1b9e11a686e5,libmemchr-5cfa70d22cb32987,libfutures_io-3814ffd654d7040e,libslab-0582d648e59ab406,libfutures_channel-04b287164a72dbf0,libfutures_sink-3971bde37bb30e19,libfutures_task-36f327cfab86eddc,libfutures_core-1121ff913ed87f93,libtower_service-3fb88d28c2218805,libpin_project_lite-0a15d51c77964692,libtower_layer-d908dd771b239ecd}.rlib" "<sysroot>/lib/rustlib/x86_64-unknown-linux-gnu/lib/{libstd-*,libpanic_unwind-*,libobject-*,libmemchr-*,libaddr2line-*,libgimli-*,libcfg_if-*,librustc_demangle-*,libstd_detect-*,libhashbrown-*,librustc_std_workspace_alloc-*,libminiz_oxide-*,libadler2-*,libunwind-*,liblibc-*,librustc_std_workspace_core-*,liballoc-*,libcore-*,libcompiler_builtins-*}.rlib" "-Wl,-Bdynamic" "-lssl" "-lcrypto" "-lgcc_s" "-lutil" "-lrt" "-lpthread" "-lm" "-ldl" "-lc" "-L" "/opt/rustwide/target/debug/deps/rustcOmb5Yz/raw-dylibs" "-B<sysroot>/lib/rustlib/x86_64-unknown-linux-gnu/bin/gcc-ld" "-fuse-ld=lld" "-Wl,--eh-frame-hdr" "-Wl,-z,noexecstack" "-L" "/opt/rustwide/target/debug/build/ring-ed9f6680db824c3c/out" "-L" "/opt/rustwide/target/debug/build/aws-lc-sys-3390dfe71d639e46/out" "-L" "<sysroot>/lib/rustlib/x86_64-unknown-linux-gnu/lib" "-o" "/opt/rustwide/target/debug/deps/protocol_parity-8dca0c3232d9d18c" "-Wl,--gc-sections" "-pie" "-Wl,-z,relro,-z,now" "-nodefaultlibs"
[INFO] [stdout]   = note: some arguments are omitted. use `--verbose` to show all linker arguments
[INFO] [stdout]   = note: collect2: fatal error: ld terminated with signal 9 [Killed]
[INFO] [stdout]           compilation terminated.
[INFO] [stdout]           
[INFO] [stdout] 
[INFO] [stdout] 
[INFO] [stderr] error: could not compile `tirea-agentos-server` (test "protocol_parity") due to 1 previous error
[INFO] [stdout] error: linking with `cc` failed: exit status: 1
[INFO] [stdout]   |
[INFO] [stdout]   = note:  "cc" "-m64" "/opt/rustwide/target/debug/deps/rustc6L2sYa/symbols.o" "<6 object files omitted>" "-Wl,--as-needed" "-Wl,-Bstatic" "<sysroot>/lib/rustlib/x86_64-unknown-linux-gnu/lib/{libtest-*,libgetopts-*,librustc_std_workspace_std-*}.rlib" "/opt/rustwide/target/debug/deps/{libtirea_store_adapters-c306194fe861d53e,libsqlx-48edf5a4775c03a7,libsqlx_postgres-070799d6247ecc3d,libhex-13e08b3b00984ab7,libwhoami-679b18861a32e944,libhome-2459c00c573c2c5a,libmd5-d8c1649bad7aff8e,libbyteorder-7fb216e967c6a54f,libatoi-2889230d8eb66535,libstringprep-94fdae503584f596,libunicode_properties-d98df78cf9438258,libunicode_bidi-a9d2c96e849c6f3c,libhkdf-16555026228ea0f0,libhmac-741d575b19be3fc6,libsqlx_core-7a902526d059da31,libhashlink-f007fbd3ee912335,libhashbrown-621f4a290160b487,libfoldhash-07f233db1c671507,libcrossbeam_queue-7c6dbf82c0535e67,libcrossbeam_utils-076f45bf81d9c2d2,libeither-6c2313c2bbf520d2,libevent_listener-ab3faf5dd5c5db1b,libparking-a9ae72c6c16ee980,libtirea_agentos_server-caa1de9d358aa66c,libasync_nats-bee408dd1152f57f,librustls_native_certs-745c8a286af8228d,libopenssl_probe-2c6d21a9709cae46,librustls_pemfile-704b86c13aeb56e7,libserde_nanos-df65924741ef7296,libtryhard-d6c54ad534f44980,libnuid-300c0ace48b9cc9b,libwebpki-a4517a14045a8f30,libtime-d8f219f8f150241d,libtime_core-031b6ab885a7634b,libnum_conv-9ace8b7f2a214982,libderanged-f9bbcbf13dcfb1de,libpowerfmt-f6019a2766e431f7,libportable_atomic-b2c3e87a13df7d23,libnkeys-2bda70b8e124145f,libsignatory-97a510c99d97afc1,libpkcs8-470b58cefc9cdf9f,libspki-bc92a942e2b17e04,libder-12e39d39dee0011c,libpem_rfc7468-68a26afe4db4273c,libbase64ct-050420b1c69ac317,libconst_oid-2aadc73a32842898,librand-9430bfa85d5a43b1,librand_chacha-ece3a1fcada7f917,libppv_lite86-f71f66a5f0b2c41c,librand_core-d3604a144f1290be,libed25519_dalek-1fa22ee4e045fce6,libcurve25519_dalek-7c55bb9f178084f1,libed25519-2ef8a4ce641e6f1e,libsignature-86f24c9b08cf8b91,libtirea_protocol_ai_sdk_v6-c4f4781bdc4044fd,libtirea_protocol_ag_ui-37bb736c68d298f2,libjson_patch-2cd5892df3dd4849,libjsonptr-6bb627b469082d30,libtirea_protocol_acp-0e80caafe73183a4,libtirea_agentos-f944a7532fb1c56a,libtirea_extension_handoff-a3233104b67bc6ac,libtirea_extension_permission-502a247475cc9227,libglob_match-574f049e8f1deb63,libasync_stream-17d86ef5fef7654b,libtirea_extension_skills-0ec45832643f3aa5,libserde_yaml-8715c5f452f59020,libunsafe_libyaml-d3127b66fe569cc5,libunicode_normalization-e2f4b6af903d2f78,libtinyvec-0e7c5ebf3c1ba3ec,libtinyvec_macros-7b77ea21c73594ca,libtirea_extension_mcp-b887eb97ec9bae44,libmodel_context_protocol-f6112cd893e9dfee,libreqwest-705118e67d616509,librustls_pemfile-30aaf682314043cb,libhyper_tls-c135c34e1a64b75c,libbase64-13144a1f1e192158,libtokio_native_tls-d128bfb7781e0284,libnative_tls-14ae9b483e6ce04a,libopenssl-9158dca02e74d37b,libforeign_types-4fe1886d5d9265b9,libforeign_types_shared-47b443a4583fd949,libopenssl_sys-769a582597298c7e,libhyper-4feba5198274d05e,libsocket2-090fb42053c5cefe,libh2-1d267b80b3788779,libsync_wrapper-b5d3a794a1e9deea,libhttp_body-24268f2b7fbd4a20,libhttp-95cbf0e5a903280b,libthiserror-305297abc8a52265,libinventory-7cd360b6225d39e1,libdashmap-1e06b6d3ce979b18,libhashbrown-d952ad0946629507,libsha2-095ad84fd5bfa493,libcpufeatures-e04321643d03190d,libdigest-55f2c16e3612c500,libblock_buffer-ceb5bfb4b62e5dc4,libcrypto_common-56b940ef3ee0385e,libgeneric_array-3399f74876fb1fa9,libtypenum-973adb5204d6e560,libgenai-ee960c642f782dfe,libmime_guess-62c79a973dd7d3e8,libunicase-14ef8cc0d70eefb8,libserde_with-9d512be680a5a4f6,libvalue_ext-45ea7d096156365f,libreqwest-05df18dd1b80566a,librustls_platform_verifier-e4de8add45163791,librustls_native_certs-465b2aa2129aa72f,libopenssl_probe-6b1b371432012237,libencoding_rs-c7a67ac351c2b19f,libderive_more-57ae7444b1a5ce7d,libtirea_contract-3c89f235e2635dac,libuuid-48e1e614cf5d2ec0,libgetrandom-6841e0dbdb6c146b,libjsonschema-5bfec88bbeebabae,libreqwest-c3fc0e1ebaab5415,libhyper_rustls-955442bceb0e3d14,libwebpki_roots-d9cc86348a7593ab,libtokio_rustls-3a8763cd5bc34f9f,librustls-f23a7481cdb40942,libsubtle-2ae6a7038b9a0630,libwebpki-b8da5fbb88219d56,libaws_lc_rs-c5c366604a8ce827,libaws_lc_sys-671c69aa20e8d734,libring-ed564bd232d76bbe,libgetrandom-23d8bf2e7269f879,libuntrusted-b2f816886faf2178,librustls_pki_types-a1ff9279e609de76,libzeroize-7f213bea776ca5b6,libtower_http-b97baf9bb79083a5,libbitflags-19bd3a07fb167555,libiri_string-7980c6545d934b56,liburl-3676c8363076f8a8,libbytecount-4690dc5a500fb13e,libregex-d11db3dc7b8ab39f,libidna-e9ad6e455e9a1538,libutf8_iter-51566bbad89f3a68,libidna_adapter-9dba3264a1bfc2c8,libicu_properties-82ff42289bb7499c,libicu_properties_data-b217809bf575558a,libicu_normalizer-8c867b914652bdf4,libicu_normalizer_data-ab8997d7cbbb3306,libicu_collections-f0026b89614cd57d,libpotential_utf-1a624fe73bbd467a,libicu_provider-0397860365ebade6,libicu_locale_core-816fe88e71ee8167,libtinystr-a70de79dd32ef62f,liblitemap-cd9b5b2aa04e2018,libwriteable-4f74a67d38fff78e,libzerovec-d945614e18b562f6,libzerotrie-ebf521f2ef5efadc,libyoke-da17f70501a25c31,libstable_deref_trait-63cbf3f3d3f94e56,libzerofrom-9cf902e0d855375e,libuuid_simd-d3e1f6e0583a7b9b,liboutref-a8d151a70d892957,libvsimd-df18ed82e402df6e,libunicode_general_category-bc3aae0f40ed0963,libfancy_regex-1d433ad6923c8bd5,libbit_set-0311c4fb3031ff2a,libbit_vec-b1d1b68c2b4b1dac,libregex_automata-42a29813635ff257,libaho_corasick-fa94425a423a79cf,libemail_address-ed34969590cfec02,libfraction-9c6cb8e6899c31ff,liblazy_static-3674be3f4245d19b,libnum-8187774c80f98a9a,libnum_iter-dafa5428079a43a4,libnum_rational-d1bbcbe2db5f69d2,libnum_complex-c533bd18104d369c,libnum_bigint-2477c4e6b378c085,libnum_integer-e1dae9bde9b8ffd5,libnum_traits-61451ab850bd490d,libnum_cmp-ef5cddd5e953f8cc,libregex_syntax-6d6ee545e2ffad72,libdata_encoding-4b0fc7d26697af29,libreferencing-91cb598f633b3989,libfluent_uri-4e1ab55fde1d02d2,libborrow_or_share-0fa8a3ec06072945,libahash-7be31ba85a246f2e,libgetrandom-c27f5d9907cbefd0,libzerocopy-f356ca4a4615f711,libschemars-4a183bd204021e5e,libdyn_clone-319e7691ef78165b,libref_cast-b706dde3ea1204b4,libfutures-9c921a066945f7b8,libfutures_executor-ce29f620c93d725f,libtirea_state-ba694939717cf585,libthiserror-5e90adc18491a337,libaxum-b7e6cb9f40a1d25a,libserde_urlencoded-7a365fc42251d5c2,libryu-1f4f40e4352371e5,libform_urlencoded-58b0f0edb59b40d2,libserde_path_to_error-167b66c20b56519b,libserde_json-8c6203af07eca333,libzmij-ef63f1da73704b4c,libhyper_util-3974932cc9adcfef,libbase64-32787b0325ea6df8,libpercent_encoding-fa055ecaa1e57cfa,libipnet-61ca7a5e1c2863d4,libhyper-651c883032b8923f,libwant-7a6260b9c50f1479,libtry_lock-8fa2f6971035be84,libhttparse-8c9b827b8f345444,libh2-8c93f57235df951f,libfnv-79e2cbfbe03dcd16,libpin_utils-3860774ad9b215b5,libatomic_waker-06950c8c08d2b8fa,libhttpdate-331798cefc82cc7e,libmatchit-616cb01453b9e7d4,libaxum_core-9215ad6116496dc0,libmime-0188e0814ca7ddbf,libhttp_body_util-c0f255da7b1303d2,libhttp_body-0a00ef6d60810830,libhttp-c1a05956a07658f0,libitoa-f3a70a1441f7f89b,libtower-deff3ba30ee2ed3d,libsync_wrapper-6bdfbc29c4269203,libindexmap-0ece783e234d1377,libhashbrown-63a892cc2d36a2f0,libequivalent-6a754676e6af62ae,liballocator_api2-8d9c1e895dea53bd,libfoldhash-3b780c428974a407,libtokio_util-d929fa97c3e3960a,libtokio-7783906f74c1f01f,libsignal_hook_registry-0370c074c4bef323,liberrno-1d9457f3d77a0a23,libsocket2-050091baf38e5996,libbytes-f56f9dd78a9ceeea,libmio-b3d300bcba2dd5a7,libparking_lot-797f7647641c55b1,libparking_lot_core-c8176c07ca4f9b3f,liblibc-585253b8e2aa2651,libcfg_if-83060ec5685761ae,libsmallvec-be13743ec94bfa48,libserde-870ee391e4f6e8f9,libserde_core-46542aab222bf259,liblock_api-16d46fed645f7bff,libscopeguard-7ec2214574194454,libtracing-02779275e9ae46ef,liblog-f16ce4b64309590f,libtracing_core-89b602bc4a7d7f8a,libonce_cell-b5bdc597ed9676b3,libfutures_util-4e9f1b9e11a686e5,libmemchr-5cfa70d22cb32987,libfutures_io-3814ffd654d7040e,libslab-0582d648e59ab406,libfutures_channel-04b287164a72dbf0,libfutures_sink-3971bde37bb30e19,libfutures_task-36f327cfab86eddc,libfutures_core-1121ff913ed87f93,libtower_service-3fb88d28c2218805,libpin_project_lite-0a15d51c77964692,libtower_layer-d908dd771b239ecd}.rlib" "<sysroot>/lib/rustlib/x86_64-unknown-linux-gnu/lib/{libstd-*,libpanic_unwind-*,libobject-*,libmemchr-*,libaddr2line-*,libgimli-*,libcfg_if-*,librustc_demangle-*,libstd_detect-*,libhashbrown-*,librustc_std_workspace_alloc-*,libminiz_oxide-*,libadler2-*,libunwind-*,liblibc-*,librustc_std_workspace_core-*,liballoc-*,libcore-*,libcompiler_builtins-*}.rlib" "-Wl,-Bdynamic" "-lssl" "-lcrypto" "-lgcc_s" "-lutil" "-lrt" "-lpthread" "-lm" "-ldl" "-lc" "-L" "/opt/rustwide/target/debug/deps/rustc6L2sYa/raw-dylibs" "-B<sysroot>/lib/rustlib/x86_64-unknown-linux-gnu/bin/gcc-ld" "-fuse-ld=lld" "-Wl,--eh-frame-hdr" "-Wl,-z,noexecstack" "-L" "/opt/rustwide/target/debug/build/ring-ed9f6680db824c3c/out" "-L" "/opt/rustwide/target/debug/build/aws-lc-sys-3390dfe71d639e46/out" "-L" "<sysroot>/lib/rustlib/x86_64-unknown-linux-gnu/lib" "-o" "/opt/rustwide/target/debug/deps/a2a_http-4376fbafca2359dd" "-Wl,--gc-sections" "-pie" "-Wl,-z,relro,-z,now" "-nodefaultlibs"
[INFO] [stdout]   = note: some arguments are omitted. use `--verbose` to show all linker arguments
[INFO] [stdout]   = note: collect2: fatal error: ld terminated with signal 9 [Killed]
[INFO] [stdout]           compilation terminated.
[INFO] [stdout]           
[INFO] [stdout] 
[INFO] [stdout] 
[INFO] [stderr] error: could not compile `tirea-agentos-server` (test "a2a_http") due to 1 previous error
[ERROR] error running command: no output for 300 seconds
[INFO] running `Command { std: "docker" "inspect" "831cf56bfff2f35ac9581fac16d6d405eeaffa6b1c42323f139b05af4bad0bca", kill_on_drop: false }`
[INFO] running `Command { std: "docker" "rm" "-f" "831cf56bfff2f35ac9581fac16d6d405eeaffa6b1c42323f139b05af4bad0bca", kill_on_drop: false }`
[INFO] [stdout] 831cf56bfff2f35ac9581fac16d6d405eeaffa6b1c42323f139b05af4bad0bca
