[INFO] fetching crate tinywasm 0.11.0...
[INFO] testing tinywasm-0.11.0 against 1.100.0-beta.1 for beta-1.100-2
[INFO] extracting crate tinywasm 0.11.0 into /workspace/builds/worker-3-tc2/source
[INFO] started tweaking crates.io crate tinywasm 0.11.0
[INFO] removed 0 missing tests
[INFO] finished tweaking crates.io crate tinywasm 0.11.0
[INFO] tweaked toml for crates.io crate tinywasm 0.11.0 written to /workspace/builds/worker-3-tc2/source/Cargo.toml
[INFO] validating manifest of crates.io crate tinywasm 0.11.0 on toolchain 1.100.0-beta.1
[INFO] running `Command { std: CARGO_HOME="/workspace/cargo-home" RUSTUP_HOME="/workspace/rustup-home" "/workspace/cargo-home/bin/cargo" "+1.100.0-beta.1" "metadata" "--manifest-path" "Cargo.toml" "--no-deps", kill_on_drop: false }`
[INFO] crate crates.io crate tinywasm 0.11.0 already has a lockfile, it will not be regenerated
[INFO] running `Command { std: CARGO_HOME="/workspace/cargo-home" RUSTUP_HOME="/workspace/rustup-home" "/workspace/cargo-home/bin/cargo" "+1.100.0-beta.1" "fetch" "--manifest-path" "Cargo.toml", kill_on_drop: false }`
[INFO] running `Command { std: "docker" "create" "-v" "/var/lib/crater-agent-workspace/builds/worker-3-tc2/source:/opt/rustwide/workdir:ro,Z" "-v" "/var/lib/crater-agent-workspace/builds/worker-3-tc2/target:/opt/rustwide/target:rw,Z" "-v" "/var/lib/crater-agent-workspace/cargo-home:/opt/rustwide/cargo-home:ro,Z" "-v" "/var/lib/crater-agent-workspace/rustup-home:/opt/rustwide/rustup-home:ro,Z" "-m" "1610612736" "--network" "none" "ghcr.io/rust-lang/crates-build-env/linux@sha256:3111399a4047eeb3a02b7a90e478d715f38a8c6669b5c4b49d30a17385265909" "sleep" "infinity", kill_on_drop: false }`
[INFO] [stdout] 4af5c7058be2578f8fcdfb6c7a5e2d56badd8c3b480e47c90e22ca7f7ac41dfe
[INFO] running `Command { std: "docker" "start" "4af5c7058be2578f8fcdfb6c7a5e2d56badd8c3b480e47c90e22ca7f7ac41dfe", kill_on_drop: false }`
[INFO] running `Command { std: "docker" "inspect" "4af5c7058be2578f8fcdfb6c7a5e2d56badd8c3b480e47c90e22ca7f7ac41dfe", kill_on_drop: false }`
[INFO] running `Command { std: "docker" "exec" "-e" "SOURCE_DIR=/opt/rustwide/workdir" "-e" "CARGO_HOME=/opt/rustwide/cargo-home" "-e" "RUSTUP_HOME=/opt/rustwide/rustup-home" "-e" "CARGO_TARGET_DIR=/opt/rustwide/target" "-w" "/opt/rustwide/workdir" "--user" "0:0" "4af5c7058be2578f8fcdfb6c7a5e2d56badd8c3b480e47c90e22ca7f7ac41dfe" "/opt/rustwide/cargo-home/bin/cargo" "+1.100.0-beta.1" "metadata" "--no-deps" "--format-version=1", kill_on_drop: false }`
[INFO] running `Command { std: "docker" "inspect" "4af5c7058be2578f8fcdfb6c7a5e2d56badd8c3b480e47c90e22ca7f7ac41dfe", kill_on_drop: false }`
[INFO] running `Command { std: "docker" "exec" "-e" "SOURCE_DIR=/opt/rustwide/workdir" "-e" "CARGO_HOME=/opt/rustwide/cargo-home" "-e" "RUSTUP_HOME=/opt/rustwide/rustup-home" "-e" "CARGO_TARGET_DIR=/opt/rustwide/target" "-e" "CARGO_INCREMENTAL=0" "-e" "RUST_BACKTRACE=full" "-e" "RUSTFLAGS=--cap-lints=warn" "-e" "RUSTDOCFLAGS=--cap-lints=warn" "-w" "/opt/rustwide/workdir" "--user" "0:0" "4af5c7058be2578f8fcdfb6c7a5e2d56badd8c3b480e47c90e22ca7f7ac41dfe" "/opt/rustwide/cargo-home/bin/cargo" "+1.100.0-beta.1" "build" "--frozen" "--message-format=json", kill_on_drop: false }`
[INFO] [stderr]    Compiling serde_core v1.0.229
[INFO] [stderr]    Compiling thiserror v2.0.20
[INFO] [stderr]    Compiling serde v1.0.229
[INFO] [stderr]    Compiling bitflags v2.13.2
[INFO] [stderr]    Compiling tinywasm-parser v0.11.0
[INFO] [stderr]    Compiling proc-macro2 v1.0.107
[INFO] [stderr]    Compiling wasmparser v0.259.0
[INFO] [stderr]    Compiling quote v1.0.47
[INFO] [stderr]    Compiling syn v3.0.6
[INFO] [stderr]    Compiling thiserror-impl v2.0.20
[INFO] [stderr]    Compiling serde_derive v1.0.229
[INFO] [stderr]    Compiling cobs v0.3.0
[INFO] [stderr]    Compiling postcard v1.1.3
[INFO] [stderr]    Compiling tinywasm-types v0.11.0
[INFO] [stderr]    Compiling tinywasm v0.11.0 (/opt/rustwide/workdir)
[INFO] [stderr]     Finished `dev` profile [unoptimized + debuginfo] target(s) in 24.42s
[INFO] running `Command { std: "docker" "inspect" "4af5c7058be2578f8fcdfb6c7a5e2d56badd8c3b480e47c90e22ca7f7ac41dfe", kill_on_drop: false }`
[INFO] running `Command { std: "docker" "exec" "-e" "SOURCE_DIR=/opt/rustwide/workdir" "-e" "CARGO_HOME=/opt/rustwide/cargo-home" "-e" "RUSTUP_HOME=/opt/rustwide/rustup-home" "-e" "CARGO_TARGET_DIR=/opt/rustwide/target" "-e" "CARGO_INCREMENTAL=0" "-e" "RUST_BACKTRACE=full" "-e" "RUSTFLAGS=--cap-lints=warn" "-e" "RUSTDOCFLAGS=--cap-lints=warn" "-w" "/opt/rustwide/workdir" "--user" "0:0" "4af5c7058be2578f8fcdfb6c7a5e2d56badd8c3b480e47c90e22ca7f7ac41dfe" "/opt/rustwide/cargo-home/bin/cargo" "+1.100.0-beta.1" "test" "--frozen" "--no-run" "--message-format=json", kill_on_drop: false }`
[INFO] [stderr]    Compiling leb128fmt v0.1.0
[INFO] [stderr]    Compiling bumpalo v3.20.3
[INFO] [stderr]    Compiling include_dir_macros v0.7.4
[INFO] [stderr]    Compiling wasm-encoder v0.259.0
[INFO] [stderr]    Compiling include_dir v0.7.4
[INFO] [stderr]    Compiling wast v259.0.0
[INFO] [stderr]    Compiling wat v1.259.0
[INFO] [stderr]    Compiling wasm-testsuite v0.7.5
[INFO] [stderr]    Compiling tinywasm v0.11.0 (/opt/rustwide/workdir)
[INFO] [stdout] error[E0433]: cannot find module or crate `tinywasm_cli` in this scope
[INFO] [stdout]  --> tests/test-wasm-2.rs:1:5
[INFO] [stdout]   |
[INFO] [stdout] 1 | use tinywasm_cli::testsuite::TestSuite;
[INFO] [stdout]   |     ^^^^^^^^^^^^ use of unresolved module or unlinked crate `tinywasm_cli`
[INFO] [stdout]   |
[INFO] [stdout] help: there is a crate or module with a similar name
[INFO] [stdout]   |
[INFO] [stdout] 1 - use tinywasm_cli::testsuite::TestSuite;
[INFO] [stdout] 1 + use tinywasm::testsuite::TestSuite;
[INFO] [stdout]   |
[INFO] [stdout] 
[INFO] [stdout] 
[INFO] [stdout] error[E0433]: cannot find module or crate `tinywasm_cli` in this scope
[INFO] [stdout]  --> tests/test-wasm-multi-memory.rs:1:5
[INFO] [stdout]   |
[INFO] [stdout] 1 | use tinywasm_cli::testsuite::TestSuite;
[INFO] [stdout]   |     ^^^^^^^^^^^^ use of unresolved module or unlinked crate `tinywasm_cli`
[INFO] [stdout]   |
[INFO] [stdout] help: there is a crate or module with a similar name
[INFO] [stdout]   |
[INFO] [stdout] 1 - use tinywasm_cli::testsuite::TestSuite;
[INFO] [stdout] 1 + use tinywasm::testsuite::TestSuite;
[INFO] [stdout]   |
[INFO] [stdout] 
[INFO] [stdout] 
[INFO] [stdout] error[E0433]: cannot find module or crate `tinywasm_cli` in this scope
[INFO] [stdout]  --> tests/test-wasm-simd.rs:1:5
[INFO] [stdout]   |
[INFO] [stdout] 1 | use tinywasm_cli::testsuite::TestSuite;
[INFO] [stdout]   |     ^^^^^^^^^^^^ use of unresolved module or unlinked crate `tinywasm_cli`
[INFO] [stdout]   |
[INFO] [stdout] help: there is a crate or module with a similar name
[INFO] [stdout]   |
[INFO] [stdout] 1 - use tinywasm_cli::testsuite::TestSuite;
[INFO] [stdout] 1 + use tinywasm::testsuite::TestSuite;
[INFO] [stdout]   |
[INFO] [stdout] 
[INFO] [stdout] 
[INFO] [stdout] error: couldn't read `tests/../../../examples/rust/out/fibonacci.wasm`: No such file or directory (os error 2)
[INFO] [stdout]  --> tests/resume_execution.rs:7:31
[INFO] [stdout]   |
[INFO] [stdout] 7 | const FIBONACCI_WASM: &[u8] = include_bytes!("../../../examples/rust/out/fibonacci.wasm");
[INFO] [stdout]   |                               ^^^^^^^^^^^^^^^^^^^^^^^^^^^^^^^^^^^^^^^^^^^^^^^^^^^^^^^^^^^
[INFO] [stdout] 
[INFO] [stdout] 
[INFO] [stdout] error: couldn't read `tests/../../../examples/wasm/add.wasm`: No such file or directory (os error 2)
[INFO] [stdout]  --> tests/resume_execution.rs:8:25
[INFO] [stdout]   |
[INFO] [stdout] 8 | const ADD_WASM: &[u8] = include_bytes!("../../../examples/wasm/add.wasm");
[INFO] [stdout]   |                         ^^^^^^^^^^^^^^^^^^^^^^^^^^^^^^^^^^^^^^^^^^^^^^^^^
[INFO] [stdout] 
[INFO] [stdout] 
[INFO] [stdout] error[E0433]: cannot find module or crate `tinywasm_cli` in this scope
[INFO] [stdout]  --> tests/test-wasm-custom.rs:1:5
[INFO] [stdout]   |
[INFO] [stdout] 1 | use tinywasm_cli::testsuite::TestSuite;
[INFO] [stdout]   |     ^^^^^^^^^^^^ use of unresolved module or unlinked crate `tinywasm_cli`
[INFO] [stdout]   |
[INFO] [stdout] help: there is a crate or module with a similar name
[INFO] [stdout]   |
[INFO] [stdout] 1 - use tinywasm_cli::testsuite::TestSuite;
[INFO] [stdout] 1 + use tinywasm::testsuite::TestSuite;
[INFO] [stdout]   |
[INFO] [stdout] 
[INFO] [stdout] 
[INFO] [stdout] error[E0433]: cannot find module or crate `tinywasm_cli` in this scope
[INFO] [stdout]  --> tests/test-wasm-gc.rs:1:5
[INFO] [stdout]   |
[INFO] [stdout] 1 | use tinywasm_cli::testsuite::TestSuite;
[INFO] [stdout]   |     ^^^^^^^^^^^^ use of unresolved module or unlinked crate `tinywasm_cli`
[INFO] [stdout]   |
[INFO] [stdout] help: there is a crate or module with a similar name
[INFO] [stdout]   |
[INFO] [stdout] 1 - use tinywasm_cli::testsuite::TestSuite;
[INFO] [stdout] 1 + use tinywasm::testsuite::TestSuite;
[INFO] [stdout]   |
[INFO] [stdout] 
[INFO] [stdout] 
[INFO] [stdout] error[E0433]: cannot find module or crate `tinywasm_cli` in this scope
[INFO] [stdout]  --> tests/test-wasm-latest.rs:1:5
[INFO] [stdout]   |
[INFO] [stdout] 1 | use tinywasm_cli::testsuite::TestSuite;
[INFO] [stdout]   |     ^^^^^^^^^^^^ use of unresolved module or unlinked crate `tinywasm_cli`
[INFO] [stdout]   |
[INFO] [stdout] help: there is a crate or module with a similar name
[INFO] [stdout]   |
[INFO] [stdout] 1 - use tinywasm_cli::testsuite::TestSuite;
[INFO] [stdout] 1 + use tinywasm::testsuite::TestSuite;
[INFO] [stdout]   |
[INFO] [stdout] 
[INFO] [stdout] 
[INFO] [stdout] error[E0433]: cannot find module or crate `log` in this scope
[INFO] [stdout]  --> tests/test-wasm-simd.rs:5:30
[INFO] [stdout]   |
[INFO] [stdout] 5 |     TestSuite::set_log_level(log::LevelFilter::Off);
[INFO] [stdout]   |                              ^^^ use of unresolved module or unlinked crate `log`
[INFO] [stdout]   |
[INFO] [stdout]   = help: if you wanted to use a crate named `log`, use `cargo add log` to add it to your `Cargo.toml`
[INFO] [stdout] 
[INFO] [stdout] 
[INFO] [stdout] For more information about this error, try `rustc --explain E0433`.
[INFO] [stdout] 
[INFO] [stderr] error: could not compile `tinywasm` (test "test-wasm-simd") due to 2 previous errors
[INFO] [stderr] warning: build failed, waiting for other jobs to finish...
[INFO] [stdout] error[E0433]: cannot find module or crate `log` in this scope
[INFO] [stdout]  --> tests/test-wasm-multi-memory.rs:5:30
[INFO] [stdout]   |
[INFO] [stdout] 5 |     TestSuite::set_log_level(log::LevelFilter::Off);
[INFO] [stdout]   |                              ^^^ use of unresolved module or unlinked crate `log`
[INFO] [stdout]   |
[INFO] [stdout]   = help: if you wanted to use a crate named `log`, use `cargo add log` to add it to your `Cargo.toml`
[INFO] [stdout] 
[INFO] [stdout] 
[INFO] [stdout] error[E0433]: cannot find module or crate `log` in this scope
[INFO] [stdout]  --> tests/test-wasm-2.rs:5:30
[INFO] [stdout]   |
[INFO] [stdout] 5 |     TestSuite::set_log_level(log::LevelFilter::Off);
[INFO] [stdout]   |                              ^^^ use of unresolved module or unlinked crate `log`
[INFO] [stdout]   |
[INFO] [stdout]   = help: if you wanted to use a crate named `log`, use `cargo add log` to add it to your `Cargo.toml`
[INFO] [stdout] 
[INFO] [stdout] 
[INFO] [stdout] For more information about this error, try `rustc --explain E0433`.
[INFO] [stdout] 
[INFO] [stdout] For more information about this error, try `rustc --explain E0433`.
[INFO] [stdout] 
[INFO] [stderr] error: could not compile `tinywasm` (test "resume_execution") due to 2 previous errors
[INFO] [stderr] error: could not compile `tinywasm` (test "test-wasm-2") due to 2 previous errors
[INFO] [stderr] error: could not compile `tinywasm` (test "test-wasm-multi-memory") due to 2 previous errors
[INFO] [stdout] error[E0433]: cannot find module or crate `log` in this scope
[INFO] [stdout]  --> tests/test-wasm-latest.rs:5:30
[INFO] [stdout]   |
[INFO] [stdout] 5 |     TestSuite::set_log_level(log::LevelFilter::Off);
[INFO] [stdout]   |                              ^^^ use of unresolved module or unlinked crate `log`
[INFO] [stdout]   |
[INFO] [stdout]   = help: if you wanted to use a crate named `log`, use `cargo add log` to add it to your `Cargo.toml`
[INFO] [stdout] 
[INFO] [stdout] 
[INFO] [stdout] error[E0433]: cannot find module or crate `log` in this scope
[INFO] [stdout]  --> tests/test-wasm-custom.rs:4:30
[INFO] [stdout]   |
[INFO] [stdout] 4 |     TestSuite::set_log_level(log::LevelFilter::Off);
[INFO] [stdout]   |                              ^^^ use of unresolved module or unlinked crate `log`
[INFO] [stdout]   |
[INFO] [stdout]   = help: if you wanted to use a crate named `log`, use `cargo add log` to add it to your `Cargo.toml`
[INFO] [stdout] 
[INFO] [stdout] 
[INFO] [stdout] For more information about this error, try `rustc --explain E0433`.
[INFO] [stdout] 
[INFO] [stderr] error: could not compile `tinywasm` (test "test-wasm-latest") due to 2 previous errors
[INFO] [stdout] error[E0433]: cannot find module or crate `log` in this scope
[INFO] [stdout]  --> tests/test-wasm-gc.rs:5:30
[INFO] [stdout]   |
[INFO] [stdout] 5 |     TestSuite::set_log_level(log::LevelFilter::Off);
[INFO] [stdout]   |                              ^^^ use of unresolved module or unlinked crate `log`
[INFO] [stdout]   |
[INFO] [stdout]   = help: if you wanted to use a crate named `log`, use `cargo add log` to add it to your `Cargo.toml`
[INFO] [stdout] 
[INFO] [stdout] 
[INFO] [stdout] For more information about this error, try `rustc --explain E0433`.
[INFO] [stdout] 
[INFO] [stderr] error: could not compile `tinywasm` (test "test-wasm-gc") due to 2 previous errors
[INFO] [stderr] error: could not compile `tinywasm` (test "test-wasm-custom") due to 2 previous errors
[INFO] [stdout] For more information about this error, try `rustc --explain E0433`.
[INFO] [stdout] 
[INFO] running `Command { std: "docker" "inspect" "4af5c7058be2578f8fcdfb6c7a5e2d56badd8c3b480e47c90e22ca7f7ac41dfe", kill_on_drop: false }`
[INFO] running `Command { std: "docker" "rm" "-f" "4af5c7058be2578f8fcdfb6c7a5e2d56badd8c3b480e47c90e22ca7f7ac41dfe", kill_on_drop: false }`
[INFO] [stdout] 4af5c7058be2578f8fcdfb6c7a5e2d56badd8c3b480e47c90e22ca7f7ac41dfe
