[INFO] fetching crate tink-ffi 0.1.3...
[INFO] testing tink-ffi-0.1.3 against 1.99.0-beta.8 for beta-1.100-2
[INFO] extracting crate tink-ffi 0.1.3 into /workspace/builds/worker-4-tc1/source
[INFO] started tweaking crates.io crate tink-ffi 0.1.3
[INFO] finished tweaking crates.io crate tink-ffi 0.1.3
[INFO] tweaked toml for crates.io crate tink-ffi 0.1.3 written to /workspace/builds/worker-4-tc1/source/Cargo.toml
[INFO] validating manifest of crates.io crate tink-ffi 0.1.3 on toolchain 1.99.0-beta.8
[INFO] running `Command { std: CARGO_HOME="/workspace/cargo-home" RUSTUP_HOME="/workspace/rustup-home" "/workspace/cargo-home/bin/cargo" "+1.99.0-beta.8" "metadata" "--manifest-path" "Cargo.toml" "--no-deps", kill_on_drop: false }`
[INFO] crate crates.io crate tink-ffi 0.1.3 already has a lockfile, it will not be regenerated
[INFO] running `Command { std: CARGO_HOME="/workspace/cargo-home" RUSTUP_HOME="/workspace/rustup-home" "/workspace/cargo-home/bin/cargo" "+1.99.0-beta.8" "fetch" "--manifest-path" "Cargo.toml", kill_on_drop: false }`
[INFO] [stderr]     Updating crates.io index
[INFO] [stderr]  Downloading crates ...
[INFO] [stderr]   Downloaded cc v1.2.55
[INFO] [stderr]   Downloaded cmake v0.1.57
[INFO] [stderr]   Downloaded unicode-ident v1.0.23
[INFO] [stderr]   Downloaded syn v2.0.115
[INFO] [stderr]   Downloaded tink-ffi-sys v0.1.3
[INFO] running `Command { std: "docker" "create" "-v" "/var/lib/crater-agent-workspace/builds/worker-4-tc1/source:/opt/rustwide/workdir:ro,Z" "-v" "/var/lib/crater-agent-workspace/builds/worker-4-tc1/target:/opt/rustwide/target:rw,Z" "-v" "/var/lib/crater-agent-workspace/cargo-home:/opt/rustwide/cargo-home:ro,Z" "-v" "/var/lib/crater-agent-workspace/rustup-home:/opt/rustwide/rustup-home:ro,Z" "-m" "1610612736" "--network" "none" "ghcr.io/rust-lang/crates-build-env/linux@sha256:3111399a4047eeb3a02b7a90e478d715f38a8c6669b5c4b49d30a17385265909" "sleep" "infinity", kill_on_drop: false }`
[INFO] [stdout] 33a8e7766b3db8466fc56f1f058e04c1a031671d333dcf4d2d30d69284588cbf
[INFO] running `Command { std: "docker" "start" "33a8e7766b3db8466fc56f1f058e04c1a031671d333dcf4d2d30d69284588cbf", kill_on_drop: false }`
[INFO] running `Command { std: "docker" "inspect" "33a8e7766b3db8466fc56f1f058e04c1a031671d333dcf4d2d30d69284588cbf", kill_on_drop: false }`
[INFO] running `Command { std: "docker" "exec" "-e" "SOURCE_DIR=/opt/rustwide/workdir" "-e" "CARGO_HOME=/opt/rustwide/cargo-home" "-e" "RUSTUP_HOME=/opt/rustwide/rustup-home" "-e" "CARGO_TARGET_DIR=/opt/rustwide/target" "-w" "/opt/rustwide/workdir" "--user" "0:0" "33a8e7766b3db8466fc56f1f058e04c1a031671d333dcf4d2d30d69284588cbf" "/opt/rustwide/cargo-home/bin/cargo" "+1.99.0-beta.8" "metadata" "--no-deps" "--format-version=1", kill_on_drop: false }`
[INFO] running `Command { std: "docker" "inspect" "33a8e7766b3db8466fc56f1f058e04c1a031671d333dcf4d2d30d69284588cbf", kill_on_drop: false }`
[INFO] running `Command { std: "docker" "exec" "-e" "SOURCE_DIR=/opt/rustwide/workdir" "-e" "CARGO_HOME=/opt/rustwide/cargo-home" "-e" "RUSTUP_HOME=/opt/rustwide/rustup-home" "-e" "CARGO_TARGET_DIR=/opt/rustwide/target" "-e" "CARGO_INCREMENTAL=0" "-e" "RUST_BACKTRACE=full" "-e" "RUSTFLAGS=--cap-lints=warn" "-e" "RUSTDOCFLAGS=--cap-lints=warn" "-w" "/opt/rustwide/workdir" "--user" "0:0" "33a8e7766b3db8466fc56f1f058e04c1a031671d333dcf4d2d30d69284588cbf" "/opt/rustwide/cargo-home/bin/cargo" "+1.99.0-beta.8" "build" "--frozen" "--message-format=json", kill_on_drop: false }`
[INFO] [stderr]    Compiling shlex v1.3.0
[INFO] [stderr]    Compiling find-msvc-tools v0.1.9
[INFO] [stderr]    Compiling serde_core v1.0.228
[INFO] [stderr]    Compiling zmij v1.0.21
[INFO] [stderr]    Compiling serde_json v1.0.149
[INFO] [stderr]    Compiling itoa v1.0.17
[INFO] [stderr]    Compiling memchr v2.8.0
[INFO] [stderr]    Compiling cc v1.2.55
[INFO] [stderr]    Compiling cmake v0.1.57
[INFO] [stderr]    Compiling tink-ffi-sys v0.1.3
[INFO] [stderr] error: failed to run custom build command for `tink-ffi-sys v0.1.3`
[INFO] [stderr] note: To improve backtraces for build dependencies, set the CARGO_PROFILE_DEV_BUILD_OVERRIDE_DEBUG=true environment variable to enable debug information generation.
[INFO] [stderr] 
[INFO] [stderr] Caused by:
[INFO] [stderr]   process didn't exit successfully: `/opt/rustwide/target/debug/build/tink-ffi-sys-6b76e0600ad30f71/build-script-build` (exit status: 101)
[INFO] [stderr]   --- stdout
[INFO] [stderr]   CMAKE_TOOLCHAIN_FILE_x86_64-unknown-linux-gnu = None
[INFO] [stderr]   CMAKE_TOOLCHAIN_FILE_x86_64_unknown_linux_gnu = None
[INFO] [stderr]   HOST_CMAKE_TOOLCHAIN_FILE = None
[INFO] [stderr]   CMAKE_TOOLCHAIN_FILE = None
[INFO] [stderr]   CMAKE_GENERATOR_x86_64-unknown-linux-gnu = None
[INFO] [stderr]   CMAKE_GENERATOR_x86_64_unknown_linux_gnu = None
[INFO] [stderr]   HOST_CMAKE_GENERATOR = None
[INFO] [stderr]   CMAKE_GENERATOR = None
[INFO] [stderr]   CMAKE_PREFIX_PATH_x86_64-unknown-linux-gnu = None
[INFO] [stderr]   CMAKE_PREFIX_PATH_x86_64_unknown_linux_gnu = None
[INFO] [stderr]   HOST_CMAKE_PREFIX_PATH = None
[INFO] [stderr]   CMAKE_PREFIX_PATH = None
[INFO] [stderr]   CMAKE_x86_64-unknown-linux-gnu = None
[INFO] [stderr]   CMAKE_x86_64_unknown_linux_gnu = None
[INFO] [stderr]   HOST_CMAKE = None
[INFO] [stderr]   CMAKE = None
[INFO] [stderr]   -- The CXX compiler identification is GNU 15.2.0
[INFO] [stderr]   -- Detecting CXX compiler ABI info
[INFO] [stderr]   -- Detecting CXX compiler ABI info - done
[INFO] [stderr]   -- Check for working CXX compiler: /usr/bin/c++ - skipped
[INFO] [stderr]   -- Detecting CXX compile features
[INFO] [stderr]   -- Detecting CXX compile features - done
[INFO] [stderr]   -- Fetching abseil
[INFO] [stderr]   -- Configuring incomplete, errors occurred!
[INFO] [stderr] 
[INFO] [stderr]   --- stderr
[INFO] [stderr]   running: cd "/opt/rustwide/target/debug/build/tink-ffi-sys-4ca9780165153108/out/build" && CMAKE_PREFIX_PATH="" LC_ALL="C" "cmake" "/opt/rustwide/cargo-home/registry/src/index.crates.io-1949cf8c6b5b557f/tink-ffi-sys-0.1.3/ffi" "-B" "/opt/rustwide/target/debug/build/tink-ffi-sys-4ca9780165153108/out/build" "-DTINK_BUILD_TESTS=OFF" "-DTINK_CC_DIR=/opt/rustwide/cargo-home/registry/src/index.crates.io-1949cf8c6b5b557f/tink-ffi-sys-0.1.3/tink-cc" "-DCMAKE_INSTALL_PREFIX=/opt/rustwide/target/debug/build/tink-ffi-sys-4ca9780165153108/out" "-DCMAKE_C_FLAGS= -ffunction-sections -fdata-sections -fPIC -m64 -w" "-DCMAKE_C_COMPILER=/usr/bin/cc" "-DCMAKE_CXX_FLAGS= -ffunction-sections -fdata-sections -fPIC -m64 -w" "-DCMAKE_CXX_COMPILER=/usr/bin/c++" "-DCMAKE_ASM_FLAGS= -ffunction-sections -fdata-sections -fPIC -m64 -w" "-DCMAKE_ASM_COMPILER=/usr/bin/cc" "-DCMAKE_BUILD_TYPE=Debug"
[INFO] [stderr]   CMake Warning (dev) at /usr/share/cmake-4.2/Modules/FetchContent.cmake:1383 (message):
[INFO] [stderr]     The DOWNLOAD_EXTRACT_TIMESTAMP option was not given and policy CMP0135 is
[INFO] [stderr]     not set.  The policy's OLD behavior will be used.  When using a URL
[INFO] [stderr]     download, the timestamps of extracted files should preferably be that of
[INFO] [stderr]     the time of extraction, otherwise code that depends on the extracted
[INFO] [stderr]     contents might not be rebuilt if the URL changes.  The OLD behavior
[INFO] [stderr]     preserves the timestamps from the archive instead, but this is usually not
[INFO] [stderr]     what you want.  Update your project to the NEW behavior or specify the
[INFO] [stderr]     DOWNLOAD_EXTRACT_TIMESTAMP option with a value of true to avoid this
[INFO] [stderr]     robustness issue.
[INFO] [stderr]   Call Stack (most recent call first):
[INFO] [stderr]     /opt/rustwide/cargo-home/registry/src/index.crates.io-1949cf8c6b5b557f/tink-ffi-sys-0.1.3/tink-cc/cmake/HttpArchive.cmake:50 (FetchContent_Declare)
[INFO] [stderr]     /opt/rustwide/cargo-home/registry/src/index.crates.io-1949cf8c6b5b557f/tink-ffi-sys-0.1.3/tink-cc/cmake/TinkWorkspace.cmake:90 (http_archive)
[INFO] [stderr]     /opt/rustwide/cargo-home/registry/src/index.crates.io-1949cf8c6b5b557f/tink-ffi-sys-0.1.3/tink-cc/CMakeLists.txt:29 (include)
[INFO] [stderr]   This warning is for project developers.  Use -Wno-dev to suppress it.
[INFO] [stderr] 
[INFO] [stderr]   CMake Warning (dev) at /usr/share/cmake-4.2/Modules/FetchContent.cmake:1963 (message):
[INFO] [stderr]     Calling FetchContent_Populate(abseil) is deprecated, call
[INFO] [stderr]     FetchContent_MakeAvailable(abseil) instead.  Policy CMP0169 can be set to
[INFO] [stderr]     OLD to allow FetchContent_Populate(abseil) to be called directly for now,
[INFO] [stderr]     but the ability to call it with declared details will be removed completely
[INFO] [stderr]     in a future version.
[INFO] [stderr]   Call Stack (most recent call first):
[INFO] [stderr]     /opt/rustwide/cargo-home/registry/src/index.crates.io-1949cf8c6b5b557f/tink-ffi-sys-0.1.3/tink-cc/cmake/HttpArchive.cmake:58 (FetchContent_Populate)
[INFO] [stderr]     /opt/rustwide/cargo-home/registry/src/index.crates.io-1949cf8c6b5b557f/tink-ffi-sys-0.1.3/tink-cc/cmake/TinkWorkspace.cmake:90 (http_archive)
[INFO] [stderr]     /opt/rustwide/cargo-home/registry/src/index.crates.io-1949cf8c6b5b557f/tink-ffi-sys-0.1.3/tink-cc/CMakeLists.txt:29 (include)
[INFO] [stderr]   This warning is for project developers.  Use -Wno-dev to suppress it.
[INFO] [stderr] 
[INFO] [stderr]   [ 11%] Creating directories for 'abseil-populate'
[INFO] [stderr]   [ 22%] Performing download step (download, verify and extract) for 'abseil-populate'
[INFO] [stderr]   -- Downloading...
[INFO] [stderr]      dst='/opt/rustwide/target/debug/build/tink-ffi-sys-4ca9780165153108/out/build/_deps/abseil-subbuild/abseil-populate-prefix/src/abseil-cpp-20250814.1.tar.gz'
[INFO] [stderr]      timeout='none'
[INFO] [stderr]      inactivity timeout='none'
[INFO] [stderr]   -- Using src='https://github.com/abseil/abseil-cpp/releases/download/20250814.1/abseil-cpp-20250814.1.tar.gz'
[INFO] [stderr]   -- Retrying...
[INFO] [stderr]   -- Using src='https://github.com/abseil/abseil-cpp/releases/download/20250814.1/abseil-cpp-20250814.1.tar.gz'
[INFO] [stderr]   -- Retry after 5 seconds (attempt #2) ...
[INFO] [stderr]   -- Using src='https://github.com/abseil/abseil-cpp/releases/download/20250814.1/abseil-cpp-20250814.1.tar.gz'
[INFO] [stderr]   -- Retry after 5 seconds (attempt #3) ...
[INFO] [stderr]   -- Using src='https://github.com/abseil/abseil-cpp/releases/download/20250814.1/abseil-cpp-20250814.1.tar.gz'
[INFO] [stderr]   -- Retry after 15 seconds (attempt #4) ...
[INFO] [stderr]   -- Using src='https://github.com/abseil/abseil-cpp/releases/download/20250814.1/abseil-cpp-20250814.1.tar.gz'
[INFO] [stderr]   -- Retry after 60 seconds (attempt #5) ...
[INFO] [stderr]   -- Using src='https://github.com/abseil/abseil-cpp/releases/download/20250814.1/abseil-cpp-20250814.1.tar.gz'
[INFO] [stderr]   CMake Error at abseil-subbuild/abseil-populate-prefix/src/abseil-populate-stamp/download-abseil-populate.cmake:163 (message):
[INFO] [stderr]     Each download failed!
[INFO] [stderr] 
[INFO] [stderr]       error: downloading 'https://github.com/abseil/abseil-cpp/releases/download/20250814.1/abseil-cpp-20250814.1.tar.gz' failed
[INFO] [stderr]             status_code: 6
[INFO] [stderr]             status_string: "Could not resolve hostname"
[INFO] [stderr]             log:
[INFO] [stderr]             --- LOG BEGIN ---
[INFO] [stderr]             Could not resolve host: github.com
[INFO] [stderr] 
[INFO] [stderr]     Store negative name resolve for github.com:443
[INFO] [stderr] 
[INFO] [stderr]     shutting down connection #0
[INFO] [stderr] 
[INFO] [stderr] 
[INFO] [stderr] 
[INFO] [stderr]             --- LOG END ---
[INFO] [stderr]             error: downloading 'https://github.com/abseil/abseil-cpp/releases/download/20250814.1/abseil-cpp-20250814.1.tar.gz' failed
[INFO] [stderr]             status_code: 6
[INFO] [stderr]             status_string: "Could not resolve hostname"
[INFO] [stderr]             log:
[INFO] [stderr]             --- LOG BEGIN ---
[INFO] [stderr]             Could not resolve host: github.com
[INFO] [stderr] 
[INFO] [stderr]     Store negative name resolve for github.com:443
[INFO] [stderr] 
[INFO] [stderr]     shutting down connection #0
[INFO] [stderr] 
[INFO] [stderr] 
[INFO] [stderr] 
[INFO] [stderr]             --- LOG END ---
[INFO] [stderr]             error: downloading 'https://github.com/abseil/abseil-cpp/releases/download/20250814.1/abseil-cpp-20250814.1.tar.gz' failed
[INFO] [stderr]             status_code: 6
[INFO] [stderr]             status_string: "Could not resolve hostname"
[INFO] [stderr]             log:
[INFO] [stderr]             --- LOG BEGIN ---
[INFO] [stderr]             Could not resolve host: github.com
[INFO] [stderr] 
[INFO] [stderr]     Store negative name resolve for github.com:443
[INFO] [stderr] 
[INFO] [stderr]     shutting down connection #0
[INFO] [stderr] 
[INFO] [stderr] 
[INFO] [stderr] 
[INFO] [stderr]             --- LOG END ---
[INFO] [stderr]             error: downloading 'https://github.com/abseil/abseil-cpp/releases/download/20250814.1/abseil-cpp-20250814.1.tar.gz' failed
[INFO] [stderr]             status_code: 6
[INFO] [stderr]             status_string: "Could not resolve hostname"
[INFO] [stderr]             log:
[INFO] [stderr]             --- LOG BEGIN ---
[INFO] [stderr]             Could not resolve host: github.com
[INFO] [stderr] 
[INFO] [stderr]     Store negative name resolve for github.com:443
[INFO] [stderr] 
[INFO] [stderr]     shutting down connection #0
[INFO] [stderr] 
[INFO] [stderr] 
[INFO] [stderr] 
[INFO] [stderr]             --- LOG END ---
[INFO] [stderr]             error: downloading 'https://github.com/abseil/abseil-cpp/releases/download/20250814.1/abseil-cpp-20250814.1.tar.gz' failed
[INFO] [stderr]             status_code: 6
[INFO] [stderr]             status_string: "Could not resolve hostname"
[INFO] [stderr]             log:
[INFO] [stderr]             --- LOG BEGIN ---
[INFO] [stderr]             Could not resolve host: github.com
[INFO] [stderr] 
[INFO] [stderr]     Store negative name resolve for github.com:443
[INFO] [stderr] 
[INFO] [stderr]     shutting down connection #0
[INFO] [stderr] 
[INFO] [stderr] 
[INFO] [stderr] 
[INFO] [stderr]             --- LOG END ---
[INFO] [stderr]             error: downloading 'https://github.com/abseil/abseil-cpp/releases/download/20250814.1/abseil-cpp-20250814.1.tar.gz' failed
[INFO] [stderr]             status_code: 6
[INFO] [stderr]             status_string: "Could not resolve hostname"
[INFO] [stderr]             log:
[INFO] [stderr]             --- LOG BEGIN ---
[INFO] [stderr]             Could not resolve host: github.com
[INFO] [stderr] 
[INFO] [stderr]     Store negative name resolve for github.com:443
[INFO] [stderr] 
[INFO] [stderr]     shutting down connection #0
[INFO] [stderr] 
[INFO] [stderr] 
[INFO] [stderr] 
[INFO] [stderr]             --- LOG END ---
[INFO] [stderr]             
[INFO] [stderr]       
[INFO] [stderr] 
[INFO] [stderr] 
[INFO] [stderr]   gmake[2]: *** [CMakeFiles/abseil-populate.dir/build.make:100: abseil-populate-prefix/src/abseil-populate-stamp/abseil-populate-download] Error 1
[INFO] [stderr]   gmake[1]: *** [CMakeFiles/Makefile2:87: CMakeFiles/abseil-populate.dir/all] Error 2
[INFO] [stderr]   gmake: *** [Makefile:91: all] Error 2
[INFO] [stderr] 
[INFO] [stderr]   CMake Error at /usr/share/cmake-4.2/Modules/FetchContent.cmake:1928 (message):
[INFO] [stderr]     Build step for abseil failed: 2
[INFO] [stderr]   Call Stack (most recent call first):
[INFO] [stderr]     /usr/share/cmake-4.2/Modules/FetchContent.cmake:1619 (__FetchContent_populateSubbuild)
[INFO] [stderr]     /usr/share/cmake-4.2/Modules/FetchContent.cmake:2155:EVAL:2 (__FetchContent_doPopulation)
[INFO] [stderr]     /usr/share/cmake-4.2/Modules/FetchContent.cmake:2155 (cmake_language)
[INFO] [stderr]     /usr/share/cmake-4.2/Modules/FetchContent.cmake:1988:EVAL:1 (__FetchContent_Populate)
[INFO] [stderr]     /usr/share/cmake-4.2/Modules/FetchContent.cmake:1988 (cmake_language)
[INFO] [stderr]     /opt/rustwide/cargo-home/registry/src/index.crates.io-1949cf8c6b5b557f/tink-ffi-sys-0.1.3/tink-cc/cmake/HttpArchive.cmake:58 (FetchContent_Populate)
[INFO] [stderr]     /opt/rustwide/cargo-home/registry/src/index.crates.io-1949cf8c6b5b557f/tink-ffi-sys-0.1.3/tink-cc/cmake/TinkWorkspace.cmake:90 (http_archive)
[INFO] [stderr]     /opt/rustwide/cargo-home/registry/src/index.crates.io-1949cf8c6b5b557f/tink-ffi-sys-0.1.3/tink-cc/CMakeLists.txt:29 (include)
[INFO] [stderr] 
[INFO] [stderr] 
[INFO] [stderr] 
[INFO] [stderr]   thread 'main' (237) panicked at /opt/rustwide/cargo-home/registry/src/index.crates.io-1949cf8c6b5b557f/cmake-0.1.57/src/lib.rs:1132:5:
[INFO] [stderr] 
[INFO] [stderr]   command did not execute successfully, got: exit status: 1
[INFO] [stderr] 
[INFO] [stderr]   build script failed, must exit now
[INFO] [stderr]   stack backtrace:
[INFO] [stderr]      0:     0x5dae22cf5ad1 - std[70759c8f55707aa4]::backtrace_rs::backtrace::libunwind::trace
[INFO] [stderr]                                  at /rustc/dfb0accb7f508ae8be965d8629557221c889dd98/library/std/src/../../backtrace/src/backtrace/libunwind.rs:117:9
[INFO] [stderr]      1:     0x5dae22cf5ad1 - std[70759c8f55707aa4]::backtrace_rs::backtrace::trace_unsynchronized::<std[70759c8f55707aa4]::sys::backtrace::_print_fmt::{closure#1}>
[INFO] [stderr]                                  at /rustc/dfb0accb7f508ae8be965d8629557221c889dd98/library/std/src/../../backtrace/src/backtrace/mod.rs:66:14
[INFO] [stderr]      2:     0x5dae22cf5ad1 - std[70759c8f55707aa4]::sys::backtrace::_print_fmt
[INFO] [stderr]                                  at /rustc/dfb0accb7f508ae8be965d8629557221c889dd98/library/std/src/sys/backtrace.rs:74:9
[INFO] [stderr]      3:     0x5dae22cf5ad1 - <<std[70759c8f55707aa4]::sys::backtrace::BacktraceLock>::print::DisplayBacktrace as core[df12db4294e9bfd3]::fmt::Display>::fmt
[INFO] [stderr]                                  at /rustc/dfb0accb7f508ae8be965d8629557221c889dd98/library/std/src/sys/backtrace.rs:44:26
[INFO] [stderr]      4:     0x5dae22d09dea - <core[df12db4294e9bfd3]::fmt::rt::Argument>::fmt
[INFO] [stderr]                                  at /rustc/dfb0accb7f508ae8be965d8629557221c889dd98/library/core/src/fmt/rt.rs:152:76
[INFO] [stderr]      5:     0x5dae22d09dea - core[df12db4294e9bfd3]::fmt::write
[INFO] [stderr]      6:     0x5dae22cfb70c - core[df12db4294e9bfd3]::io::write::default_write_fmt::<std[70759c8f55707aa4]::sys::stdio::unix::Stderr>
[INFO] [stderr]                                  at /rustc/dfb0accb7f508ae8be965d8629557221c889dd98/library/core/src/io/write.rs:402:11
[INFO] [stderr]      7:     0x5dae22cfb70c - <std[70759c8f55707aa4]::sys::stdio::unix::Stderr as core[df12db4294e9bfd3]::io::write::Write>::write_fmt
[INFO] [stderr]                                  at /rustc/dfb0accb7f508ae8be965d8629557221c889dd98/library/core/src/io/write.rs:335:13
[INFO] [stderr]      8:     0x5dae22cd48f6 - <std[70759c8f55707aa4]::sys::backtrace::BacktraceLock>::print
[INFO] [stderr]                                  at /rustc/dfb0accb7f508ae8be965d8629557221c889dd98/library/std/src/sys/backtrace.rs:47:9
[INFO] [stderr]      9:     0x5dae22cd48f6 - std[70759c8f55707aa4]::panicking::default_hook::{closure#0}
[INFO] [stderr]                                  at /rustc/dfb0accb7f508ae8be965d8629557221c889dd98/library/std/src/panicking.rs:292:27
[INFO] [stderr]     10:     0x5dae22cf06e1 - std[70759c8f55707aa4]::panicking::default_hook
[INFO] [stderr]                                  at /rustc/dfb0accb7f508ae8be965d8629557221c889dd98/library/std/src/panicking.rs:319:9
[INFO] [stderr]     11:     0x5dae22cf089b - std[70759c8f55707aa4]::panicking::panic_with_hook
[INFO] [stderr]                                  at /rustc/dfb0accb7f508ae8be965d8629557221c889dd98/library/std/src/panicking.rs:815:13
[INFO] [stderr]     12:     0x5dae22cd49a2 - std[70759c8f55707aa4]::panicking::panic_handler::{closure#0}
[INFO] [stderr]                                  at /rustc/dfb0accb7f508ae8be965d8629557221c889dd98/library/std/src/panicking.rs:688:13
[INFO] [stderr]     13:     0x5dae22ccd599 - std[70759c8f55707aa4]::sys::backtrace::__rust_end_short_backtrace::<std[70759c8f55707aa4]::panicking::panic_handler::{closure#0}, !>
[INFO] [stderr]                                  at /rustc/dfb0accb7f508ae8be965d8629557221c889dd98/library/std/src/sys/backtrace.rs:182:18
[INFO] [stderr]     14:     0x5dae22cd51bd - __rustc[8fa7c3cbc660c2b3]::rust_begin_unwind
[INFO] [stderr]                                  at /rustc/dfb0accb7f508ae8be965d8629557221c889dd98/library/std/src/panicking.rs:679:5
[INFO] [stderr]     15:     0x5dae22d0a5dc - core[df12db4294e9bfd3]::panicking::panic_fmt
[INFO] [stderr]                                  at /rustc/dfb0accb7f508ae8be965d8629557221c889dd98/library/core/src/panicking.rs:80:14
[INFO] [stderr]     16:     0x5dae22c5e767 - cmake[7f67bb257d94de58]::fail
[INFO] [stderr]     17:     0x5dae22c5e3f3 - cmake[7f67bb257d94de58]::run
[INFO] [stderr]     18:     0x5dae22c63d72 - <cmake[7f67bb257d94de58]::Config>::build
[INFO] [stderr]     19:     0x5dae22c445fb - build_script_build[e8048bd67c2fd024]::main
[INFO] [stderr]     20:     0x5dae22c49853 - <fn() as core[df12db4294e9bfd3]::ops::function::FnOnce<()>>::call_once
[INFO] [stderr]     21:     0x5dae22c431f6 - std[70759c8f55707aa4]::sys::backtrace::__rust_begin_short_backtrace::<fn(), ()>
[INFO] [stderr]     22:     0x5dae22c43779 - std[70759c8f55707aa4]::rt::lang_start::<()>::{closure#0}
[INFO] [stderr]     23:     0x5dae22cef609 - <&dyn core[df12db4294e9bfd3]::ops::function::Fn<(), Output = i32> + core[df12db4294e9bfd3]::panic::unwind_safe::RefUnwindSafe + core[df12db4294e9bfd3]::marker::Sync as core[df12db4294e9bfd3]::ops::function::FnOnce<()>>::call_once
[INFO] [stderr]                                  at /rustc/dfb0accb7f508ae8be965d8629557221c889dd98/library/core/src/ops/function.rs:287:21
[INFO] [stderr]     24:     0x5dae22cef609 - std[70759c8f55707aa4]::panicking::catch_unwind::do_call::<&dyn core[df12db4294e9bfd3]::ops::function::Fn<(), Output = i32> + core[df12db4294e9bfd3]::panic::unwind_safe::RefUnwindSafe + core[df12db4294e9bfd3]::marker::Sync, i32>
[INFO] [stderr]                                  at /rustc/dfb0accb7f508ae8be965d8629557221c889dd98/library/std/src/panicking.rs:576:43
[INFO] [stderr]     25:     0x5dae22cef609 - std[70759c8f55707aa4]::panicking::catch_unwind::<i32, &dyn core[df12db4294e9bfd3]::ops::function::Fn<(), Output = i32> + core[df12db4294e9bfd3]::panic::unwind_safe::RefUnwindSafe + core[df12db4294e9bfd3]::marker::Sync>
[INFO] [stderr]                                  at /rustc/dfb0accb7f508ae8be965d8629557221c889dd98/library/std/src/panicking.rs:544:19
[INFO] [stderr]     26:     0x5dae22cef609 - std[70759c8f55707aa4]::panic::catch_unwind::<&dyn core[df12db4294e9bfd3]::ops::function::Fn<(), Output = i32> + core[df12db4294e9bfd3]::panic::unwind_safe::RefUnwindSafe + core[df12db4294e9bfd3]::marker::Sync, i32>
[INFO] [stderr]                                  at /rustc/dfb0accb7f508ae8be965d8629557221c889dd98/library/std/src/panic.rs:359:14
[INFO] [stderr]     27:     0x5dae22cef609 - std[70759c8f55707aa4]::rt::lang_start_internal::{closure#0}
[INFO] [stderr]                                  at /rustc/dfb0accb7f508ae8be965d8629557221c889dd98/library/std/src/rt.rs:175:24
[INFO] [stderr]     28:     0x5dae22cef609 - std[70759c8f55707aa4]::panicking::catch_unwind::do_call::<std[70759c8f55707aa4]::rt::lang_start_internal::{closure#0}, isize>
[INFO] [stderr]                                  at /rustc/dfb0accb7f508ae8be965d8629557221c889dd98/library/std/src/panicking.rs:576:43
[INFO] [stderr]     29:     0x5dae22cef609 - std[70759c8f55707aa4]::panicking::catch_unwind::<isize, std[70759c8f55707aa4]::rt::lang_start_internal::{closure#0}>
[INFO] [stderr]                                  at /rustc/dfb0accb7f508ae8be965d8629557221c889dd98/library/std/src/panicking.rs:544:19
[INFO] [stderr]     30:     0x5dae22cef609 - std[70759c8f55707aa4]::panic::catch_unwind::<std[70759c8f55707aa4]::rt::lang_start_internal::{closure#0}, isize>
[INFO] [stderr]                                  at /rustc/dfb0accb7f508ae8be965d8629557221c889dd98/library/std/src/panic.rs:359:14
[INFO] [stderr]     31:     0x5dae22cef609 - std[70759c8f55707aa4]::rt::lang_start_internal
[INFO] [stderr]                                  at /rustc/dfb0accb7f508ae8be965d8629557221c889dd98/library/std/src/rt.rs:171:5
[INFO] [stderr]     32:     0x5dae22c42a21 - std[70759c8f55707aa4]::rt::lang_start::<()>
[INFO] [stderr]     33:     0x5dae22c499a5 - main
[INFO] [stderr]     34:     0x7787996e8601 - <unknown>
[INFO] [stderr]     35:     0x7787996e8718 - __libc_start_main
[INFO] [stderr]     36:     0x5dae22c41875 - _start
[INFO] [stderr]     37:                0x0 - <unknown>
[INFO] running `Command { std: "docker" "inspect" "33a8e7766b3db8466fc56f1f058e04c1a031671d333dcf4d2d30d69284588cbf", kill_on_drop: false }`
[INFO] running `Command { std: "docker" "rm" "-f" "33a8e7766b3db8466fc56f1f058e04c1a031671d333dcf4d2d30d69284588cbf", kill_on_drop: false }`
[INFO] [stdout] 33a8e7766b3db8466fc56f1f058e04c1a031671d333dcf4d2d30d69284588cbf
