[INFO] fetching crate text-document 1.12.5...
[INFO] testing text-document-1.12.5 against 1.99.0-beta.8 for beta-1.100-2
[INFO] extracting crate text-document 1.12.5 into /workspace/builds/worker-7-tc1/source
[INFO] started tweaking crates.io crate text-document 1.12.5
[INFO] removed 0 missing examples
[INFO] removed 0 missing tests
[INFO] finished tweaking crates.io crate text-document 1.12.5
[INFO] tweaked toml for crates.io crate text-document 1.12.5 written to /workspace/builds/worker-7-tc1/source/Cargo.toml
[INFO] validating manifest of crates.io crate text-document 1.12.5 on toolchain 1.99.0-beta.8
[INFO] running `Command { std: CARGO_HOME="/workspace/cargo-home" RUSTUP_HOME="/workspace/rustup-home" "/workspace/cargo-home/bin/cargo" "+1.99.0-beta.8" "metadata" "--manifest-path" "Cargo.toml" "--no-deps", kill_on_drop: false }`
[INFO] crate crates.io crate text-document 1.12.5 already has a lockfile, it will not be regenerated
[INFO] running `Command { std: CARGO_HOME="/workspace/cargo-home" RUSTUP_HOME="/workspace/rustup-home" "/workspace/cargo-home/bin/cargo" "+1.99.0-beta.8" "fetch" "--manifest-path" "Cargo.toml", kill_on_drop: false }`
[INFO] [stderr]     Blocking waiting for file lock on package cache
[INFO] [stderr]     Updating crates.io index
[INFO] [stderr]     Blocking waiting for file lock on package cache
[INFO] [stderr]  Downloading crates ...
[INFO] [stderr]   Downloaded zip v6.0.0
[INFO] [stderr]   Downloaded ppmd-rust v1.4.0
[INFO] [stderr]   Downloaded zlib-rs v0.6.6
[INFO] [stderr]   Downloaded deflate64 v0.1.12
[INFO] [stderr]   Downloaded bzip2 v0.6.1
[INFO] [stderr]   Downloaded text-document-search v1.12.5
[INFO] [stderr]   Downloaded text-document-frontend v1.12.5
[INFO] [stderr]   Downloaded aes v0.8.4
[INFO] [stderr]   Downloaded lzma-rust2 v0.13.0
[INFO] [stderr]   Downloaded libbz2-rs-sys v0.2.5
[INFO] [stderr]   Downloaded typst-pdf v0.15.0
[INFO] [stderr]   Downloaded unicode-math-class v0.1.0
[INFO] [stderr]   Downloaded typst-timing v0.15.0
[INFO] [stderr]   Downloaded unscanny v0.1.0
[INFO] [stderr]   Downloaded typst-macros v0.15.0
[INFO] [stderr]   Downloaded caseless v0.2.2
[INFO] [stderr]   Downloaded typst-utils v0.15.0
[INFO] [stderr]   Downloaded thin-vec v0.2.18
[INFO] [stderr]   Downloaded ecow v0.2.6
[INFO] [stderr]   Downloaded svgtypes v0.16.1
[INFO] [stderr]   Downloaded roxmltree v0.21.1
[INFO] [stderr]   Downloaded typst-syntax v0.15.0
[INFO] [stderr]   Downloaded imagesize v0.14.0
[INFO] [stderr]   Downloaded unicode-bidi-mirroring v0.4.0
[INFO] [stderr]   Downloaded simplecss v0.2.2
[INFO] [stderr]   Downloaded mutate_once v0.1.2
[INFO] [stderr]   Downloaded fax v0.2.6
[INFO] [stderr]   Downloaded unic-langid-macros-impl v0.9.6
[INFO] [stderr]   Downloaded strict-num v0.1.1
[INFO] [stderr]   Downloaded unicode-ccc v0.4.0
[INFO] [stderr]   Downloaded unic-langid v0.9.6
[INFO] [stderr]   Downloaded chinese-variant v1.1.6
[INFO] [stderr]   Downloaded xmlwriter v0.1.0
[INFO] [stderr]   Downloaded linked-hash-map v0.5.6
[INFO] [stderr]   Downloaded fax_derive v0.2.0
[INFO] [stderr]   Downloaded unicode-vo v0.1.0
[INFO] [stderr]   Downloaded float-cmp v0.9.0
[INFO] [stderr]   Downloaded unic-langid-macros v0.9.6
[INFO] [stderr]   Downloaded hayro-ccitt v0.3.0
[INFO] [stderr]   Downloaded roman-numerals-rs v3.1.0
[INFO] [stderr]   Downloaded enum-ordinalize v4.4.1
[INFO] [stderr]   Downloaded enum-ordinalize-derive v4.4.1
[INFO] [stderr]   Downloaded data-url v0.3.2
[INFO] [stderr]   Downloaded zune-core v0.5.1
[INFO] [stderr]   Downloaded comemo-macros v0.5.1
[INFO] [stderr]   Downloaded roxmltree v0.20.0
[INFO] [stderr]   Downloaded fast-srgb8 v1.0.0
[INFO] [stderr]   Downloaded polycool v0.4.0
[INFO] [stderr]   Downloaded palette_derive v0.7.6
[INFO] [stderr]   Downloaded kamadak-exif v0.6.1
[INFO] [stderr]   Downloaded comemo v0.5.1
[INFO] [stderr]   Downloaded chinese-number v0.7.8
[INFO] [stderr]   Downloaded font-types v0.11.3
[INFO] [stderr]   Downloaded rgb v0.8.53
[INFO] [stderr]   Downloaded xmp-writer v0.3.3
[INFO] [stderr]   Downloaded subsetter v0.2.6
[INFO] [stderr]   Downloaded hayro-write v0.7.0
[INFO] [stderr]   Downloaded wasmi_ir v1.1.0
[INFO] [stderr]   Downloaded wasmi_collections v1.1.0
[INFO] [stderr]   Downloaded tiny-skia-path v0.12.0
[INFO] [stderr]   Downloaded slotmap v1.1.1
[INFO] [stderr]   Downloaded fontconfig-parser v0.5.8
[INFO] [stderr]   Downloaded lipsum v0.9.1
[INFO] [stderr]   Downloaded gif v0.14.2
[INFO] [stderr]   Downloaded glidesort v0.1.2
[INFO] [stderr]   Downloaded codex v0.3.0
[INFO] [stderr]   Downloaded az v1.3.0
[INFO] [stderr]   Downloaded icu_provider_blob v2.2.0
[INFO] [stderr]   Downloaded krilla-svg v0.8.1
[INFO] [stderr]   Downloaded typst v0.15.0
[INFO] [stderr]   Downloaded hayro-svg v0.7.0
[INFO] [stderr]   Downloaded hayro-postscript v0.1.0
[INFO] [stderr]   Downloaded hayro v0.7.1
[INFO] [stderr]   Downloaded peniko v0.6.1
[INFO] [stderr]   Downloaded wasmi_core v1.1.0
[INFO] [stderr]   Downloaded yaml-rust v0.4.5
[INFO] [stderr]   Downloaded plist v1.10.0
[INFO] [stderr]   Downloaded hayro-jpeg2000 v0.3.5
[INFO] [stderr]   Downloaded hayro-jbig2 v0.3.0
[INFO] [stderr]   Downloaded citationberg v0.7.0
[INFO] [stderr]   Downloaded resvg v0.47.0
[INFO] [stderr]   Downloaded typst-realize v0.15.0
[INFO] [stderr]   Downloaded typst-svg v0.15.0
[INFO] [stderr]   Downloaded typst-eval v0.15.0
[INFO] [stderr]   Downloaded usvg v0.47.0
[INFO] [stderr]   Downloaded zune-jpeg v0.5.13
[INFO] [stderr]   Downloaded unic-langid-impl v0.9.6
[INFO] [stderr]   Downloaded biblatex v0.12.0
[INFO] [stderr]   Downloaded hayro-syntax v0.7.2
[INFO] [stderr]   Downloaded tiff v0.11.3
[INFO] [stderr]   Downloaded glifo v0.1.1
[INFO] [stderr]   Downloaded png v0.18.1
[INFO] [stderr]   Downloaded fontdb v0.23.0
[INFO] [stderr]   Downloaded fancy-regex v0.16.2
[INFO] [stderr]   Downloaded vello_common v0.0.9
[INFO] [stderr]   Downloaded typst-html v0.15.0
[INFO] [stderr]   Downloaded kurbo v0.13.1
[INFO] [stderr]   Downloaded typst-as-lib v0.16.0
[INFO] [stderr]   Downloaded libredox v0.1.18
[INFO] [stderr]   Downloaded linebender_resource_handle v0.1.1
[INFO] [stderr]   Downloaded krilla v0.8.2
[INFO] [stderr]   Downloaded stacker v0.1.24
[INFO] [stderr]   Downloaded psm v0.1.31
[INFO] [stderr]   Downloaded quick-xml v0.41.0
[INFO] [stderr]   Downloaded text-document-io v1.12.5
[INFO] [stderr]   Downloaded ttf-parser v0.25.1
[INFO] [stderr]   Downloaded moxcms v0.8.1
[INFO] [stderr]   Downloaded palette v0.7.6
[INFO] [stderr]   Downloaded fearless_simd v0.4.1
[INFO] [stderr]   Downloaded wasmi v1.1.0
[INFO] [stderr]   Downloaded wasmparser v0.239.0
[INFO] [stderr]   Downloaded pic-scale v0.7.10
[INFO] [stderr]   Downloaded typst-layout v0.15.0
[INFO] [stderr]   Downloaded write-fonts v0.48.1
[INFO] [stderr]   Downloaded html-escape v0.2.14
[INFO] [stderr]   Downloaded rustybuzz v0.20.1
[INFO] [stderr]   Downloaded guillotiere v0.7.0
[INFO] [stderr]   Downloaded text-document-inspection v1.12.5
[INFO] [stderr]   Downloaded text-document-formatting v1.12.5
[INFO] [stderr]   Downloaded console v0.16.3
[INFO] [stderr]   Downloaded tiny-skia v0.12.0
[INFO] [stderr]   Downloaded skrifa v0.42.1
[INFO] [stderr]   Downloaded image v0.25.10
[INFO] [stderr]   Downloaded upon v0.10.0
[INFO] [stderr]   Downloaded encode_unicode v1.0.0
[INFO] [stderr]   Downloaded color v0.3.3
[INFO] [stderr]   Downloaded ar_archive_writer v0.5.2
[INFO] [stderr]   Downloaded hayro-interpret v0.7.0
[INFO] [stderr]   Downloaded vello_cpu v0.0.8
[INFO] [stderr]   Downloaded typed-path v0.12.3
[INFO] [stderr]   Downloaded insta v1.47.2
[INFO] [stderr]   Downloaded vello_common v0.0.8
[INFO] [stderr]   Downloaded zip v8.6.0
[INFO] [stderr]   Downloaded text-document-editing v1.12.5
[INFO] [stderr]   Downloaded epub-builder v0.8.3
[INFO] [stderr]   Downloaded icu_collator_data v2.2.0
[INFO] [stderr]   Downloaded hayro-cmap v0.1.0
[INFO] [stderr]   Downloaded docx-rs v0.4.22
[INFO] [stderr]   Downloaded typst-library v0.15.0
[INFO] [stderr]   Downloaded hayagriva v0.10.1
[INFO] [stderr]   Downloaded read-fonts v0.39.2
[INFO] [stderr]   Downloaded syntect v5.3.0
[INFO] [stderr]   Downloaded pxfm v0.1.28
[INFO] [stderr]   Downloaded hypher v0.1.7
[INFO] [stderr]   Downloaded icu_collator v2.2.1
[INFO] [stderr]   Downloaded pdf-writer v0.15.0
[INFO] [stderr]   Downloaded two-face v0.4.5
[INFO] [stderr]   Downloaded typst-assets v0.15.0
[INFO] running `Command { std: "docker" "create" "-v" "/var/lib/crater-agent-workspace/builds/worker-7-tc1/source:/opt/rustwide/workdir:ro,Z" "-v" "/var/lib/crater-agent-workspace/builds/worker-7-tc1/target:/opt/rustwide/target:rw,Z" "-v" "/var/lib/crater-agent-workspace/cargo-home:/opt/rustwide/cargo-home:ro,Z" "-v" "/var/lib/crater-agent-workspace/rustup-home:/opt/rustwide/rustup-home:ro,Z" "-m" "1610612736" "--network" "none" "ghcr.io/rust-lang/crates-build-env/linux@sha256:3111399a4047eeb3a02b7a90e478d715f38a8c6669b5c4b49d30a17385265909" "sleep" "infinity", kill_on_drop: false }`
[INFO] [stdout] 5c57a1867003a6cb28079374fd3620b69c3175292ed0accd7e7d95701ae5b8b1
[INFO] running `Command { std: "docker" "start" "5c57a1867003a6cb28079374fd3620b69c3175292ed0accd7e7d95701ae5b8b1", kill_on_drop: false }`
[INFO] running `Command { std: "docker" "inspect" "5c57a1867003a6cb28079374fd3620b69c3175292ed0accd7e7d95701ae5b8b1", kill_on_drop: false }`
[INFO] running `Command { std: "docker" "exec" "-e" "SOURCE_DIR=/opt/rustwide/workdir" "-e" "CARGO_HOME=/opt/rustwide/cargo-home" "-e" "RUSTUP_HOME=/opt/rustwide/rustup-home" "-e" "CARGO_TARGET_DIR=/opt/rustwide/target" "-w" "/opt/rustwide/workdir" "--user" "0:0" "5c57a1867003a6cb28079374fd3620b69c3175292ed0accd7e7d95701ae5b8b1" "/opt/rustwide/cargo-home/bin/cargo" "+1.99.0-beta.8" "metadata" "--no-deps" "--format-version=1", kill_on_drop: false }`
[INFO] running `Command { std: "docker" "inspect" "5c57a1867003a6cb28079374fd3620b69c3175292ed0accd7e7d95701ae5b8b1", kill_on_drop: false }`
[INFO] running `Command { std: "docker" "exec" "-e" "SOURCE_DIR=/opt/rustwide/workdir" "-e" "CARGO_HOME=/opt/rustwide/cargo-home" "-e" "RUSTUP_HOME=/opt/rustwide/rustup-home" "-e" "CARGO_TARGET_DIR=/opt/rustwide/target" "-e" "CARGO_INCREMENTAL=0" "-e" "RUST_BACKTRACE=full" "-e" "RUSTFLAGS=--cap-lints=warn" "-e" "RUSTDOCFLAGS=--cap-lints=warn" "-w" "/opt/rustwide/workdir" "--user" "0:0" "5c57a1867003a6cb28079374fd3620b69c3175292ed0accd7e7d95701ae5b8b1" "/opt/rustwide/cargo-home/bin/cargo" "+1.99.0-beta.8" "build" "--frozen" "--message-format=json", kill_on_drop: false }`
[INFO] [stderr]    Compiling unicode-ident v1.0.24
[INFO] [stderr]    Compiling siphasher v1.0.2
[INFO] [stderr]    Compiling fastrand v2.3.0
[INFO] [stderr]    Compiling precomputed-hash v0.1.1
[INFO] [stderr]    Compiling num-traits v0.2.19
[INFO] [stderr]    Compiling utf-8 v0.7.6
[INFO] [stderr]    Compiling generic-array v0.14.7
[INFO] [stderr]    Compiling parking_lot_core v0.9.12
[INFO] [stderr]    Compiling dtoa v1.0.11
[INFO] [stderr]    Compiling jobserver v0.1.35
[INFO] [stderr]    Compiling servo_arc v0.4.3
[INFO] [stderr]    Compiling getopts v0.2.24
[INFO] [stderr]    Compiling pkg-config v0.3.33
[INFO] [stderr]    Compiling anyhow v1.0.104
[INFO] [stderr]    Compiling zlib-rs v0.6.6
[INFO] [stderr]    Compiling pulldown-cmark v0.13.1
[INFO] [stderr]    Compiling proc-macro2 v1.0.106
[INFO] [stderr]    Compiling phf_shared v0.13.1
[INFO] [stderr]    Compiling tendril v0.5.0
[INFO] [stderr]    Compiling parking_lot v0.12.5
[INFO] [stderr]    Compiling rand_xoshiro v0.6.0
[INFO] [stderr]    Compiling dtoa-short v0.3.5
[INFO] [stderr]    Compiling uuid v1.23.4
[INFO] [stderr]    Compiling spin v0.9.9
[INFO] [stderr]    Compiling cc v1.2.57
[INFO] [stderr]    Compiling pulldown-cmark-escape v0.11.0
[INFO] [stderr]    Compiling str_indices v0.4.4
[INFO] [stderr]    Compiling futures-sink v0.3.32
[INFO] [stderr]    Compiling quote v1.0.45
[INFO] [stderr]    Compiling phf_generator v0.13.1
[INFO] [stderr]    Compiling string_cache v0.9.0
[INFO] [stderr]    Compiling unicase v2.9.0
[INFO] [stderr]    Compiling ego-tree v0.11.0
[INFO] [stderr]    Compiling futures-core v0.3.32
[INFO] [stderr]    Compiling phf_codegen v0.13.1
[INFO] [stderr]    Compiling ropey v1.6.1
[INFO] [stderr]    Compiling flume v0.12.0
[INFO] [stderr]    Compiling zerocopy v0.8.47
[INFO] [stderr]    Compiling jotdown v0.10.0
[INFO] [stderr]    Compiling selectors v0.36.1
[INFO] [stderr]    Compiling unicode-segmentation v1.13.3
[INFO] [stderr]    Compiling bumpalo v3.20.2
[INFO] [stderr]    Compiling zstd-safe v7.2.4
[INFO] [stderr]    Compiling crypto-common v0.1.7
[INFO] [stderr]    Compiling syn v2.0.117
[INFO] [stderr]    Compiling string_cache_codegen v0.6.1
[INFO] [stderr]    Compiling block-buffer v0.10.4
[INFO] [stderr]    Compiling zopfli v0.8.3
[INFO] [stderr]    Compiling inout v0.1.4
[INFO] [stderr]    Compiling digest v0.10.7
[INFO] [stderr]    Compiling indexmap v2.13.0
[INFO] [stderr]    Compiling zune-core v0.5.1
[INFO] [stderr]    Compiling crc-catalog v2.5.0
[INFO] [stderr]    Compiling crc v3.4.0
[INFO] [stderr]    Compiling web_atoms v0.2.3
[INFO] [stderr]    Compiling cipher v0.4.4
[INFO] [stderr]    Compiling zune-jpeg v0.5.13
[INFO] [stderr]    Compiling aho-corasick v1.1.4
[INFO] [stderr]    Compiling hmac v0.12.1
[INFO] [stderr]    Compiling sha2 v0.10.9
[INFO] [stderr]    Compiling libbz2-rs-sys v0.2.5
[INFO] [stderr]    Compiling tinyvec_macros v0.1.1
[INFO] [stderr]    Compiling pxfm v0.1.28
[INFO] [stderr]    Compiling time-core v0.1.9
[INFO] [stderr]    Compiling byteorder-lite v0.1.0
[INFO] [stderr]    Compiling deranged v0.5.8
[INFO] [stderr]    Compiling aes v0.8.4
[INFO] [stderr]    Compiling image-webp v0.2.4
[INFO] [stderr]    Compiling bzip2 v0.6.1
[INFO] [stderr]    Compiling zstd-sys v2.0.16+zstd.1.5.7
[INFO] [stderr]    Compiling lzma-rust2 v0.13.0
[INFO] [stderr]    Compiling tinyvec v1.12.0
[INFO] [stderr]    Compiling gif v0.14.2
[INFO] [stderr]    Compiling pbkdf2 v0.12.2
[INFO] [stderr]    Compiling sha1 v0.10.7
[INFO] [stderr]    Compiling encoding_rs v0.8.35
[INFO] [stderr]    Compiling constant_time_eq v0.3.1
[INFO] [stderr]    Compiling typed-path v0.12.3
[INFO] [stderr]    Compiling ppmd-rust v1.4.0
[INFO] [stderr]    Compiling bytemuck v1.25.0
[INFO] [stderr]    Compiling deflate64 v0.1.12
[INFO] [stderr]    Compiling tempfile v3.27.0
[INFO] [stderr]    Compiling unicode-normalization v0.1.25
[INFO] [stderr]    Compiling time v0.3.53
[INFO] [stderr]    Compiling html-escape v0.2.14
[INFO] [stderr]    Compiling unicode-properties v0.1.4
[INFO] [stderr]    Compiling regex-automata v0.4.14
[INFO] [stderr]    Compiling caseless v0.2.2
[INFO] [stderr]    Compiling quick-xml v0.41.0
[INFO] [stderr]    Compiling moxcms v0.8.1
[INFO] [stderr]    Compiling flate2 v1.1.9
[INFO] [stderr]    Compiling png v0.18.1
[INFO] [stderr]    Compiling zip v8.6.0
[INFO] [stderr]    Compiling regex v1.12.3
[INFO] [stderr]    Compiling phf_macros v0.13.1
[INFO] [stderr]    Compiling serde_derive v1.0.228
[INFO] [stderr]    Compiling derive_more-impl v2.1.1
[INFO] [stderr]    Compiling cssparser-macros v0.6.1
[INFO] [stderr]    Compiling thiserror-impl v2.0.18
[INFO] [stderr]    Compiling zerocopy-derive v0.8.47
[INFO] [stderr]    Compiling text-document-macros v1.12.5
[INFO] [stderr]    Compiling fax_derive v0.2.0
[INFO] [stderr]    Compiling zeroize_derive v1.5.0
[INFO] [stderr]    Compiling fax v0.2.6
[INFO] [stderr]    Compiling phf v0.13.1
[INFO] [stderr]    Compiling zeroize v1.9.0
[INFO] [stderr]    Compiling cssparser v0.36.0
[INFO] [stderr]    Compiling derive_more v2.1.1
[INFO] [stderr]    Compiling thiserror v2.0.18
[INFO] [stderr]    Compiling markup5ever v0.39.0
[INFO] [stderr]    Compiling html5ever v0.39.0
[INFO] [stderr]    Compiling scraper v0.26.0
[INFO] [stderr]    Compiling serde v1.0.228
[INFO] [stderr]    Compiling zstd v0.13.3
[INFO] [stderr]    Compiling zip v6.0.0
[INFO] [stderr]    Compiling chrono v0.4.44
[INFO] [stderr]    Compiling im v15.1.0
[INFO] [stderr]    Compiling upon v0.10.0
[INFO] [stderr]    Compiling epub-builder v0.8.3
[INFO] [stderr]    Compiling text-document-common v1.12.5
[INFO] [stderr]    Compiling half v2.7.1
[INFO] [stderr]    Compiling tiff v0.11.3
[INFO] [stderr]    Compiling image v0.25.10
[INFO] [stderr]    Compiling docx-rs v0.4.22
[INFO] [stderr]    Compiling text-document-direct-access v1.12.5
[INFO] [stderr]    Compiling text-document-inspection v1.12.5
[INFO] [stderr]    Compiling text-document-editing v1.12.5
[INFO] [stderr]    Compiling text-document-search v1.12.5
[INFO] [stderr]    Compiling text-document-formatting v1.12.5
[INFO] [stderr]    Compiling text-document-io v1.12.5
[INFO] [stderr]    Compiling text-document-frontend v1.12.5
[INFO] [stderr]    Compiling text-document v1.12.5 (/opt/rustwide/workdir)
[INFO] [stderr]     Finished `dev` profile [unoptimized + debuginfo] target(s) in 43.51s
[INFO] running `Command { std: "docker" "inspect" "5c57a1867003a6cb28079374fd3620b69c3175292ed0accd7e7d95701ae5b8b1", kill_on_drop: false }`
[INFO] running `Command { std: "docker" "exec" "-e" "SOURCE_DIR=/opt/rustwide/workdir" "-e" "CARGO_HOME=/opt/rustwide/cargo-home" "-e" "RUSTUP_HOME=/opt/rustwide/rustup-home" "-e" "CARGO_TARGET_DIR=/opt/rustwide/target" "-e" "CARGO_INCREMENTAL=0" "-e" "RUST_BACKTRACE=full" "-e" "RUSTFLAGS=--cap-lints=warn" "-e" "RUSTDOCFLAGS=--cap-lints=warn" "-w" "/opt/rustwide/workdir" "--user" "0:0" "5c57a1867003a6cb28079374fd3620b69c3175292ed0accd7e7d95701ae5b8b1" "/opt/rustwide/cargo-home/bin/cargo" "+1.99.0-beta.8" "test" "--frozen" "--no-run" "--message-format=json", kill_on_drop: false }`
[INFO] [stderr]    Compiling serde v1.0.228
[INFO] [stderr]    Compiling serde_json v1.0.149
[INFO] [stderr]    Compiling uuid v1.23.4
[INFO] [stderr]    Compiling crossbeam-epoch v0.9.20
[INFO] [stderr]    Compiling ucd-trie v0.1.7
[INFO] [stderr]    Compiling alloca v0.4.0
[INFO] [stderr]    Compiling ciborium-io v0.2.2
[INFO] [stderr]    Compiling anstyle v1.0.14
[INFO] [stderr]    Compiling clap_lex v1.1.0
[INFO] [stderr]    Compiling itertools v0.13.0
[INFO] [stderr]    Compiling ppv-lite86 v0.2.21
[INFO] [stderr]    Compiling plotters v0.3.7
[INFO] [stderr]    Compiling rusty-fork v0.3.1
[INFO] [stderr]    Compiling rand v0.9.5
[INFO] [stderr]    Compiling console v0.16.3
[INFO] [stderr]    Compiling page_size v0.6.0
[INFO] [stderr]    Compiling ciborium-ll v0.2.2
[INFO] [stderr]    Compiling pest v2.8.6
[INFO] [stderr]    Compiling similar v2.7.0
[INFO] [stderr]    Compiling clap_builder v4.6.0
[INFO] [stderr]    Compiling anes v0.1.6
[INFO] [stderr]    Compiling png v0.17.16
[INFO] [stderr]    Compiling chrono v0.4.44
[INFO] [stderr]    Compiling im v15.1.0
[INFO] [stderr]    Compiling upon v0.10.0
[INFO] [stderr]    Compiling crossbeam-deque v0.8.6
[INFO] [stderr]    Compiling rand_chacha v0.9.0
[INFO] [stderr]    Compiling rayon-core v1.13.0
[INFO] [stderr]    Compiling ciborium v0.2.2
[INFO] [stderr]    Compiling proptest v1.10.0
[INFO] [stderr]    Compiling rayon v1.11.0
[INFO] [stderr]    Compiling criterion-plot v0.8.2
[INFO] [stderr]    Compiling docx-rs v0.4.22
[INFO] [stderr]    Compiling tinytemplate v1.2.1
[INFO] [stderr]    Compiling pest_meta v2.8.6
[INFO] [stderr]    Compiling clap v4.6.0
[INFO] [stderr]    Compiling epub-builder v0.8.3
[INFO] [stderr]    Compiling pest_generator v2.8.6
[INFO] [stderr]    Compiling text-document-common v1.12.5
[INFO] [stderr]    Compiling pest_derive v2.8.6
[INFO] [stderr]    Compiling insta v1.47.2
[INFO] [stderr]    Compiling criterion v0.8.2
[INFO] [stderr]    Compiling text-document-search v1.12.5
[INFO] [stderr]    Compiling text-document-formatting v1.12.5
[INFO] [stderr]    Compiling text-document-direct-access v1.12.5
[INFO] [stderr]    Compiling text-document-inspection v1.12.5
[INFO] [stderr]    Compiling text-document-editing v1.12.5
[INFO] [stderr]    Compiling text-document-io v1.12.5
[INFO] [stderr]    Compiling text-document-frontend v1.12.5
[INFO] [stderr]    Compiling text-document v1.12.5 (/opt/rustwide/workdir)
[INFO] [stderr] error: could not compile `text-document` (lib test)
[INFO] [stderr] 
[INFO] [stderr] Caused by:
[INFO] [stderr]   process didn't exit successfully: `/opt/rustwide/rustup-home/toolchains/1.99.0-beta.8-x86_64-unknown-linux-gnu/bin/rustc --crate-name text_document --edition=2024 src/lib.rs --error-format=json --json=diagnostic-rendered-ansi,artifacts,future-incompat --emit=dep-info,link -C embed-bitcode=no -C debuginfo=2 --test --check-cfg 'cfg(docsrs,test)' --check-cfg 'cfg(feature, values("pdf"))' -C metadata=45a0fa17a173ae04 -C extra-filename=-c433da89ea960550 --out-dir /opt/rustwide/target/debug/deps -L dependency=/opt/rustwide/target/debug/deps --extern anyhow=/opt/rustwide/target/debug/deps/libanyhow-eeb2152985963809.rlib --extern base64=/opt/rustwide/target/debug/deps/libbase64-32787b0325ea6df8.rlib --extern criterion=/opt/rustwide/target/debug/deps/libcriterion-ca97a422c34adab3.rlib --extern insta=/opt/rustwide/target/debug/deps/libinsta-d5e85d24b2bb9908.rlib --extern log=/opt/rustwide/target/debug/deps/liblog-f16ce4b64309590f.rlib --extern parking_lot=/opt/rustwide/target/debug/deps/libparking_lot-fb170e9293cb64fc.rlib --extern png=/opt/rustwide/target/debug/deps/libpng-ac15037fcca2f0c5.rlib --extern proptest=/opt/rustwide/target/debug/deps/libproptest-473e31d288c1eac5.rlib --extern serde_json=/opt/rustwide/target/debug/deps/libserde_json-7d0b6aeddb1d72e0.rlib --extern tempfile=/opt/rustwide/target/debug/deps/libtempfile-395a53da5d40c983.rlib --extern common=/opt/rustwide/target/debug/deps/libcommon-8167c74ecb83a391.rlib --extern frontend=/opt/rustwide/target/debug/deps/libtext_document_frontend-d58e2cfc78138beb.rlib --extern thiserror=/opt/rustwide/target/debug/deps/libthiserror-db39410318858123.rlib --extern unicode_segmentation=/opt/rustwide/target/debug/deps/libunicode_segmentation-7adb7faea6d97d51.rlib --extern zip=/opt/rustwide/target/debug/deps/libzip-2c738fb878265cda.rlib --cap-lints=warn -L native=/opt/rustwide/target/debug/build/alloca-fbb4e344ff74274c/out -L native=/opt/rustwide/target/debug/build/zstd-sys-7d8512fc8625d3bc/out` (signal: 9, SIGKILL: kill)
[INFO] [stderr] warning: build failed, waiting for other jobs to finish...
[INFO] [stderr] error: could not compile `text-document` (test "fuzz_tests")
[INFO] [stderr] 
[INFO] [stderr] Caused by:
[INFO] [stderr]   process didn't exit successfully: `/opt/rustwide/rustup-home/toolchains/1.99.0-beta.8-x86_64-unknown-linux-gnu/bin/rustc --crate-name fuzz_tests --edition=2024 tests/fuzz_tests.rs --error-format=json --json=diagnostic-rendered-ansi,artifacts,future-incompat --emit=dep-info,link -C embed-bitcode=no -C debuginfo=2 --test --check-cfg 'cfg(docsrs,test)' --check-cfg 'cfg(feature, values("pdf"))' -C metadata=38542451be631b4c -C extra-filename=-9f2ba4c58cc9a7d4 --out-dir /opt/rustwide/target/debug/deps -L dependency=/opt/rustwide/target/debug/deps --extern anyhow=/opt/rustwide/target/debug/deps/libanyhow-eeb2152985963809.rlib --extern base64=/opt/rustwide/target/debug/deps/libbase64-32787b0325ea6df8.rlib --extern criterion=/opt/rustwide/target/debug/deps/libcriterion-ca97a422c34adab3.rlib --extern insta=/opt/rustwide/target/debug/deps/libinsta-d5e85d24b2bb9908.rlib --extern log=/opt/rustwide/target/debug/deps/liblog-f16ce4b64309590f.rlib --extern parking_lot=/opt/rustwide/target/debug/deps/libparking_lot-fb170e9293cb64fc.rlib --extern png=/opt/rustwide/target/debug/deps/libpng-ac15037fcca2f0c5.rlib --extern proptest=/opt/rustwide/target/debug/deps/libproptest-473e31d288c1eac5.rlib --extern serde_json=/opt/rustwide/target/debug/deps/libserde_json-7d0b6aeddb1d72e0.rlib --extern tempfile=/opt/rustwide/target/debug/deps/libtempfile-395a53da5d40c983.rlib --extern text_document=/opt/rustwide/target/debug/deps/libtext_document-37040f398ddeeea7.rlib --extern common=/opt/rustwide/target/debug/deps/libcommon-8167c74ecb83a391.rlib --extern frontend=/opt/rustwide/target/debug/deps/libtext_document_frontend-d58e2cfc78138beb.rlib --extern thiserror=/opt/rustwide/target/debug/deps/libthiserror-db39410318858123.rlib --extern unicode_segmentation=/opt/rustwide/target/debug/deps/libunicode_segmentation-7adb7faea6d97d51.rlib --extern zip=/opt/rustwide/target/debug/deps/libzip-2c738fb878265cda.rlib --cap-lints=warn -L native=/opt/rustwide/target/debug/build/alloca-fbb4e344ff74274c/out -L native=/opt/rustwide/target/debug/build/zstd-sys-7d8512fc8625d3bc/out` (signal: 9, SIGKILL: kill)
[INFO] [stderr] error: could not compile `text-document` (test "djot_depth_tests")
[INFO] [stderr] 
[INFO] [stderr] Caused by:
[INFO] [stderr]   process didn't exit successfully: `/opt/rustwide/rustup-home/toolchains/1.99.0-beta.8-x86_64-unknown-linux-gnu/bin/rustc --crate-name djot_depth_tests --edition=2024 tests/djot_depth_tests.rs --error-format=json --json=diagnostic-rendered-ansi,artifacts,future-incompat --emit=dep-info,link -C embed-bitcode=no -C debuginfo=2 --test --check-cfg 'cfg(docsrs,test)' --check-cfg 'cfg(feature, values("pdf"))' -C metadata=a6ef54fae671639a -C extra-filename=-10ad40b04d2987de --out-dir /opt/rustwide/target/debug/deps -L dependency=/opt/rustwide/target/debug/deps --extern anyhow=/opt/rustwide/target/debug/deps/libanyhow-eeb2152985963809.rlib --extern base64=/opt/rustwide/target/debug/deps/libbase64-32787b0325ea6df8.rlib --extern criterion=/opt/rustwide/target/debug/deps/libcriterion-ca97a422c34adab3.rlib --extern insta=/opt/rustwide/target/debug/deps/libinsta-d5e85d24b2bb9908.rlib --extern log=/opt/rustwide/target/debug/deps/liblog-f16ce4b64309590f.rlib --extern parking_lot=/opt/rustwide/target/debug/deps/libparking_lot-fb170e9293cb64fc.rlib --extern png=/opt/rustwide/target/debug/deps/libpng-ac15037fcca2f0c5.rlib --extern proptest=/opt/rustwide/target/debug/deps/libproptest-473e31d288c1eac5.rlib --extern serde_json=/opt/rustwide/target/debug/deps/libserde_json-7d0b6aeddb1d72e0.rlib --extern tempfile=/opt/rustwide/target/debug/deps/libtempfile-395a53da5d40c983.rlib --extern text_document=/opt/rustwide/target/debug/deps/libtext_document-37040f398ddeeea7.rlib --extern common=/opt/rustwide/target/debug/deps/libcommon-8167c74ecb83a391.rlib --extern frontend=/opt/rustwide/target/debug/deps/libtext_document_frontend-d58e2cfc78138beb.rlib --extern thiserror=/opt/rustwide/target/debug/deps/libthiserror-db39410318858123.rlib --extern unicode_segmentation=/opt/rustwide/target/debug/deps/libunicode_segmentation-7adb7faea6d97d51.rlib --extern zip=/opt/rustwide/target/debug/deps/libzip-2c738fb878265cda.rlib --cap-lints=warn -L native=/opt/rustwide/target/debug/build/alloca-fbb4e344ff74274c/out -L native=/opt/rustwide/target/debug/build/zstd-sys-7d8512fc8625d3bc/out` (signal: 9, SIGKILL: kill)
[INFO] [stderr] error: could not compile `text-document` (test "image_export_tests")
[INFO] [stderr] 
[INFO] [stderr] Caused by:
[INFO] [stderr]   process didn't exit successfully: `/opt/rustwide/rustup-home/toolchains/1.99.0-beta.8-x86_64-unknown-linux-gnu/bin/rustc --crate-name image_export_tests --edition=2024 tests/image_export_tests.rs --error-format=json --json=diagnostic-rendered-ansi,artifacts,future-incompat --emit=dep-info,link -C embed-bitcode=no -C debuginfo=2 --test --check-cfg 'cfg(docsrs,test)' --check-cfg 'cfg(feature, values("pdf"))' -C metadata=b85edae7fd6690bf -C extra-filename=-78ffa67acfabe8ad --out-dir /opt/rustwide/target/debug/deps -L dependency=/opt/rustwide/target/debug/deps --extern anyhow=/opt/rustwide/target/debug/deps/libanyhow-eeb2152985963809.rlib --extern base64=/opt/rustwide/target/debug/deps/libbase64-32787b0325ea6df8.rlib --extern criterion=/opt/rustwide/target/debug/deps/libcriterion-ca97a422c34adab3.rlib --extern insta=/opt/rustwide/target/debug/deps/libinsta-d5e85d24b2bb9908.rlib --extern log=/opt/rustwide/target/debug/deps/liblog-f16ce4b64309590f.rlib --extern parking_lot=/opt/rustwide/target/debug/deps/libparking_lot-fb170e9293cb64fc.rlib --extern png=/opt/rustwide/target/debug/deps/libpng-ac15037fcca2f0c5.rlib --extern proptest=/opt/rustwide/target/debug/deps/libproptest-473e31d288c1eac5.rlib --extern serde_json=/opt/rustwide/target/debug/deps/libserde_json-7d0b6aeddb1d72e0.rlib --extern tempfile=/opt/rustwide/target/debug/deps/libtempfile-395a53da5d40c983.rlib --extern text_document=/opt/rustwide/target/debug/deps/libtext_document-37040f398ddeeea7.rlib --extern common=/opt/rustwide/target/debug/deps/libcommon-8167c74ecb83a391.rlib --extern frontend=/opt/rustwide/target/debug/deps/libtext_document_frontend-d58e2cfc78138beb.rlib --extern thiserror=/opt/rustwide/target/debug/deps/libthiserror-db39410318858123.rlib --extern unicode_segmentation=/opt/rustwide/target/debug/deps/libunicode_segmentation-7adb7faea6d97d51.rlib --extern zip=/opt/rustwide/target/debug/deps/libzip-2c738fb878265cda.rlib --cap-lints=warn -L native=/opt/rustwide/target/debug/build/alloca-fbb4e344ff74274c/out -L native=/opt/rustwide/target/debug/build/zstd-sys-7d8512fc8625d3bc/out` (signal: 9, SIGKILL: kill)
[INFO] [stdout] error: linking with `cc` failed: exit status: 1
[INFO] [stdout]   |
[INFO] [stdout]   = note:  "cc" "-m64" "/opt/rustwide/target/debug/deps/rustcBYwgMV/symbols.o" "<2 object files omitted>" "-Wl,--as-needed" "-Wl,-Bstatic" "<sysroot>/lib/rustlib/x86_64-unknown-linux-gnu/lib/{libtest-*,libgetopts-*,librustc_std_workspace_std-*}.rlib" "/opt/rustwide/target/debug/deps/{libtext_document-37040f398ddeeea7,libtext_document_frontend-d58e2cfc78138beb,libtext_document_search-fff2304f78698d22,libunicode_properties-d98df78cf9438258,libcaseless-4d0ca05bfc0e3cb2,libunicode_normalization-ae67bf89e3e87c15,libtinyvec-f7349416fdabe816,libtinyvec_macros-7b77ea21c73594ca,libtext_document_io-56511ad2d0e8e2d7,libepub_builder-e4d7536c7b612463,libtempfile-395a53da5d40c983,librustix-2186f077589ce598,liblinux_raw_sys-0b6cde911e9a3109,libuuid-56009708f1e44b35,libgetrandom-6841e0dbdb6c146b,libhtml_escape-3ed8c46253c2773b,libonce_cell-b5bdc597ed9676b3,libupon-78ef1cc20297f40e,libunicode_width-c0be3735b741df1b,libunicode_ident-1996c11fff15f062,libdocx_rs-bf904624cec4425c,libimage-8b0e960de87a445b,libbytemuck-690da78adee7b727,libmoxcms-a6525d901a336138,libpxfm-4802185710b7e960,libimage_webp-34e741a8e5524094,libtiff-f1f3ab8253a8e2b8,libfax-3f28b7b0388c8816,libquick_error-702b385be5f12d4a,libhalf-5ad592e8f97609dc,libzerocopy-04abacf0bcacb042,libpng-5fc9debc999377e7,libfdeflate-922a9e3d1e54d651,libzune_jpeg-5524540ede5a79b7,libzune_core-1e52e593f0022a9f,libgif-4f238d76e3d541f2,libcolor_quant-72accfe2cafd1a2d,libweezl-c14ee9b06cdfb3f7,libbyteorder_lite-f5df2d14b4488fc7,libquick_xml-4884901ae28a9292,libencoding_rs-c7a67ac351c2b19f,libzip-2ae7ea6645163fcd,libtyped_path-d4bef469917403d3,libregex-ec2dc9d409c38a88,libregex_automata-bf751438404198b1,libaho_corasick-fa94425a423a79cf,libregex_syntax-6d6ee545e2ffad72,libzip-2c738fb878265cda,libppmd_rust-232ea743e71061e0,liblzma_rust2-481346ebbe63c823,libcrc-c7d92037d8a82253,libcrc_catalog-229f3d571887ef81,libsha2-095ad84fd5bfa493,libdeflate64-b0eeb29c560c57da,libgetrandom-c27f5d9907cbefd0,libpbkdf2-f6e95262c1ddb389,libzstd-638caa033f4db3e8,libzstd_safe-6c7f4d1d12dc567e,libzstd_sys-58bedb608bc3cb6c,libzopfli-4b9097ad0cb3572f,libsimd_adler32-ecb9b1acb66aed87,libbumpalo-5ece06ce95cec114,libbzip2-32a03d911c66cb33,liblibbz2_rs_sys-e91d41ee7057ce95,libflate2-753b3b53cc12fa29,libzlib_rs-d5e1019125e5f9b6,libtime-7723618f4afe57e9,libpowerfmt-f6019a2766e431f7,libnum_conv-8bd7073c84ef42cd,libderanged-131d43187e2329b6,libtime_core-87cddcae4f761596,libindexmap-f006485b143d2676,libequivalent-6a754676e6af62ae,libhashbrown-25abce2d85979e8d,libcrc32fast-77160f4e25d6fc25,libaes-b9b5347c2cfb173f,libcipher-4828da6f67b57446,libinout-1d1fb26a44a5b26f,libzeroize-45cb5f9701bd1d5f,libsha1-bdb15e3e2a87fec8,libcpufeatures-e04321643d03190d,libhmac-741d575b19be3fc6,libdigest-55f2c16e3612c500,libsubtle-2ae6a7038b9a0630,libblock_buffer-ceb5bfb4b62e5dc4,libcrypto_common-56b940ef3ee0385e,libgeneric_array-3399f74876fb1fa9,libconstant_time_eq-efbf8da8f259d1ea,libtext_document_inspection-9e4152fe681bb215,libtext_document_formatting-272f590b67351fc2,libtext_document_editing-c35a093244a8cfbd,libtext_document_direct_access-f7427111b5ee60b3,libcommon-8167c74ecb83a391,libchrono-4fe51d1bd7c57a3b,libiana_time_zone-bcd81aefedc374a6,libnum_traits-8025aadba3f5277e,libserde_json-7d0b6aeddb1d72e0,libzmij-ef63f1da73704b4c,libunicode_segmentation-7adb7faea6d97d51,libbase64-32787b0325ea6df8,libjotdown-9807e100c5b6bcc4,libscraper-daf8ded132459b91,libego_tree-e3904c3acfefca72,libselectors-42c1f208de983534,librustc_hash-ca4219e344ea5da0,libservo_arc-c0e57b84a71a381d,libstable_deref_trait-8f5d1ea34607785b,libderive_more-72bad51c60bde1e2,libcssparser-2b4942ad49b58573,libitoa-f3a70a1441f7f89b,libdtoa_short-543670663d5707cb,libdtoa-457fb8273a048c91,libhtml5ever-30136eec92439d96,liblog-f16ce4b64309590f,libmarkup5ever-c83c33ace3b0bc27,libtendril-e4dd71a086ed8d1f,libutf8-f4341c3c7568480d,libweb_atoms-f02dc8cca1876cd7,libstring_cache-d68a4d89674dbf59,libprecomputed_hash-b8aaee179f87ad21,libdebug_unreachable-2bce5da2715432ba,libphf-38a6f5bc17d562a7,libphf_shared-b14f7bf2b6ce6bad,libsiphasher-b386b3b339112ba5,libpulldown_cmark-bb008fc58bd3989c,libbitflags-19bd3a07fb167555,libmemchr-5cfa70d22cb32987,libunicase-14ef8cc0d70eefb8,libpulldown_cmark_escape-a005978b0c90fe36,libflume-8e04b23fa06624c5,libfastrand-e135eef5a79f13c6,libspin-e1709df14fd58c1c,libfutures_sink-799228b77d0964c7,libfutures_core-3f60eedc39d379cb,libthiserror-db39410318858123,libanyhow-eeb2152985963809,libropey-78e9aa59ae77ae8d,libstr_indices-36fa73e8c6d94865,libparking_lot-fb170e9293cb64fc,libparking_lot_core-8e9378c0ec6ac566,liblibc-585253b8e2aa2651,libcfg_if-83060ec5685761ae,libsmallvec-c4b0763233bab5f9,liblock_api-16d46fed645f7bff,libscopeguard-7ec2214574194454,libim-886d4953288f1210,librand_xoshiro-401906081270d84a,libserde-05cafd78366d3625,libserde_core-21f22ac7b803fb0e,librand_core-4b67a56f68d6cbfa,libsized_chunks-7373794aef389273,libbitmaps-e9ef723266a8d15c,libtypenum-973adb5204d6e560}.rlib" "<sysroot>/lib/rustlib/x86_64-unknown-linux-gnu/lib/{libstd-*,libpanic_unwind-*,libobject-*,libmemchr-*,libaddr2line-*,libgimli-*,libcfg_if-*,librustc_demangle-*,libstd_detect-*,libhashbrown-*,librustc_std_workspace_alloc-*,libminiz_oxide-*,libadler2-*,libunwind-*,liblibc-*,librustc_std_workspace_core-*,liballoc-*,libcore-*,libcompiler_builtins-*}.rlib" "-Wl,-Bdynamic" "-lgcc_s" "-lutil" "-lrt" "-lpthread" "-lm" "-ldl" "-lc" "-L" "/opt/rustwide/target/debug/deps/rustcBYwgMV/raw-dylibs" "-B<sysroot>/lib/rustlib/x86_64-unknown-linux-gnu/bin/gcc-ld" "-fuse-ld=lld" "-Wl,--eh-frame-hdr" "-Wl,-z,noexecstack" "-L" "/opt/rustwide/target/debug/build/alloca-fbb4e344ff74274c/out" "-L" "/opt/rustwide/target/debug/build/zstd-sys-7d8512fc8625d3bc/out" "-L" "<sysroot>/lib/rustlib/x86_64-unknown-linux-gnu/lib" "-o" "/opt/rustwide/target/debug/deps/perf_whole_document_replace-1a052d48357216e8" "-Wl,--gc-sections" "-pie" "-Wl,-z,relro,-z,now" "-nodefaultlibs"
[INFO] [stdout]   = note: some arguments are omitted. use `--verbose` to show all linker arguments
[INFO] [stdout]   = note: collect2: fatal error: ld terminated with signal 9 [Killed]
[INFO] [stdout]           compilation terminated.
[INFO] [stdout]           
[INFO] [stdout] 
[INFO] [stdout] 
[INFO] [stderr] error: could not compile `text-document` (test "perf_whole_document_replace") due to 1 previous error
[INFO] [stdout] error: linking with `cc` failed: exit status: 1
[INFO] [stdout]   |
[INFO] [stdout]   = note:  "cc" "-m64" "/opt/rustwide/target/debug/deps/rustcTjcu1X/symbols.o" "<2 object files omitted>" "-Wl,--as-needed" "-Wl,-Bstatic" "<sysroot>/lib/rustlib/x86_64-unknown-linux-gnu/lib/{libtest-*,libgetopts-*,librustc_std_workspace_std-*}.rlib" "/opt/rustwide/target/debug/deps/{libtext_document-37040f398ddeeea7,libtext_document_frontend-d58e2cfc78138beb,libtext_document_search-fff2304f78698d22,libunicode_properties-d98df78cf9438258,libcaseless-4d0ca05bfc0e3cb2,libunicode_normalization-ae67bf89e3e87c15,libtinyvec-f7349416fdabe816,libtinyvec_macros-7b77ea21c73594ca,libtext_document_io-56511ad2d0e8e2d7,libepub_builder-e4d7536c7b612463,libtempfile-395a53da5d40c983,librustix-2186f077589ce598,liblinux_raw_sys-0b6cde911e9a3109,libuuid-56009708f1e44b35,libgetrandom-6841e0dbdb6c146b,libhtml_escape-3ed8c46253c2773b,libonce_cell-b5bdc597ed9676b3,libupon-78ef1cc20297f40e,libunicode_width-c0be3735b741df1b,libunicode_ident-1996c11fff15f062,libdocx_rs-bf904624cec4425c,libimage-8b0e960de87a445b,libbytemuck-690da78adee7b727,libmoxcms-a6525d901a336138,libpxfm-4802185710b7e960,libimage_webp-34e741a8e5524094,libtiff-f1f3ab8253a8e2b8,libfax-3f28b7b0388c8816,libquick_error-702b385be5f12d4a,libhalf-5ad592e8f97609dc,libzerocopy-04abacf0bcacb042,libpng-5fc9debc999377e7,libfdeflate-922a9e3d1e54d651,libzune_jpeg-5524540ede5a79b7,libzune_core-1e52e593f0022a9f,libgif-4f238d76e3d541f2,libcolor_quant-72accfe2cafd1a2d,libweezl-c14ee9b06cdfb3f7,libbyteorder_lite-f5df2d14b4488fc7,libquick_xml-4884901ae28a9292,libencoding_rs-c7a67ac351c2b19f,libzip-2ae7ea6645163fcd,libtyped_path-d4bef469917403d3,libregex-ec2dc9d409c38a88,libregex_automata-bf751438404198b1,libaho_corasick-fa94425a423a79cf,libregex_syntax-6d6ee545e2ffad72,libzip-2c738fb878265cda,libppmd_rust-232ea743e71061e0,liblzma_rust2-481346ebbe63c823,libcrc-c7d92037d8a82253,libcrc_catalog-229f3d571887ef81,libsha2-095ad84fd5bfa493,libdeflate64-b0eeb29c560c57da,libgetrandom-c27f5d9907cbefd0,libpbkdf2-f6e95262c1ddb389,libzstd-638caa033f4db3e8,libzstd_safe-6c7f4d1d12dc567e,libzstd_sys-58bedb608bc3cb6c,libzopfli-4b9097ad0cb3572f,libsimd_adler32-ecb9b1acb66aed87,libbumpalo-5ece06ce95cec114,libbzip2-32a03d911c66cb33,liblibbz2_rs_sys-e91d41ee7057ce95,libflate2-753b3b53cc12fa29,libzlib_rs-d5e1019125e5f9b6,libtime-7723618f4afe57e9,libpowerfmt-f6019a2766e431f7,libnum_conv-8bd7073c84ef42cd,libderanged-131d43187e2329b6,libtime_core-87cddcae4f761596,libindexmap-f006485b143d2676,libequivalent-6a754676e6af62ae,libhashbrown-25abce2d85979e8d,libcrc32fast-77160f4e25d6fc25,libaes-b9b5347c2cfb173f,libcipher-4828da6f67b57446,libinout-1d1fb26a44a5b26f,libzeroize-45cb5f9701bd1d5f,libsha1-bdb15e3e2a87fec8,libcpufeatures-e04321643d03190d,libhmac-741d575b19be3fc6,libdigest-55f2c16e3612c500,libsubtle-2ae6a7038b9a0630,libblock_buffer-ceb5bfb4b62e5dc4,libcrypto_common-56b940ef3ee0385e,libgeneric_array-3399f74876fb1fa9,libconstant_time_eq-efbf8da8f259d1ea,libtext_document_inspection-9e4152fe681bb215,libtext_document_formatting-272f590b67351fc2,libtext_document_editing-c35a093244a8cfbd,libtext_document_direct_access-f7427111b5ee60b3,libcommon-8167c74ecb83a391,libchrono-4fe51d1bd7c57a3b,libiana_time_zone-bcd81aefedc374a6,libnum_traits-8025aadba3f5277e,libserde_json-7d0b6aeddb1d72e0,libzmij-ef63f1da73704b4c,libunicode_segmentation-7adb7faea6d97d51,libbase64-32787b0325ea6df8,libjotdown-9807e100c5b6bcc4,libscraper-daf8ded132459b91,libego_tree-e3904c3acfefca72,libselectors-42c1f208de983534,librustc_hash-ca4219e344ea5da0,libservo_arc-c0e57b84a71a381d,libstable_deref_trait-8f5d1ea34607785b,libderive_more-72bad51c60bde1e2,libcssparser-2b4942ad49b58573,libitoa-f3a70a1441f7f89b,libdtoa_short-543670663d5707cb,libdtoa-457fb8273a048c91,libhtml5ever-30136eec92439d96,liblog-f16ce4b64309590f,libmarkup5ever-c83c33ace3b0bc27,libtendril-e4dd71a086ed8d1f,libutf8-f4341c3c7568480d,libweb_atoms-f02dc8cca1876cd7,libstring_cache-d68a4d89674dbf59,libprecomputed_hash-b8aaee179f87ad21,libdebug_unreachable-2bce5da2715432ba,libphf-38a6f5bc17d562a7,libphf_shared-b14f7bf2b6ce6bad,libsiphasher-b386b3b339112ba5,libpulldown_cmark-bb008fc58bd3989c,libbitflags-19bd3a07fb167555,libmemchr-5cfa70d22cb32987,libunicase-14ef8cc0d70eefb8,libpulldown_cmark_escape-a005978b0c90fe36,libflume-8e04b23fa06624c5,libfastrand-e135eef5a79f13c6,libspin-e1709df14fd58c1c,libfutures_sink-799228b77d0964c7,libfutures_core-3f60eedc39d379cb,libthiserror-db39410318858123,libanyhow-eeb2152985963809,libropey-78e9aa59ae77ae8d,libstr_indices-36fa73e8c6d94865,libparking_lot-fb170e9293cb64fc,libparking_lot_core-8e9378c0ec6ac566,liblibc-585253b8e2aa2651,libcfg_if-83060ec5685761ae,libsmallvec-c4b0763233bab5f9,liblock_api-16d46fed645f7bff,libscopeguard-7ec2214574194454,libim-886d4953288f1210,librand_xoshiro-401906081270d84a,libserde-05cafd78366d3625,libserde_core-21f22ac7b803fb0e,librand_core-4b67a56f68d6cbfa,libsized_chunks-7373794aef389273,libbitmaps-e9ef723266a8d15c,libtypenum-973adb5204d6e560}.rlib" "<sysroot>/lib/rustlib/x86_64-unknown-linux-gnu/lib/{libstd-*,libpanic_unwind-*,libobject-*,libmemchr-*,libaddr2line-*,libgimli-*,libcfg_if-*,librustc_demangle-*,libstd_detect-*,libhashbrown-*,librustc_std_workspace_alloc-*,libminiz_oxide-*,libadler2-*,libunwind-*,liblibc-*,librustc_std_workspace_core-*,liballoc-*,libcore-*,libcompiler_builtins-*}.rlib" "-Wl,-Bdynamic" "-lgcc_s" "-lutil" "-lrt" "-lpthread" "-lm" "-ldl" "-lc" "-L" "/opt/rustwide/target/debug/deps/rustcTjcu1X/raw-dylibs" "-B<sysroot>/lib/rustlib/x86_64-unknown-linux-gnu/bin/gcc-ld" "-fuse-ld=lld" "-Wl,--eh-frame-hdr" "-Wl,-z,noexecstack" "-L" "/opt/rustwide/target/debug/build/alloca-fbb4e344ff74274c/out" "-L" "/opt/rustwide/target/debug/build/zstd-sys-7d8512fc8625d3bc/out" "-L" "<sysroot>/lib/rustlib/x86_64-unknown-linux-gnu/lib" "-o" "/opt/rustwide/target/debug/deps/formatting_tests-5769ae0e4635ceab" "-Wl,--gc-sections" "-pie" "-Wl,-z,relro,-z,now" "-nodefaultlibs"
[INFO] [stdout]   = note: some arguments are omitted. use `--verbose` to show all linker arguments
[INFO] [stdout]   = note: collect2: fatal error: ld terminated with signal 9 [Killed]
[INFO] [stdout]           compilation terminated.
[INFO] [stdout]           
[INFO] [stdout] 
[INFO] [stdout] 
[INFO] [stderr] error: could not compile `text-document` (test "formatting_tests") due to 1 previous error
[INFO] [stdout] error: linking with `cc` failed: exit status: 1
[INFO] [stdout]   |
[INFO] [stdout]   = note:  "cc" "-m64" "/opt/rustwide/target/debug/deps/rustcvVz1PW/symbols.o" "<4 object files omitted>" "-Wl,--as-needed" "-Wl,-Bstatic" "<sysroot>/lib/rustlib/x86_64-unknown-linux-gnu/lib/{libtest-*,libgetopts-*,librustc_std_workspace_std-*}.rlib" "/opt/rustwide/target/debug/deps/{libtext_document-37040f398ddeeea7,libtext_document_frontend-d58e2cfc78138beb,libtext_document_search-fff2304f78698d22,libunicode_properties-d98df78cf9438258,libcaseless-4d0ca05bfc0e3cb2,libunicode_normalization-ae67bf89e3e87c15,libtinyvec-f7349416fdabe816,libtinyvec_macros-7b77ea21c73594ca,libtext_document_io-56511ad2d0e8e2d7,libepub_builder-e4d7536c7b612463,libtempfile-395a53da5d40c983,librustix-2186f077589ce598,liblinux_raw_sys-0b6cde911e9a3109,libuuid-56009708f1e44b35,libgetrandom-6841e0dbdb6c146b,libhtml_escape-3ed8c46253c2773b,libonce_cell-b5bdc597ed9676b3,libupon-78ef1cc20297f40e,libunicode_width-c0be3735b741df1b,libunicode_ident-1996c11fff15f062,libdocx_rs-bf904624cec4425c,libimage-8b0e960de87a445b,libbytemuck-690da78adee7b727,libmoxcms-a6525d901a336138,libpxfm-4802185710b7e960,libimage_webp-34e741a8e5524094,libtiff-f1f3ab8253a8e2b8,libfax-3f28b7b0388c8816,libquick_error-702b385be5f12d4a,libhalf-5ad592e8f97609dc,libzerocopy-04abacf0bcacb042,libpng-5fc9debc999377e7,libfdeflate-922a9e3d1e54d651,libzune_jpeg-5524540ede5a79b7,libzune_core-1e52e593f0022a9f,libgif-4f238d76e3d541f2,libcolor_quant-72accfe2cafd1a2d,libweezl-c14ee9b06cdfb3f7,libbyteorder_lite-f5df2d14b4488fc7,libquick_xml-4884901ae28a9292,libencoding_rs-c7a67ac351c2b19f,libzip-2ae7ea6645163fcd,libtyped_path-d4bef469917403d3,libregex-ec2dc9d409c38a88,libregex_automata-bf751438404198b1,libaho_corasick-fa94425a423a79cf,libregex_syntax-6d6ee545e2ffad72,libzip-2c738fb878265cda,libppmd_rust-232ea743e71061e0,liblzma_rust2-481346ebbe63c823,libcrc-c7d92037d8a82253,libcrc_catalog-229f3d571887ef81,libsha2-095ad84fd5bfa493,libdeflate64-b0eeb29c560c57da,libgetrandom-c27f5d9907cbefd0,libpbkdf2-f6e95262c1ddb389,libzstd-638caa033f4db3e8,libzstd_safe-6c7f4d1d12dc567e,libzstd_sys-58bedb608bc3cb6c,libzopfli-4b9097ad0cb3572f,libsimd_adler32-ecb9b1acb66aed87,libbumpalo-5ece06ce95cec114,libbzip2-32a03d911c66cb33,liblibbz2_rs_sys-e91d41ee7057ce95,libflate2-753b3b53cc12fa29,libzlib_rs-d5e1019125e5f9b6,libtime-7723618f4afe57e9,libpowerfmt-f6019a2766e431f7,libnum_conv-8bd7073c84ef42cd,libderanged-131d43187e2329b6,libtime_core-87cddcae4f761596,libindexmap-f006485b143d2676,libequivalent-6a754676e6af62ae,libhashbrown-25abce2d85979e8d,libcrc32fast-77160f4e25d6fc25,libaes-b9b5347c2cfb173f,libcipher-4828da6f67b57446,libinout-1d1fb26a44a5b26f,libzeroize-45cb5f9701bd1d5f,libsha1-bdb15e3e2a87fec8,libcpufeatures-e04321643d03190d,libhmac-741d575b19be3fc6,libdigest-55f2c16e3612c500,libsubtle-2ae6a7038b9a0630,libblock_buffer-ceb5bfb4b62e5dc4,libcrypto_common-56b940ef3ee0385e,libgeneric_array-3399f74876fb1fa9,libconstant_time_eq-efbf8da8f259d1ea,libtext_document_inspection-9e4152fe681bb215,libtext_document_formatting-272f590b67351fc2,libtext_document_editing-c35a093244a8cfbd,libtext_document_direct_access-f7427111b5ee60b3,libcommon-8167c74ecb83a391,libchrono-4fe51d1bd7c57a3b,libiana_time_zone-bcd81aefedc374a6,libnum_traits-8025aadba3f5277e,libserde_json-7d0b6aeddb1d72e0,libzmij-ef63f1da73704b4c,libunicode_segmentation-7adb7faea6d97d51,libbase64-32787b0325ea6df8,libjotdown-9807e100c5b6bcc4,libscraper-daf8ded132459b91,libego_tree-e3904c3acfefca72,libselectors-42c1f208de983534,librustc_hash-ca4219e344ea5da0,libservo_arc-c0e57b84a71a381d,libstable_deref_trait-8f5d1ea34607785b,libderive_more-72bad51c60bde1e2,libcssparser-2b4942ad49b58573,libitoa-f3a70a1441f7f89b,libdtoa_short-543670663d5707cb,libdtoa-457fb8273a048c91,libhtml5ever-30136eec92439d96,liblog-f16ce4b64309590f,libmarkup5ever-c83c33ace3b0bc27,libtendril-e4dd71a086ed8d1f,libutf8-f4341c3c7568480d,libweb_atoms-f02dc8cca1876cd7,libstring_cache-d68a4d89674dbf59,libprecomputed_hash-b8aaee179f87ad21,libdebug_unreachable-2bce5da2715432ba,libphf-38a6f5bc17d562a7,libphf_shared-b14f7bf2b6ce6bad,libsiphasher-b386b3b339112ba5,libpulldown_cmark-bb008fc58bd3989c,libbitflags-19bd3a07fb167555,libmemchr-5cfa70d22cb32987,libunicase-14ef8cc0d70eefb8,libpulldown_cmark_escape-a005978b0c90fe36,libflume-8e04b23fa06624c5,libfastrand-e135eef5a79f13c6,libspin-e1709df14fd58c1c,libfutures_sink-799228b77d0964c7,libfutures_core-3f60eedc39d379cb,libthiserror-db39410318858123,libanyhow-eeb2152985963809,libropey-78e9aa59ae77ae8d,libstr_indices-36fa73e8c6d94865,libparking_lot-fb170e9293cb64fc,libparking_lot_core-8e9378c0ec6ac566,liblibc-585253b8e2aa2651,libcfg_if-83060ec5685761ae,libsmallvec-c4b0763233bab5f9,liblock_api-16d46fed645f7bff,libscopeguard-7ec2214574194454,libim-886d4953288f1210,librand_xoshiro-401906081270d84a,libserde-05cafd78366d3625,libserde_core-21f22ac7b803fb0e,librand_core-4b67a56f68d6cbfa,libsized_chunks-7373794aef389273,libbitmaps-e9ef723266a8d15c,libtypenum-973adb5204d6e560}.rlib" "<sysroot>/lib/rustlib/x86_64-unknown-linux-gnu/lib/{libstd-*,libpanic_unwind-*,libobject-*,libmemchr-*,libaddr2line-*,libgimli-*,libcfg_if-*,librustc_demangle-*,libstd_detect-*,libhashbrown-*,librustc_std_workspace_alloc-*,libminiz_oxide-*,libadler2-*,libunwind-*,liblibc-*,librustc_std_workspace_core-*,liballoc-*,libcore-*,libcompiler_builtins-*}.rlib" "-Wl,-Bdynamic" "-lgcc_s" "-lutil" "-lrt" "-lpthread" "-lm" "-ldl" "-lc" "-L" "/opt/rustwide/target/debug/deps/rustcvVz1PW/raw-dylibs" "-B<sysroot>/lib/rustlib/x86_64-unknown-linux-gnu/bin/gcc-ld" "-fuse-ld=lld" "-Wl,--eh-frame-hdr" "-Wl,-z,noexecstack" "-L" "/opt/rustwide/target/debug/build/alloca-fbb4e344ff74274c/out" "-L" "/opt/rustwide/target/debug/build/zstd-sys-7d8512fc8625d3bc/out" "-L" "<sysroot>/lib/rustlib/x86_64-unknown-linux-gnu/lib" "-o" "/opt/rustwide/target/debug/deps/list_depth_tests-f047ca50810ecf61" "-Wl,--gc-sections" "-pie" "-Wl,-z,relro,-z,now" "-nodefaultlibs"
[INFO] [stdout]   = note: some arguments are omitted. use `--verbose` to show all linker arguments
[INFO] [stdout]   = note: collect2: fatal error: ld terminated with signal 9 [Killed]
[INFO] [stdout]           compilation terminated.
[INFO] [stdout]           
[INFO] [stdout] 
[INFO] [stdout] 
[INFO] [stderr] error: could not compile `text-document` (test "list_depth_tests") due to 1 previous error
[INFO] [stdout] error: linking with `cc` failed: exit status: 1
[INFO] [stdout]   |
[INFO] [stdout]   = note:  "cc" "-m64" "/opt/rustwide/target/debug/deps/rustc1fzigL/symbols.o" "<2 object files omitted>" "-Wl,--as-needed" "-Wl,-Bstatic" "<sysroot>/lib/rustlib/x86_64-unknown-linux-gnu/lib/{libtest-*,libgetopts-*,librustc_std_workspace_std-*}.rlib" "/opt/rustwide/target/debug/deps/{libtext_document-37040f398ddeeea7,libtext_document_frontend-d58e2cfc78138beb,libtext_document_search-fff2304f78698d22,libunicode_properties-d98df78cf9438258,libcaseless-4d0ca05bfc0e3cb2,libunicode_normalization-ae67bf89e3e87c15,libtinyvec-f7349416fdabe816,libtinyvec_macros-7b77ea21c73594ca,libtext_document_io-56511ad2d0e8e2d7,libepub_builder-e4d7536c7b612463,libtempfile-395a53da5d40c983,librustix-2186f077589ce598,liblinux_raw_sys-0b6cde911e9a3109,libuuid-56009708f1e44b35,libgetrandom-6841e0dbdb6c146b,libhtml_escape-3ed8c46253c2773b,libonce_cell-b5bdc597ed9676b3,libupon-78ef1cc20297f40e,libunicode_width-c0be3735b741df1b,libunicode_ident-1996c11fff15f062,libdocx_rs-bf904624cec4425c,libimage-8b0e960de87a445b,libbytemuck-690da78adee7b727,libmoxcms-a6525d901a336138,libpxfm-4802185710b7e960,libimage_webp-34e741a8e5524094,libtiff-f1f3ab8253a8e2b8,libfax-3f28b7b0388c8816,libquick_error-702b385be5f12d4a,libhalf-5ad592e8f97609dc,libzerocopy-04abacf0bcacb042,libpng-5fc9debc999377e7,libfdeflate-922a9e3d1e54d651,libzune_jpeg-5524540ede5a79b7,libzune_core-1e52e593f0022a9f,libgif-4f238d76e3d541f2,libcolor_quant-72accfe2cafd1a2d,libweezl-c14ee9b06cdfb3f7,libbyteorder_lite-f5df2d14b4488fc7,libquick_xml-4884901ae28a9292,libencoding_rs-c7a67ac351c2b19f,libzip-2ae7ea6645163fcd,libtyped_path-d4bef469917403d3,libregex-ec2dc9d409c38a88,libregex_automata-bf751438404198b1,libaho_corasick-fa94425a423a79cf,libregex_syntax-6d6ee545e2ffad72,libzip-2c738fb878265cda,libppmd_rust-232ea743e71061e0,liblzma_rust2-481346ebbe63c823,libcrc-c7d92037d8a82253,libcrc_catalog-229f3d571887ef81,libsha2-095ad84fd5bfa493,libdeflate64-b0eeb29c560c57da,libgetrandom-c27f5d9907cbefd0,libpbkdf2-f6e95262c1ddb389,libzstd-638caa033f4db3e8,libzstd_safe-6c7f4d1d12dc567e,libzstd_sys-58bedb608bc3cb6c,libzopfli-4b9097ad0cb3572f,libsimd_adler32-ecb9b1acb66aed87,libbumpalo-5ece06ce95cec114,libbzip2-32a03d911c66cb33,liblibbz2_rs_sys-e91d41ee7057ce95,libflate2-753b3b53cc12fa29,libzlib_rs-d5e1019125e5f9b6,libtime-7723618f4afe57e9,libpowerfmt-f6019a2766e431f7,libnum_conv-8bd7073c84ef42cd,libderanged-131d43187e2329b6,libtime_core-87cddcae4f761596,libindexmap-f006485b143d2676,libequivalent-6a754676e6af62ae,libhashbrown-25abce2d85979e8d,libcrc32fast-77160f4e25d6fc25,libaes-b9b5347c2cfb173f,libcipher-4828da6f67b57446,libinout-1d1fb26a44a5b26f,libzeroize-45cb5f9701bd1d5f,libsha1-bdb15e3e2a87fec8,libcpufeatures-e04321643d03190d,libhmac-741d575b19be3fc6,libdigest-55f2c16e3612c500,libsubtle-2ae6a7038b9a0630,libblock_buffer-ceb5bfb4b62e5dc4,libcrypto_common-56b940ef3ee0385e,libgeneric_array-3399f74876fb1fa9,libconstant_time_eq-efbf8da8f259d1ea,libtext_document_inspection-9e4152fe681bb215,libtext_document_formatting-272f590b67351fc2,libtext_document_editing-c35a093244a8cfbd,libtext_document_direct_access-f7427111b5ee60b3,libcommon-8167c74ecb83a391,libchrono-4fe51d1bd7c57a3b,libiana_time_zone-bcd81aefedc374a6,libnum_traits-8025aadba3f5277e,libserde_json-7d0b6aeddb1d72e0,libzmij-ef63f1da73704b4c,libunicode_segmentation-7adb7faea6d97d51,libbase64-32787b0325ea6df8,libjotdown-9807e100c5b6bcc4,libscraper-daf8ded132459b91,libego_tree-e3904c3acfefca72,libselectors-42c1f208de983534,librustc_hash-ca4219e344ea5da0,libservo_arc-c0e57b84a71a381d,libstable_deref_trait-8f5d1ea34607785b,libderive_more-72bad51c60bde1e2,libcssparser-2b4942ad49b58573,libitoa-f3a70a1441f7f89b,libdtoa_short-543670663d5707cb,libdtoa-457fb8273a048c91,libhtml5ever-30136eec92439d96,liblog-f16ce4b64309590f,libmarkup5ever-c83c33ace3b0bc27,libtendril-e4dd71a086ed8d1f,libutf8-f4341c3c7568480d,libweb_atoms-f02dc8cca1876cd7,libstring_cache-d68a4d89674dbf59,libprecomputed_hash-b8aaee179f87ad21,libdebug_unreachable-2bce5da2715432ba,libphf-38a6f5bc17d562a7,libphf_shared-b14f7bf2b6ce6bad,libsiphasher-b386b3b339112ba5,libpulldown_cmark-bb008fc58bd3989c,libbitflags-19bd3a07fb167555,libmemchr-5cfa70d22cb32987,libunicase-14ef8cc0d70eefb8,libpulldown_cmark_escape-a005978b0c90fe36,libflume-8e04b23fa06624c5,libfastrand-e135eef5a79f13c6,libspin-e1709df14fd58c1c,libfutures_sink-799228b77d0964c7,libfutures_core-3f60eedc39d379cb,libthiserror-db39410318858123,libanyhow-eeb2152985963809,libropey-78e9aa59ae77ae8d,libstr_indices-36fa73e8c6d94865,libparking_lot-fb170e9293cb64fc,libparking_lot_core-8e9378c0ec6ac566,liblibc-585253b8e2aa2651,libcfg_if-83060ec5685761ae,libsmallvec-c4b0763233bab5f9,liblock_api-16d46fed645f7bff,libscopeguard-7ec2214574194454,libim-886d4953288f1210,librand_xoshiro-401906081270d84a,libserde-05cafd78366d3625,libserde_core-21f22ac7b803fb0e,librand_core-4b67a56f68d6cbfa,libsized_chunks-7373794aef389273,libbitmaps-e9ef723266a8d15c,libtypenum-973adb5204d6e560}.rlib" "<sysroot>/lib/rustlib/x86_64-unknown-linux-gnu/lib/{libstd-*,libpanic_unwind-*,libobject-*,libmemchr-*,libaddr2line-*,libgimli-*,libcfg_if-*,librustc_demangle-*,libstd_detect-*,libhashbrown-*,librustc_std_workspace_alloc-*,libminiz_oxide-*,libadler2-*,libunwind-*,liblibc-*,librustc_std_workspace_core-*,liballoc-*,libcore-*,libcompiler_builtins-*}.rlib" "-Wl,-Bdynamic" "-lgcc_s" "-lutil" "-lrt" "-lpthread" "-lm" "-ldl" "-lc" "-L" "/opt/rustwide/target/debug/deps/rustc1fzigL/raw-dylibs" "-B<sysroot>/lib/rustlib/x86_64-unknown-linux-gnu/bin/gcc-ld" "-fuse-ld=lld" "-Wl,--eh-frame-hdr" "-Wl,-z,noexecstack" "-L" "/opt/rustwide/target/debug/build/alloca-fbb4e344ff74274c/out" "-L" "/opt/rustwide/target/debug/build/zstd-sys-7d8512fc8625d3bc/out" "-L" "<sysroot>/lib/rustlib/x86_64-unknown-linux-gnu/lib" "-o" "/opt/rustwide/target/debug/deps/nested_frame_position_tests-f7430d37181a1b09" "-Wl,--gc-sections" "-pie" "-Wl,-z,relro,-z,now" "-nodefaultlibs"
[INFO] [stdout]   = note: some arguments are omitted. use `--verbose` to show all linker arguments
[INFO] [stdout]   = note: collect2: fatal error: ld terminated with signal 9 [Killed]
[INFO] [stdout]           compilation terminated.
[INFO] [stdout]           
[INFO] [stdout] 
[INFO] [stdout] 
[INFO] [stderr] error: could not compile `text-document` (test "nested_frame_position_tests") due to 1 previous error
[INFO] [stdout] error: linking with `cc` failed: exit status: 1
[INFO] [stdout]   |
[INFO] [stdout]   = note:  "cc" "-m64" "/opt/rustwide/target/debug/deps/rustcUchVFW/symbols.o" "<3 object files omitted>" "-Wl,--as-needed" "-Wl,-Bstatic" "<sysroot>/lib/rustlib/x86_64-unknown-linux-gnu/lib/{libtest-*,libgetopts-*,librustc_std_workspace_std-*}.rlib" "/opt/rustwide/target/debug/deps/{libtext_document-37040f398ddeeea7,libtext_document_frontend-d58e2cfc78138beb,libtext_document_search-fff2304f78698d22,libunicode_properties-d98df78cf9438258,libcaseless-4d0ca05bfc0e3cb2,libunicode_normalization-ae67bf89e3e87c15,libtinyvec-f7349416fdabe816,libtinyvec_macros-7b77ea21c73594ca,libtext_document_io-56511ad2d0e8e2d7,libepub_builder-e4d7536c7b612463,libtempfile-395a53da5d40c983,librustix-2186f077589ce598,liblinux_raw_sys-0b6cde911e9a3109,libuuid-56009708f1e44b35,libgetrandom-6841e0dbdb6c146b,libhtml_escape-3ed8c46253c2773b,libonce_cell-b5bdc597ed9676b3,libupon-78ef1cc20297f40e,libunicode_width-c0be3735b741df1b,libunicode_ident-1996c11fff15f062,libdocx_rs-bf904624cec4425c,libimage-8b0e960de87a445b,libbytemuck-690da78adee7b727,libmoxcms-a6525d901a336138,libpxfm-4802185710b7e960,libimage_webp-34e741a8e5524094,libtiff-f1f3ab8253a8e2b8,libfax-3f28b7b0388c8816,libquick_error-702b385be5f12d4a,libhalf-5ad592e8f97609dc,libzerocopy-04abacf0bcacb042,libpng-5fc9debc999377e7,libfdeflate-922a9e3d1e54d651,libzune_jpeg-5524540ede5a79b7,libzune_core-1e52e593f0022a9f,libgif-4f238d76e3d541f2,libcolor_quant-72accfe2cafd1a2d,libweezl-c14ee9b06cdfb3f7,libbyteorder_lite-f5df2d14b4488fc7,libquick_xml-4884901ae28a9292,libencoding_rs-c7a67ac351c2b19f,libzip-2ae7ea6645163fcd,libtyped_path-d4bef469917403d3,libregex-ec2dc9d409c38a88,libregex_automata-bf751438404198b1,libaho_corasick-fa94425a423a79cf,libregex_syntax-6d6ee545e2ffad72,libzip-2c738fb878265cda,libppmd_rust-232ea743e71061e0,liblzma_rust2-481346ebbe63c823,libcrc-c7d92037d8a82253,libcrc_catalog-229f3d571887ef81,libsha2-095ad84fd5bfa493,libdeflate64-b0eeb29c560c57da,libgetrandom-c27f5d9907cbefd0,libpbkdf2-f6e95262c1ddb389,libzstd-638caa033f4db3e8,libzstd_safe-6c7f4d1d12dc567e,libzstd_sys-58bedb608bc3cb6c,libzopfli-4b9097ad0cb3572f,libsimd_adler32-ecb9b1acb66aed87,libbumpalo-5ece06ce95cec114,libbzip2-32a03d911c66cb33,liblibbz2_rs_sys-e91d41ee7057ce95,libflate2-753b3b53cc12fa29,libzlib_rs-d5e1019125e5f9b6,libtime-7723618f4afe57e9,libpowerfmt-f6019a2766e431f7,libnum_conv-8bd7073c84ef42cd,libderanged-131d43187e2329b6,libtime_core-87cddcae4f761596,libindexmap-f006485b143d2676,libequivalent-6a754676e6af62ae,libhashbrown-25abce2d85979e8d,libcrc32fast-77160f4e25d6fc25,libaes-b9b5347c2cfb173f,libcipher-4828da6f67b57446,libinout-1d1fb26a44a5b26f,libzeroize-45cb5f9701bd1d5f,libsha1-bdb15e3e2a87fec8,libcpufeatures-e04321643d03190d,libhmac-741d575b19be3fc6,libdigest-55f2c16e3612c500,libsubtle-2ae6a7038b9a0630,libblock_buffer-ceb5bfb4b62e5dc4,libcrypto_common-56b940ef3ee0385e,libgeneric_array-3399f74876fb1fa9,libconstant_time_eq-efbf8da8f259d1ea,libtext_document_inspection-9e4152fe681bb215,libtext_document_formatting-272f590b67351fc2,libtext_document_editing-c35a093244a8cfbd,libtext_document_direct_access-f7427111b5ee60b3,libcommon-8167c74ecb83a391,libchrono-4fe51d1bd7c57a3b,libiana_time_zone-bcd81aefedc374a6,libnum_traits-8025aadba3f5277e,libserde_json-7d0b6aeddb1d72e0,libzmij-ef63f1da73704b4c,libunicode_segmentation-7adb7faea6d97d51,libbase64-32787b0325ea6df8,libjotdown-9807e100c5b6bcc4,libscraper-daf8ded132459b91,libego_tree-e3904c3acfefca72,libselectors-42c1f208de983534,librustc_hash-ca4219e344ea5da0,libservo_arc-c0e57b84a71a381d,libstable_deref_trait-8f5d1ea34607785b,libderive_more-72bad51c60bde1e2,libcssparser-2b4942ad49b58573,libitoa-f3a70a1441f7f89b,libdtoa_short-543670663d5707cb,libdtoa-457fb8273a048c91,libhtml5ever-30136eec92439d96,liblog-f16ce4b64309590f,libmarkup5ever-c83c33ace3b0bc27,libtendril-e4dd71a086ed8d1f,libutf8-f4341c3c7568480d,libweb_atoms-f02dc8cca1876cd7,libstring_cache-d68a4d89674dbf59,libprecomputed_hash-b8aaee179f87ad21,libdebug_unreachable-2bce5da2715432ba,libphf-38a6f5bc17d562a7,libphf_shared-b14f7bf2b6ce6bad,libsiphasher-b386b3b339112ba5,libpulldown_cmark-bb008fc58bd3989c,libbitflags-19bd3a07fb167555,libmemchr-5cfa70d22cb32987,libunicase-14ef8cc0d70eefb8,libpulldown_cmark_escape-a005978b0c90fe36,libflume-8e04b23fa06624c5,libfastrand-e135eef5a79f13c6,libspin-e1709df14fd58c1c,libfutures_sink-799228b77d0964c7,libfutures_core-3f60eedc39d379cb,libthiserror-db39410318858123,libanyhow-eeb2152985963809,libropey-78e9aa59ae77ae8d,libstr_indices-36fa73e8c6d94865,libparking_lot-fb170e9293cb64fc,libparking_lot_core-8e9378c0ec6ac566,liblibc-585253b8e2aa2651,libcfg_if-83060ec5685761ae,libsmallvec-c4b0763233bab5f9,liblock_api-16d46fed645f7bff,libscopeguard-7ec2214574194454,libim-886d4953288f1210,librand_xoshiro-401906081270d84a,libserde-05cafd78366d3625,libserde_core-21f22ac7b803fb0e,librand_core-4b67a56f68d6cbfa,libsized_chunks-7373794aef389273,libbitmaps-e9ef723266a8d15c,libtypenum-973adb5204d6e560}.rlib" "<sysroot>/lib/rustlib/x86_64-unknown-linux-gnu/lib/{libstd-*,libpanic_unwind-*,libobject-*,libmemchr-*,libaddr2line-*,libgimli-*,libcfg_if-*,librustc_demangle-*,libstd_detect-*,libhashbrown-*,librustc_std_workspace_alloc-*,libminiz_oxide-*,libadler2-*,libunwind-*,liblibc-*,librustc_std_workspace_core-*,liballoc-*,libcore-*,libcompiler_builtins-*}.rlib" "-Wl,-Bdynamic" "-lgcc_s" "-lutil" "-lrt" "-lpthread" "-lm" "-ldl" "-lc" "-L" "/opt/rustwide/target/debug/deps/rustcUchVFW/raw-dylibs" "-B<sysroot>/lib/rustlib/x86_64-unknown-linux-gnu/bin/gcc-ld" "-fuse-ld=lld" "-Wl,--eh-frame-hdr" "-Wl,-z,noexecstack" "-L" "/opt/rustwide/target/debug/build/alloca-fbb4e344ff74274c/out" "-L" "/opt/rustwide/target/debug/build/zstd-sys-7d8512fc8625d3bc/out" "-L" "<sysroot>/lib/rustlib/x86_64-unknown-linux-gnu/lib" "-o" "/opt/rustwide/target/debug/deps/flow_tests-bbfdc85a3ef4e047" "-Wl,--gc-sections" "-pie" "-Wl,-z,relro,-z,now" "-nodefaultlibs"
[INFO] [stdout]   = note: some arguments are omitted. use `--verbose` to show all linker arguments
[INFO] [stdout]   = note: collect2: fatal error: ld terminated with signal 9 [Killed]
[INFO] [stdout]           compilation terminated.
[INFO] [stdout]           
[INFO] [stdout] 
[INFO] [stdout] 
[INFO] [stdout] error: linking with `cc` failed: exit status: 1
[INFO] [stdout]   |
[INFO] [stdout]   = note:  "cc" "-m64" "/opt/rustwide/target/debug/deps/rustcwUYqtT/symbols.o" "<2 object files omitted>" "-Wl,--as-needed" "-Wl,-Bstatic" "<sysroot>/lib/rustlib/x86_64-unknown-linux-gnu/lib/{libtest-*,libgetopts-*,librustc_std_workspace_std-*}.rlib" "/opt/rustwide/target/debug/deps/{libtext_document-37040f398ddeeea7,libtext_document_frontend-d58e2cfc78138beb,libtext_document_search-fff2304f78698d22,libunicode_properties-d98df78cf9438258,libcaseless-4d0ca05bfc0e3cb2,libunicode_normalization-ae67bf89e3e87c15,libtinyvec-f7349416fdabe816,libtinyvec_macros-7b77ea21c73594ca,libtext_document_io-56511ad2d0e8e2d7,libepub_builder-e4d7536c7b612463,libtempfile-395a53da5d40c983,librustix-2186f077589ce598,liblinux_raw_sys-0b6cde911e9a3109,libuuid-56009708f1e44b35,libgetrandom-6841e0dbdb6c146b,libhtml_escape-3ed8c46253c2773b,libonce_cell-b5bdc597ed9676b3,libupon-78ef1cc20297f40e,libunicode_width-c0be3735b741df1b,libunicode_ident-1996c11fff15f062,libdocx_rs-bf904624cec4425c,libimage-8b0e960de87a445b,libbytemuck-690da78adee7b727,libmoxcms-a6525d901a336138,libpxfm-4802185710b7e960,libimage_webp-34e741a8e5524094,libtiff-f1f3ab8253a8e2b8,libfax-3f28b7b0388c8816,libquick_error-702b385be5f12d4a,libhalf-5ad592e8f97609dc,libzerocopy-04abacf0bcacb042,libpng-5fc9debc999377e7,libfdeflate-922a9e3d1e54d651,libzune_jpeg-5524540ede5a79b7,libzune_core-1e52e593f0022a9f,libgif-4f238d76e3d541f2,libcolor_quant-72accfe2cafd1a2d,libweezl-c14ee9b06cdfb3f7,libbyteorder_lite-f5df2d14b4488fc7,libquick_xml-4884901ae28a9292,libencoding_rs-c7a67ac351c2b19f,libzip-2ae7ea6645163fcd,libtyped_path-d4bef469917403d3,libregex-ec2dc9d409c38a88,libregex_automata-bf751438404198b1,libaho_corasick-fa94425a423a79cf,libregex_syntax-6d6ee545e2ffad72,libzip-2c738fb878265cda,libppmd_rust-232ea743e71061e0,liblzma_rust2-481346ebbe63c823,libcrc-c7d92037d8a82253,libcrc_catalog-229f3d571887ef81,libsha2-095ad84fd5bfa493,libdeflate64-b0eeb29c560c57da,libgetrandom-c27f5d9907cbefd0,libpbkdf2-f6e95262c1ddb389,libzstd-638caa033f4db3e8,libzstd_safe-6c7f4d1d12dc567e,libzstd_sys-58bedb608bc3cb6c,libzopfli-4b9097ad0cb3572f,libsimd_adler32-ecb9b1acb66aed87,libbumpalo-5ece06ce95cec114,libbzip2-32a03d911c66cb33,liblibbz2_rs_sys-e91d41ee7057ce95,libflate2-753b3b53cc12fa29,libzlib_rs-d5e1019125e5f9b6,libtime-7723618f4afe57e9,libpowerfmt-f6019a2766e431f7,libnum_conv-8bd7073c84ef42cd,libderanged-131d43187e2329b6,libtime_core-87cddcae4f761596,libindexmap-f006485b143d2676,libequivalent-6a754676e6af62ae,libhashbrown-25abce2d85979e8d,libcrc32fast-77160f4e25d6fc25,libaes-b9b5347c2cfb173f,libcipher-4828da6f67b57446,libinout-1d1fb26a44a5b26f,libzeroize-45cb5f9701bd1d5f,libsha1-bdb15e3e2a87fec8,libcpufeatures-e04321643d03190d,libhmac-741d575b19be3fc6,libdigest-55f2c16e3612c500,libsubtle-2ae6a7038b9a0630,libblock_buffer-ceb5bfb4b62e5dc4,libcrypto_common-56b940ef3ee0385e,libgeneric_array-3399f74876fb1fa9,libconstant_time_eq-efbf8da8f259d1ea,libtext_document_inspection-9e4152fe681bb215,libtext_document_formatting-272f590b67351fc2,libtext_document_editing-c35a093244a8cfbd,libtext_document_direct_access-f7427111b5ee60b3,libcommon-8167c74ecb83a391,libchrono-4fe51d1bd7c57a3b,libiana_time_zone-bcd81aefedc374a6,libnum_traits-8025aadba3f5277e,libserde_json-7d0b6aeddb1d72e0,libzmij-ef63f1da73704b4c,libunicode_segmentation-7adb7faea6d97d51,libbase64-32787b0325ea6df8,libjotdown-9807e100c5b6bcc4,libscraper-daf8ded132459b91,libego_tree-e3904c3acfefca72,libselectors-42c1f208de983534,librustc_hash-ca4219e344ea5da0,libservo_arc-c0e57b84a71a381d,libstable_deref_trait-8f5d1ea34607785b,libderive_more-72bad51c60bde1e2,libcssparser-2b4942ad49b58573,libitoa-f3a70a1441f7f89b,libdtoa_short-543670663d5707cb,libdtoa-457fb8273a048c91,libhtml5ever-30136eec92439d96,liblog-f16ce4b64309590f,libmarkup5ever-c83c33ace3b0bc27,libtendril-e4dd71a086ed8d1f,libutf8-f4341c3c7568480d,libweb_atoms-f02dc8cca1876cd7,libstring_cache-d68a4d89674dbf59,libprecomputed_hash-b8aaee179f87ad21,libdebug_unreachable-2bce5da2715432ba,libphf-38a6f5bc17d562a7,libphf_shared-b14f7bf2b6ce6bad,libsiphasher-b386b3b339112ba5,libpulldown_cmark-bb008fc58bd3989c,libbitflags-19bd3a07fb167555,libmemchr-5cfa70d22cb32987,libunicase-14ef8cc0d70eefb8,libpulldown_cmark_escape-a005978b0c90fe36,libflume-8e04b23fa06624c5,libfastrand-e135eef5a79f13c6,libspin-e1709df14fd58c1c,libfutures_sink-799228b77d0964c7,libfutures_core-3f60eedc39d379cb,libthiserror-db39410318858123,libanyhow-eeb2152985963809,libropey-78e9aa59ae77ae8d,libstr_indices-36fa73e8c6d94865,libparking_lot-fb170e9293cb64fc,libparking_lot_core-8e9378c0ec6ac566,liblibc-585253b8e2aa2651,libcfg_if-83060ec5685761ae,libsmallvec-c4b0763233bab5f9,liblock_api-16d46fed645f7bff,libscopeguard-7ec2214574194454,libim-886d4953288f1210,librand_xoshiro-401906081270d84a,libserde-05cafd78366d3625,libserde_core-21f22ac7b803fb0e,librand_core-4b67a56f68d6cbfa,libsized_chunks-7373794aef389273,libbitmaps-e9ef723266a8d15c,libtypenum-973adb5204d6e560}.rlib" "<sysroot>/lib/rustlib/x86_64-unknown-linux-gnu/lib/{libstd-*,libpanic_unwind-*,libobject-*,libmemchr-*,libaddr2line-*,libgimli-*,libcfg_if-*,librustc_demangle-*,libstd_detect-*,libhashbrown-*,librustc_std_workspace_alloc-*,libminiz_oxide-*,libadler2-*,libunwind-*,liblibc-*,librustc_std_workspace_core-*,liballoc-*,libcore-*,libcompiler_builtins-*}.rlib" "-Wl,-Bdynamic" "-lgcc_s" "-lutil" "-lrt" "-lpthread" "-lm" "-ldl" "-lc" "-L" "/opt/rustwide/target/debug/deps/rustcwUYqtT/raw-dylibs" "-B<sysroot>/lib/rustlib/x86_64-unknown-linux-gnu/bin/gcc-ld" "-fuse-ld=lld" "-Wl,--eh-frame-hdr" "-Wl,-z,noexecstack" "-L" "/opt/rustwide/target/debug/build/alloca-fbb4e344ff74274c/out" "-L" "/opt/rustwide/target/debug/build/zstd-sys-7d8512fc8625d3bc/out" "-L" "<sysroot>/lib/rustlib/x86_64-unknown-linux-gnu/lib" "-o" "/opt/rustwide/target/debug/deps/document_extended_tests-04bf3eb4390976ee" "-Wl,--gc-sections" "-pie" "-Wl,-z,relro,-z,now" "-nodefaultlibs"
[INFO] [stdout]   = note: some arguments are omitted. use `--verbose` to show all linker arguments
[INFO] [stdout]   = note: collect2: fatal error: ld terminated with signal 9 [Killed]
[INFO] [stdout]           compilation terminated.
[INFO] [stdout]           
[INFO] [stdout] 
[INFO] [stdout] 
[INFO] [stderr] error: could not compile `text-document` (test "flow_tests") due to 1 previous error
[INFO] [stderr] error: could not compile `text-document` (test "document_extended_tests") due to 1 previous error
[INFO] running `Command { std: "docker" "inspect" "5c57a1867003a6cb28079374fd3620b69c3175292ed0accd7e7d95701ae5b8b1", kill_on_drop: false }`
[INFO] running `Command { std: "docker" "rm" "-f" "5c57a1867003a6cb28079374fd3620b69c3175292ed0accd7e7d95701ae5b8b1", kill_on_drop: false }`
[INFO] [stdout] 5c57a1867003a6cb28079374fd3620b69c3175292ed0accd7e7d95701ae5b8b1
