[INFO] fetching crate tenzro-sdk 0.7.0...
[INFO] testing tenzro-sdk-0.7.0 against 1.99.0-beta.8 for beta-1.100-2
[INFO] extracting crate tenzro-sdk 0.7.0 into /workspace/builds/worker-6-tc1/source
[INFO] started tweaking crates.io crate tenzro-sdk 0.7.0
[INFO] removed 0 missing examples
[INFO] finished tweaking crates.io crate tenzro-sdk 0.7.0
[INFO] tweaked toml for crates.io crate tenzro-sdk 0.7.0 written to /workspace/builds/worker-6-tc1/source/Cargo.toml
[INFO] validating manifest of crates.io crate tenzro-sdk 0.7.0 on toolchain 1.99.0-beta.8
[INFO] running `Command { std: CARGO_HOME="/workspace/cargo-home" RUSTUP_HOME="/workspace/rustup-home" "/workspace/cargo-home/bin/cargo" "+1.99.0-beta.8" "metadata" "--manifest-path" "Cargo.toml" "--no-deps", kill_on_drop: false }`
[INFO] crate crates.io crate tenzro-sdk 0.7.0 already has a lockfile, it will not be regenerated
[INFO] running `Command { std: CARGO_HOME="/workspace/cargo-home" RUSTUP_HOME="/workspace/rustup-home" "/workspace/cargo-home/bin/cargo" "+1.99.0-beta.8" "fetch" "--manifest-path" "Cargo.toml", kill_on_drop: false }`
[INFO] [stderr]     Updating crates.io index
[INFO] [stderr]  Downloading crates ...
[INFO] [stderr]   Downloaded hybrid-array v0.4.12
[INFO] [stderr]   Downloaded serdect v0.2.0
[INFO] [stderr]   Downloaded x25519-dalek v2.0.1
[INFO] [stderr]   Downloaded slh-dsa v0.2.0-rc.5
[INFO] [stderr]   Downloaded visibility v0.1.1
[INFO] [stderr]   Downloaded derive-getters v0.5.0
[INFO] [stderr]   Downloaded const-crc32-nostd v1.3.1
[INFO] [stderr]   Downloaded kem v0.3.0
[INFO] [stderr]   Downloaded rfc6979 v0.6.0-pre.0
[INFO] [stderr]   Downloaded sec1 v0.8.1
[INFO] [stderr]   Downloaded sponge-cursor v0.1.0
[INFO] [stderr]   Downloaded module-lattice v0.2.3
[INFO] [stderr]   Downloaded frost-rerandomized v3.0.0
[INFO] [stderr]   Downloaded tenzro-crypto v0.2.0
[INFO] [stderr]   Downloaded keccak v0.2.0
[INFO] [stderr]   Downloaded primefield v0.14.0
[INFO] [stderr]   Downloaded ecdsa v0.17.0-rc.22
[INFO] [stderr]   Downloaded frost-ed25519 v3.0.0
[INFO] [stderr]   Downloaded wasm-bindgen-futures v0.4.68
[INFO] [stderr]   Downloaded cpubits v0.1.1
[INFO] [stderr]   Downloaded elliptic-curve v0.14.0
[INFO] [stderr]   Downloaded ml-dsa v0.1.1
[INFO] [stderr]   Downloaded ml-kem v0.3.2
[INFO] [stderr]   Downloaded primeorder v0.14.0-rc.14
[INFO] [stderr]   Downloaded frost-core v3.0.0
[INFO] [stderr]   Downloaded p256 v0.14.0-rc.12
[INFO] [stderr]   Downloaded k256 v0.14.0-rc.12
[INFO] [stderr]   Downloaded der v0.8.0
[INFO] [stderr]   Downloaded tenzro-types v0.2.0
[INFO] [stderr]   Downloaded crypto-bigint v0.7.5
[INFO] [stderr]   Downloaded shake v0.1.0
[INFO] [stderr]   Downloaded blst v0.3.16
[INFO] [stderr]   Downloaded openssl v0.10.78
[INFO] [stderr]   Downloaded openssl-sys v0.9.114
[INFO] [stderr]   Downloaded rustls v0.23.38
[INFO] running `Command { std: "docker" "create" "-v" "/var/lib/crater-agent-workspace/builds/worker-6-tc1/source:/opt/rustwide/workdir:ro,Z" "-v" "/var/lib/crater-agent-workspace/builds/worker-6-tc1/target:/opt/rustwide/target:rw,Z" "-v" "/var/lib/crater-agent-workspace/cargo-home:/opt/rustwide/cargo-home:ro,Z" "-v" "/var/lib/crater-agent-workspace/rustup-home:/opt/rustwide/rustup-home:ro,Z" "-m" "1610612736" "--network" "none" "ghcr.io/rust-lang/crates-build-env/linux@sha256:3111399a4047eeb3a02b7a90e478d715f38a8c6669b5c4b49d30a17385265909" "sleep" "infinity", kill_on_drop: false }`
[INFO] [stdout] 98790da005142aba1c41b5e6531f45fbe82b9d9148be48799528dbc70bb3e22f
[INFO] running `Command { std: "docker" "start" "98790da005142aba1c41b5e6531f45fbe82b9d9148be48799528dbc70bb3e22f", kill_on_drop: false }`
[INFO] running `Command { std: "docker" "inspect" "98790da005142aba1c41b5e6531f45fbe82b9d9148be48799528dbc70bb3e22f", kill_on_drop: false }`
[INFO] running `Command { std: "docker" "exec" "-e" "SOURCE_DIR=/opt/rustwide/workdir" "-e" "CARGO_HOME=/opt/rustwide/cargo-home" "-e" "RUSTUP_HOME=/opt/rustwide/rustup-home" "-e" "CARGO_TARGET_DIR=/opt/rustwide/target" "-w" "/opt/rustwide/workdir" "--user" "0:0" "98790da005142aba1c41b5e6531f45fbe82b9d9148be48799528dbc70bb3e22f" "/opt/rustwide/cargo-home/bin/cargo" "+1.99.0-beta.8" "metadata" "--no-deps" "--format-version=1", kill_on_drop: false }`
[INFO] running `Command { std: "docker" "inspect" "98790da005142aba1c41b5e6531f45fbe82b9d9148be48799528dbc70bb3e22f", kill_on_drop: false }`
[INFO] running `Command { std: "docker" "exec" "-e" "SOURCE_DIR=/opt/rustwide/workdir" "-e" "CARGO_HOME=/opt/rustwide/cargo-home" "-e" "RUSTUP_HOME=/opt/rustwide/rustup-home" "-e" "CARGO_TARGET_DIR=/opt/rustwide/target" "-e" "CARGO_INCREMENTAL=0" "-e" "RUST_BACKTRACE=full" "-e" "RUSTFLAGS=--cap-lints=warn" "-e" "RUSTDOCFLAGS=--cap-lints=warn" "-w" "/opt/rustwide/workdir" "--user" "0:0" "98790da005142aba1c41b5e6531f45fbe82b9d9148be48799528dbc70bb3e22f" "/opt/rustwide/cargo-home/bin/cargo" "+1.99.0-beta.8" "build" "--frozen" "--message-format=json", kill_on_drop: false }`
[INFO] [stderr]    Compiling libc v0.2.185
[INFO] [stderr]    Compiling zeroize v1.8.2
[INFO] [stderr]    Compiling smallvec v1.15.1
[INFO] [stderr]    Compiling subtle v2.6.1
[INFO] [stderr]    Compiling generic-array v0.14.9
[INFO] [stderr]    Compiling openssl-sys v0.9.114
[INFO] [stderr]    Compiling pem-rfc7468 v0.7.0
[INFO] [stderr]    Compiling http-body v1.0.1
[INFO] [stderr]    Compiling openssl v0.10.78
[INFO] [stderr]    Compiling serde_core v1.0.228
[INFO] [stderr]    Compiling openssl-macros v0.1.1
[INFO] [stderr]    Compiling atomic-waker v1.1.2
[INFO] [stderr]    Compiling try-lock v0.2.5
[INFO] [stderr]    Compiling native-tls v0.2.18
[INFO] [stderr]    Compiling serde v1.0.228
[INFO] [stderr]    Compiling openssl-probe v0.2.1
[INFO] [stderr]    Compiling form_urlencoded v1.2.2
[INFO] [stderr]    Compiling want v0.3.1
[INFO] [stderr]    Compiling sync_wrapper v1.0.2
[INFO] [stderr]    Compiling tower-layer v0.3.3
[INFO] [stderr]    Compiling http-body-util v0.1.3
[INFO] [stderr]    Compiling ryu v1.0.23
[INFO] [stderr]    Compiling iri-string v0.7.12
[INFO] [stderr]    Compiling rustls-pki-types v1.14.0
[INFO] [stderr]    Compiling futures-executor v0.3.32
[INFO] [stderr]    Compiling encoding_rs v0.8.35
[INFO] [stderr]    Compiling der v0.7.10
[INFO] [stderr]    Compiling icu_normalizer v2.2.0
[INFO] [stderr]    Compiling futures v0.3.32
[INFO] [stderr]    Compiling idna_adapter v1.2.1
[INFO] [stderr]    Compiling block-buffer v0.10.4
[INFO] [stderr]    Compiling crypto-common v0.1.6
[INFO] [stderr]    Compiling idna v1.1.0
[INFO] [stderr]    Compiling digest v0.10.7
[INFO] [stderr]    Compiling hmac v0.12.1
[INFO] [stderr]    Compiling sha2 v0.10.9
[INFO] [stderr]    Compiling rfc6979 v0.4.0
[INFO] [stderr]    Compiling url v2.5.8
[INFO] [stderr]    Compiling spki v0.7.3
[INFO] [stderr]    Compiling parking_lot_core v0.9.12
[INFO] [stderr]    Compiling errno v0.3.14
[INFO] [stderr]    Compiling mio v1.2.0
[INFO] [stderr]    Compiling socket2 v0.6.3
[INFO] [stderr]    Compiling getrandom v0.2.17
[INFO] [stderr]    Compiling getrandom v0.4.2
[INFO] [stderr]    Compiling pkcs8 v0.10.2
[INFO] [stderr]    Compiling parking_lot v0.12.5
[INFO] [stderr]    Compiling signal-hook-registry v1.4.8
[INFO] [stderr]    Compiling uuid v1.23.1
[INFO] [stderr]    Compiling rand_core v0.6.4
[INFO] [stderr]    Compiling sec1 v0.7.3
[INFO] [stderr]    Compiling ff v0.13.1
[INFO] [stderr]    Compiling crypto-bigint v0.5.5
[INFO] [stderr]    Compiling signature v2.2.0
[INFO] [stderr]    Compiling group v0.13.0
[INFO] [stderr]    Compiling tokio v1.52.1
[INFO] [stderr]    Compiling serde_json v1.0.149
[INFO] [stderr]    Compiling elliptic-curve v0.13.8
[INFO] [stderr]    Compiling serde_urlencoded v0.7.1
[INFO] [stderr]    Compiling primeorder v0.13.6
[INFO] [stderr]    Compiling ecdsa v0.16.9
[INFO] [stderr]    Compiling p256 v0.13.2
[INFO] [stderr]    Compiling tokio-util v0.7.18
[INFO] [stderr]    Compiling tower v0.5.3
[INFO] [stderr]    Compiling tower-http v0.6.8
[INFO] [stderr]    Compiling h2 v0.4.13
[INFO] [stderr]    Compiling tokio-native-tls v0.3.1
[INFO] [stderr]    Compiling hyper v1.9.0
[INFO] [stderr]    Compiling hyper-util v0.1.20
[INFO] [stderr]    Compiling hyper-tls v0.6.0
[INFO] [stderr]    Compiling reqwest v0.12.28
[INFO] [stderr]    Compiling tenzro-sdk v0.7.0 (/opt/rustwide/workdir)
[INFO] [stderr]     Finished `dev` profile [unoptimized + debuginfo] target(s) in 1m 11s
[INFO] running `Command { std: "docker" "inspect" "98790da005142aba1c41b5e6531f45fbe82b9d9148be48799528dbc70bb3e22f", kill_on_drop: false }`
[INFO] running `Command { std: "docker" "exec" "-e" "SOURCE_DIR=/opt/rustwide/workdir" "-e" "CARGO_HOME=/opt/rustwide/cargo-home" "-e" "RUSTUP_HOME=/opt/rustwide/rustup-home" "-e" "CARGO_TARGET_DIR=/opt/rustwide/target" "-e" "CARGO_INCREMENTAL=0" "-e" "RUST_BACKTRACE=full" "-e" "RUSTFLAGS=--cap-lints=warn" "-e" "RUSTDOCFLAGS=--cap-lints=warn" "-w" "/opt/rustwide/workdir" "--user" "0:0" "98790da005142aba1c41b5e6531f45fbe82b9d9148be48799528dbc70bb3e22f" "/opt/rustwide/cargo-home/bin/cargo" "+1.99.0-beta.8" "test" "--frozen" "--no-run" "--message-format=json", kill_on_drop: false }`
[INFO] [stderr]    Compiling subtle v2.6.1
[INFO] [stderr]    Compiling rand_core v0.10.1
[INFO] [stderr]    Compiling cmov v0.5.4
[INFO] [stderr]    Compiling getrandom v0.4.2
[INFO] [stderr]    Compiling const-oid v0.10.2
[INFO] [stderr]    Compiling num-traits v0.2.19
[INFO] [stderr]    Compiling zeroize_derive v1.4.3
[INFO] [stderr]    Compiling pem-rfc7468 v1.0.0
[INFO] [stderr]    Compiling cpubits v0.1.1
[INFO] [stderr]    Compiling heapless v0.7.17
[INFO] [stderr]    Compiling base16ct v1.0.0
[INFO] [stderr]    Compiling zerocopy v0.8.50
[INFO] [stderr]    Compiling byteorder v1.5.0
[INFO] [stderr]    Compiling tracing v0.1.44
[INFO] [stderr]    Compiling curve25519-dalek v4.1.3
[INFO] [stderr]    Compiling zerocopy-derive v0.8.50
[INFO] [stderr]    Compiling spin v0.9.8
[INFO] [stderr]    Compiling keccak v0.2.0
[INFO] [stderr]    Compiling h2 v0.4.13
[INFO] [stderr]    Compiling ctutils v0.4.2
[INFO] [stderr]    Compiling ff v0.14.0
[INFO] [stderr]    Compiling ff v0.13.1
[INFO] [stderr]    Compiling hash32 v0.2.1
[INFO] [stderr]    Compiling litrs v1.0.0
[INFO] [stderr]    Compiling either v1.16.0
[INFO] [stderr]    Compiling group v0.13.0
[INFO] [stderr]    Compiling group v0.14.0
[INFO] [stderr]    Compiling native-tls v0.2.18
[INFO] [stderr]    Compiling serde_json v1.0.149
[INFO] [stderr]    Compiling serdect v0.2.0
[INFO] [stderr]    Compiling derive-getters v0.5.0
[INFO] [stderr]    Compiling visibility v0.1.1
[INFO] [stderr]    Compiling const-crc32-nostd v1.3.1
[INFO] [stderr]    Compiling uuid v1.23.1
[INFO] [stderr]    Compiling blst v0.3.16
[INFO] [stderr]    Compiling num_cpus v1.17.0
[INFO] [stderr]    Compiling iana-time-zone v0.1.65
[INFO] [stderr]    Compiling zeroize v1.8.2
[INFO] [stderr]    Compiling itertools v0.14.0
[INFO] [stderr]    Compiling postcard v1.1.3
[INFO] [stderr]    Compiling sponge-cursor v0.1.0
[INFO] [stderr]    Compiling generic-array v0.14.9
[INFO] [stderr]    Compiling hybrid-array v0.4.12
[INFO] [stderr]    Compiling der v0.7.10
[INFO] [stderr]    Compiling tokio-native-tls v0.3.1
[INFO] [stderr]    Compiling threadpool v1.8.1
[INFO] [stderr]    Compiling chrono v0.4.45
[INFO] [stderr]    Compiling rustls-pki-types v1.14.0
[INFO] [stderr]    Compiling serde_urlencoded v0.7.1
[INFO] [stderr]    Compiling password-hash v0.5.0
[INFO] [stderr]    Compiling sharded-slab v0.1.7
[INFO] [stderr]    Compiling document-features v0.2.12
[INFO] [stderr]    Compiling getrandom v0.3.4
[INFO] [stderr]    Compiling tracing-log v0.2.0
[INFO] [stderr]    Compiling thread_local v1.1.9
[INFO] [stderr]    Compiling crypto-common v0.1.6
[INFO] [stderr]    Compiling block-buffer v0.10.4
[INFO] [stderr]    Compiling inout v0.1.4
[INFO] [stderr]    Compiling crypto-bigint v0.5.5
[INFO] [stderr]    Compiling nu-ansi-term v0.50.3
[INFO] [stderr]    Compiling cipher v0.4.4
[INFO] [stderr]    Compiling universal-hash v0.5.1
[INFO] [stderr]    Compiling spki v0.7.3
[INFO] [stderr]    Compiling digest v0.10.7
[INFO] [stderr]    Compiling polyval v0.6.2
[INFO] [stderr]    Compiling aead v0.5.2
[INFO] [stderr]    Compiling signature v2.2.0
[INFO] [stderr]    Compiling hmac v0.12.1
[INFO] [stderr]    Compiling sha2 v0.10.9
[INFO] [stderr]    Compiling crypto-common v0.2.2
[INFO] [stderr]    Compiling block-buffer v0.12.0
[INFO] [stderr]    Compiling crypto-bigint v0.7.5
[INFO] [stderr]    Compiling pkcs8 v0.10.2
[INFO] [stderr]    Compiling rfc6979 v0.4.0
[INFO] [stderr]    Compiling frost-core v3.0.0
[INFO] [stderr]    Compiling module-lattice v0.2.3
[INFO] [stderr]    Compiling sec1 v0.7.3
[INFO] [stderr]    Compiling der v0.8.0
[INFO] [stderr]    Compiling ed25519 v2.2.3
[INFO] [stderr]    Compiling ghash v0.5.1
[INFO] [stderr]    Compiling blake2 v0.10.6
[INFO] [stderr]    Compiling sha3 v0.10.9
[INFO] [stderr]    Compiling ctr v0.9.2
[INFO] [stderr]    Compiling aes v0.8.4
[INFO] [stderr]    Compiling elliptic-curve v0.13.8
[INFO] [stderr]    Compiling tenzro-types v0.2.0
[INFO] [stderr]    Compiling hkdf v0.12.4
[INFO] [stderr]    Compiling tracing-subscriber v0.3.23
[INFO] [stderr]    Compiling primeorder v0.13.6
[INFO] [stderr]    Compiling ecdsa v0.16.9
[INFO] [stderr]    Compiling frost-rerandomized v3.0.0
[INFO] [stderr]    Compiling argon2 v0.5.3
[INFO] [stderr]    Compiling digest v0.11.3
[INFO] [stderr]    Compiling kem v0.3.0
[INFO] [stderr]    Compiling p256 v0.13.2
[INFO] [stderr]    Compiling signature v3.0.0
[INFO] [stderr]    Compiling hmac v0.13.0
[INFO] [stderr]    Compiling sha2 v0.11.0
[INFO] [stderr]    Compiling sha3 v0.11.0
[INFO] [stderr]    Compiling shake v0.1.0
[INFO] [stderr]    Compiling rfc6979 v0.6.0-pre.0
[INFO] [stderr]    Compiling aes-gcm v0.10.3
[INFO] [stderr]    Compiling frost-ed25519 v3.0.0
[INFO] [stderr]    Compiling ed25519-dalek v2.2.0
[INFO] [stderr]    Compiling x25519-dalek v2.0.1
[INFO] [stderr]    Compiling spki v0.8.0
[INFO] [stderr]    Compiling sec1 v0.8.1
[INFO] [stderr]    Compiling primefield v0.14.0
[INFO] [stderr]    Compiling ml-kem v0.3.2
[INFO] [stderr]    Compiling hyper v1.9.0
[INFO] [stderr]    Compiling pkcs8 v0.11.0
[INFO] [stderr]    Compiling elliptic-curve v0.14.0
[INFO] [stderr]    Compiling ml-dsa v0.1.1
[INFO] [stderr]    Compiling ecdsa v0.17.0-rc.22
[INFO] [stderr]    Compiling primeorder v0.14.0-rc.14
[INFO] [stderr]    Compiling k256 v0.14.0-rc.12
[INFO] [stderr]    Compiling p256 v0.14.0-rc.12
[INFO] [stdout] error[E0432]: unresolved import `primeorder::Backend`
[INFO] [stdout]   --> /opt/rustwide/cargo-home/registry/src/index.crates.io-1949cf8c6b5b557f/p256-0.14.0-rc.12/src/arithmetic/tables.rs:27:9
[INFO] [stdout]    |
[INFO] [stdout] 27 |     use primeorder::Backend;
[INFO] [stdout]    |         ^^^^^^^^^^^^-------
[INFO] [stdout]    |                     |
[INFO] [stdout]    |                     no `Backend` in the root
[INFO] [stdout] 
[INFO] [stdout] 
[INFO] [stdout] error[E0432]: unresolved import `elliptic_curve::FieldBytesEncoding`
[INFO] [stdout]   --> /opt/rustwide/cargo-home/registry/src/index.crates.io-1949cf8c6b5b557f/p256-0.14.0-rc.12/src/lib.rs:57:5
[INFO] [stdout]    |
[INFO] [stdout] 57 |     FieldBytesEncoding,
[INFO] [stdout]    |     ^^^^^^^^^^^^^^^^^^ no `FieldBytesEncoding` in the root
[INFO] [stdout] 
[INFO] [stdout] 
[INFO] [stdout] error[E0437]: type `FieldElement` is not a member of trait `PrimeCurveParams`
[INFO] [stdout]   --> /opt/rustwide/cargo-home/registry/src/index.crates.io-1949cf8c6b5b557f/p256-0.14.0-rc.12/src/arithmetic.rs:40:5
[INFO] [stdout]    |
[INFO] [stdout] 40 |     type FieldElement = FieldElement;
[INFO] [stdout]    |     ^^^^^^^^^^^^^^^^^^^^^^^^^^^^^^^^^ not a member of trait `PrimeCurveParams`
[INFO] [stdout] 
[INFO] [stdout] 
[INFO] [stdout] error[E0432]: unresolved import `elliptic_curve::FieldBytesEncoding`
[INFO] [stdout]   --> /opt/rustwide/cargo-home/registry/src/index.crates.io-1949cf8c6b5b557f/k256-0.14.0-rc.12/src/lib.rs:70:5
[INFO] [stdout]    |
[INFO] [stdout] 70 |     FieldBytesEncoding,
[INFO] [stdout]    |     ^^^^^^^^^^^^^^^^^^ no `FieldBytesEncoding` in the root
[INFO] [stdout] 
[INFO] [stdout] 
[INFO] [stderr]    Compiling hyper-util v0.1.20
[INFO] [stdout] error[E0576]: cannot find method or associated constant `batch_invert` in trait `BatchInvert`
[INFO] [stdout]    --> /opt/rustwide/cargo-home/registry/src/index.crates.io-1949cf8c6b5b557f/k256-0.14.0-rc.12/src/arithmetic/projective.rs:299:57
[INFO] [stdout]     |
[INFO] [stdout] 299 |     let zs_inverses = <FieldElement as BatchInvert<Z>>::batch_invert(zs)
[INFO] [stdout]     |                                                         ^^^^^^^^^^^^ not found in `BatchInvert`
[INFO] [stdout]     |
[INFO] [stdout]    ::: /opt/rustwide/cargo-home/registry/src/index.crates.io-1949cf8c6b5b557f/elliptic-curve-0.14.0/src/ops.rs:29:5
[INFO] [stdout]     |
[INFO] [stdout]  29 |     fn batch_invert_in_place(elements: &mut [Self], scratch_space: &mut [Self]) -> Self {
[INFO] [stdout]     |     ----------------------------------------------------------------------------------- associated function `batch_invert_in_place` defined here
[INFO] [stdout]     |
[INFO] [stdout] help: maybe you meant this associated function
[INFO] [stdout]     |
[INFO] [stdout] 299 |     let zs_inverses = <FieldElement as BatchInvert<Z>>::batch_invert_in_place(zs)
[INFO] [stdout]     |                                                                     +++++++++
[INFO] [stdout] 
[INFO] [stdout] 
[INFO] [stdout] error[E0277]: the trait bound `NistP256: FieldArithmetic` is not satisfied in `primeorder::ProjectivePoint<NistP256>`
[INFO] [stdout]    --> /opt/rustwide/cargo-home/registry/src/index.crates.io-1949cf8c6b5b557f/p256-0.14.0-rc.12/src/arithmetic/scalar.rs:180:1
[INFO] [stdout]     |
[INFO] [stdout] 180 | elliptic_curve::scalar_impls!(NistP256, Scalar);
[INFO] [stdout]     | ^^^^^^^^^^^^^^^^^^^^^^^^^^^^^^^^^^^^^^^^^^^^^^^ unsatisfied trait bound
[INFO] [stdout]     |
[INFO] [stdout] help: within `primeorder::ProjectivePoint<NistP256>`, the trait `FieldArithmetic` is not implemented for `NistP256`
[INFO] [stdout]    --> /opt/rustwide/cargo-home/registry/src/index.crates.io-1949cf8c6b5b557f/p256-0.14.0-rc.12/src/lib.rs:105:1
[INFO] [stdout]     |
[INFO] [stdout] 105 | pub struct NistP256;
[INFO] [stdout]     | ^^^^^^^^^^^^^^^^^^^
[INFO] [stdout] note: required because it appears within the type `primeorder::ProjectivePoint<NistP256>`
[INFO] [stdout]    --> /opt/rustwide/cargo-home/registry/src/index.crates.io-1949cf8c6b5b557f/primeorder-0.14.0-rc.14/src/projective.rs:37:12
[INFO] [stdout]     |
[INFO] [stdout]  37 | pub struct ProjectivePoint<C: PrimeCurveParams> {
[INFO] [stdout]     |            ^^^^^^^^^^^^^^^
[INFO] [stdout] note: required by a bound in `core::ops::Mul::Output`
[INFO] [stdout]    --> /rustc/dfb0accb7f508ae8be965d8629557221c889dd98/library/core/src/ops/arith.rs:325:4
[INFO] [stdout]     = note: this error originates in the macro `$crate::scalar_mul_impls` which comes from the expansion of the macro `elliptic_curve::scalar_impls` (in Nightly builds, run with -Z macro-backtrace for more info)
[INFO] [stdout] 
[INFO] [stdout] 
[INFO] [stdout] error[E0277]: the trait bound `NistP256: FieldArithmetic` is not satisfied
[INFO] [stdout]    --> /opt/rustwide/cargo-home/registry/src/index.crates.io-1949cf8c6b5b557f/p256-0.14.0-rc.12/src/arithmetic/scalar.rs:180:1
[INFO] [stdout]     |
[INFO] [stdout] 180 | elliptic_curve::scalar_impls!(NistP256, Scalar);
[INFO] [stdout]     | ^^^^^^^^^^^^^^^^^^^^^^^^^^^^^^^^^^^^^^^^^^^^^^^ unsatisfied trait bound
[INFO] [stdout]     |
[INFO] [stdout] help: the trait `FieldArithmetic` is not implemented for `NistP256`
[INFO] [stdout]    --> /opt/rustwide/cargo-home/registry/src/index.crates.io-1949cf8c6b5b557f/p256-0.14.0-rc.12/src/lib.rs:105:1
[INFO] [stdout]     |
[INFO] [stdout] 105 | pub struct NistP256;
[INFO] [stdout]     | ^^^^^^^^^^^^^^^^^^^
[INFO] [stdout] note: required by a bound in `primeorder::AffinePoint`
[INFO] [stdout]    --> /opt/rustwide/cargo-home/registry/src/index.crates.io-1949cf8c6b5b557f/primeorder-0.14.0-rc.14/src/affine.rs:26:27
[INFO] [stdout]     |
[INFO] [stdout]  26 | pub struct AffinePoint<C: PrimeCurveParams> {
[INFO] [stdout]     |                           ^^^^^^^^^^^^^^^^ required by this bound in `AffinePoint`
[INFO] [stdout]     = note: this error originates in the macro `$crate::scalar_mul_impls` which comes from the expansion of the macro `elliptic_curve::scalar_impls` (in Nightly builds, run with -Z macro-backtrace for more info)
[INFO] [stdout] 
[INFO] [stdout] 
[INFO] [stdout] error[E0277]: the trait bound `NistP256: FieldArithmetic` is not satisfied in `primeorder::ProjectivePoint<NistP256>`
[INFO] [stdout]    --> /opt/rustwide/cargo-home/registry/src/index.crates.io-1949cf8c6b5b557f/p256-0.14.0-rc.12/src/arithmetic/scalar.rs:180:1
[INFO] [stdout]     |
[INFO] [stdout] 180 | elliptic_curve::scalar_impls!(NistP256, Scalar);
[INFO] [stdout]     | ^^^^^^^^^^^^^^^^^^^^^^^^^^^^^^^^^^^^^^^^^^^^^^^ unsatisfied trait bound
[INFO] [stdout]     |
[INFO] [stdout] help: within `primeorder::ProjectivePoint<NistP256>`, the trait `FieldArithmetic` is not implemented for `NistP256`
[INFO] [stdout]    --> /opt/rustwide/cargo-home/registry/src/index.crates.io-1949cf8c6b5b557f/p256-0.14.0-rc.12/src/lib.rs:105:1
[INFO] [stdout]     |
[INFO] [stdout] 105 | pub struct NistP256;
[INFO] [stdout]     | ^^^^^^^^^^^^^^^^^^^
[INFO] [stdout] note: required because it appears within the type `primeorder::ProjectivePoint<NistP256>`
[INFO] [stdout]    --> /opt/rustwide/cargo-home/registry/src/index.crates.io-1949cf8c6b5b557f/primeorder-0.14.0-rc.14/src/projective.rs:37:12
[INFO] [stdout]     |
[INFO] [stdout]  37 | pub struct ProjectivePoint<C: PrimeCurveParams> {
[INFO] [stdout]     |            ^^^^^^^^^^^^^^^
[INFO] [stdout] note: required by a bound in `core::ops::Mul::Output`
[INFO] [stdout]    --> /rustc/dfb0accb7f508ae8be965d8629557221c889dd98/library/core/src/ops/arith.rs:325:4
[INFO] [stdout]     = note: this error originates in the macro `$crate::scalar_mul_impls` which comes from the expansion of the macro `elliptic_curve::scalar_impls` (in Nightly builds, run with -Z macro-backtrace for more info)
[INFO] [stdout] 
[INFO] [stdout] 
[INFO] [stdout] error[E0277]: the trait bound `NistP256: FieldArithmetic` is not satisfied
[INFO] [stdout]    --> /opt/rustwide/cargo-home/registry/src/index.crates.io-1949cf8c6b5b557f/p256-0.14.0-rc.12/src/arithmetic/scalar.rs:180:1
[INFO] [stdout]     |
[INFO] [stdout] 180 | elliptic_curve::scalar_impls!(NistP256, Scalar);
[INFO] [stdout]     | ^^^^^^^^^^^^^^^^^^^^^^^^^^^^^^^^^^^^^^^^^^^^^^^ unsatisfied trait bound
[INFO] [stdout]     |
[INFO] [stdout] help: the trait `FieldArithmetic` is not implemented for `NistP256`
[INFO] [stdout]    --> /opt/rustwide/cargo-home/registry/src/index.crates.io-1949cf8c6b5b557f/p256-0.14.0-rc.12/src/lib.rs:105:1
[INFO] [stdout]     |
[INFO] [stdout] 105 | pub struct NistP256;
[INFO] [stdout]     | ^^^^^^^^^^^^^^^^^^^
[INFO] [stdout] note: required by a bound in `primeorder::AffinePoint`
[INFO] [stdout]    --> /opt/rustwide/cargo-home/registry/src/index.crates.io-1949cf8c6b5b557f/primeorder-0.14.0-rc.14/src/affine.rs:26:27
[INFO] [stdout]     |
[INFO] [stdout]  26 | pub struct AffinePoint<C: PrimeCurveParams> {
[INFO] [stdout]     |                           ^^^^^^^^^^^^^^^^ required by this bound in `AffinePoint`
[INFO] [stdout]     = note: this error originates in the macro `$crate::scalar_mul_impls` which comes from the expansion of the macro `elliptic_curve::scalar_impls` (in Nightly builds, run with -Z macro-backtrace for more info)
[INFO] [stdout] 
[INFO] [stdout] 
[INFO] [stdout] error[E0277]: the trait bound `NistP256: FieldArithmetic` is not satisfied in `primeorder::ProjectivePoint<NistP256>`
[INFO] [stdout]    --> /opt/rustwide/cargo-home/registry/src/index.crates.io-1949cf8c6b5b557f/p256-0.14.0-rc.12/src/arithmetic/scalar.rs:180:1
[INFO] [stdout]     |
[INFO] [stdout] 180 | elliptic_curve::scalar_impls!(NistP256, Scalar);
[INFO] [stdout]     | ^^^^^^^^^^^^^^^^^^^^^^^^^^^^^^^^^^^^^^^^^^^^^^^ unsatisfied trait bound
[INFO] [stdout]     |
[INFO] [stdout] help: within `primeorder::ProjectivePoint<NistP256>`, the trait `FieldArithmetic` is not implemented for `NistP256`
[INFO] [stdout]    --> /opt/rustwide/cargo-home/registry/src/index.crates.io-1949cf8c6b5b557f/p256-0.14.0-rc.12/src/lib.rs:105:1
[INFO] [stdout]     |
[INFO] [stdout] 105 | pub struct NistP256;
[INFO] [stdout]     | ^^^^^^^^^^^^^^^^^^^
[INFO] [stdout] note: required because it appears within the type `primeorder::ProjectivePoint<NistP256>`
[INFO] [stdout]    --> /opt/rustwide/cargo-home/registry/src/index.crates.io-1949cf8c6b5b557f/primeorder-0.14.0-rc.14/src/projective.rs:37:12
[INFO] [stdout]     |
[INFO] [stdout]  37 | pub struct ProjectivePoint<C: PrimeCurveParams> {
[INFO] [stdout]     |            ^^^^^^^^^^^^^^^
[INFO] [stdout] note: required by a bound in `core::ops::Mul::Output`
[INFO] [stdout]    --> /rustc/dfb0accb7f508ae8be965d8629557221c889dd98/library/core/src/ops/arith.rs:325:4
[INFO] [stdout]     = note: this error originates in the macro `$crate::scalar_mul_impls` which comes from the expansion of the macro `elliptic_curve::scalar_impls` (in Nightly builds, run with -Z macro-backtrace for more info)
[INFO] [stdout] 
[INFO] [stdout] 
[INFO] [stdout] error[E0277]: the trait bound `NistP256: FieldArithmetic` is not satisfied
[INFO] [stdout]    --> /opt/rustwide/cargo-home/registry/src/index.crates.io-1949cf8c6b5b557f/p256-0.14.0-rc.12/src/arithmetic/scalar.rs:180:1
[INFO] [stdout]     |
[INFO] [stdout] 180 | elliptic_curve::scalar_impls!(NistP256, Scalar);
[INFO] [stdout]     | ^^^^^^^^^^^^^^^^^^^^^^^^^^^^^^^^^^^^^^^^^^^^^^^ unsatisfied trait bound
[INFO] [stdout]     |
[INFO] [stdout] help: the trait `FieldArithmetic` is not implemented for `NistP256`
[INFO] [stdout]    --> /opt/rustwide/cargo-home/registry/src/index.crates.io-1949cf8c6b5b557f/p256-0.14.0-rc.12/src/lib.rs:105:1
[INFO] [stdout]     |
[INFO] [stdout] 105 | pub struct NistP256;
[INFO] [stdout]     | ^^^^^^^^^^^^^^^^^^^
[INFO] [stdout] note: required by a bound in `primeorder::AffinePoint`
[INFO] [stdout]    --> /opt/rustwide/cargo-home/registry/src/index.crates.io-1949cf8c6b5b557f/primeorder-0.14.0-rc.14/src/affine.rs:26:27
[INFO] [stdout]     |
[INFO] [stdout]  26 | pub struct AffinePoint<C: PrimeCurveParams> {
[INFO] [stdout]     |                           ^^^^^^^^^^^^^^^^ required by this bound in `AffinePoint`
[INFO] [stdout]     = note: this error originates in the macro `$crate::scalar_mul_impls` which comes from the expansion of the macro `elliptic_curve::scalar_impls` (in Nightly builds, run with -Z macro-backtrace for more info)
[INFO] [stdout] 
[INFO] [stdout] 
[INFO] [stdout] error[E0277]: the trait bound `NistP256: FieldArithmetic` is not satisfied in `primeorder::ProjectivePoint<NistP256>`
[INFO] [stdout]    --> /opt/rustwide/cargo-home/registry/src/index.crates.io-1949cf8c6b5b557f/p256-0.14.0-rc.12/src/arithmetic/scalar.rs:180:1
[INFO] [stdout]     |
[INFO] [stdout] 180 | elliptic_curve::scalar_impls!(NistP256, Scalar);
[INFO] [stdout]     | ^^^^^^^^^^^^^^^^^^^^^^^^^^^^^^^^^^^^^^^^^^^^^^^ unsatisfied trait bound
[INFO] [stdout]     |
[INFO] [stdout] help: within `primeorder::ProjectivePoint<NistP256>`, the trait `FieldArithmetic` is not implemented for `NistP256`
[INFO] [stdout]    --> /opt/rustwide/cargo-home/registry/src/index.crates.io-1949cf8c6b5b557f/p256-0.14.0-rc.12/src/lib.rs:105:1
[INFO] [stdout]     |
[INFO] [stdout] 105 | pub struct NistP256;
[INFO] [stdout]     | ^^^^^^^^^^^^^^^^^^^
[INFO] [stdout] note: required because it appears within the type `primeorder::ProjectivePoint<NistP256>`
[INFO] [stdout]    --> /opt/rustwide/cargo-home/registry/src/index.crates.io-1949cf8c6b5b557f/primeorder-0.14.0-rc.14/src/projective.rs:37:12
[INFO] [stdout]     |
[INFO] [stdout]  37 | pub struct ProjectivePoint<C: PrimeCurveParams> {
[INFO] [stdout]     |            ^^^^^^^^^^^^^^^
[INFO] [stdout] note: required by a bound in `core::ops::Mul::Output`
[INFO] [stdout]    --> /rustc/dfb0accb7f508ae8be965d8629557221c889dd98/library/core/src/ops/arith.rs:325:4
[INFO] [stdout]     = note: this error originates in the macro `$crate::scalar_mul_impls` which comes from the expansion of the macro `elliptic_curve::scalar_impls` (in Nightly builds, run with -Z macro-backtrace for more info)
[INFO] [stdout] 
[INFO] [stdout] 
[INFO] [stdout] error[E0277]: the trait bound `NistP256: FieldArithmetic` is not satisfied
[INFO] [stdout]    --> /opt/rustwide/cargo-home/registry/src/index.crates.io-1949cf8c6b5b557f/p256-0.14.0-rc.12/src/arithmetic/scalar.rs:180:1
[INFO] [stdout]     |
[INFO] [stdout] 180 | elliptic_curve::scalar_impls!(NistP256, Scalar);
[INFO] [stdout]     | ^^^^^^^^^^^^^^^^^^^^^^^^^^^^^^^^^^^^^^^^^^^^^^^ unsatisfied trait bound
[INFO] [stdout]     |
[INFO] [stdout] help: the trait `FieldArithmetic` is not implemented for `NistP256`
[INFO] [stdout]    --> /opt/rustwide/cargo-home/registry/src/index.crates.io-1949cf8c6b5b557f/p256-0.14.0-rc.12/src/lib.rs:105:1
[INFO] [stdout]     |
[INFO] [stdout] 105 | pub struct NistP256;
[INFO] [stdout]     | ^^^^^^^^^^^^^^^^^^^
[INFO] [stdout] note: required by a bound in `primeorder::AffinePoint`
[INFO] [stdout]    --> /opt/rustwide/cargo-home/registry/src/index.crates.io-1949cf8c6b5b557f/primeorder-0.14.0-rc.14/src/affine.rs:26:27
[INFO] [stdout]     |
[INFO] [stdout]  26 | pub struct AffinePoint<C: PrimeCurveParams> {
[INFO] [stdout]     |                           ^^^^^^^^^^^^^^^^ required by this bound in `AffinePoint`
[INFO] [stdout]     = note: this error originates in the macro `$crate::scalar_mul_impls` which comes from the expansion of the macro `elliptic_curve::scalar_impls` (in Nightly builds, run with -Z macro-backtrace for more info)
[INFO] [stdout] 
[INFO] [stdout] 
[INFO] [stdout] error[E0277]: the trait bound `NistP256: FieldArithmetic` is not satisfied in `primeorder::ProjectivePoint<NistP256>`
[INFO] [stdout]    --> /opt/rustwide/cargo-home/registry/src/index.crates.io-1949cf8c6b5b557f/p256-0.14.0-rc.12/src/arithmetic/scalar.rs:180:1
[INFO] [stdout]     |
[INFO] [stdout] 180 | elliptic_curve::scalar_impls!(NistP256, Scalar);
[INFO] [stdout]     | ^^^^^^^^^^^^^^^^^^^^^^^^^^^^^^^^^^^^^^^^^^^^^^^ unsatisfied trait bound
[INFO] [stdout]     |
[INFO] [stdout] help: within `primeorder::ProjectivePoint<NistP256>`, the trait `FieldArithmetic` is not implemented for `NistP256`
[INFO] [stdout]    --> /opt/rustwide/cargo-home/registry/src/index.crates.io-1949cf8c6b5b557f/p256-0.14.0-rc.12/src/lib.rs:105:1
[INFO] [stdout]     |
[INFO] [stdout] 105 | pub struct NistP256;
[INFO] [stdout]     | ^^^^^^^^^^^^^^^^^^^
[INFO] [stdout] note: required because it appears within the type `primeorder::ProjectivePoint<NistP256>`
[INFO] [stdout]    --> /opt/rustwide/cargo-home/registry/src/index.crates.io-1949cf8c6b5b557f/primeorder-0.14.0-rc.14/src/projective.rs:37:12
[INFO] [stdout]     |
[INFO] [stdout]  37 | pub struct ProjectivePoint<C: PrimeCurveParams> {
[INFO] [stdout]     |            ^^^^^^^^^^^^^^^
[INFO] [stdout] note: required by a bound in `core::ops::Mul::Output`
[INFO] [stdout]    --> /rustc/dfb0accb7f508ae8be965d8629557221c889dd98/library/core/src/ops/arith.rs:325:4
[INFO] [stdout]     = note: this error originates in the macro `$crate::scalar_mul_impls` which comes from the expansion of the macro `elliptic_curve::scalar_impls` (in Nightly builds, run with -Z macro-backtrace for more info)
[INFO] [stdout] 
[INFO] [stdout] 
[INFO] [stdout] error[E0277]: the trait bound `NistP256: FieldArithmetic` is not satisfied in `primeorder::ProjectivePoint<NistP256>`
[INFO] [stdout]    --> /opt/rustwide/cargo-home/registry/src/index.crates.io-1949cf8c6b5b557f/p256-0.14.0-rc.12/src/arithmetic/scalar.rs:180:1
[INFO] [stdout]     |
[INFO] [stdout] 180 | elliptic_curve::scalar_impls!(NistP256, Scalar);
[INFO] [stdout]     | ^^^^^^^^^^^^^^^^^^^^^^^^^^^^^^^^^^^^^^^^^^^^^^^ unsatisfied trait bound
[INFO] [stdout]     |
[INFO] [stdout] help: within `primeorder::ProjectivePoint<NistP256>`, the trait `FieldArithmetic` is not implemented for `NistP256`
[INFO] [stdout]    --> /opt/rustwide/cargo-home/registry/src/index.crates.io-1949cf8c6b5b557f/p256-0.14.0-rc.12/src/lib.rs:105:1
[INFO] [stdout]     |
[INFO] [stdout] 105 | pub struct NistP256;
[INFO] [stdout]     | ^^^^^^^^^^^^^^^^^^^
[INFO] [stdout] note: required because it appears within the type `primeorder::ProjectivePoint<NistP256>`
[INFO] [stdout]    --> /opt/rustwide/cargo-home/registry/src/index.crates.io-1949cf8c6b5b557f/primeorder-0.14.0-rc.14/src/projective.rs:37:12
[INFO] [stdout]     |
[INFO] [stdout]  37 | pub struct ProjectivePoint<C: PrimeCurveParams> {
[INFO] [stdout]     |            ^^^^^^^^^^^^^^^
[INFO] [stdout] note: required by an implicit `Sized` bound in `Mul`
[INFO] [stdout]    --> /rustc/dfb0accb7f508ae8be965d8629557221c889dd98/library/core/src/ops/arith.rs:322:0
[INFO] [stdout]     = note: this error originates in the macro `$crate::scalar_mul_impls` which comes from the expansion of the macro `elliptic_curve::scalar_impls` (in Nightly builds, run with -Z macro-backtrace for more info)
[INFO] [stdout] 
[INFO] [stdout] 
[INFO] [stdout] error[E0277]: the trait bound `NistP256: FieldArithmetic` is not satisfied in `primeorder::ProjectivePoint<NistP256>`
[INFO] [stdout]    --> /opt/rustwide/cargo-home/registry/src/index.crates.io-1949cf8c6b5b557f/p256-0.14.0-rc.12/src/arithmetic/scalar.rs:180:1
[INFO] [stdout]     |
[INFO] [stdout] 180 | elliptic_curve::scalar_impls!(NistP256, Scalar);
[INFO] [stdout]     | ^^^^^^^^^^^^^^^^^^^^^^^^^^^^^^^^^^^^^^^^^^^^^^^ unsatisfied trait bound
[INFO] [stdout]     |
[INFO] [stdout] help: within `primeorder::ProjectivePoint<NistP256>`, the trait `FieldArithmetic` is not implemented for `NistP256`
[INFO] [stdout]    --> /opt/rustwide/cargo-home/registry/src/index.crates.io-1949cf8c6b5b557f/p256-0.14.0-rc.12/src/lib.rs:105:1
[INFO] [stdout]     |
[INFO] [stdout] 105 | pub struct NistP256;
[INFO] [stdout]     | ^^^^^^^^^^^^^^^^^^^
[INFO] [stdout] note: required because it appears within the type `primeorder::ProjectivePoint<NistP256>`
[INFO] [stdout]    --> /opt/rustwide/cargo-home/registry/src/index.crates.io-1949cf8c6b5b557f/primeorder-0.14.0-rc.14/src/projective.rs:37:12
[INFO] [stdout]     |
[INFO] [stdout]  37 | pub struct ProjectivePoint<C: PrimeCurveParams> {
[INFO] [stdout]     |            ^^^^^^^^^^^^^^^
[INFO] [stdout] note: required by a bound in `core::ops::Mul::Output`
[INFO] [stdout]    --> /rustc/dfb0accb7f508ae8be965d8629557221c889dd98/library/core/src/ops/arith.rs:325:4
[INFO] [stdout]     = note: this error originates in the macro `$crate::scalar_mul_impls` which comes from the expansion of the macro `elliptic_curve::scalar_impls` (in Nightly builds, run with -Z macro-backtrace for more info)
[INFO] [stdout] 
[INFO] [stdout] 
[INFO] [stdout] error[E0277]: the trait bound `NistP256: FieldArithmetic` is not satisfied
[INFO] [stdout]    --> /opt/rustwide/cargo-home/registry/src/index.crates.io-1949cf8c6b5b557f/p256-0.14.0-rc.12/src/arithmetic/scalar.rs:180:1
[INFO] [stdout]     |
[INFO] [stdout] 180 | elliptic_curve::scalar_impls!(NistP256, Scalar);
[INFO] [stdout]     | ^^^^^^^^^^^^^^^^^^^^^^^^^^^^^^^^^^^^^^^^^^^^^^^ unsatisfied trait bound
[INFO] [stdout]     |
[INFO] [stdout] help: the trait `FieldArithmetic` is not implemented for `NistP256`
[INFO] [stdout]    --> /opt/rustwide/cargo-home/registry/src/index.crates.io-1949cf8c6b5b557f/p256-0.14.0-rc.12/src/lib.rs:105:1
[INFO] [stdout]     |
[INFO] [stdout] 105 | pub struct NistP256;
[INFO] [stdout]     | ^^^^^^^^^^^^^^^^^^^
[INFO] [stdout] note: required by a bound in `primeorder::ProjectivePoint`
[INFO] [stdout]    --> /opt/rustwide/cargo-home/registry/src/index.crates.io-1949cf8c6b5b557f/primeorder-0.14.0-rc.14/src/projective.rs:37:31
[INFO] [stdout]     |
[INFO] [stdout]  37 | pub struct ProjectivePoint<C: PrimeCurveParams> {
[INFO] [stdout]     |                               ^^^^^^^^^^^^^^^^ required by this bound in `ProjectivePoint`
[INFO] [stdout]     = note: this error originates in the macro `$crate::scalar_mul_impls` which comes from the expansion of the macro `elliptic_curve::scalar_impls` (in Nightly builds, run with -Z macro-backtrace for more info)
[INFO] [stdout] 
[INFO] [stdout] 
[INFO] [stdout] error[E0277]: the trait bound `NistP256: FieldArithmetic` is not satisfied in `primeorder::ProjectivePoint<NistP256>`
[INFO] [stdout]    --> /opt/rustwide/cargo-home/registry/src/index.crates.io-1949cf8c6b5b557f/p256-0.14.0-rc.12/src/arithmetic/scalar.rs:180:1
[INFO] [stdout]     |
[INFO] [stdout] 180 | elliptic_curve::scalar_impls!(NistP256, Scalar);
[INFO] [stdout]     | ^^^^^^^^^^^^^^^^^^^^^^^^^^^^^^^^^^^^^^^^^^^^^^^ unsatisfied trait bound
[INFO] [stdout]     |
[INFO] [stdout] help: within `primeorder::ProjectivePoint<NistP256>`, the trait `FieldArithmetic` is not implemented for `NistP256`
[INFO] [stdout]    --> /opt/rustwide/cargo-home/registry/src/index.crates.io-1949cf8c6b5b557f/p256-0.14.0-rc.12/src/lib.rs:105:1
[INFO] [stdout]     |
[INFO] [stdout] 105 | pub struct NistP256;
[INFO] [stdout]     | ^^^^^^^^^^^^^^^^^^^
[INFO] [stdout] note: required because it appears within the type `primeorder::ProjectivePoint<NistP256>`
[INFO] [stdout]    --> /opt/rustwide/cargo-home/registry/src/index.crates.io-1949cf8c6b5b557f/primeorder-0.14.0-rc.14/src/projective.rs:37:12
[INFO] [stdout]     |
[INFO] [stdout]  37 | pub struct ProjectivePoint<C: PrimeCurveParams> {
[INFO] [stdout]     |            ^^^^^^^^^^^^^^^
[INFO] [stdout] note: required by a bound in `core::ops::Mul::Output`
[INFO] [stdout]    --> /rustc/dfb0accb7f508ae8be965d8629557221c889dd98/library/core/src/ops/arith.rs:325:4
[INFO] [stdout]     = note: this error originates in the macro `$crate::scalar_mul_impls` which comes from the expansion of the macro `elliptic_curve::scalar_impls` (in Nightly builds, run with -Z macro-backtrace for more info)
[INFO] [stdout] 
[INFO] [stdout] 
[INFO] [stdout] error[E0277]: the trait bound `NistP256: FieldArithmetic` is not satisfied in `primeorder::ProjectivePoint<NistP256>`
[INFO] [stdout]    --> /opt/rustwide/cargo-home/registry/src/index.crates.io-1949cf8c6b5b557f/p256-0.14.0-rc.12/src/arithmetic/scalar.rs:180:1
[INFO] [stdout]     |
[INFO] [stdout] 180 | elliptic_curve::scalar_impls!(NistP256, Scalar);
[INFO] [stdout]     | ^^^^^^^^^^^^^^^^^^^^^^^^^^^^^^^^^^^^^^^^^^^^^^^ unsatisfied trait bound
[INFO] [stdout]     |
[INFO] [stdout] help: within `primeorder::ProjectivePoint<NistP256>`, the trait `FieldArithmetic` is not implemented for `NistP256`
[INFO] [stdout]    --> /opt/rustwide/cargo-home/registry/src/index.crates.io-1949cf8c6b5b557f/p256-0.14.0-rc.12/src/lib.rs:105:1
[INFO] [stdout]     |
[INFO] [stdout] 105 | pub struct NistP256;
[INFO] [stdout]     | ^^^^^^^^^^^^^^^^^^^
[INFO] [stdout] note: required because it appears within the type `primeorder::ProjectivePoint<NistP256>`
[INFO] [stdout]    --> /opt/rustwide/cargo-home/registry/src/index.crates.io-1949cf8c6b5b557f/primeorder-0.14.0-rc.14/src/projective.rs:37:12
[INFO] [stdout]     |
[INFO] [stdout]  37 | pub struct ProjectivePoint<C: PrimeCurveParams> {
[INFO] [stdout]     |            ^^^^^^^^^^^^^^^
[INFO] [stdout] note: required by an implicit `Sized` bound in `Mul`
[INFO] [stdout]    --> /rustc/dfb0accb7f508ae8be965d8629557221c889dd98/library/core/src/ops/arith.rs:322:0
[INFO] [stdout]     = note: this error originates in the macro `$crate::scalar_mul_impls` which comes from the expansion of the macro `elliptic_curve::scalar_impls` (in Nightly builds, run with -Z macro-backtrace for more info)
[INFO] [stdout] 
[INFO] [stdout] 
[INFO] [stdout] error[E0277]: the trait bound `NistP256: FieldArithmetic` is not satisfied in `primeorder::ProjectivePoint<NistP256>`
[INFO] [stdout]    --> /opt/rustwide/cargo-home/registry/src/index.crates.io-1949cf8c6b5b557f/p256-0.14.0-rc.12/src/arithmetic/scalar.rs:180:1
[INFO] [stdout]     |
[INFO] [stdout] 180 | elliptic_curve::scalar_impls!(NistP256, Scalar);
[INFO] [stdout]     | ^^^^^^^^^^^^^^^^^^^^^^^^^^^^^^^^^^^^^^^^^^^^^^^ unsatisfied trait bound
[INFO] [stdout]     |
[INFO] [stdout] help: within `primeorder::ProjectivePoint<NistP256>`, the trait `FieldArithmetic` is not implemented for `NistP256`
[INFO] [stdout]    --> /opt/rustwide/cargo-home/registry/src/index.crates.io-1949cf8c6b5b557f/p256-0.14.0-rc.12/src/lib.rs:105:1
[INFO] [stdout]     |
[INFO] [stdout] 105 | pub struct NistP256;
[INFO] [stdout]     | ^^^^^^^^^^^^^^^^^^^
[INFO] [stdout] note: required because it appears within the type `primeorder::ProjectivePoint<NistP256>`
[INFO] [stdout]    --> /opt/rustwide/cargo-home/registry/src/index.crates.io-1949cf8c6b5b557f/primeorder-0.14.0-rc.14/src/projective.rs:37:12
[INFO] [stdout]     |
[INFO] [stdout]  37 | pub struct ProjectivePoint<C: PrimeCurveParams> {
[INFO] [stdout]     |            ^^^^^^^^^^^^^^^
[INFO] [stdout] note: required by a bound in `core::ops::Mul::Output`
[INFO] [stdout]    --> /rustc/dfb0accb7f508ae8be965d8629557221c889dd98/library/core/src/ops/arith.rs:325:4
[INFO] [stdout]     = note: this error originates in the macro `$crate::scalar_mul_impls` which comes from the expansion of the macro `elliptic_curve::scalar_impls` (in Nightly builds, run with -Z macro-backtrace for more info)
[INFO] [stdout] 
[INFO] [stdout] 
[INFO] [stdout] error[E0277]: the trait bound `NistP256: FieldArithmetic` is not satisfied
[INFO] [stdout]    --> /opt/rustwide/cargo-home/registry/src/index.crates.io-1949cf8c6b5b557f/p256-0.14.0-rc.12/src/arithmetic/scalar.rs:180:1
[INFO] [stdout]     |
[INFO] [stdout] 180 | elliptic_curve::scalar_impls!(NistP256, Scalar);
[INFO] [stdout]     | ^^^^^^^^^^^^^^^^^^^^^^^^^^^^^^^^^^^^^^^^^^^^^^^ unsatisfied trait bound
[INFO] [stdout]     |
[INFO] [stdout] help: the trait `FieldArithmetic` is not implemented for `NistP256`
[INFO] [stdout]    --> /opt/rustwide/cargo-home/registry/src/index.crates.io-1949cf8c6b5b557f/p256-0.14.0-rc.12/src/lib.rs:105:1
[INFO] [stdout]     |
[INFO] [stdout] 105 | pub struct NistP256;
[INFO] [stdout]     | ^^^^^^^^^^^^^^^^^^^
[INFO] [stdout] note: required by a bound in `primeorder::ProjectivePoint`
[INFO] [stdout]    --> /opt/rustwide/cargo-home/registry/src/index.crates.io-1949cf8c6b5b557f/primeorder-0.14.0-rc.14/src/projective.rs:37:31
[INFO] [stdout]     |
[INFO] [stdout]  37 | pub struct ProjectivePoint<C: PrimeCurveParams> {
[INFO] [stdout]     |                               ^^^^^^^^^^^^^^^^ required by this bound in `ProjectivePoint`
[INFO] [stdout]     = note: this error originates in the macro `$crate::scalar_mul_impls` which comes from the expansion of the macro `elliptic_curve::scalar_impls` (in Nightly builds, run with -Z macro-backtrace for more info)
[INFO] [stdout] 
[INFO] [stdout] 
[INFO] [stdout] error[E0277]: the trait bound `NistP256: FieldArithmetic` is not satisfied
[INFO] [stdout]    --> /opt/rustwide/cargo-home/registry/src/index.crates.io-1949cf8c6b5b557f/p256-0.14.0-rc.12/src/arithmetic/scalar.rs:180:1
[INFO] [stdout]     |
[INFO] [stdout] 180 | elliptic_curve::scalar_impls!(NistP256, Scalar);
[INFO] [stdout]     | ^^^^^^^^^^^^^^^^^^^^^^^^^^^^^^^^^^^^^^^^^^^^^^^ unsatisfied trait bound
[INFO] [stdout]     |
[INFO] [stdout] help: the trait `FieldArithmetic` is not implemented for `NistP256`
[INFO] [stdout]    --> /opt/rustwide/cargo-home/registry/src/index.crates.io-1949cf8c6b5b557f/p256-0.14.0-rc.12/src/lib.rs:105:1
[INFO] [stdout]     |
[INFO] [stdout] 105 | pub struct NistP256;
[INFO] [stdout]     | ^^^^^^^^^^^^^^^^^^^
[INFO] [stdout] note: required by a bound in `primeorder::AffinePoint`
[INFO] [stdout]    --> /opt/rustwide/cargo-home/registry/src/index.crates.io-1949cf8c6b5b557f/primeorder-0.14.0-rc.14/src/affine.rs:26:27
[INFO] [stdout]     |
[INFO] [stdout]  26 | pub struct AffinePoint<C: PrimeCurveParams> {
[INFO] [stdout]     |                           ^^^^^^^^^^^^^^^^ required by this bound in `AffinePoint`
[INFO] [stdout]     = note: this error originates in the macro `$crate::scalar_mul_impls` which comes from the expansion of the macro `elliptic_curve::scalar_impls` (in Nightly builds, run with -Z macro-backtrace for more info)
[INFO] [stdout] 
[INFO] [stdout] 
[INFO] [stdout] error[E0277]: the trait bound `NistP256: FieldArithmetic` is not satisfied
[INFO] [stdout]    --> /opt/rustwide/cargo-home/registry/src/index.crates.io-1949cf8c6b5b557f/p256-0.14.0-rc.12/src/arithmetic/scalar.rs:180:1
[INFO] [stdout]     |
[INFO] [stdout] 180 | elliptic_curve::scalar_impls!(NistP256, Scalar);
[INFO] [stdout]     | ^^^^^^^^^^^^^^^^^^^^^^^^^^^^^^^^^^^^^^^^^^^^^^^ unsatisfied trait bound
[INFO] [stdout]     |
[INFO] [stdout] help: the trait `FieldArithmetic` is not implemented for `NistP256`
[INFO] [stdout]    --> /opt/rustwide/cargo-home/registry/src/index.crates.io-1949cf8c6b5b557f/p256-0.14.0-rc.12/src/lib.rs:105:1
[INFO] [stdout]     |
[INFO] [stdout] 105 | pub struct NistP256;
[INFO] [stdout]     | ^^^^^^^^^^^^^^^^^^^
[INFO] [stdout] note: required by a bound in `primeorder::AffinePoint`
[INFO] [stdout]    --> /opt/rustwide/cargo-home/registry/src/index.crates.io-1949cf8c6b5b557f/primeorder-0.14.0-rc.14/src/affine.rs:26:27
[INFO] [stdout]     |
[INFO] [stdout]  26 | pub struct AffinePoint<C: PrimeCurveParams> {
[INFO] [stdout]     |                           ^^^^^^^^^^^^^^^^ required by this bound in `AffinePoint`
[INFO] [stdout]     = note: this error originates in the macro `$crate::scalar_mul_impls` which comes from the expansion of the macro `elliptic_curve::scalar_impls` (in Nightly builds, run with -Z macro-backtrace for more info)
[INFO] [stdout] 
[INFO] [stdout] 
[INFO] [stdout] error[E0277]: the trait bound `NistP256: FieldArithmetic` is not satisfied
[INFO] [stdout]    --> /opt/rustwide/cargo-home/registry/src/index.crates.io-1949cf8c6b5b557f/p256-0.14.0-rc.12/src/arithmetic/scalar.rs:180:1
[INFO] [stdout]     |
[INFO] [stdout] 180 | elliptic_curve::scalar_impls!(NistP256, Scalar);
[INFO] [stdout]     | ^^^^^^^^^^^^^^^^^^^^^^^^^^^^^^^^^^^^^^^^^^^^^^^ unsatisfied trait bound
[INFO] [stdout]     |
[INFO] [stdout] help: the trait `FieldArithmetic` is not implemented for `NistP256`
[INFO] [stdout]    --> /opt/rustwide/cargo-home/registry/src/index.crates.io-1949cf8c6b5b557f/p256-0.14.0-rc.12/src/lib.rs:105:1
[INFO] [stdout]     |
[INFO] [stdout] 105 | pub struct NistP256;
[INFO] [stdout]     | ^^^^^^^^^^^^^^^^^^^
[INFO] [stdout] note: required by a bound in `primeorder::AffinePoint`
[INFO] [stdout]    --> /opt/rustwide/cargo-home/registry/src/index.crates.io-1949cf8c6b5b557f/primeorder-0.14.0-rc.14/src/affine.rs:26:27
[INFO] [stdout]     |
[INFO] [stdout]  26 | pub struct AffinePoint<C: PrimeCurveParams> {
[INFO] [stdout]     |                           ^^^^^^^^^^^^^^^^ required by this bound in `AffinePoint`
[INFO] [stdout]     = note: this error originates in the macro `$crate::scalar_mul_impls` which comes from the expansion of the macro `elliptic_curve::scalar_impls` (in Nightly builds, run with -Z macro-backtrace for more info)
[INFO] [stdout] 
[INFO] [stdout] 
[INFO] [stdout] error[E0277]: the trait bound `NistP256: FieldArithmetic` is not satisfied
[INFO] [stdout]    --> /opt/rustwide/cargo-home/registry/src/index.crates.io-1949cf8c6b5b557f/p256-0.14.0-rc.12/src/arithmetic/scalar.rs:180:1
[INFO] [stdout]     |
[INFO] [stdout] 180 | elliptic_curve::scalar_impls!(NistP256, Scalar);
[INFO] [stdout]     | ^^^^^^^^^^^^^^^^^^^^^^^^^^^^^^^^^^^^^^^^^^^^^^^ unsatisfied trait bound
[INFO] [stdout]     |
[INFO] [stdout] help: the trait `FieldArithmetic` is not implemented for `NistP256`
[INFO] [stdout]    --> /opt/rustwide/cargo-home/registry/src/index.crates.io-1949cf8c6b5b557f/p256-0.14.0-rc.12/src/lib.rs:105:1
[INFO] [stdout]     |
[INFO] [stdout] 105 | pub struct NistP256;
[INFO] [stdout]     | ^^^^^^^^^^^^^^^^^^^
[INFO] [stdout] note: required by a bound in `primeorder::AffinePoint`
[INFO] [stdout]    --> /opt/rustwide/cargo-home/registry/src/index.crates.io-1949cf8c6b5b557f/primeorder-0.14.0-rc.14/src/affine.rs:26:27
[INFO] [stdout]     |
[INFO] [stdout]  26 | pub struct AffinePoint<C: PrimeCurveParams> {
[INFO] [stdout]     |                           ^^^^^^^^^^^^^^^^ required by this bound in `AffinePoint`
[INFO] [stdout]     = note: this error originates in the macro `$crate::scalar_mul_impls` which comes from the expansion of the macro `elliptic_curve::scalar_impls` (in Nightly builds, run with -Z macro-backtrace for more info)
[INFO] [stdout] 
[INFO] [stdout] 
[INFO] [stdout] error[E0277]: the trait bound `NistP256: FieldArithmetic` is not satisfied in `primeorder::ProjectivePoint<NistP256>`
[INFO] [stdout]    --> /opt/rustwide/cargo-home/registry/src/index.crates.io-1949cf8c6b5b557f/p256-0.14.0-rc.12/src/arithmetic/scalar.rs:180:1
[INFO] [stdout]     |
[INFO] [stdout] 180 | elliptic_curve::scalar_impls!(NistP256, Scalar);
[INFO] [stdout]     | ^^^^^^^^^^^^^^^^^^^^^^^^^^^^^^^^^^^^^^^^^^^^^^^ unsatisfied trait bound
[INFO] [stdout]     |
[INFO] [stdout] help: within `primeorder::ProjectivePoint<NistP256>`, the trait `FieldArithmetic` is not implemented for `NistP256`
[INFO] [stdout]    --> /opt/rustwide/cargo-home/registry/src/index.crates.io-1949cf8c6b5b557f/p256-0.14.0-rc.12/src/lib.rs:105:1
[INFO] [stdout]     |
[INFO] [stdout] 105 | pub struct NistP256;
[INFO] [stdout]     | ^^^^^^^^^^^^^^^^^^^
[INFO] [stdout] note: required because it appears within the type `primeorder::ProjectivePoint<NistP256>`
[INFO] [stdout]    --> /opt/rustwide/cargo-home/registry/src/index.crates.io-1949cf8c6b5b557f/primeorder-0.14.0-rc.14/src/projective.rs:37:12
[INFO] [stdout]     |
[INFO] [stdout]  37 | pub struct ProjectivePoint<C: PrimeCurveParams> {
[INFO] [stdout]     |            ^^^^^^^^^^^^^^^
[INFO] [stdout] note: required by an implicit `Sized` bound in `MulVartime`
[INFO] [stdout]    --> /opt/rustwide/cargo-home/registry/src/index.crates.io-1949cf8c6b5b557f/elliptic-curve-0.14.0/src/ops.rs:87:22
[INFO] [stdout]     |
[INFO] [stdout]  87 | pub trait MulVartime<Rhs = Self>: Mul<Rhs> {
[INFO] [stdout]     |                      ^^^^^^^^^^ required by the implicit `Sized` requirement on this type parameter in `MulVartime`
[INFO] [stdout]     = note: this error originates in the macro `$crate::scalar_mul_impls` which comes from the expansion of the macro `elliptic_curve::scalar_impls` (in Nightly builds, run with -Z macro-backtrace for more info)
[INFO] [stdout] 
[INFO] [stdout] 
[INFO] [stdout] error[E0277]: the trait bound `NistP256: FieldArithmetic` is not satisfied
[INFO] [stdout]    --> /opt/rustwide/cargo-home/registry/src/index.crates.io-1949cf8c6b5b557f/p256-0.14.0-rc.12/src/arithmetic/scalar.rs:180:1
[INFO] [stdout]     |
[INFO] [stdout] 180 | elliptic_curve::scalar_impls!(NistP256, Scalar);
[INFO] [stdout]     | ^^^^^^^^^^^^^^^^^^^^^^^^^^^^^^^^^^^^^^^^^^^^^^^ unsatisfied trait bound
[INFO] [stdout]     |
[INFO] [stdout] help: the trait `FieldArithmetic` is not implemented for `NistP256`
[INFO] [stdout]    --> /opt/rustwide/cargo-home/registry/src/index.crates.io-1949cf8c6b5b557f/p256-0.14.0-rc.12/src/lib.rs:105:1
[INFO] [stdout]     |
[INFO] [stdout] 105 | pub struct NistP256;
[INFO] [stdout]     | ^^^^^^^^^^^^^^^^^^^
[INFO] [stdout] note: required by a bound in `primeorder::ProjectivePoint`
[INFO] [stdout]    --> /opt/rustwide/cargo-home/registry/src/index.crates.io-1949cf8c6b5b557f/primeorder-0.14.0-rc.14/src/projective.rs:37:31
[INFO] [stdout]     |
[INFO] [stdout]  37 | pub struct ProjectivePoint<C: PrimeCurveParams> {
[INFO] [stdout]     |                               ^^^^^^^^^^^^^^^^ required by this bound in `ProjectivePoint`
[INFO] [stdout]     = note: this error originates in the macro `$crate::scalar_mul_impls` which comes from the expansion of the macro `elliptic_curve::scalar_impls` (in Nightly builds, run with -Z macro-backtrace for more info)
[INFO] [stdout] 
[INFO] [stdout] 
[INFO] [stdout] error[E0277]: the trait bound `NistP256: FieldArithmetic` is not satisfied in `primeorder::ProjectivePoint<NistP256>`
[INFO] [stdout]    --> /opt/rustwide/cargo-home/registry/src/index.crates.io-1949cf8c6b5b557f/p256-0.14.0-rc.12/src/arithmetic/scalar.rs:180:1
[INFO] [stdout]     |
[INFO] [stdout] 180 | elliptic_curve::scalar_impls!(NistP256, Scalar);
[INFO] [stdout]     | ^^^^^^^^^^^^^^^^^^^^^^^^^^^^^^^^^^^^^^^^^^^^^^^ unsatisfied trait bound
[INFO] [stdout]     |
[INFO] [stdout] help: within `primeorder::ProjectivePoint<NistP256>`, the trait `FieldArithmetic` is not implemented for `NistP256`
[INFO] [stdout]    --> /opt/rustwide/cargo-home/registry/src/index.crates.io-1949cf8c6b5b557f/p256-0.14.0-rc.12/src/lib.rs:105:1
[INFO] [stdout]     |
[INFO] [stdout] 105 | pub struct NistP256;
[INFO] [stdout]     | ^^^^^^^^^^^^^^^^^^^
[INFO] [stdout] note: required because it appears within the type `primeorder::ProjectivePoint<NistP256>`
[INFO] [stdout]    --> /opt/rustwide/cargo-home/registry/src/index.crates.io-1949cf8c6b5b557f/primeorder-0.14.0-rc.14/src/projective.rs:37:12
[INFO] [stdout]     |
[INFO] [stdout]  37 | pub struct ProjectivePoint<C: PrimeCurveParams> {
[INFO] [stdout]     |            ^^^^^^^^^^^^^^^
[INFO] [stdout] note: required by an implicit `Sized` bound in `MulVartime`
[INFO] [stdout]    --> /opt/rustwide/cargo-home/registry/src/index.crates.io-1949cf8c6b5b557f/elliptic-curve-0.14.0/src/ops.rs:87:22
[INFO] [stdout]     |
[INFO] [stdout]  87 | pub trait MulVartime<Rhs = Self>: Mul<Rhs> {
[INFO] [stdout]     |                      ^^^^^^^^^^ required by the implicit `Sized` requirement on this type parameter in `MulVartime`
[INFO] [stdout]     = note: this error originates in the macro `$crate::scalar_mul_impls` which comes from the expansion of the macro `elliptic_curve::scalar_impls` (in Nightly builds, run with -Z macro-backtrace for more info)
[INFO] [stdout] 
[INFO] [stdout] 
[INFO] [stdout] error[E0277]: the trait bound `NistP256: FieldArithmetic` is not satisfied
[INFO] [stdout]    --> /opt/rustwide/cargo-home/registry/src/index.crates.io-1949cf8c6b5b557f/p256-0.14.0-rc.12/src/arithmetic/scalar.rs:180:1
[INFO] [stdout]     |
[INFO] [stdout] 180 | elliptic_curve::scalar_impls!(NistP256, Scalar);
[INFO] [stdout]     | ^^^^^^^^^^^^^^^^^^^^^^^^^^^^^^^^^^^^^^^^^^^^^^^ unsatisfied trait bound
[INFO] [stdout]     |
[INFO] [stdout] help: the trait `FieldArithmetic` is not implemented for `NistP256`
[INFO] [stdout]    --> /opt/rustwide/cargo-home/registry/src/index.crates.io-1949cf8c6b5b557f/p256-0.14.0-rc.12/src/lib.rs:105:1
[INFO] [stdout]     |
[INFO] [stdout] 105 | pub struct NistP256;
[INFO] [stdout]     | ^^^^^^^^^^^^^^^^^^^
[INFO] [stdout] note: required by a bound in `primeorder::ProjectivePoint`
[INFO] [stdout]    --> /opt/rustwide/cargo-home/registry/src/index.crates.io-1949cf8c6b5b557f/primeorder-0.14.0-rc.14/src/projective.rs:37:31
[INFO] [stdout]     |
[INFO] [stdout]  37 | pub struct ProjectivePoint<C: PrimeCurveParams> {
[INFO] [stdout]     |                               ^^^^^^^^^^^^^^^^ required by this bound in `ProjectivePoint`
[INFO] [stdout]     = note: this error originates in the macro `$crate::scalar_mul_impls` which comes from the expansion of the macro `elliptic_curve::scalar_impls` (in Nightly builds, run with -Z macro-backtrace for more info)
[INFO] [stdout] 
[INFO] [stdout] 
[INFO] [stdout] error[E0277]: the trait bound `Scalar: FieldExt` is not satisfied
[INFO] [stdout]    --> /opt/rustwide/cargo-home/registry/src/index.crates.io-1949cf8c6b5b557f/p256-0.14.0-rc.12/src/arithmetic/scalar.rs:311:24
[INFO] [stdout]     |
[INFO] [stdout] 311 | impl PrimeFieldExt for Scalar {}
[INFO] [stdout]     |                        ^^^^^^ unsatisfied trait bound
[INFO] [stdout]     |
[INFO] [stdout] help: the trait `FieldExt` is not implemented for `Scalar`
[INFO] [stdout]    --> /opt/rustwide/cargo-home/registry/src/index.crates.io-1949cf8c6b5b557f/p256-0.14.0-rc.12/src/arithmetic/scalar.rs:52:1
[INFO] [stdout]     |
[INFO] [stdout]  52 | pub struct Scalar(pub(crate) U256);
[INFO] [stdout]     | ^^^^^^^^^^^^^^^^^
[INFO] [stdout] help: the trait `FieldExt` is implemented for `FieldElement`
[INFO] [stdout]    --> /opt/rustwide/cargo-home/registry/src/index.crates.io-1949cf8c6b5b557f/p256-0.14.0-rc.12/src/arithmetic/field.rs:46:1
[INFO] [stdout]     |
[INFO] [stdout]  46 | / primefield::monty_field_element!(
[INFO] [stdout]  47 | |     name: FieldElement,
[INFO] [stdout]  48 | |     params: FieldParams,
[INFO] [stdout]  49 | |     uint: U256,
[INFO] [stdout]  50 | |     doc: "Element in the finite field modulo p = 2^{224}(2^{32} − 1) + 2^{192} + 2^{96} − 1."
[INFO] [stdout]  51 | | );
[INFO] [stdout]     | |_^
[INFO] [stdout] note: required by a bound in `PrimeFieldExt`
[INFO] [stdout]    --> /opt/rustwide/cargo-home/registry/src/index.crates.io-1949cf8c6b5b557f/primefield-0.14.0/src/traits.rs:14:26
[INFO] [stdout]     |
[INFO] [stdout]  14 | pub trait PrimeFieldExt: FieldExt + ff::PrimeField {
[INFO] [stdout]     |                          ^^^^^^^^ required by this bound in `PrimeFieldExt`
[INFO] [stdout]     = note: this error originates in the macro `primefield::monty_field_element` (in Nightly builds, run with -Z macro-backtrace for more info)
[INFO] [stdout] 
[INFO] [stdout] 
[INFO] [stdout] error[E0277]: the trait bound `NistP256: FieldArithmetic` is not satisfied in `primeorder::ProjectivePoint<NistP256>`
[INFO] [stdout]    --> /opt/rustwide/cargo-home/registry/src/index.crates.io-1949cf8c6b5b557f/p256-0.14.0-rc.12/src/arithmetic/tables.rs:14:36
[INFO] [stdout]     |
[INFO] [stdout]  14 | pub(super) static BASEPOINT_TABLE: BasepointTable = BasepointTable::new();
[INFO] [stdout]     |                                    ^^^^^^^^^^^^^^ unsatisfied trait bound
[INFO] [stdout]     |
[INFO] [stdout] help: within `primeorder::ProjectivePoint<NistP256>`, the trait `FieldArithmetic` is not implemented for `NistP256`
[INFO] [stdout]    --> /opt/rustwide/cargo-home/registry/src/index.crates.io-1949cf8c6b5b557f/p256-0.14.0-rc.12/src/lib.rs:105:1
[INFO] [stdout]     |
[INFO] [stdout] 105 | pub struct NistP256;
[INFO] [stdout]     | ^^^^^^^^^^^^^^^^^^^
[INFO] [stdout] note: required because it appears within the type `primeorder::ProjectivePoint<NistP256>`
[INFO] [stdout]    --> /opt/rustwide/cargo-home/registry/src/index.crates.io-1949cf8c6b5b557f/primeorder-0.14.0-rc.14/src/projective.rs:37:12
[INFO] [stdout]     |
[INFO] [stdout]  37 | pub struct ProjectivePoint<C: PrimeCurveParams> {
[INFO] [stdout]     |            ^^^^^^^^^^^^^^^
[INFO] [stdout] note: required by an implicit `Sized` bound in `primeorder::BasepointTable`
[INFO] [stdout]    --> /opt/rustwide/cargo-home/registry/src/index.crates.io-1949cf8c6b5b557f/primeorder-0.14.0-rc.14/src/tables/basepoint.rs:29:27
[INFO] [stdout]     |
[INFO] [stdout]  29 | pub struct BasepointTable<Point, const WINDOW_SIZE: usize> {
[INFO] [stdout]     |                           ^^^^^ required by the implicit `Sized` requirement on this type parameter in `BasepointTable`
[INFO] [stdout] 
[INFO] [stdout] 
[INFO] [stdout] error[E0277]: the trait bound `NistP256: PrimeCurveParams` is not satisfied
[INFO] [stdout]    --> /opt/rustwide/cargo-home/registry/src/index.crates.io-1949cf8c6b5b557f/p256-0.14.0-rc.12/src/arithmetic.rs:27:24
[INFO] [stdout]     |
[INFO] [stdout]  27 |     type AffinePoint = AffinePoint;
[INFO] [stdout]     |                        ^^^^^^^^^^^ unsatisfied trait bound
[INFO] [stdout]     |
[INFO] [stdout] help: the trait `FieldArithmetic` is not implemented for `NistP256`
[INFO] [stdout]    --> /opt/rustwide/cargo-home/registry/src/index.crates.io-1949cf8c6b5b557f/p256-0.14.0-rc.12/src/lib.rs:105:1
[INFO] [stdout]     |
[INFO] [stdout] 105 | pub struct NistP256;
[INFO] [stdout]     | ^^^^^^^^^^^^^^^^^^^
[INFO] [stdout] help: the trait `CurveAffine` is conditionally implemented for `primeorder::AffinePoint<C>`
[INFO] [stdout]    --> /opt/rustwide/cargo-home/registry/src/index.crates.io-1949cf8c6b5b557f/primeorder-0.14.0-rc.14/src/affine.rs:342:1
[INFO] [stdout]     |
[INFO] [stdout] 342 | / impl<C> CurveAffine for AffinePoint<C>
[INFO] [stdout] 343 | | where
[INFO] [stdout] 344 | |     C: PrimeCurveParams,
[INFO] [stdout]     | |________----------------^
[INFO] [stdout]     |          |
[INFO] [stdout]     |          unsatisfied requirement introduced here: `NistP256: PrimeCurveParams`
[INFO] [stdout]     = note: required for `primeorder::AffinePoint<NistP256>` to implement `CurveAffine`
[INFO] [stdout] 
[INFO] [stdout] 
[INFO] [stdout] error[E0277]: the trait bound `NistP256: PrimeCurveParams` is not satisfied
[INFO] [stdout]    --> /opt/rustwide/cargo-home/registry/src/index.crates.io-1949cf8c6b5b557f/p256-0.14.0-rc.12/src/arithmetic.rs:28:28
[INFO] [stdout]     |
[INFO] [stdout]  28 |     type ProjectivePoint = ProjectivePoint;
[INFO] [stdout]     |                            ^^^^^^^^^^^^^^^ unsatisfied trait bound
[INFO] [stdout]     |
[INFO] [stdout] help: the trait `FieldArithmetic` is not implemented for `NistP256`
[INFO] [stdout]    --> /opt/rustwide/cargo-home/registry/src/index.crates.io-1949cf8c6b5b557f/p256-0.14.0-rc.12/src/lib.rs:105:1
[INFO] [stdout]     |
[INFO] [stdout] 105 | pub struct NistP256;
[INFO] [stdout]     | ^^^^^^^^^^^^^^^^^^^
[INFO] [stdout] help: the trait `Group` is conditionally implemented for `primeorder::ProjectivePoint<C>`
[INFO] [stdout]    --> /opt/rustwide/cargo-home/registry/src/index.crates.io-1949cf8c6b5b557f/primeorder-0.14.0-rc.14/src/projective.rs:311:1
[INFO] [stdout]     |
[INFO] [stdout] 311 | / impl<C> Group for ProjectivePoint<C>
[INFO] [stdout] 312 | | where
[INFO] [stdout] 313 | |     C: PrimeCurveParams,
[INFO] [stdout]     | |________----------------^
[INFO] [stdout]     |          |
[INFO] [stdout]     |          unsatisfied requirement introduced here: `NistP256: PrimeCurveParams`
[INFO] [stdout]     = note: required for `primeorder::ProjectivePoint<NistP256>` to implement `Group`
[INFO] [stdout] 
[INFO] [stdout] 
[INFO] [stdout] error[E0277]: the trait bound `NistP256: PrimeCurveParams` is not satisfied
[INFO] [stdout]    --> /opt/rustwide/cargo-home/registry/src/index.crates.io-1949cf8c6b5b557f/p256-0.14.0-rc.12/src/arithmetic.rs:33:23
[INFO] [stdout]     |
[INFO] [stdout]  33 |     type CurveGroup = ProjectivePoint;
[INFO] [stdout]     |                       ^^^^^^^^^^^^^^^ unsatisfied trait bound
[INFO] [stdout]     |
[INFO] [stdout] help: the trait `FieldArithmetic` is not implemented for `NistP256`
[INFO] [stdout]    --> /opt/rustwide/cargo-home/registry/src/index.crates.io-1949cf8c6b5b557f/p256-0.14.0-rc.12/src/lib.rs:105:1
[INFO] [stdout]     |
[INFO] [stdout] 105 | pub struct NistP256;
[INFO] [stdout]     | ^^^^^^^^^^^^^^^^^^^
[INFO] [stdout] help: the trait `Group` is conditionally implemented for `primeorder::ProjectivePoint<C>`
[INFO] [stdout]    --> /opt/rustwide/cargo-home/registry/src/index.crates.io-1949cf8c6b5b557f/primeorder-0.14.0-rc.14/src/projective.rs:311:1
[INFO] [stdout]     |
[INFO] [stdout] 311 | / impl<C> Group for ProjectivePoint<C>
[INFO] [stdout] 312 | | where
[INFO] [stdout] 313 | |     C: PrimeCurveParams,
[INFO] [stdout]     | |________----------------^
[INFO] [stdout]     |          |
[INFO] [stdout]     |          unsatisfied requirement introduced here: `NistP256: PrimeCurveParams`
[INFO] [stdout]     = note: required for `primeorder::ProjectivePoint<NistP256>` to implement `Group`
[INFO] [stdout] 
[INFO] [stdout] 
[INFO] [stdout] error[E0277]: the trait bound `NistP256: FieldArithmetic` is not satisfied
[INFO] [stdout]    --> /opt/rustwide/cargo-home/registry/src/index.crates.io-1949cf8c6b5b557f/p256-0.14.0-rc.12/src/arithmetic.rs:41:28
[INFO] [stdout]     |
[INFO] [stdout]  41 |     type PointArithmetic = point_arithmetic::EquationAIsMinusThree;
[INFO] [stdout]     |                            ^^^^^^^^^^^^^^^^^^^^^^^^^^^^^^^^^^^^^^^ unsatisfied trait bound
[INFO] [stdout]     |
[INFO] [stdout] help: the trait `FieldArithmetic` is not implemented for `NistP256`
[INFO] [stdout]    --> /opt/rustwide/cargo-home/registry/src/index.crates.io-1949cf8c6b5b557f/p256-0.14.0-rc.12/src/lib.rs:105:1
[INFO] [stdout]     |
[INFO] [stdout] 105 | pub struct NistP256;
[INFO] [stdout]     | ^^^^^^^^^^^^^^^^^^^
[INFO] [stdout] help: the trait `point_arithmetic::sealed::PointArithmetic<C>` is conditionally implemented for `EquationAIsMinusThree`
[INFO] [stdout]    --> /opt/rustwide/cargo-home/registry/src/index.crates.io-1949cf8c6b5b557f/primeorder-0.14.0-rc.14/src/point_arithmetic.rs:212:1
[INFO] [stdout]     |
[INFO] [stdout] 212 | impl<C: PrimeCurveParams> PointArithmetic<C> for EquationAIsMinusThree {
[INFO] [stdout]     | ^^^^^^^^----------------^^^^^^^^^^^^^^^^^^^^^^^^^^^^^^^^^^^^^^^^^^^^^^
[INFO] [stdout]     |         |
[INFO] [stdout]     |         unsatisfied requirement introduced here: `NistP256: PrimeCurveParams`
[INFO] [stdout]     = note: required for `EquationAIsMinusThree` to implement `point_arithmetic::sealed::PointArithmetic<NistP256>`
[INFO] [stdout] note: required by a bound in `primeorder::PrimeCurveParams::PointArithmetic`
[INFO] [stdout]    --> /opt/rustwide/cargo-home/registry/src/index.crates.io-1949cf8c6b5b557f/primeorder-0.14.0-rc.14/src/lib.rs:60:27
[INFO] [stdout]     |
[INFO] [stdout]  60 |     type PointArithmetic: point_arithmetic::PointArithmetic<Self>;
[INFO] [stdout]     |                           ^^^^^^^^^^^^^^^^^^^^^^^^^^^^^^^^^^^^^^^ required by this bound in `PrimeCurveParams::PointArithmetic`
[INFO] [stdout] 
[INFO] [stdout] 
[INFO] [stdout] error[E0107]: trait takes 0 generic arguments but 1 generic argument was supplied
[INFO] [stdout]    --> /opt/rustwide/cargo-home/registry/src/index.crates.io-1949cf8c6b5b557f/k256-0.14.0-rc.12/src/arithmetic/projective.rs:282:19
[INFO] [stdout]     |
[INFO] [stdout] 282 |     FieldElement: BatchInvert<Z, Output = CtOption<I>>,
[INFO] [stdout]     |                   ^^^^^^^^^^^------------------------- help: remove the unnecessary generics
[INFO] [stdout]     |                   |
[INFO] [stdout]     |                   expected 0 generic arguments
[INFO] [stdout]     |
[INFO] [stdout] note: trait defined here, with 0 generic parameters
[INFO] [stdout]    --> /opt/rustwide/cargo-home/registry/src/index.crates.io-1949cf8c6b5b557f/elliptic-curve-0.14.0/src/ops.rs:19:11
[INFO] [stdout]     |
[INFO] [stdout]  19 | pub trait BatchInvert: Field {
[INFO] [stdout]     |           ^^^^^^^^^^^
[INFO] [stdout] 
[INFO] [stdout] 
[INFO] [stdout] error[E0222]: ambiguous associated type `Output` in bounds of `elliptic_curve::ops::BatchInvert`
[INFO] [stdout]    --> /opt/rustwide/cargo-home/registry/src/index.crates.io-1949cf8c6b5b557f/k256-0.14.0-rc.12/src/arithmetic/projective.rs:282:34
[INFO] [stdout]     |
[INFO] [stdout] 282 |     FieldElement: BatchInvert<Z, Output = CtOption<I>>,
[INFO] [stdout]     |                                  ^^^^^^^^^^^^^^^^^^^^ ambiguous associated type `Output`
[INFO] [stdout]     |
[INFO] [stdout]     = note: associated type `Output` could derive from `for<'a> Mul<&'a FieldElement>`
[INFO] [stdout]     = note: associated type `Output` could derive from `for<'a> Sub<&'a FieldElement>`
[INFO] [stdout]     = note: associated type `Output` could derive from `for<'a> Add<&'a FieldElement>`
[INFO] [stdout]     = note: associated type `Output` could derive from `Mul`
[INFO] [stdout]     = note: associated type `Output` could derive from `Sub`
[INFO] [stdout]     = note: associated type `Output` could derive from `Add`
[INFO] [stdout]     = note: associated type `Output` could derive from `Neg`
[INFO] [stdout] 
[INFO] [stdout] 
[INFO] [stdout] error[E0277]: the trait bound `FieldElement: elliptic_curve::ops::BatchInvert` is not satisfied
[INFO] [stdout]    --> /opt/rustwide/cargo-home/registry/src/index.crates.io-1949cf8c6b5b557f/k256-0.14.0-rc.12/src/arithmetic/projective.rs:282:5
[INFO] [stdout]     |
[INFO] [stdout] 282 |     FieldElement: BatchInvert<Z, Output = CtOption<I>>,
[INFO] [stdout]     |     ^^^^^^^^^^^^^^^^^^^^^^^^^^^^^^^^^^^^^^^^^^^^^^^^^^ unsatisfied trait bound
[INFO] [stdout]     |
[INFO] [stdout] help: the trait `elliptic_curve::ops::BatchInvert` is not implemented for `FieldElement`
[INFO] [stdout]    --> /opt/rustwide/cargo-home/registry/src/index.crates.io-1949cf8c6b5b557f/k256-0.14.0-rc.12/src/arithmetic/field.rs:46:1
[INFO] [stdout]     |
[INFO] [stdout]  46 | pub struct FieldElement(FieldElementImpl);
[INFO] [stdout]     | ^^^^^^^^^^^^^^^^^^^^^^^
[INFO] [stdout] 
[INFO] [stdout] 
[INFO] [stdout] error[E0277]: the trait bound `backend::PrecomputedTables: MulBackend<NistP256>` is not satisfied
[INFO] [stdout]   --> /opt/rustwide/cargo-home/registry/src/index.crates.io-1949cf8c6b5b557f/p256-0.14.0-rc.12/src/arithmetic.rs:47:20
[INFO] [stdout]    |
[INFO] [stdout] 47 |     type Backend = tables::backend::PrecomputedTables;
[INFO] [stdout]    |                    ^^^^^^^^^^^^^^^^^^^^^^^^^^^^^^^^^^ unsatisfied trait bound
[INFO] [stdout]    |
[INFO] [stdout] help: the trait `MulBackend<NistP256>` is not implemented for `backend::PrecomputedTables`
[INFO] [stdout]   --> /opt/rustwide/cargo-home/registry/src/index.crates.io-1949cf8c6b5b557f/p256-0.14.0-rc.12/src/arithmetic/tables.rs:30:5
[INFO] [stdout]    |
[INFO] [stdout] 30 |     pub struct PrecomputedTables;
[INFO] [stdout]    |     ^^^^^^^^^^^^^^^^^^^^^^^^^^^^
[INFO] [stdout] help: the following other types implement trait `MulBackend<C>`
[INFO] [stdout]   --> /opt/rustwide/cargo-home/registry/src/index.crates.io-1949cf8c6b5b557f/primeorder-0.14.0-rc.14/src/mul_backend/variable_only.rs:7:1
[INFO] [stdout]    |
[INFO] [stdout]  7 |   impl<C: PrimeCurveParams> MulBackend<C> for VariableOnly {}
[INFO] [stdout]    |   ^^^^^^^^^^^^^^^^^^^^^^^^^^^^^^^^^^^^^^^^^^^^^^^^^^^^^^^^ `VariableOnly`
[INFO] [stdout]    |
[INFO] [stdout]   ::: /opt/rustwide/cargo-home/registry/src/index.crates.io-1949cf8c6b5b557f/primeorder-0.14.0-rc.14/src/mul_backend/precomputed_tables.rs:8:1
[INFO] [stdout]    |
[INFO] [stdout]  8 | / impl<C, const WINDOW_SIZE: usize> MulBackend<C> for PrecomputedTables<WINDOW_SIZE>
[INFO] [stdout]  9 | | where
[INFO] [stdout] 10 | |     C: PrimeCurveParams + PrimeCurveWithBasepointTable<WINDOW_SIZE>,
[INFO] [stdout]    | |____________________________________________________________________^ `primeorder::mul_backend::PrecomputedTables<WINDOW_SIZE>`
[INFO] [stdout] note: required by a bound in `primeorder::PrimeCurveParams::Backend`
[INFO] [stdout]   --> /opt/rustwide/cargo-home/registry/src/index.crates.io-1949cf8c6b5b557f/primeorder-0.14.0-rc.14/src/lib.rs:63:19
[INFO] [stdout]    |
[INFO] [stdout] 63 |     type Backend: MulBackend<Self>;
[INFO] [stdout]    |                   ^^^^^^^^^^^^^^^^ required by this bound in `PrimeCurveParams::Backend`
[INFO] [stdout] 
[INFO] [stdout] 
[INFO] [stdout] error[E0276]: impl has stricter requirements than trait
[INFO] [stdout]   --> /opt/rustwide/cargo-home/registry/src/index.crates.io-1949cf8c6b5b557f/p256-0.14.0-rc.12/src/arithmetic.rs:50:5
[INFO] [stdout]    |
[INFO] [stdout] 50 |     const EQUATION_A: FieldElement = FieldElement::from_u64(3).neg();
[INFO] [stdout]    |     ^^^^^^^^^^^^^^^^^^^^^^^^^^^^^^ impl has extra requirement `NistP256: FieldArithmetic`
[INFO] [stdout] 
[INFO] [stdout] 
[INFO] [stdout] error[E0276]: impl has stricter requirements than trait
[INFO] [stdout]   --> /opt/rustwide/cargo-home/registry/src/index.crates.io-1949cf8c6b5b557f/p256-0.14.0-rc.12/src/arithmetic.rs:52:5
[INFO] [stdout]    |
[INFO] [stdout] 52 |     const EQUATION_B: FieldElement = FieldElement::from_hex_vartime(
[INFO] [stdout]    |     ^^^^^^^^^^^^^^^^^^^^^^^^^^^^^^ impl has extra requirement `NistP256: FieldArithmetic`
[INFO] [stdout] 
[INFO] [stdout] 
[INFO] [stdout] error[E0276]: impl has stricter requirements than trait
[INFO] [stdout]   --> /opt/rustwide/cargo-home/registry/src/index.crates.io-1949cf8c6b5b557f/p256-0.14.0-rc.12/src/arithmetic.rs:64:5
[INFO] [stdout]    |
[INFO] [stdout] 64 |     const GENERATOR: (FieldElement, FieldElement) = (
[INFO] [stdout]    |     ^^^^^^^^^^^^^^^^^^^^^^^^^^^^^^^^^^^^^^^^^^^^^ impl has extra requirement `NistP256: FieldArithmetic`
[INFO] [stdout] 
[INFO] [stdout] 
[INFO] [stdout] error[E0277]: the trait bound `NistP256: FieldArithmetic` is not satisfied
[INFO] [stdout]    --> /opt/rustwide/cargo-home/registry/src/index.crates.io-1949cf8c6b5b557f/p256-0.14.0-rc.12/src/arithmetic.rs:39:27
[INFO] [stdout]     |
[INFO] [stdout]  39 | impl PrimeCurveParams for NistP256 {
[INFO] [stdout]     |                           ^^^^^^^^ unsatisfied trait bound
[INFO] [stdout]     |
[INFO] [stdout] help: the trait `FieldArithmetic` is not implemented for `NistP256`
[INFO] [stdout]    --> /opt/rustwide/cargo-home/registry/src/index.crates.io-1949cf8c6b5b557f/p256-0.14.0-rc.12/src/lib.rs:105:1
[INFO] [stdout]     |
[INFO] [stdout] 105 | pub struct NistP256;
[INFO] [stdout]     | ^^^^^^^^^^^^^^^^^^^
[INFO] [stdout] 
[INFO] [stdout] 
[INFO] [stdout] error[E0277]: the trait bound `Scalar: FieldExt` is not satisfied
[INFO] [stdout]   --> /opt/rustwide/cargo-home/registry/src/index.crates.io-1949cf8c6b5b557f/p256-0.14.0-rc.12/src/arithmetic.rs:39:6
[INFO] [stdout]    |
[INFO] [stdout] 39 | impl PrimeCurveParams for NistP256 {
[INFO] [stdout]    |      ^^^^^^^^^^^^^^^^ unsatisfied trait bound
[INFO] [stdout]    |
[INFO] [stdout] help: the trait `FieldExt` is not implemented for `Scalar`
[INFO] [stdout]   --> /opt/rustwide/cargo-home/registry/src/index.crates.io-1949cf8c6b5b557f/p256-0.14.0-rc.12/src/arithmetic/scalar.rs:52:1
[INFO] [stdout]    |
[INFO] [stdout] 52 | pub struct Scalar(pub(crate) U256);
[INFO] [stdout]    | ^^^^^^^^^^^^^^^^^
[INFO] [stdout] help: the trait `FieldExt` is implemented for `FieldElement`
[INFO] [stdout]   --> /opt/rustwide/cargo-home/registry/src/index.crates.io-1949cf8c6b5b557f/p256-0.14.0-rc.12/src/arithmetic/field.rs:46:1
[INFO] [stdout]    |
[INFO] [stdout] 46 | / primefield::monty_field_element!(
[INFO] [stdout] 47 | |     name: FieldElement,
[INFO] [stdout] 48 | |     params: FieldParams,
[INFO] [stdout] 49 | |     uint: U256,
[INFO] [stdout] 50 | |     doc: "Element in the finite field modulo p = 2^{224}(2^{32} − 1) + 2^{192} + 2^{96} − 1."
[INFO] [stdout] 51 | | );
[INFO] [stdout]    | |_^
[INFO] [stdout]    = note: required for `<NistP256 as CurveArithmetic>::Scalar` to implement `PrimeFieldExt`
[INFO] [stdout] note: required by a bound in `PrimeCurveParams`
[INFO] [stdout]   --> /opt/rustwide/cargo-home/registry/src/index.crates.io-1949cf8c6b5b557f/primeorder-0.14.0-rc.14/src/lib.rs:55:17
[INFO] [stdout]    |
[INFO] [stdout] 50 | pub trait PrimeCurveParams:
[INFO] [stdout]    |           ---------------- required by a bound in this trait
[INFO] [stdout] ...
[INFO] [stdout] 55 |         Scalar: PrimeFieldExt,
[INFO] [stdout]    |                 ^^^^^^^^^^^^^ required by this bound in `PrimeCurveParams`
[INFO] [stdout]    = note: this error originates in the macro `primefield::monty_field_element` (in Nightly builds, run with -Z macro-backtrace for more info)
[INFO] [stdout] 
[INFO] [stdout] 
[INFO] [stdout] Some errors have detailed explanations: E0276, E0277, E0432, E0437.
[INFO] [stdout] 
[INFO] [stdout] For more information about an error, try `rustc --explain E0276`.
[INFO] [stdout] 
[INFO] [stdout] error[E0277]: the trait bound `Scalar: FieldExt` is not satisfied
[INFO] [stdout]    --> /opt/rustwide/cargo-home/registry/src/index.crates.io-1949cf8c6b5b557f/k256-0.14.0-rc.12/src/arithmetic/scalar.rs:314:24
[INFO] [stdout]     |
[INFO] [stdout] 314 | impl PrimeFieldExt for Scalar {}
[INFO] [stdout]     |                        ^^^^^^ unsatisfied trait bound
[INFO] [stdout]     |
[INFO] [stdout] help: the trait `FieldExt` is not implemented for `Scalar`
[INFO] [stdout]    --> /opt/rustwide/cargo-home/registry/src/index.crates.io-1949cf8c6b5b557f/k256-0.14.0-rc.12/src/arithmetic/scalar.rs:79:1
[INFO] [stdout]     |
[INFO] [stdout]  79 | pub struct Scalar(pub(crate) U256);
[INFO] [stdout]     | ^^^^^^^^^^^^^^^^^
[INFO] [stdout] note: required by a bound in `PrimeFieldExt`
[INFO] [stdout]    --> /opt/rustwide/cargo-home/registry/src/index.crates.io-1949cf8c6b5b557f/primefield-0.14.0/src/traits.rs:14:26
[INFO] [stdout]     |
[INFO] [stdout]  14 | pub trait PrimeFieldExt: FieldExt + ff::PrimeField {
[INFO] [stdout]     |                          ^^^^^^^^ required by this bound in `PrimeFieldExt`
[INFO] [stdout] 
[INFO] [stdout] 
[INFO] [stderr] error: could not compile `p256` (lib) due to 39 previous errors
[INFO] [stderr] warning: build failed, waiting for other jobs to finish...
[INFO] [stdout] Some errors have detailed explanations: E0107, E0222, E0277, E0432, E0576.
[INFO] [stdout] 
[INFO] [stdout] For more information about an error, try `rustc --explain E0107`.
[INFO] [stdout] 
[INFO] [stderr] error: could not compile `k256` (lib) due to 6 previous errors
[INFO] running `Command { std: "docker" "inspect" "98790da005142aba1c41b5e6531f45fbe82b9d9148be48799528dbc70bb3e22f", kill_on_drop: false }`
[INFO] running `Command { std: "docker" "rm" "-f" "98790da005142aba1c41b5e6531f45fbe82b9d9148be48799528dbc70bb3e22f", kill_on_drop: false }`
[INFO] [stdout] 98790da005142aba1c41b5e6531f45fbe82b9d9148be48799528dbc70bb3e22f
