[INFO] fetching crate tenferro-xla 0.7.1...
[INFO] testing tenferro-xla-0.7.1 against 1.100.0-beta.1 for beta-1.100-2
[INFO] extracting crate tenferro-xla 0.7.1 into /workspace/builds/worker-6-tc2/source
[INFO] started tweaking crates.io crate tenferro-xla 0.7.1
[INFO] removed 0 missing tests
[INFO] finished tweaking crates.io crate tenferro-xla 0.7.1
[INFO] tweaked toml for crates.io crate tenferro-xla 0.7.1 written to /workspace/builds/worker-6-tc2/source/Cargo.toml
[INFO] validating manifest of crates.io crate tenferro-xla 0.7.1 on toolchain 1.100.0-beta.1
[INFO] running `Command { std: CARGO_HOME="/workspace/cargo-home" RUSTUP_HOME="/workspace/rustup-home" "/workspace/cargo-home/bin/cargo" "+1.100.0-beta.1" "metadata" "--manifest-path" "Cargo.toml" "--no-deps", kill_on_drop: false }`
[INFO] crate crates.io crate tenferro-xla 0.7.1 already has a lockfile, it will not be regenerated
[INFO] running `Command { std: CARGO_HOME="/workspace/cargo-home" RUSTUP_HOME="/workspace/rustup-home" "/workspace/cargo-home/bin/cargo" "+1.100.0-beta.1" "fetch" "--manifest-path" "Cargo.toml", kill_on_drop: false }`
[INFO] running `Command { std: "docker" "create" "-v" "/var/lib/crater-agent-workspace/builds/worker-6-tc2/source:/opt/rustwide/workdir:ro,Z" "-v" "/var/lib/crater-agent-workspace/builds/worker-6-tc2/target:/opt/rustwide/target:rw,Z" "-v" "/var/lib/crater-agent-workspace/cargo-home:/opt/rustwide/cargo-home:ro,Z" "-v" "/var/lib/crater-agent-workspace/rustup-home:/opt/rustwide/rustup-home:ro,Z" "-m" "1610612736" "--network" "none" "ghcr.io/rust-lang/crates-build-env/linux@sha256:3111399a4047eeb3a02b7a90e478d715f38a8c6669b5c4b49d30a17385265909" "sleep" "infinity", kill_on_drop: false }`
[INFO] [stdout] 7590ad6418f33c2c99068b62c2249aa7f48d64cc3925ad1f9b4b8d10f8147a64
[INFO] running `Command { std: "docker" "start" "7590ad6418f33c2c99068b62c2249aa7f48d64cc3925ad1f9b4b8d10f8147a64", kill_on_drop: false }`
[INFO] running `Command { std: "docker" "inspect" "7590ad6418f33c2c99068b62c2249aa7f48d64cc3925ad1f9b4b8d10f8147a64", kill_on_drop: false }`
[INFO] running `Command { std: "docker" "exec" "-e" "SOURCE_DIR=/opt/rustwide/workdir" "-e" "CARGO_HOME=/opt/rustwide/cargo-home" "-e" "RUSTUP_HOME=/opt/rustwide/rustup-home" "-e" "CARGO_TARGET_DIR=/opt/rustwide/target" "-w" "/opt/rustwide/workdir" "--user" "0:0" "7590ad6418f33c2c99068b62c2249aa7f48d64cc3925ad1f9b4b8d10f8147a64" "/opt/rustwide/cargo-home/bin/cargo" "+1.100.0-beta.1" "metadata" "--no-deps" "--format-version=1", kill_on_drop: false }`
[INFO] running `Command { std: "docker" "inspect" "7590ad6418f33c2c99068b62c2249aa7f48d64cc3925ad1f9b4b8d10f8147a64", kill_on_drop: false }`
[INFO] running `Command { std: "docker" "exec" "-e" "SOURCE_DIR=/opt/rustwide/workdir" "-e" "CARGO_HOME=/opt/rustwide/cargo-home" "-e" "RUSTUP_HOME=/opt/rustwide/rustup-home" "-e" "CARGO_TARGET_DIR=/opt/rustwide/target" "-e" "CARGO_INCREMENTAL=0" "-e" "RUST_BACKTRACE=full" "-e" "RUSTFLAGS=--cap-lints=warn" "-e" "RUSTDOCFLAGS=--cap-lints=warn" "-w" "/opt/rustwide/workdir" "--user" "0:0" "7590ad6418f33c2c99068b62c2249aa7f48d64cc3925ad1f9b4b8d10f8147a64" "/opt/rustwide/cargo-home/bin/cargo" "+1.100.0-beta.1" "build" "--frozen" "--message-format=json", kill_on_drop: false }`
[INFO] [stderr]    Compiling thiserror v2.0.20
[INFO] [stderr]    Compiling smallvec v1.16.1
[INFO] [stderr]    Compiling num-traits v0.2.19
[INFO] [stderr]    Compiling tenferro-core-ops v0.7.1
[INFO] [stderr]    Compiling computegraph v0.1.0
[INFO] [stderr]    Compiling syn v3.0.6
[INFO] [stderr]    Compiling syn v2.0.119
[INFO] [stderr]    Compiling hashbrown v0.15.5
[INFO] [stderr]    Compiling sha2 v0.10.9
[INFO] [stderr]    Compiling lru v0.12.5
[INFO] [stderr]    Compiling num-complex v0.4.6
[INFO] [stderr]    Compiling thiserror-impl v2.0.20
[INFO] [stderr]    Compiling tenferro-internal-extension-macros v0.7.1
[INFO] [stderr]    Compiling tenferro-tensor-core v0.7.1
[INFO] [stderr]    Compiling tenferro-tensor v0.7.1
[INFO] [stderr]    Compiling tenferro-internal-ops v0.7.1
[INFO] [stderr]    Compiling tenferro-runtime v0.7.1
[INFO] [stderr]    Compiling tenferro-xla v0.7.1 (/opt/rustwide/workdir)
[INFO] [stderr]     Finished `dev` profile [unoptimized + debuginfo] target(s) in 30.32s
[INFO] running `Command { std: "docker" "inspect" "7590ad6418f33c2c99068b62c2249aa7f48d64cc3925ad1f9b4b8d10f8147a64", kill_on_drop: false }`
[INFO] running `Command { std: "docker" "exec" "-e" "SOURCE_DIR=/opt/rustwide/workdir" "-e" "CARGO_HOME=/opt/rustwide/cargo-home" "-e" "RUSTUP_HOME=/opt/rustwide/rustup-home" "-e" "CARGO_TARGET_DIR=/opt/rustwide/target" "-e" "CARGO_INCREMENTAL=0" "-e" "RUST_BACKTRACE=full" "-e" "RUSTFLAGS=--cap-lints=warn" "-e" "RUSTDOCFLAGS=--cap-lints=warn" "-w" "/opt/rustwide/workdir" "--user" "0:0" "7590ad6418f33c2c99068b62c2249aa7f48d64cc3925ad1f9b4b8d10f8147a64" "/opt/rustwide/cargo-home/bin/cargo" "+1.100.0-beta.1" "test" "--frozen" "--no-run" "--message-format=json", kill_on_drop: false }`
[INFO] [stderr]    Compiling tenferro-xla v0.7.1 (/opt/rustwide/workdir)
[INFO] [stdout] error[E0432]: unresolved import `tenferro_einsum`
[INFO] [stdout]  --> tests/integration/stablehlo_lowering.rs:1:5
[INFO] [stdout]   |
[INFO] [stdout] 1 | use tenferro_einsum::TraceContextEinsumExt;
[INFO] [stdout]   |     ^^^^^^^^^^^^^^^ use of unresolved module or unlinked crate `tenferro_einsum`
[INFO] [stdout]   |
[INFO] [stdout] help: there is a crate or module with a similar name
[INFO] [stdout]   |
[INFO] [stdout] 1 - use tenferro_einsum::TraceContextEinsumExt;
[INFO] [stdout] 1 + use tenferro_tensor::TraceContextEinsumExt;
[INFO] [stdout]   |
[INFO] [stdout] 
[INFO] [stdout] 
[INFO] [stdout] error[E0432]: unresolved import `tenferro_einsum`
[INFO] [stdout]  --> tests/integration/xla_tool_execution.rs:4:5
[INFO] [stdout]   |
[INFO] [stdout] 4 | use tenferro_einsum::TraceContextEinsumExt;
[INFO] [stdout]   |     ^^^^^^^^^^^^^^^ use of unresolved module or unlinked crate `tenferro_einsum`
[INFO] [stdout]   |
[INFO] [stdout] help: there is a crate or module with a similar name
[INFO] [stdout]   |
[INFO] [stdout] 4 - use tenferro_einsum::TraceContextEinsumExt;
[INFO] [stdout] 4 + use tenferro_tensor::TraceContextEinsumExt;
[INFO] [stdout]   |
[INFO] [stdout] 
[INFO] [stdout] 
[INFO] [stdout] error[E0599]: no method named `einsum` found for struct `TraceContext` in the current scope
[INFO] [stdout]    --> tests/integration/stablehlo_lowering.rs:188:25
[INFO] [stdout]     |
[INFO] [stdout] 188 |     let product = trace.einsum(&inputs, "ij,jk,kl->il").unwrap();
[INFO] [stdout]     |                         ^^^^^^ method not found in `TraceContext`
[INFO] [stdout] 
[INFO] [stdout] 
[INFO] [stdout] error[E0599]: no method named `einsum` found for struct `TraceContext` in the current scope
[INFO] [stdout]    --> tests/integration/xla_tool_execution.rs:155:25
[INFO] [stdout]     |
[INFO] [stdout] 155 |     let product = trace.einsum(&[lhs, mid, rhs], "ij,jk,kl->il").unwrap();
[INFO] [stdout]     |                         ^^^^^^ method not found in `TraceContext`
[INFO] [stdout] 
[INFO] [stdout] 
[INFO] [stdout] Some errors have detailed explanations: E0432, E0599.
[INFO] [stdout] 
[INFO] [stdout] For more information about an error, try `rustc --explain E0432`.
[INFO] [stdout] 
[INFO] [stderr] error: could not compile `tenferro-xla` (test "integration") due to 4 previous errors
[INFO] [stderr] warning: build failed, waiting for other jobs to finish...
[INFO] running `Command { std: "docker" "inspect" "7590ad6418f33c2c99068b62c2249aa7f48d64cc3925ad1f9b4b8d10f8147a64", kill_on_drop: false }`
[INFO] running `Command { std: "docker" "rm" "-f" "7590ad6418f33c2c99068b62c2249aa7f48d64cc3925ad1f9b4b8d10f8147a64", kill_on_drop: false }`
[INFO] [stdout] 7590ad6418f33c2c99068b62c2249aa7f48d64cc3925ad1f9b4b8d10f8147a64
