[INFO] fetching crate temperkb-telemetry 0.5.4...
[INFO] testing temperkb-telemetry-0.5.4 against 1.99.0-beta.8 for beta-1.100-2
[INFO] extracting crate temperkb-telemetry 0.5.4 into /workspace/builds/worker-2-tc1/source
[INFO] started tweaking crates.io crate temperkb-telemetry 0.5.4
[INFO] removed 0 missing tests
[INFO] finished tweaking crates.io crate temperkb-telemetry 0.5.4
[INFO] tweaked toml for crates.io crate temperkb-telemetry 0.5.4 written to /workspace/builds/worker-2-tc1/source/Cargo.toml
[INFO] validating manifest of crates.io crate temperkb-telemetry 0.5.4 on toolchain 1.99.0-beta.8
[INFO] running `Command { std: CARGO_HOME="/workspace/cargo-home" RUSTUP_HOME="/workspace/rustup-home" "/workspace/cargo-home/bin/cargo" "+1.99.0-beta.8" "metadata" "--manifest-path" "Cargo.toml" "--no-deps", kill_on_drop: false }`
[INFO] crate crates.io crate temperkb-telemetry 0.5.4 already has a lockfile, it will not be regenerated
[INFO] running `Command { std: CARGO_HOME="/workspace/cargo-home" RUSTUP_HOME="/workspace/rustup-home" "/workspace/cargo-home/bin/cargo" "+1.99.0-beta.8" "fetch" "--manifest-path" "Cargo.toml", kill_on_drop: false }`
[INFO] [stderr]     Blocking waiting for file lock on package cache
[INFO] [stderr]     Updating crates.io index
[INFO] [stderr]     Blocking waiting for file lock on package cache
[INFO] [stderr]  Downloading crates ...
[INFO] [stderr]   Downloaded tracing-serde v0.2.0
[INFO] [stderr]   Downloaded tracing-opentelemetry v0.33.0
[INFO] [stderr]   Downloaded opentelemetry v0.32.0
[INFO] [stderr]   Downloaded temp-env v0.3.6
[INFO] [stderr]   Downloaded tokio v1.53.1
[INFO] [stderr]   Downloaded prost v0.14.4
[INFO] [stderr]   Downloaded prost-derive v0.14.4
[INFO] [stderr]   Downloaded rand v0.9.5
[INFO] [stderr]   Downloaded opentelemetry_sdk v0.32.1
[INFO] [stderr]   Downloaded opentelemetry-otlp v0.32.0
[INFO] [stderr]   Downloaded reqwest v0.13.2
[INFO] [stderr]   Downloaded opentelemetry-semantic-conventions v0.32.1
[INFO] [stderr]   Downloaded opentelemetry-proto v0.32.0
[INFO] [stderr]   Downloaded wasm-bindgen-futures v0.4.67
[INFO] [stderr]   Downloaded rustls-webpki v0.103.15
[INFO] [stderr]   Downloaded rustls-pki-types v1.14.0
[INFO] [stderr]   Downloaded rustls v0.23.45
[INFO] [stderr]   Downloaded aws-lc-rs v1.18.1
[INFO] [stderr]   Downloaded fs_extra v1.3.0
[INFO] [stderr]   Downloaded rustls-native-certs v0.8.3
[INFO] [stderr]   Downloaded schannel v0.1.29
[INFO] [stderr]   Downloaded cmake v0.1.58
[INFO] [stderr]   Downloaded rustls-platform-verifier v0.6.2
[INFO] [stderr]   Downloaded security-framework-sys v2.17.0
[INFO] [stderr]   Downloaded security-framework v3.7.0
[INFO] [stderr]   Downloaded webpki-root-certs v1.0.6
[INFO] [stderr]   Downloaded openssl-probe v0.2.1
[INFO] [stderr]   Downloaded rustls-platform-verifier-android v0.1.1
[INFO] [stderr]   Downloaded jni-sys v0.3.1
[INFO] [stderr]   Downloaded aws-lc-sys v0.45.0
[INFO] [stderr]   Downloaded async-trait v0.1.89
[INFO] [stderr]   Downloaded axum-core v0.5.6
[INFO] [stderr]   Downloaded opentelemetry-http v0.32.0
[INFO] [stderr]   Downloaded axum v0.8.9
[INFO] [stderr]   Downloaded matchit v0.8.4
[INFO] running `Command { std: "docker" "create" "-v" "/var/lib/crater-agent-workspace/builds/worker-2-tc1/source:/opt/rustwide/workdir:ro,Z" "-v" "/var/lib/crater-agent-workspace/builds/worker-2-tc1/target:/opt/rustwide/target:rw,Z" "-v" "/var/lib/crater-agent-workspace/cargo-home:/opt/rustwide/cargo-home:ro,Z" "-v" "/var/lib/crater-agent-workspace/rustup-home:/opt/rustwide/rustup-home:ro,Z" "-m" "1610612736" "--network" "none" "ghcr.io/rust-lang/crates-build-env/linux@sha256:3111399a4047eeb3a02b7a90e478d715f38a8c6669b5c4b49d30a17385265909" "sleep" "infinity", kill_on_drop: false }`
[INFO] [stdout] b36f3066ff6eefcd9e6beb5c03f7dea44a94f87513440dc1970d350f54107970
[INFO] running `Command { std: "docker" "start" "b36f3066ff6eefcd9e6beb5c03f7dea44a94f87513440dc1970d350f54107970", kill_on_drop: false }`
[INFO] running `Command { std: "docker" "inspect" "b36f3066ff6eefcd9e6beb5c03f7dea44a94f87513440dc1970d350f54107970", kill_on_drop: false }`
[INFO] running `Command { std: "docker" "exec" "-e" "SOURCE_DIR=/opt/rustwide/workdir" "-e" "CARGO_HOME=/opt/rustwide/cargo-home" "-e" "RUSTUP_HOME=/opt/rustwide/rustup-home" "-e" "CARGO_TARGET_DIR=/opt/rustwide/target" "-w" "/opt/rustwide/workdir" "--user" "0:0" "b36f3066ff6eefcd9e6beb5c03f7dea44a94f87513440dc1970d350f54107970" "/opt/rustwide/cargo-home/bin/cargo" "+1.99.0-beta.8" "metadata" "--no-deps" "--format-version=1", kill_on_drop: false }`
[INFO] running `Command { std: "docker" "inspect" "b36f3066ff6eefcd9e6beb5c03f7dea44a94f87513440dc1970d350f54107970", kill_on_drop: false }`
[INFO] running `Command { std: "docker" "exec" "-e" "SOURCE_DIR=/opt/rustwide/workdir" "-e" "CARGO_HOME=/opt/rustwide/cargo-home" "-e" "RUSTUP_HOME=/opt/rustwide/rustup-home" "-e" "CARGO_TARGET_DIR=/opt/rustwide/target" "-e" "CARGO_INCREMENTAL=0" "-e" "RUST_BACKTRACE=full" "-e" "RUSTFLAGS=--cap-lints=warn" "-e" "RUSTDOCFLAGS=--cap-lints=warn" "-w" "/opt/rustwide/workdir" "--user" "0:0" "b36f3066ff6eefcd9e6beb5c03f7dea44a94f87513440dc1970d350f54107970" "/opt/rustwide/cargo-home/bin/cargo" "+1.99.0-beta.8" "build" "--frozen" "--message-format=json", kill_on_drop: false }`
[INFO] [stderr]    Compiling libc v0.2.184
[INFO] [stderr]    Compiling futures-sink v0.3.32
[INFO] [stderr]    Compiling memchr v2.8.0
[INFO] [stderr]    Compiling pkg-config v0.3.32
[INFO] [stderr]    Compiling dunce v1.0.5
[INFO] [stderr]    Compiling fs_extra v1.3.0
[INFO] [stderr]    Compiling tracing-core v0.1.36
[INFO] [stderr]    Compiling smallvec v1.15.1
[INFO] [stderr]    Compiling http v1.4.0
[INFO] [stderr]    Compiling zeroize v1.8.2
[INFO] [stderr]    Compiling aws-lc-rs v1.18.1
[INFO] [stderr]    Compiling serde_core v1.0.228
[INFO] [stderr]    Compiling displaydoc v0.2.5
[INFO] [stderr]    Compiling zerofrom v0.1.7
[INFO] [stderr]    Compiling zerocopy v0.8.48
[INFO] [stderr]    Compiling untrusted v0.9.0
[INFO] [stderr]    Compiling futures-channel v0.3.32
[INFO] [stderr]    Compiling thiserror v2.0.18
[INFO] [stderr]    Compiling getrandom v0.3.4
[INFO] [stderr]    Compiling yoke v0.8.2
[INFO] [stderr]    Compiling rustls v0.23.45
[INFO] [stderr]    Compiling subtle v2.6.1
[INFO] [stderr]    Compiling rustls-pki-types v1.14.0
[INFO] [stderr]    Compiling log v0.4.29
[INFO] [stderr]    Compiling zerovec v0.11.6
[INFO] [stderr]    Compiling anyhow v1.0.102
[INFO] [stderr]    Compiling either v1.15.0
[INFO] [stderr]    Compiling openssl-probe v0.2.1
[INFO] [stderr]    Compiling zmij v1.0.21
[INFO] [stderr]    Compiling itertools v0.14.0
[INFO] [stderr]    Compiling iri-string v0.7.12
[INFO] [stderr]    Compiling crc32fast v1.5.0
[INFO] [stderr]    Compiling bitflags v2.11.0
[INFO] [stderr]    Compiling serde_json v1.0.149
[INFO] [stderr]    Compiling zerotrie v0.2.4
[INFO] [stderr]    Compiling rustls-native-certs v0.8.3
[INFO] [stderr]    Compiling tracing v0.1.44
[INFO] [stderr]    Compiling http-body v1.0.1
[INFO] [stderr]    Compiling futures-util v0.3.32
[INFO] [stderr]    Compiling http-body-util v0.1.3
[INFO] [stderr]    Compiling regex-syntax v0.8.10
[INFO] [stderr]    Compiling opentelemetry v0.32.0
[INFO] [stderr]    Compiling simd-adler32 v0.3.9
[INFO] [stderr]    Compiling adler2 v2.0.1
[INFO] [stderr]    Compiling tracing-log v0.2.0
[INFO] [stderr]    Compiling async-trait v0.1.89
[INFO] [stderr]    Compiling nu-ansi-term v0.50.3
[INFO] [stderr]    Compiling tinystr v0.8.3
[INFO] [stderr]    Compiling potential_utf v0.1.5
[INFO] [stderr]    Compiling mime v0.3.17
[INFO] [stderr]    Compiling icu_collections v2.2.0
[INFO] [stderr]    Compiling miniz_oxide v0.8.9
[INFO] [stderr]    Compiling matchit v0.8.4
[INFO] [stderr]    Compiling icu_locale_core v2.2.0
[INFO] [stderr]    Compiling opentelemetry-semantic-conventions v0.32.1
[INFO] [stderr]    Compiling axum-core v0.5.6
[INFO] [stderr]    Compiling jobserver v0.1.34
[INFO] [stderr]    Compiling socket2 v0.6.3
[INFO] [stderr]    Compiling mio v1.2.0
[INFO] [stderr]    Compiling cc v1.2.59
[INFO] [stderr]    Compiling tokio v1.53.1
[INFO] [stderr]    Compiling icu_provider v2.2.0
[INFO] [stderr]    Compiling rand_core v0.9.5
[INFO] [stderr]    Compiling flate2 v1.1.9
[INFO] [stderr]    Compiling regex-automata v0.4.14
[INFO] [stderr]    Compiling icu_properties v2.2.0
[INFO] [stderr]    Compiling icu_normalizer v2.2.0
[INFO] [stderr]    Compiling cmake v0.1.58
[INFO] [stderr]    Compiling prost-derive v0.14.4
[INFO] [stderr]    Compiling aws-lc-sys v0.45.0
[INFO] [stderr]    Compiling serde v1.0.228
[INFO] [stderr]    Compiling tracing-serde v0.2.0
[INFO] [stderr]    Compiling prost v0.14.4
[INFO] [stderr]    Compiling idna_adapter v1.2.1
[INFO] [stderr]    Compiling idna v1.1.0
[INFO] [stderr]    Compiling url v2.5.8
[INFO] [stderr]    Compiling futures-executor v0.3.32
[INFO] [stderr]    Compiling matchers v0.2.0
[INFO] [stderr]    Compiling tracing-subscriber v0.3.23
[INFO] [stderr]    Compiling ppv-lite86 v0.2.21
[INFO] [stderr]    Compiling rand_chacha v0.9.0
[INFO] [stderr]    Compiling rand v0.9.5
[INFO] [stderr]    Compiling opentelemetry_sdk v0.32.1
[INFO] [stderr]    Compiling hyper v1.9.0
[INFO] [stderr]    Compiling tower v0.5.3
[INFO] [stderr]    Compiling tower-http v0.6.8
[INFO] [stderr]    Compiling axum v0.8.9
[INFO] [stderr]    Compiling tracing-opentelemetry v0.33.0
[INFO] [stderr]    Compiling hyper-util v0.1.20
[INFO] [stderr]    Compiling opentelemetry-proto v0.32.0
[INFO] [stderr]    Compiling rustls-webpki v0.103.15
[INFO] [stderr]    Compiling tokio-rustls v0.26.4
[INFO] [stderr]    Compiling rustls-platform-verifier v0.6.2
[INFO] [stderr]    Compiling hyper-rustls v0.27.7
[INFO] [stderr]    Compiling reqwest v0.13.2
[INFO] [stderr]    Compiling opentelemetry-http v0.32.0
[INFO] [stderr]    Compiling opentelemetry-otlp v0.32.0
[INFO] [stderr]    Compiling temperkb-telemetry v0.5.4 (/opt/rustwide/workdir)
[INFO] [stderr]     Finished `dev` profile [unoptimized + debuginfo] target(s) in 1m 32s
[INFO] running `Command { std: "docker" "inspect" "b36f3066ff6eefcd9e6beb5c03f7dea44a94f87513440dc1970d350f54107970", kill_on_drop: false }`
[INFO] running `Command { std: "docker" "exec" "-e" "SOURCE_DIR=/opt/rustwide/workdir" "-e" "CARGO_HOME=/opt/rustwide/cargo-home" "-e" "RUSTUP_HOME=/opt/rustwide/rustup-home" "-e" "CARGO_TARGET_DIR=/opt/rustwide/target" "-e" "CARGO_INCREMENTAL=0" "-e" "RUST_BACKTRACE=full" "-e" "RUSTFLAGS=--cap-lints=warn" "-e" "RUSTDOCFLAGS=--cap-lints=warn" "-w" "/opt/rustwide/workdir" "--user" "0:0" "b36f3066ff6eefcd9e6beb5c03f7dea44a94f87513440dc1970d350f54107970" "/opt/rustwide/cargo-home/bin/cargo" "+1.99.0-beta.8" "test" "--frozen" "--no-run" "--message-format=json", kill_on_drop: false }`
[INFO] [stderr]    Compiling tokio v1.53.1
[INFO] [stderr]    Compiling opentelemetry v0.32.0
[INFO] [stderr]    Compiling parking_lot_core v0.9.12
[INFO] [stderr]    Compiling scopeguard v1.2.0
[INFO] [stderr]    Compiling lock_api v0.4.14
[INFO] [stderr]    Compiling parking_lot v0.12.5
[INFO] [stderr]    Compiling temp-env v0.3.6
[INFO] [stderr]    Compiling tracing-opentelemetry v0.33.0
[INFO] [stderr]    Compiling hyper v1.9.0
[INFO] [stderr]    Compiling tower v0.5.3
[INFO] [stderr]    Compiling tokio-rustls v0.26.4
[INFO] [stderr]    Compiling opentelemetry_sdk v0.32.1
[INFO] [stderr]    Compiling tower-http v0.6.8
[INFO] [stderr]    Compiling axum v0.8.9
[INFO] [stderr]    Compiling hyper-util v0.1.20
[INFO] [stderr]    Compiling hyper-rustls v0.27.7
[INFO] [stderr]    Compiling opentelemetry-proto v0.32.0
[INFO] [stderr]    Compiling reqwest v0.13.2
[INFO] [stderr]    Compiling opentelemetry-http v0.32.0
[INFO] [stderr]    Compiling opentelemetry-otlp v0.32.0
[INFO] [stderr]    Compiling temperkb-telemetry v0.5.4 (/opt/rustwide/workdir)
[INFO] [stdout] error[E0433]: cannot find `temper_core` in the list of imported crates
[INFO] [stdout]    --> src/lib.rs:161:23
[INFO] [stdout]     |
[INFO] [stdout] 161 |             path = %::temper_core::redact::redact_path(request.uri().path()),
[INFO] [stdout]     |                       ^^^^^^^^^^^ could not find `temper_core` in the list of imported crates
[INFO] [stdout]     |
[INFO] [stdout]    ::: src/link.rs:146:24
[INFO] [stdout]     |
[INFO] [stdout] 146 |             let span = crate::root_span!("http_request", request);
[INFO] [stdout]     |                        ------------------------------------------ in this macro invocation
[INFO] [stdout]     |
[INFO] [stdout]     = note: this error originates in the macro `crate::root_span` (in Nightly builds, run with -Z macro-backtrace for more info)
[INFO] [stdout] 
[INFO] [stdout] 
[INFO] [stdout] error[E0433]: cannot find `temper_core` in the list of imported crates
[INFO] [stdout]    --> src/lib.rs:161:23
[INFO] [stdout]     |
[INFO] [stdout] 161 |             path = %::temper_core::redact::redact_path(request.uri().path()),
[INFO] [stdout]     |                       ^^^^^^^^^^^ could not find `temper_core` in the list of imported crates
[INFO] [stdout] ...
[INFO] [stdout] 530 |         let span = crate::root_span!("test_request", request);
[INFO] [stdout]     |                    ------------------------------------------ in this macro invocation
[INFO] [stdout]     |
[INFO] [stdout]     = note: this error originates in the macro `crate::root_span` (in Nightly builds, run with -Z macro-backtrace for more info)
[INFO] [stdout] 
[INFO] [stdout] 
[INFO] [stdout] error[E0433]: cannot find `temper_core` in the list of imported crates
[INFO] [stdout]    --> src/lib.rs:161:23
[INFO] [stdout]     |
[INFO] [stdout] 161 |             path = %::temper_core::redact::redact_path(request.uri().path()),
[INFO] [stdout]     |                       ^^^^^^^^^^^ could not find `temper_core` in the list of imported crates
[INFO] [stdout] ...
[INFO] [stdout] 580 |             drop(crate::root_span!("http_request", request));
[INFO] [stdout]     |                  ------------------------------------------ in this macro invocation
[INFO] [stdout]     |
[INFO] [stdout]     = note: this error originates in the macro `crate::root_span` (in Nightly builds, run with -Z macro-backtrace for more info)
[INFO] [stdout] 
[INFO] [stdout] 
[INFO] [stdout] error[E0425]: cannot find function `init_server_logging_with_writer` in crate `temper_telemetry`
[INFO] [stdout]   --> tests/export_resolution_is_logged.rs:69:31
[INFO] [stdout]    |
[INFO] [stdout] 69 |             temper_telemetry::init_server_logging_with_writer(captured.clone());
[INFO] [stdout]    |                               ^^^^^^^^^^^^^^^^^^^^^^^^^^^^^^^ not found in `temper_telemetry`
[INFO] [stdout]    |
[INFO] [stdout] note: found an item that was configured out
[INFO] [stdout]   --> src/lib.rs:90:15
[INFO] [stdout]    |
[INFO] [stdout] 89 | #[cfg(feature = "test-support")]
[INFO] [stdout]    |       ------------------------ the item is gated behind the `test-support` feature
[INFO] [stdout] 90 | pub use init::init_server_logging_with_writer;
[INFO] [stdout]    |               ^^^^^^^^^^^^^^^^^^^^^^^^^^^^^^^
[INFO] [stdout] 
[INFO] [stdout] 
[INFO] [stderr] error: could not compile `temperkb-telemetry` (test "export_resolution_is_logged") due to 1 previous error
[INFO] [stdout] For more information about this error, try `rustc --explain E0425`.
[INFO] [stdout] 
[INFO] [stderr] warning: build failed, waiting for other jobs to finish...
[INFO] [stdout] error[E0425]: cannot find function `install_test_provider` in module `temper_telemetry::export`
[INFO] [stdout]    --> tests/cli_export_filter.rs:68:35
[INFO] [stdout]     |
[INFO] [stdout]  68 |         temper_telemetry::export::install_test_provider(exporter.clone()),
[INFO] [stdout]     |                                   ^^^^^^^^^^^^^^^^^^^^^ not found in `temper_telemetry::export`
[INFO] [stdout]     |
[INFO] [stdout] note: found an item that was configured out
[INFO] [stdout]    --> src/export.rs:447:8
[INFO] [stdout]     |
[INFO] [stdout] 446 | #[cfg(feature = "test-support")]
[INFO] [stdout]     |       ------------------------ the item is gated behind the `test-support` feature
[INFO] [stdout] 447 | pub fn install_test_provider(exporter: opentelemetry_sdk::trace::InMemorySpanExporter) -> bool {
[INFO] [stdout]     |        ^^^^^^^^^^^^^^^^^^^^^
[INFO] [stdout] 
[INFO] [stdout] 
[INFO] [stdout] error[E0425]: cannot find function `test_export_layer` in module `temper_telemetry::export`
[INFO] [stdout]    --> tests/cli_export_filter.rs:82:43
[INFO] [stdout]     |
[INFO] [stdout]  82 |                   temper_telemetry::export::test_export_layer().with_filter(EnvFilter::new("info")),
[INFO] [stdout]     |                                             ^^^^^^^^^^^^^^^^^
[INFO] [stdout]     |
[INFO] [stdout]    ::: src/export.rs:396:1
[INFO] [stdout]     |
[INFO] [stdout] 396 | / pub(crate) fn cli_export_layer<S>(
[INFO] [stdout] 397 | | ) -> Option<tracing_opentelemetry::OpenTelemetryLayer<S, opentelemetry_sdk::trace::SdkTracer>>
[INFO] [stdout] 398 | | where
[INFO] [stdout] 399 | |     S: tracing::Subscriber + for<'span> tracing_subscriber::registry::LookupSpan<'span>,
[INFO] [stdout]     | |________________________________________________________________________________________- similarly named function `cli_export_layer` defined here
[INFO] [stdout]     |
[INFO] [stdout] note: found an item that was configured out
[INFO] [stdout]    --> src/export.rs:456:8
[INFO] [stdout]     |
[INFO] [stdout] 455 | #[cfg(feature = "test-support")]
[INFO] [stdout]     |       ------------------------ the item is gated behind the `test-support` feature
[INFO] [stdout] 456 | pub fn test_export_layer<S>(
[INFO] [stdout]     |        ^^^^^^^^^^^^^^^^^
[INFO] [stdout] help: a function with a similar name exists
[INFO] [stdout]     |
[INFO] [stdout]  82 -                 temper_telemetry::export::test_export_layer().with_filter(EnvFilter::new("info")),
[INFO] [stdout]  82 +                 temper_telemetry::export::cli_export_layer().with_filter(EnvFilter::new("info")),
[INFO] [stdout]     |
[INFO] [stdout] 
[INFO] [stdout] 
[INFO] [stdout] error[E0425]: cannot find function `test_export_layer` in module `temper_telemetry::export`
[INFO] [stdout]    --> tests/cli_export_filter.rs:124:45
[INFO] [stdout]     |
[INFO] [stdout] 124 |               .with(temper_telemetry::export::test_export_layer());
[INFO] [stdout]     |                                               ^^^^^^^^^^^^^^^^^
[INFO] [stdout]     |
[INFO] [stdout]    ::: src/export.rs:396:1
[INFO] [stdout]     |
[INFO] [stdout] 396 | / pub(crate) fn cli_export_layer<S>(
[INFO] [stdout] 397 | | ) -> Option<tracing_opentelemetry::OpenTelemetryLayer<S, opentelemetry_sdk::trace::SdkTracer>>
[INFO] [stdout] 398 | | where
[INFO] [stdout] 399 | |     S: tracing::Subscriber + for<'span> tracing_subscriber::registry::LookupSpan<'span>,
[INFO] [stdout]     | |________________________________________________________________________________________- similarly named function `cli_export_layer` defined here
[INFO] [stdout]     |
[INFO] [stdout] note: found an item that was configured out
[INFO] [stdout]    --> src/export.rs:456:8
[INFO] [stdout]     |
[INFO] [stdout] 455 | #[cfg(feature = "test-support")]
[INFO] [stdout]     |       ------------------------ the item is gated behind the `test-support` feature
[INFO] [stdout] 456 | pub fn test_export_layer<S>(
[INFO] [stdout]     |        ^^^^^^^^^^^^^^^^^
[INFO] [stdout] help: a function with a similar name exists
[INFO] [stdout]     |
[INFO] [stdout] 124 -             .with(temper_telemetry::export::test_export_layer());
[INFO] [stdout] 124 +             .with(temper_telemetry::export::cli_export_layer());
[INFO] [stdout]     |
[INFO] [stdout] 
[INFO] [stdout] 
[INFO] [stdout] error[E0425]: cannot find function `test_export_layer` in module `temper_telemetry::export`
[INFO] [stdout]    --> tests/cli_export_filter.rs:164:35
[INFO] [stdout]     |
[INFO] [stdout] 164 |           temper_telemetry::export::test_export_layer().expect("the caller installed the provider");
[INFO] [stdout]     |                                     ^^^^^^^^^^^^^^^^^
[INFO] [stdout]     |
[INFO] [stdout]    ::: src/export.rs:396:1
[INFO] [stdout]     |
[INFO] [stdout] 396 | / pub(crate) fn cli_export_layer<S>(
[INFO] [stdout] 397 | | ) -> Option<tracing_opentelemetry::OpenTelemetryLayer<S, opentelemetry_sdk::trace::SdkTracer>>
[INFO] [stdout] 398 | | where
[INFO] [stdout] 399 | |     S: tracing::Subscriber + for<'span> tracing_subscriber::registry::LookupSpan<'span>,
[INFO] [stdout]     | |________________________________________________________________________________________- similarly named function `cli_export_layer` defined here
[INFO] [stdout]     |
[INFO] [stdout] note: found an item that was configured out
[INFO] [stdout]    --> src/export.rs:456:8
[INFO] [stdout]     |
[INFO] [stdout] 455 | #[cfg(feature = "test-support")]
[INFO] [stdout]     |       ------------------------ the item is gated behind the `test-support` feature
[INFO] [stdout] 456 | pub fn test_export_layer<S>(
[INFO] [stdout]     |        ^^^^^^^^^^^^^^^^^
[INFO] [stdout] help: a function with a similar name exists
[INFO] [stdout]     |
[INFO] [stdout] 164 -         temper_telemetry::export::test_export_layer().expect("the caller installed the provider");
[INFO] [stdout] 164 +         temper_telemetry::export::cli_export_layer().expect("the caller installed the provider");
[INFO] [stdout]     |
[INFO] [stdout] 
[INFO] [stdout] 
[INFO] [stdout] For more information about this error, try `rustc --explain E0425`.
[INFO] [stdout] 
[INFO] [stderr] error: could not compile `temperkb-telemetry` (test "cli_export_filter") due to 4 previous errors
[INFO] [stdout] For more information about this error, try `rustc --explain E0433`.
[INFO] [stdout] 
[INFO] [stderr] error: could not compile `temperkb-telemetry` (lib test) due to 3 previous errors
[INFO] running `Command { std: "docker" "inspect" "b36f3066ff6eefcd9e6beb5c03f7dea44a94f87513440dc1970d350f54107970", kill_on_drop: false }`
[INFO] running `Command { std: "docker" "rm" "-f" "b36f3066ff6eefcd9e6beb5c03f7dea44a94f87513440dc1970d350f54107970", kill_on_drop: false }`
[INFO] [stdout] b36f3066ff6eefcd9e6beb5c03f7dea44a94f87513440dc1970d350f54107970
