[INFO] fetching crate telltale-theory 17.0.0...
[INFO] testing telltale-theory-17.0.0 against 1.100.0-beta.1 for beta-1.100-2
[INFO] extracting crate telltale-theory 17.0.0 into /workspace/builds/worker-1-tc2/source
[INFO] started tweaking crates.io crate telltale-theory 17.0.0
[INFO] removed 0 missing tests
[INFO] finished tweaking crates.io crate telltale-theory 17.0.0
[INFO] tweaked toml for crates.io crate telltale-theory 17.0.0 written to /workspace/builds/worker-1-tc2/source/Cargo.toml
[INFO] validating manifest of crates.io crate telltale-theory 17.0.0 on toolchain 1.100.0-beta.1
[INFO] running `Command { std: CARGO_HOME="/workspace/cargo-home" RUSTUP_HOME="/workspace/rustup-home" "/workspace/cargo-home/bin/cargo" "+1.100.0-beta.1" "metadata" "--manifest-path" "Cargo.toml" "--no-deps", kill_on_drop: false }`
[INFO] crate crates.io crate telltale-theory 17.0.0 already has a lockfile, it will not be regenerated
[INFO] running `Command { std: CARGO_HOME="/workspace/cargo-home" RUSTUP_HOME="/workspace/rustup-home" "/workspace/cargo-home/bin/cargo" "+1.100.0-beta.1" "fetch" "--manifest-path" "Cargo.toml", kill_on_drop: false }`
[INFO] running `Command { std: "docker" "create" "-v" "/var/lib/crater-agent-workspace/builds/worker-1-tc2/source:/opt/rustwide/workdir:ro,Z" "-v" "/var/lib/crater-agent-workspace/builds/worker-1-tc2/target:/opt/rustwide/target:rw,Z" "-v" "/var/lib/crater-agent-workspace/cargo-home:/opt/rustwide/cargo-home:ro,Z" "-v" "/var/lib/crater-agent-workspace/rustup-home:/opt/rustwide/rustup-home:ro,Z" "-m" "1610612736" "--network" "none" "ghcr.io/rust-lang/crates-build-env/linux@sha256:3111399a4047eeb3a02b7a90e478d715f38a8c6669b5c4b49d30a17385265909" "sleep" "infinity", kill_on_drop: false }`
[INFO] [stdout] 6495aa5a834cb989b57753a906a7222223c5f446d3943f48b7c792e6017316c1
[INFO] running `Command { std: "docker" "start" "6495aa5a834cb989b57753a906a7222223c5f446d3943f48b7c792e6017316c1", kill_on_drop: false }`
[INFO] running `Command { std: "docker" "inspect" "6495aa5a834cb989b57753a906a7222223c5f446d3943f48b7c792e6017316c1", kill_on_drop: false }`
[INFO] running `Command { std: "docker" "exec" "-e" "SOURCE_DIR=/opt/rustwide/workdir" "-e" "CARGO_HOME=/opt/rustwide/cargo-home" "-e" "RUSTUP_HOME=/opt/rustwide/rustup-home" "-e" "CARGO_TARGET_DIR=/opt/rustwide/target" "-w" "/opt/rustwide/workdir" "--user" "0:0" "6495aa5a834cb989b57753a906a7222223c5f446d3943f48b7c792e6017316c1" "/opt/rustwide/cargo-home/bin/cargo" "+1.100.0-beta.1" "metadata" "--no-deps" "--format-version=1", kill_on_drop: false }`
[INFO] running `Command { std: "docker" "inspect" "6495aa5a834cb989b57753a906a7222223c5f446d3943f48b7c792e6017316c1", kill_on_drop: false }`
[INFO] running `Command { std: "docker" "exec" "-e" "SOURCE_DIR=/opt/rustwide/workdir" "-e" "CARGO_HOME=/opt/rustwide/cargo-home" "-e" "RUSTUP_HOME=/opt/rustwide/rustup-home" "-e" "CARGO_TARGET_DIR=/opt/rustwide/target" "-e" "CARGO_INCREMENTAL=0" "-e" "RUST_BACKTRACE=full" "-e" "RUSTFLAGS=--cap-lints=warn" "-e" "RUSTDOCFLAGS=--cap-lints=warn" "-w" "/opt/rustwide/workdir" "--user" "0:0" "6495aa5a834cb989b57753a906a7222223c5f446d3943f48b7c792e6017316c1" "/opt/rustwide/cargo-home/bin/cargo" "+1.100.0-beta.1" "build" "--frozen" "--message-format=json", kill_on_drop: false }`
[INFO] [stderr]    Compiling zerocopy v0.8.48
[INFO] [stderr]    Compiling libc v0.2.185
[INFO] [stderr]    Compiling fixed v1.30.0
[INFO] [stderr]    Compiling arrayref v0.3.9
[INFO] [stderr]    Compiling cc v1.2.60
[INFO] [stderr]    Compiling az v1.3.0
[INFO] [stderr]    Compiling typenum v1.20.0
[INFO] [stderr]    Compiling constant_time_eq v0.4.2
[INFO] [stderr]    Compiling zerocopy-derive v0.8.48
[INFO] [stderr]    Compiling thiserror-impl v1.0.69
[INFO] [stderr]    Compiling thiserror v1.0.69
[INFO] [stderr]    Compiling blake3 v1.8.4
[INFO] [stderr]    Compiling getrandom v0.2.17
[INFO] [stderr]    Compiling rand_core v0.6.4
[INFO] [stderr]    Compiling ppv-lite86 v0.2.21
[INFO] [stderr]    Compiling half v2.7.1
[INFO] [stderr]    Compiling rand_chacha v0.3.1
[INFO] [stderr]    Compiling rand v0.8.6
[INFO] [stderr]    Compiling telltale-types v17.0.0
[INFO] [stderr]    Compiling telltale-theory v17.0.0 (/opt/rustwide/workdir)
[INFO] [stderr]     Finished `dev` profile [unoptimized + debuginfo] target(s) in 21.99s
[INFO] running `Command { std: "docker" "inspect" "6495aa5a834cb989b57753a906a7222223c5f446d3943f48b7c792e6017316c1", kill_on_drop: false }`
[INFO] running `Command { std: "docker" "exec" "-e" "SOURCE_DIR=/opt/rustwide/workdir" "-e" "CARGO_HOME=/opt/rustwide/cargo-home" "-e" "RUSTUP_HOME=/opt/rustwide/rustup-home" "-e" "CARGO_TARGET_DIR=/opt/rustwide/target" "-e" "CARGO_INCREMENTAL=0" "-e" "RUST_BACKTRACE=full" "-e" "RUSTFLAGS=--cap-lints=warn" "-e" "RUSTDOCFLAGS=--cap-lints=warn" "-w" "/opt/rustwide/workdir" "--user" "0:0" "6495aa5a834cb989b57753a906a7222223c5f446d3943f48b7c792e6017316c1" "/opt/rustwide/cargo-home/bin/cargo" "+1.100.0-beta.1" "test" "--frozen" "--no-run" "--message-format=json", kill_on_drop: false }`
[INFO] [stderr]    Compiling libc v0.2.185
[INFO] [stderr]    Compiling serde_core v1.0.228
[INFO] [stderr]    Compiling serde v1.0.228
[INFO] [stderr]    Compiling num-traits v0.2.19
[INFO] [stderr]    Compiling bitflags v2.11.1
[INFO] [stderr]    Compiling crossbeam-epoch v0.9.18
[INFO] [stderr]    Compiling clap_builder v4.6.0
[INFO] [stderr]    Compiling regex-automata v0.4.14
[INFO] [stderr]    Compiling itertools v0.10.5
[INFO] [stderr]    Compiling ciborium-ll v0.2.2
[INFO] [stderr]    Compiling assert_matches v1.5.0
[INFO] [stderr]    Compiling rustix v1.1.4
[INFO] [stderr]    Compiling crossbeam-deque v0.8.6
[INFO] [stderr]    Compiling rayon-core v1.13.0
[INFO] [stderr]    Compiling rayon v1.12.0
[INFO] [stderr]    Compiling plotters v0.3.7
[INFO] [stderr]    Compiling criterion-plot v0.5.0
[INFO] [stderr]    Compiling getrandom v0.2.17
[INFO] [stderr]    Compiling getrandom v0.3.4
[INFO] [stderr]    Compiling getrandom v0.4.2
[INFO] [stderr]    Compiling wait-timeout v0.2.1
[INFO] [stderr]    Compiling is-terminal v0.4.17
[INFO] [stderr]    Compiling rand_core v0.6.4
[INFO] [stderr]    Compiling clap v4.6.1
[INFO] [stderr]    Compiling rand_core v0.9.5
[INFO] [stderr]    Compiling tempfile v3.27.0
[INFO] [stderr]    Compiling rand_chacha v0.3.1
[INFO] [stderr]    Compiling regex v1.12.3
[INFO] [stderr]    Compiling rand_xorshift v0.4.0
[INFO] [stderr]    Compiling rand_chacha v0.9.0
[INFO] [stderr]    Compiling rand v0.9.4
[INFO] [stderr]    Compiling rand v0.8.6
[INFO] [stderr]    Compiling rusty-fork v0.3.1
[INFO] [stderr]    Compiling proptest v1.11.0
[INFO] [stderr]    Compiling serde_json v1.0.149
[INFO] [stderr]    Compiling ciborium v0.2.2
[INFO] [stderr]    Compiling telltale-types v17.0.0
[INFO] [stderr]    Compiling tinytemplate v1.2.1
[INFO] [stderr]    Compiling criterion v0.5.1
[INFO] [stderr]    Compiling telltale-theory v17.0.0 (/opt/rustwide/workdir)
[INFO] [stdout] error[E0433]: cannot find module or crate `telltale_bridge` in this scope
[INFO] [stdout]  --> tests/cross_validation_tests.rs:6:5
[INFO] [stdout]   |
[INFO] [stdout] 6 | use telltale_bridge::export::global_to_json;
[INFO] [stdout]   |     ^^^^^^^^^^^^^^^ use of unresolved module or unlinked crate `telltale_bridge`
[INFO] [stdout]   |
[INFO] [stdout]   = help: if you wanted to use a crate named `telltale_bridge`, use `cargo add telltale_bridge` to add it to your `Cargo.toml`
[INFO] [stdout] 
[INFO] [stdout] 
[INFO] [stdout] error[E0433]: cannot find module or crate `telltale_bridge` in this scope
[INFO] [stdout]  --> tests/cross_validation_tests.rs:8:5
[INFO] [stdout]   |
[INFO] [stdout] 8 | use telltale_bridge::export::local_to_json;
[INFO] [stdout]   |     ^^^^^^^^^^^^^^^ use of unresolved module or unlinked crate `telltale_bridge`
[INFO] [stdout]   |
[INFO] [stdout]   = help: if you wanted to use a crate named `telltale_bridge`, use `cargo add telltale_bridge` to add it to your `Cargo.toml`
[INFO] [stdout] 
[INFO] [stdout] 
[INFO] [stdout] error[E0433]: cannot find module or crate `telltale_bridge` in this scope
[INFO] [stdout]  --> tests/cross_validation_tests.rs:9:5
[INFO] [stdout]   |
[INFO] [stdout] 9 | use telltale_bridge::import::json_to_local;
[INFO] [stdout]   |     ^^^^^^^^^^^^^^^ use of unresolved module or unlinked crate `telltale_bridge`
[INFO] [stdout]   |
[INFO] [stdout]   = help: if you wanted to use a crate named `telltale_bridge`, use `cargo add telltale_bridge` to add it to your `Cargo.toml`
[INFO] [stdout] 
[INFO] [stdout] 
[INFO] [stdout] error[E0433]: cannot find module or crate `telltale_bridge` in this scope
[INFO] [stdout]   --> tests/cross_validation_tests.rs:10:5
[INFO] [stdout]    |
[INFO] [stdout] 10 | use telltale_bridge::runner::LeanRunner;
[INFO] [stdout]    |     ^^^^^^^^^^^^^^^ use of unresolved module or unlinked crate `telltale_bridge`
[INFO] [stdout]    |
[INFO] [stdout]    = help: if you wanted to use a crate named `telltale_bridge`, use `cargo add telltale_bridge` to add it to your `Cargo.toml`
[INFO] [stdout] 
[INFO] [stdout] 
[INFO] [stdout] For more information about this error, try `rustc --explain E0433`.
[INFO] [stdout] 
[INFO] [stderr] error: could not compile `telltale-theory` (test "cross_validation_tests") due to 4 previous errors
[INFO] [stderr] warning: build failed, waiting for other jobs to finish...
[INFO] running `Command { std: "docker" "inspect" "6495aa5a834cb989b57753a906a7222223c5f446d3943f48b7c792e6017316c1", kill_on_drop: false }`
[INFO] running `Command { std: "docker" "rm" "-f" "6495aa5a834cb989b57753a906a7222223c5f446d3943f48b7c792e6017316c1", kill_on_drop: false }`
[INFO] [stdout] 6495aa5a834cb989b57753a906a7222223c5f446d3943f48b7c792e6017316c1
