[INFO] fetching crate teeny-triton 0.2.0...
[INFO] testing teeny-triton-0.2.0 against 1.99.0-beta.8 for beta-1.100-2
[INFO] extracting crate teeny-triton 0.2.0 into /workspace/builds/worker-5-tc1/source
[INFO] started tweaking crates.io crate teeny-triton 0.2.0
[INFO] removed 0 missing examples
[INFO] removed 0 missing tests
[INFO] finished tweaking crates.io crate teeny-triton 0.2.0
[INFO] tweaked toml for crates.io crate teeny-triton 0.2.0 written to /workspace/builds/worker-5-tc1/source/Cargo.toml
[INFO] validating manifest of crates.io crate teeny-triton 0.2.0 on toolchain 1.99.0-beta.8
[INFO] running `Command { std: CARGO_HOME="/workspace/cargo-home" RUSTUP_HOME="/workspace/rustup-home" "/workspace/cargo-home/bin/cargo" "+1.99.0-beta.8" "metadata" "--manifest-path" "Cargo.toml" "--no-deps", kill_on_drop: false }`
[INFO] crate crates.io crate teeny-triton 0.2.0 already has a lockfile, it will not be regenerated
[INFO] running `Command { std: CARGO_HOME="/workspace/cargo-home" RUSTUP_HOME="/workspace/rustup-home" "/workspace/cargo-home/bin/cargo" "+1.99.0-beta.8" "fetch" "--manifest-path" "Cargo.toml", kill_on_drop: false }`
[INFO] [stderr]     Updating crates.io index
[INFO] [stderr]  Downloading crates ...
[INFO] [stderr]   Downloaded cargo-platform v0.3.3
[INFO] [stderr]   Downloaded cargo_metadata v0.23.1
[INFO] [stderr]   Downloaded insta v1.48.0
[INFO] [stderr]   Downloaded camino v1.2.5
[INFO] [stderr]   Downloaded teeny-core v0.2.0
[INFO] running `Command { std: "docker" "create" "-v" "/var/lib/crater-agent-workspace/builds/worker-5-tc1/source:/opt/rustwide/workdir:ro,Z" "-v" "/var/lib/crater-agent-workspace/builds/worker-5-tc1/target:/opt/rustwide/target:rw,Z" "-v" "/var/lib/crater-agent-workspace/cargo-home:/opt/rustwide/cargo-home:ro,Z" "-v" "/var/lib/crater-agent-workspace/rustup-home:/opt/rustwide/rustup-home:ro,Z" "-m" "1610612736" "--network" "none" "ghcr.io/rust-lang/crates-build-env/linux@sha256:3111399a4047eeb3a02b7a90e478d715f38a8c6669b5c4b49d30a17385265909" "sleep" "infinity", kill_on_drop: false }`
[INFO] [stdout] adc4f7afa9bf93be218405a21ceb84e1fba99bce4a9dfa74a7b0259bc7c181dd
[INFO] running `Command { std: "docker" "start" "adc4f7afa9bf93be218405a21ceb84e1fba99bce4a9dfa74a7b0259bc7c181dd", kill_on_drop: false }`
[INFO] running `Command { std: "docker" "inspect" "adc4f7afa9bf93be218405a21ceb84e1fba99bce4a9dfa74a7b0259bc7c181dd", kill_on_drop: false }`
[INFO] running `Command { std: "docker" "exec" "-e" "SOURCE_DIR=/opt/rustwide/workdir" "-e" "CARGO_HOME=/opt/rustwide/cargo-home" "-e" "RUSTUP_HOME=/opt/rustwide/rustup-home" "-e" "CARGO_TARGET_DIR=/opt/rustwide/target" "-w" "/opt/rustwide/workdir" "--user" "0:0" "adc4f7afa9bf93be218405a21ceb84e1fba99bce4a9dfa74a7b0259bc7c181dd" "/opt/rustwide/cargo-home/bin/cargo" "+1.99.0-beta.8" "metadata" "--no-deps" "--format-version=1", kill_on_drop: false }`
[INFO] running `Command { std: "docker" "inspect" "adc4f7afa9bf93be218405a21ceb84e1fba99bce4a9dfa74a7b0259bc7c181dd", kill_on_drop: false }`
[INFO] running `Command { std: "docker" "exec" "-e" "SOURCE_DIR=/opt/rustwide/workdir" "-e" "CARGO_HOME=/opt/rustwide/cargo-home" "-e" "RUSTUP_HOME=/opt/rustwide/rustup-home" "-e" "CARGO_TARGET_DIR=/opt/rustwide/target" "-e" "CARGO_INCREMENTAL=0" "-e" "RUST_BACKTRACE=full" "-e" "RUSTFLAGS=--cap-lints=warn" "-e" "RUSTDOCFLAGS=--cap-lints=warn" "-w" "/opt/rustwide/workdir" "--user" "0:0" "adc4f7afa9bf93be218405a21ceb84e1fba99bce4a9dfa74a7b0259bc7c181dd" "/opt/rustwide/cargo-home/bin/cargo" "+1.99.0-beta.8" "build" "--frozen" "--message-format=json", kill_on_drop: false }`
[INFO] [stderr]    Compiling unicode-ident v1.0.24
[INFO] [stderr]    Compiling serde_core v1.0.229
[INFO] [stderr]    Compiling typenum v1.20.1
[INFO] [stderr]    Compiling serde_json v1.0.151
[INFO] [stderr]    Compiling camino v1.2.5
[INFO] [stderr]    Compiling memchr v2.8.3
[INFO] [stderr]    Compiling anyhow v1.0.104
[INFO] [stderr]    Compiling thiserror v2.0.20
[INFO] [stderr]    Compiling serde v1.0.229
[INFO] [stderr]    Compiling proc-macro2 v1.0.107
[INFO] [stderr]    Compiling quote v1.0.47
[INFO] [stderr]    Compiling syn v3.0.3
[INFO] [stderr]    Compiling hybrid-array v0.4.14
[INFO] [stderr]    Compiling block-buffer v0.12.1
[INFO] [stderr]    Compiling crypto-common v0.2.2
[INFO] [stderr]    Compiling digest v0.11.3
[INFO] [stderr]    Compiling sha2 v0.11.0
[INFO] [stderr]    Compiling semver v1.0.28
[INFO] [stderr]    Compiling cargo-platform v0.3.3
[INFO] [stderr]    Compiling thiserror-impl v2.0.20
[INFO] [stderr]    Compiling serde_derive v1.0.229
[INFO] [stderr]    Compiling teeny-core v0.2.0
[INFO] [stderr]    Compiling cargo_metadata v0.23.1
[INFO] [stderr]    Compiling teeny-triton v0.2.0 (/opt/rustwide/workdir)
[INFO] [stderr]     Finished `dev` profile [unoptimized + debuginfo] target(s) in 13.51s
[INFO] running `Command { std: "docker" "inspect" "adc4f7afa9bf93be218405a21ceb84e1fba99bce4a9dfa74a7b0259bc7c181dd", kill_on_drop: false }`
[INFO] running `Command { std: "docker" "exec" "-e" "SOURCE_DIR=/opt/rustwide/workdir" "-e" "CARGO_HOME=/opt/rustwide/cargo-home" "-e" "RUSTUP_HOME=/opt/rustwide/rustup-home" "-e" "CARGO_TARGET_DIR=/opt/rustwide/target" "-e" "CARGO_INCREMENTAL=0" "-e" "RUST_BACKTRACE=full" "-e" "RUSTFLAGS=--cap-lints=warn" "-e" "RUSTDOCFLAGS=--cap-lints=warn" "-w" "/opt/rustwide/workdir" "--user" "0:0" "adc4f7afa9bf93be218405a21ceb84e1fba99bce4a9dfa74a7b0259bc7c181dd" "/opt/rustwide/cargo-home/bin/cargo" "+1.99.0-beta.8" "test" "--frozen" "--no-run" "--message-format=json", kill_on_drop: false }`
[INFO] [stderr]    Compiling rustix v1.1.4
[INFO] [stderr]    Compiling libc v0.2.189
[INFO] [stderr]    Compiling getrandom v0.4.3
[INFO] [stderr]    Compiling linux-raw-sys v0.12.1
[INFO] [stderr]    Compiling bitflags v2.13.1
[INFO] [stderr]    Compiling fastrand v2.5.0
[INFO] [stderr]    Compiling once_cell v1.21.4
[INFO] [stderr]    Compiling similar v2.7.0
[INFO] [stderr]    Compiling dotenv v0.15.0
[INFO] [stderr]    Compiling console v0.16.4
[INFO] [stderr]    Compiling tempfile v3.27.0
[INFO] [stderr]    Compiling insta v1.48.0
[INFO] [stderr]    Compiling teeny-triton v0.2.0 (/opt/rustwide/workdir)
[INFO] [stdout] error[E0433]: cannot find module or crate `teeny_compiler` in this scope
[INFO] [stdout]   --> tests/test_kitchen_sink.rs:20:5
[INFO] [stdout]    |
[INFO] [stdout] 20 | use teeny_compiler::compiler::{backend::llvm::compiler::LlvmCompiler, target::cuda::Target};
[INFO] [stdout]    |     ^^^^^^^^^^^^^^ use of unresolved module or unlinked crate `teeny_compiler`
[INFO] [stdout]    |
[INFO] [stdout]    = help: if you wanted to use a crate named `teeny_compiler`, use `cargo add teeny_compiler` to add it to your `Cargo.toml`
[INFO] [stdout] 
[INFO] [stdout] 
[INFO] [stdout] error[E0433]: cannot find module or crate `teeny_cuda` in this scope
[INFO] [stdout]   --> tests/test_kitchen_sink.rs:32:5
[INFO] [stdout]    |
[INFO] [stdout] 32 | use teeny_cuda::compiler::target::Capability;
[INFO] [stdout]    |     ^^^^^^^^^^ use of unresolved module or unlinked crate `teeny_cuda`
[INFO] [stdout]    |
[INFO] [stdout] help: there is a crate or module with a similar name
[INFO] [stdout]    |
[INFO] [stdout] 32 - use teeny_cuda::compiler::target::Capability;
[INFO] [stdout] 32 + use teeny_core::compiler::target::Capability;
[INFO] [stdout]    |
[INFO] [stdout] 
[INFO] [stdout] 
[INFO] [stdout] error[E0432]: unresolved import `teeny_macros`
[INFO] [stdout]   --> tests/test_kitchen_sink.rs:26:5
[INFO] [stdout]    |
[INFO] [stdout] 26 | use teeny_macros::kernel;
[INFO] [stdout]    |     ^^^^^^^^^^^^ use of unresolved module or unlinked crate `teeny_macros`
[INFO] [stdout]    |
[INFO] [stdout] help: there is a crate or module with a similar name
[INFO] [stdout]    |
[INFO] [stdout] 26 - use teeny_macros::kernel;
[INFO] [stdout] 26 + use teeny_core::kernel;
[INFO] [stdout]    |
[INFO] [stdout] 
[INFO] [stdout] 
[INFO] [stdout] error[E0433]: cannot find module or crate `teeny_compiler` in this scope
[INFO] [stdout]    --> tests/test_kitchen_sink.rs:307:23
[INFO] [stdout]     |
[INFO] [stdout] 307 |     let teenyc_path = teeny_compiler::compiler::find_teenyc()?;
[INFO] [stdout]     |                       ^^^^^^^^^^^^^^ use of unresolved module or unlinked crate `teeny_compiler`
[INFO] [stdout]     |
[INFO] [stdout]     = help: if you wanted to use a crate named `teeny_compiler`, use `cargo add teeny_compiler` to add it to your `Cargo.toml`
[INFO] [stdout] 
[INFO] [stdout] 
[INFO] [stdout] error[E0433]: cannot find type `KitchenSink` in this scope
[INFO] [stdout]    --> tests/test_kitchen_sink.rs:306:18
[INFO] [stdout]     |
[INFO] [stdout] 306 |     let kernel = KitchenSink::<f32>::new(1024);
[INFO] [stdout]     |                  ^^^^^^^^^^^ use of undeclared type `KitchenSink`
[INFO] [stdout] 
[INFO] [stdout] 
[INFO] [stdout] Some errors have detailed explanations: E0432, E0433.
[INFO] [stdout] 
[INFO] [stdout] For more information about an error, try `rustc --explain E0432`.
[INFO] [stdout] 
[INFO] [stderr] error: could not compile `teeny-triton` (test "test_kitchen_sink") due to 5 previous errors
[INFO] [stderr] warning: build failed, waiting for other jobs to finish...
[INFO] running `Command { std: "docker" "inspect" "adc4f7afa9bf93be218405a21ceb84e1fba99bce4a9dfa74a7b0259bc7c181dd", kill_on_drop: false }`
[INFO] running `Command { std: "docker" "rm" "-f" "adc4f7afa9bf93be218405a21ceb84e1fba99bce4a9dfa74a7b0259bc7c181dd", kill_on_drop: false }`
[INFO] [stdout] adc4f7afa9bf93be218405a21ceb84e1fba99bce4a9dfa74a7b0259bc7c181dd
