[INFO] fetching crate teaql-tool-std 2.0.0...
[INFO] testing teaql-tool-std-2.0.0 against 1.99.0-beta.8 for beta-1.100-2
[INFO] extracting crate teaql-tool-std 2.0.0 into /workspace/builds/worker-6-tc1/source
[INFO] started tweaking crates.io crate teaql-tool-std 2.0.0
[INFO] removed 0 missing tests
[INFO] finished tweaking crates.io crate teaql-tool-std 2.0.0
[INFO] tweaked toml for crates.io crate teaql-tool-std 2.0.0 written to /workspace/builds/worker-6-tc1/source/Cargo.toml
[INFO] validating manifest of crates.io crate teaql-tool-std 2.0.0 on toolchain 1.99.0-beta.8
[INFO] running `Command { std: CARGO_HOME="/workspace/cargo-home" RUSTUP_HOME="/workspace/rustup-home" "/workspace/cargo-home/bin/cargo" "+1.99.0-beta.8" "metadata" "--manifest-path" "Cargo.toml" "--no-deps", kill_on_drop: false }`
[INFO] crate crates.io crate teaql-tool-std 2.0.0 already has a lockfile, it will not be regenerated
[INFO] running `Command { std: CARGO_HOME="/workspace/cargo-home" RUSTUP_HOME="/workspace/rustup-home" "/workspace/cargo-home/bin/cargo" "+1.99.0-beta.8" "fetch" "--manifest-path" "Cargo.toml", kill_on_drop: false }`
[INFO] [stderr]     Updating crates.io index
[INFO] [stderr]     Blocking waiting for file lock on package cache
[INFO] [stderr]  Downloading crates ...
[INFO] [stderr]   Downloaded teaql-tool-core v2.0.0
[INFO] [stderr]   Downloaded ulid v1.2.1
[INFO] [stderr]   Downloaded uuid v1.23.2
[INFO] [stderr]   Downloaded rust_decimal_macros v1.40.0
[INFO] [stderr]   Downloaded similar v3.1.1
[INFO] [stderr]   Downloaded wasm-bindgen-futures v0.4.72
[INFO] [stderr]   Downloaded rust_decimal v1.42.0
[INFO] [stderr]   Downloaded utf8-width v0.1.8
[INFO] [stderr]   Downloaded html-escape v0.2.13
[INFO] [stderr]   Downloaded micromap v0.3.0
[INFO] [stderr]   Downloaded referencing v0.46.5
[INFO] [stderr]   Downloaded iso_country v0.1.4
[INFO] [stderr]   Downloaded http v1.4.1
[INFO] [stderr]   Downloaded iso_currency v0.5.3
[INFO] [stderr]   Downloaded data-encoding v2.11.0
[INFO] [stderr]   Downloaded json-patch v4.2.0
[INFO] [stderr]   Downloaded convert_case v0.11.0
[INFO] [stderr]   Downloaded reqwest v0.13.4
[INFO] [stderr]   Downloaded fraction v0.15.4
[INFO] [stderr]   Downloaded jsonptr v0.7.1
[INFO] [stderr]   Downloaded h2 v0.4.14
[INFO] [stderr]   Downloaded jsonschema v0.46.5
[INFO] [stderr]   Downloaded aws-lc-rs v1.17.0
[INFO] [stderr]   Downloaded fancy-regex v0.18.0
[INFO] [stderr]   Downloaded web-sys v0.3.99
[INFO] [stderr]   Downloaded aws-lc-sys v0.41.0
[INFO] running `Command { std: "docker" "create" "-v" "/var/lib/crater-agent-workspace/builds/worker-6-tc1/source:/opt/rustwide/workdir:ro,Z" "-v" "/var/lib/crater-agent-workspace/builds/worker-6-tc1/target:/opt/rustwide/target:rw,Z" "-v" "/var/lib/crater-agent-workspace/cargo-home:/opt/rustwide/cargo-home:ro,Z" "-v" "/var/lib/crater-agent-workspace/rustup-home:/opt/rustwide/rustup-home:ro,Z" "-m" "1610612736" "--network" "none" "ghcr.io/rust-lang/crates-build-env/linux@sha256:3111399a4047eeb3a02b7a90e478d715f38a8c6669b5c4b49d30a17385265909" "sleep" "infinity", kill_on_drop: false }`
[INFO] [stdout] 5ce802971e8ec58973014555658b19dee3120a9f64077bfd4059e885bd329296
[INFO] running `Command { std: "docker" "start" "5ce802971e8ec58973014555658b19dee3120a9f64077bfd4059e885bd329296", kill_on_drop: false }`
[INFO] running `Command { std: "docker" "inspect" "5ce802971e8ec58973014555658b19dee3120a9f64077bfd4059e885bd329296", kill_on_drop: false }`
[INFO] running `Command { std: "docker" "exec" "-e" "SOURCE_DIR=/opt/rustwide/workdir" "-e" "CARGO_HOME=/opt/rustwide/cargo-home" "-e" "RUSTUP_HOME=/opt/rustwide/rustup-home" "-e" "CARGO_TARGET_DIR=/opt/rustwide/target" "-w" "/opt/rustwide/workdir" "--user" "0:0" "5ce802971e8ec58973014555658b19dee3120a9f64077bfd4059e885bd329296" "/opt/rustwide/cargo-home/bin/cargo" "+1.99.0-beta.8" "metadata" "--no-deps" "--format-version=1", kill_on_drop: false }`
[INFO] running `Command { std: "docker" "inspect" "5ce802971e8ec58973014555658b19dee3120a9f64077bfd4059e885bd329296", kill_on_drop: false }`
[INFO] running `Command { std: "docker" "exec" "-e" "SOURCE_DIR=/opt/rustwide/workdir" "-e" "CARGO_HOME=/opt/rustwide/cargo-home" "-e" "RUSTUP_HOME=/opt/rustwide/rustup-home" "-e" "CARGO_TARGET_DIR=/opt/rustwide/target" "-e" "CARGO_INCREMENTAL=0" "-e" "RUST_BACKTRACE=full" "-e" "RUSTFLAGS=--cap-lints=warn" "-e" "RUSTDOCFLAGS=--cap-lints=warn" "-w" "/opt/rustwide/workdir" "--user" "0:0" "5ce802971e8ec58973014555658b19dee3120a9f64077bfd4059e885bd329296" "/opt/rustwide/cargo-home/bin/cargo" "+1.99.0-beta.8" "build" "--frozen" "--message-format=json", kill_on_drop: false }`
[INFO] [stderr]    Compiling syn v2.0.117
[INFO] [stderr]    Compiling jobserver v0.1.34
[INFO] [stderr]    Compiling find-msvc-tools v0.1.9
[INFO] [stderr]    Compiling shlex v2.0.1
[INFO] [stderr]    Compiling memchr v2.8.1
[INFO] [stderr]    Compiling serde_core v1.0.228
[INFO] [stderr]    Compiling dunce v1.0.5
[INFO] [stderr]    Compiling fs_extra v1.3.0
[INFO] [stderr]    Compiling serde v1.0.228
[INFO] [stderr]    Compiling smallvec v1.15.1
[INFO] [stderr]    Compiling mio v1.2.1
[INFO] [stderr]    Compiling socket2 v0.6.4
[INFO] [stderr]    Compiling futures-sink v0.3.32
[INFO] [stderr]    Compiling getrandom v0.3.4
[INFO] [stderr]    Compiling num-traits v0.2.19
[INFO] [stderr]    Compiling aws-lc-rs v1.17.0
[INFO] [stderr]    Compiling writeable v0.6.3
[INFO] [stderr]    Compiling litemap v0.8.2
[INFO] [stderr]    Compiling zeroize v1.8.2
[INFO] [stderr]    Compiling zerocopy v0.8.50
[INFO] [stderr]    Compiling cc v1.2.63
[INFO] [stderr]    Compiling http v1.4.1
[INFO] [stderr]    Compiling icu_properties_data v2.2.0
[INFO] [stderr]    Compiling icu_normalizer_data v2.2.0
[INFO] [stderr]    Compiling zmij v1.0.21
[INFO] [stderr]    Compiling untrusted v0.9.0
[INFO] [stderr]    Compiling futures-task v0.3.32
[INFO] [stderr]    Compiling rustls-pki-types v1.14.1
[INFO] [stderr]    Compiling rustls v0.23.40
[INFO] [stderr]    Compiling httparse v1.10.1
[INFO] [stderr]    Compiling tokio v1.52.3
[INFO] [stderr]    Compiling futures-io v0.3.32
[INFO] [stderr]    Compiling serde_json v1.0.150
[INFO] [stderr]    Compiling futures-util v0.3.32
[INFO] [stderr]    Compiling indexmap v2.14.0
[INFO] [stderr]    Compiling tracing v0.1.44
[INFO] [stderr]    Compiling subtle v2.6.1
[INFO] [stderr]    Compiling try-lock v0.2.5
[INFO] [stderr]    Compiling atomic-waker v1.1.2
[INFO] [stderr]    Compiling futures-channel v0.3.32
[INFO] [stderr]    Compiling want v0.3.1
[INFO] [stderr]    Compiling ref-cast v1.0.25
[INFO] [stderr]    Compiling hybrid-array v0.4.12
[INFO] [stderr]    Compiling ahash v0.8.12
[INFO] [stderr]    Compiling rand_core v0.9.5
[INFO] [stderr]    Compiling aho-corasick v1.1.4
[INFO] [stderr]    Compiling sync_wrapper v1.0.2
[INFO] [stderr]    Compiling lazy_static v1.5.0
[INFO] [stderr]    Compiling base64 v0.22.1
[INFO] [stderr]    Compiling regex-syntax v0.8.10
[INFO] [stderr]    Compiling thiserror v2.0.18
[INFO] [stderr]    Compiling ipnet v2.12.0
[INFO] [stderr]    Compiling openssl-probe v0.2.1
[INFO] [stderr]    Compiling rustls-native-certs v0.8.3
[INFO] [stderr]    Compiling parking_lot_core v0.9.12
[INFO] [stderr]    Compiling unicode-general-category v1.1.0
[INFO] [stderr]    Compiling http-body v1.0.1
[INFO] [stderr]    Compiling num-integer v0.1.46
[INFO] [stderr]    Compiling num-complex v0.4.6
[INFO] [stderr]    Compiling getrandom v0.4.2
[INFO] [stderr]    Compiling bitflags v2.11.1
[INFO] [stderr]    Compiling log v0.4.30
[INFO] [stderr]    Compiling allocator-api2 v0.2.21
[INFO] [stderr]    Compiling siphasher v1.0.3
[INFO] [stderr]    Compiling cmake v0.1.58
[INFO] [stderr]    Compiling num-bigint v0.4.6
[INFO] [stderr]    Compiling num-iter v0.1.45
[INFO] [stderr]    Compiling borrow-or-share v0.2.4
[INFO] [stderr]    Compiling foldhash v0.2.0
[INFO] [stderr]    Compiling phf_shared v0.12.1
[INFO] [stderr]    Compiling hashbrown v0.16.1
[INFO] [stderr]    Compiling crypto-common v0.2.2
[INFO] [stderr]    Compiling block-buffer v0.12.0
[INFO] [stderr]    Compiling http-body-util v0.1.3
[INFO] [stderr]    Compiling parking_lot v0.12.5
[INFO] [stderr]    Compiling iso_currency v0.5.3
[INFO] [stderr]    Compiling chrono-tz v0.10.4
[INFO] [stderr]    Compiling micromap v0.3.0
[INFO] [stderr]    Compiling tinyvec_macros v0.1.1
[INFO] [stderr]    Compiling const-oid v0.10.2
[INFO] [stderr]    Compiling synstructure v0.13.2
[INFO] [stderr]    Compiling arrayvec v0.7.6
[INFO] [stderr]    Compiling vsimd v0.8.0
[INFO] [stderr]    Compiling aws-lc-sys v0.41.0
[INFO] [stderr]    Compiling blake3 v1.8.5
[INFO] [stderr]    Compiling cpufeatures v0.3.0
[INFO] [stderr]    Compiling outref v0.5.2
[INFO] [stderr]    Compiling rust_decimal v1.42.0
[INFO] [stderr]    Compiling crc32fast v1.5.0
[INFO] [stderr]    Compiling digest v0.11.3
[INFO] [stderr]    Compiling tinyvec v1.11.0
[INFO] [stderr]    Compiling phf v0.12.1
[INFO] [stderr]    Compiling iso_country v0.1.4
[INFO] [stderr]    Compiling utf8-width v0.1.8
[INFO] [stderr]    Compiling bytecount v0.6.9
[INFO] [stderr]    Compiling uuid-simd v0.8.0
[INFO] [stderr]    Compiling data-encoding v2.11.0
[INFO] [stderr]    Compiling num-cmp v0.1.0
[INFO] [stderr]    Compiling unicode-segmentation v1.13.2
[INFO] [stderr]    Compiling arrayref v0.3.9
[INFO] [stderr]    Compiling constant_time_eq v0.4.2
[INFO] [stderr]    Compiling unicode-normalization v0.1.25
[INFO] [stderr]    Compiling regex-automata v0.4.14
[INFO] [stderr]    Compiling uuid v1.23.2
[INFO] [stderr]    Compiling html-escape v0.2.13
[INFO] [stderr]    Compiling sha2 v0.11.0
[INFO] [stderr]    Compiling zerofrom-derive v0.1.7
[INFO] [stderr]    Compiling yoke-derive v0.8.2
[INFO] [stderr]    Compiling zerovec-derive v0.11.3
[INFO] [stderr]    Compiling displaydoc v0.2.6
[INFO] [stderr]    Compiling serde_derive v1.0.228
[INFO] [stderr]    Compiling ref-cast-impl v1.0.25
[INFO] [stderr]    Compiling num-rational v0.4.2
[INFO] [stderr]    Compiling thiserror-impl v2.0.18
[INFO] [stderr]    Compiling convert_case v0.11.0
[INFO] [stderr]    Compiling zerofrom v0.1.8
[INFO] [stderr]    Compiling tokio-util v0.7.18
[INFO] [stderr]    Compiling tower v0.5.3
[INFO] [stderr]    Compiling similar v3.1.1
[INFO] [stderr]    Compiling urlencoding v2.1.3
[INFO] [stderr]    Compiling yoke v0.8.2
[INFO] [stderr]    Compiling num v0.4.3
[INFO] [stderr]    Compiling fraction v0.15.4
[INFO] [stderr]    Compiling zerotrie v0.2.4
[INFO] [stderr]    Compiling zerovec v0.11.6
[INFO] [stderr]    Compiling teaql-tool-core v2.0.0
[INFO] [stderr]    Compiling h2 v0.4.14
[INFO] [stderr]    Compiling ppv-lite86 v0.2.21
[INFO] [stderr]    Compiling tinystr v0.8.3
[INFO] [stderr]    Compiling potential_utf v0.1.5
[INFO] [stderr]    Compiling icu_collections v2.2.0
[INFO] [stderr]    Compiling icu_locale_core v2.2.0
[INFO] [stderr]    Compiling rand_chacha v0.9.0
[INFO] [stderr]    Compiling rand v0.9.4
[INFO] [stderr]    Compiling fancy-regex v0.18.0
[INFO] [stderr]    Compiling regex v1.12.3
[INFO] [stderr]    Compiling nanoid v0.5.0
[INFO] [stderr]    Compiling ulid v1.2.1
[INFO] [stderr]    Compiling icu_provider v2.2.0
[INFO] [stderr]    Compiling fluent-uri v0.4.1
[INFO] [stderr]    Compiling icu_properties v2.2.0
[INFO] [stderr]    Compiling icu_normalizer v2.2.0
[INFO] [stderr]    Compiling jsonptr v0.7.1
[INFO] [stderr]    Compiling email_address v0.2.9
[INFO] [stderr]    Compiling chrono v0.4.44
[INFO] [stderr]    Compiling json-patch v4.2.0
[INFO] [stderr]    Compiling referencing v0.46.5
[INFO] [stderr]    Compiling hyper v1.10.1
[INFO] [stderr]    Compiling idna_adapter v1.2.2
[INFO] [stderr]    Compiling idna v1.1.0
[INFO] [stderr]    Compiling url v2.5.8
[INFO] [stderr]    Compiling tower-http v0.6.11
[INFO] [stderr]    Compiling hyper-util v0.1.20
[INFO] [stderr]    Compiling rustls-webpki v0.103.13
[INFO] [stderr]    Compiling tokio-rustls v0.26.4
[INFO] [stderr]    Compiling rustls-platform-verifier v0.7.0
[INFO] [stderr]    Compiling hyper-rustls v0.27.9
[INFO] [stderr]    Compiling reqwest v0.13.4
[INFO] [stderr]    Compiling jsonschema v0.46.5
[INFO] [stderr]    Compiling teaql-tool-std v2.0.0 (/opt/rustwide/workdir)
[INFO] [stdout] warning: unused import: `Ipv4Addr`
[INFO] [stdout]  --> src/net.rs:1:24
[INFO] [stdout]   |
[INFO] [stdout] 1 | use std::net::{IpAddr, Ipv4Addr, TcpListener, UdpSocket};
[INFO] [stdout]   |                        ^^^^^^^^
[INFO] [stdout]   |
[INFO] [stdout]   = note: `#[warn(unused_imports)]` (part of `#[warn(unused)]`) on by default
[INFO] [stdout] 
[INFO] [stdout] 
[INFO] [stdout] warning: variable does not need to be mutable
[INFO] [stdout]   --> src/tree.rs:49:13
[INFO] [stdout]    |
[INFO] [stdout] 49 |         let mut all_nodes = items.clone();
[INFO] [stdout]    |             ----^^^^^^^^^
[INFO] [stdout]    |             |
[INFO] [stdout]    |             help: remove this `mut`
[INFO] [stdout]    |
[INFO] [stdout]    = note: `#[warn(unused_mut)]` (part of `#[warn(unused)]`) on by default
[INFO] [stdout] 
[INFO] [stdout] 
[INFO] [stdout] warning: value assigned to `forest` is never read
[INFO] [stdout]   --> src/tree.rs:42:26
[INFO] [stdout]    |
[INFO] [stdout] 42 |         let mut forest = Vec::new();
[INFO] [stdout]    |                          ^^^^^^^^^^ this value is reassigned later and never used
[INFO] [stdout] ...
[INFO] [stdout] 75 |         forest = build_children(&root_parent_id, &all_nodes, id_field, parent_id_field, children_field);
[INFO] [stdout]    |         ------ `forest` is overwritten here before the previous value is read
[INFO] [stdout]    |
[INFO] [stdout]    = note: `#[warn(unused_assignments)]` (part of `#[warn(unused)]`) on by default
[INFO] [stdout] 
[INFO] [stdout] 
[INFO] [stderr]     Finished `dev` profile [unoptimized + debuginfo] target(s) in 1m 28s
[INFO] running `Command { std: "docker" "inspect" "5ce802971e8ec58973014555658b19dee3120a9f64077bfd4059e885bd329296", kill_on_drop: false }`
[INFO] running `Command { std: "docker" "exec" "-e" "SOURCE_DIR=/opt/rustwide/workdir" "-e" "CARGO_HOME=/opt/rustwide/cargo-home" "-e" "RUSTUP_HOME=/opt/rustwide/rustup-home" "-e" "CARGO_TARGET_DIR=/opt/rustwide/target" "-e" "CARGO_INCREMENTAL=0" "-e" "RUST_BACKTRACE=full" "-e" "RUSTFLAGS=--cap-lints=warn" "-e" "RUSTDOCFLAGS=--cap-lints=warn" "-w" "/opt/rustwide/workdir" "--user" "0:0" "5ce802971e8ec58973014555658b19dee3120a9f64077bfd4059e885bd329296" "/opt/rustwide/cargo-home/bin/cargo" "+1.99.0-beta.8" "test" "--frozen" "--no-run" "--message-format=json", kill_on_drop: false }`
[INFO] [stderr]    Compiling syn v2.0.117
[INFO] [stderr]    Compiling synstructure v0.13.2
[INFO] [stderr]    Compiling zerovec-derive v0.11.3
[INFO] [stderr]    Compiling displaydoc v0.2.6
[INFO] [stderr]    Compiling serde_derive v1.0.228
[INFO] [stderr]    Compiling ref-cast-impl v1.0.25
[INFO] [stderr]    Compiling thiserror-impl v2.0.18
[INFO] [stderr]    Compiling rust_decimal_macros v1.40.0
[INFO] [stderr]    Compiling zerofrom-derive v0.1.7
[INFO] [stderr]    Compiling yoke-derive v0.8.2
[INFO] [stderr]    Compiling ref-cast v1.0.25
[INFO] [stderr]    Compiling zerofrom v0.1.8
[INFO] [stderr]    Compiling yoke v0.8.2
[INFO] [stderr]    Compiling zerovec v0.11.6
[INFO] [stderr]    Compiling zerotrie v0.2.4
[INFO] [stderr]    Compiling thiserror v2.0.18
[INFO] [stderr]    Compiling teaql-tool-core v2.0.0
[INFO] [stderr]    Compiling tinystr v0.8.3
[INFO] [stderr]    Compiling potential_utf v0.1.5
[INFO] [stderr]    Compiling icu_collections v2.2.0
[INFO] [stderr]    Compiling icu_locale_core v2.2.0
[INFO] [stderr]    Compiling icu_provider v2.2.0
[INFO] [stderr]    Compiling serde v1.0.228
[INFO] [stderr]    Compiling icu_normalizer v2.2.0
[INFO] [stderr]    Compiling icu_properties v2.2.0
[INFO] [stderr]    Compiling fluent-uri v0.4.1
[INFO] [stderr]    Compiling ahash v0.8.12
[INFO] [stderr]    Compiling chrono v0.4.44
[INFO] [stderr]    Compiling jsonptr v0.7.1
[INFO] [stderr]    Compiling email_address v0.2.9
[INFO] [stderr]    Compiling rust_decimal v1.42.0
[INFO] [stderr]    Compiling json-patch v4.2.0
[INFO] [stderr]    Compiling referencing v0.46.5
[INFO] [stderr]    Compiling idna_adapter v1.2.2
[INFO] [stderr]    Compiling idna v1.1.0
[INFO] [stderr]    Compiling url v2.5.8
[INFO] [stderr]    Compiling tower-http v0.6.11
[INFO] [stderr]    Compiling chrono-tz v0.10.4
[INFO] [stderr]    Compiling reqwest v0.13.4
[INFO] [stderr]    Compiling jsonschema v0.46.5
[INFO] [stderr]    Compiling teaql-tool-std v2.0.0 (/opt/rustwide/workdir)
[INFO] [stdout] warning: unused import: `Ipv4Addr`
[INFO] [stdout]  --> src/net.rs:1:24
[INFO] [stdout]   |
[INFO] [stdout] 1 | use std::net::{IpAddr, Ipv4Addr, TcpListener, UdpSocket};
[INFO] [stdout]   |                        ^^^^^^^^
[INFO] [stdout]   |
[INFO] [stdout]   = note: `#[warn(unused_imports)]` (part of `#[warn(unused)]`) on by default
[INFO] [stdout] 
[INFO] [stdout] 
[INFO] [stdout] warning: variable does not need to be mutable
[INFO] [stdout]   --> src/tree.rs:49:13
[INFO] [stdout]    |
[INFO] [stdout] 49 |         let mut all_nodes = items.clone();
[INFO] [stdout]    |             ----^^^^^^^^^
[INFO] [stdout]    |             |
[INFO] [stdout]    |             help: remove this `mut`
[INFO] [stdout]    |
[INFO] [stdout]    = note: `#[warn(unused_mut)]` (part of `#[warn(unused)]`) on by default
[INFO] [stdout] 
[INFO] [stdout] 
[INFO] [stdout] warning: value assigned to `forest` is never read
[INFO] [stdout]   --> src/tree.rs:42:26
[INFO] [stdout]    |
[INFO] [stdout] 42 |         let mut forest = Vec::new();
[INFO] [stdout]    |                          ^^^^^^^^^^ this value is reassigned later and never used
[INFO] [stdout] ...
[INFO] [stdout] 75 |         forest = build_children(&root_parent_id, &all_nodes, id_field, parent_id_field, children_field);
[INFO] [stdout]    |         ------ `forest` is overwritten here before the previous value is read
[INFO] [stdout]    |
[INFO] [stdout]    = note: `#[warn(unused_assignments)]` (part of `#[warn(unused)]`) on by default
[INFO] [stdout] 
[INFO] [stdout] 
[INFO] [stdout] warning: unused import: `iso_currency::Currency`
[INFO] [stdout]  --> tests/money_test.rs:1:5
[INFO] [stdout]   |
[INFO] [stdout] 1 | use iso_currency::Currency;
[INFO] [stdout]   |     ^^^^^^^^^^^^^^^^^^^^^^
[INFO] [stdout]   |
[INFO] [stdout]   = note: `#[warn(unused_imports)]` (part of `#[warn(unused)]`) on by default
[INFO] [stdout] 
[INFO] [stdout] 
[INFO] [stdout] warning: unused import: `Money`
[INFO] [stdout]  --> tests/money_test.rs:3:29
[INFO] [stdout]   |
[INFO] [stdout] 3 | use teaql_tool_std::money::{Money, MoneyTool};
[INFO] [stdout]   |                             ^^^^^
[INFO] [stdout] 
[INFO] [stdout] 
[INFO] [stdout] warning: unused import: `rust_decimal::Decimal`
[INFO] [stdout]  --> tests/decimal_test.rs:1:5
[INFO] [stdout]   |
[INFO] [stdout] 1 | use rust_decimal::Decimal;
[INFO] [stdout]   |     ^^^^^^^^^^^^^^^^^^^^^
[INFO] [stdout]   |
[INFO] [stdout]   = note: `#[warn(unused_imports)]` (part of `#[warn(unused)]`) on by default
[INFO] [stdout] 
[INFO] [stdout] 
[INFO] [stdout] error[E0599]: no method named `purpose` found for struct `Money` in the current scope
[INFO] [stdout]  --> tests/money_test.rs:9:48
[INFO] [stdout]   |
[INFO] [stdout] 9 |     let m1 = tool.of("100.50", "USD").unwrap().purpose("test");
[INFO] [stdout]   |                                                ^^^^^^^ method not found in `Money`
[INFO] [stdout] 
[INFO] [stdout] 
[INFO] [stdout] error[E0599]: no method named `purpose` found for struct `Decimal` in the current scope
[INFO] [stdout]  --> tests/decimal_test.rs:9:38
[INFO] [stdout]   |
[INFO] [stdout] 9 |     let a = tool.of("10.5").unwrap().purpose("test");
[INFO] [stdout]   |                                      ^^^^^^^ method not found in `Decimal`
[INFO] [stdout] 
[INFO] [stdout] 
[INFO] [stdout] error[E0599]: no method named `purpose` found for struct `Decimal` in the current scope
[INFO] [stdout]   --> tests/decimal_test.rs:10:37
[INFO] [stdout]    |
[INFO] [stdout] 10 |     let b = tool.of("2.0").unwrap().purpose("test");
[INFO] [stdout]    |                                     ^^^^^^^ method not found in `Decimal`
[INFO] [stdout] 
[INFO] [stdout] 
[INFO] [stdout] error[E0599]: no method named `purpose` found for struct `Money` in the current scope
[INFO] [stdout]   --> tests/money_test.rs:10:47
[INFO] [stdout]    |
[INFO] [stdout] 10 |     let m2 = tool.of("50.25", "USD").unwrap().purpose("test");
[INFO] [stdout]    |                                               ^^^^^^^ method not found in `Money`
[INFO] [stdout] 
[INFO] [stdout] 
[INFO] [stdout] error[E0599]: no method named `purpose` found for struct `Decimal` in the current scope
[INFO] [stdout]   --> tests/decimal_test.rs:12:31
[INFO] [stdout]    |
[INFO] [stdout] 12 |     assert_eq!(tool.add(a, b).purpose("test"), dec!(12.5));
[INFO] [stdout]    |                               ^^^^^^^ method not found in `Decimal`
[INFO] [stdout] 
[INFO] [stdout] 
[INFO] [stdout] error[E0599]: no method named `purpose` found for type `bool` in the current scope
[INFO] [stdout]   --> tests/money_test.rs:12:42
[INFO] [stdout]    |
[INFO] [stdout] 12 |     assert!(tool.same_currency(&m1, &m2).purpose("test"));
[INFO] [stdout]    |                                          ^^^^^^^ method not found in `bool`
[INFO] [stdout] 
[INFO] [stdout] 
[INFO] [stdout] error[E0599]: no method named `purpose` found for struct `Money` in the current scope
[INFO] [stdout]   --> tests/money_test.rs:14:43
[INFO] [stdout]    |
[INFO] [stdout] 14 |     let sum = tool.add(&m1, &m2).unwrap().purpose("test");
[INFO] [stdout]    |                                           ^^^^^^^ method not found in `Money`
[INFO] [stdout] 
[INFO] [stdout] 
[INFO] [stdout] error[E0599]: no method named `purpose` found for struct `Decimal` in the current scope
[INFO] [stdout]   --> tests/decimal_test.rs:13:31
[INFO] [stdout]    |
[INFO] [stdout] 13 |     assert_eq!(tool.sub(a, b).purpose("test"), dec!(8.5));
[INFO] [stdout]    |                               ^^^^^^^ method not found in `Decimal`
[INFO] [stdout] 
[INFO] [stdout] 
[INFO] [stdout] error[E0599]: no method named `purpose` found for struct `Decimal` in the current scope
[INFO] [stdout]   --> tests/decimal_test.rs:14:31
[INFO] [stdout]    |
[INFO] [stdout] 14 |     assert_eq!(tool.mul(a, b).purpose("test"), dec!(21.0));
[INFO] [stdout]    |                               ^^^^^^^ method not found in `Decimal`
[INFO] [stdout] 
[INFO] [stdout] 
[INFO] [stdout] error[E0599]: no method named `purpose` found for struct `Money` in the current scope
[INFO] [stdout]   --> tests/money_test.rs:17:43
[INFO] [stdout]    |
[INFO] [stdout] 17 |     let sub = tool.sub(&m1, &m2).unwrap().purpose("test");
[INFO] [stdout]    |                                           ^^^^^^^ method not found in `Money`
[INFO] [stdout] 
[INFO] [stdout] 
[INFO] [stdout] error[E0599]: no method named `purpose` found for struct `String` in the current scope
[INFO] [stdout]  --> tests/text_test.rs:7:39
[INFO] [stdout]   |
[INFO] [stdout] 7 |     assert_eq!(tool.trim("  hello  ").purpose("test"), "hello");
[INFO] [stdout]   |                                       ^^^^^^^
[INFO] [stdout]   |
[INFO] [stdout] help: there is a method `parse` with a similar name, but with different arguments
[INFO] [stdout]  --> /rustc/dfb0accb7f508ae8be965d8629557221c889dd98/library/core/src/str/mod.rs:2782:4
[INFO] [stdout] 
[INFO] [stdout] 
[INFO] [stdout] error[E0599]: no method named `purpose` found for struct `Decimal` in the current scope
[INFO] [stdout]   --> tests/decimal_test.rs:15:40
[INFO] [stdout]    |
[INFO] [stdout] 15 |     assert_eq!(tool.div(a, b).unwrap().purpose("test"), dec!(5.25));
[INFO] [stdout]    |                                        ^^^^^^^ method not found in `Decimal`
[INFO] [stdout] 
[INFO] [stdout] 
[INFO] [stdout] error[E0599]: no method named `purpose` found for struct `Money` in the current scope
[INFO] [stdout]   --> tests/money_test.rs:20:47
[INFO] [stdout]    |
[INFO] [stdout] 20 |     let mul = tool.mul(&m1, dec!(2)).unwrap().purpose("test");
[INFO] [stdout]    |                                               ^^^^^^^ method not found in `Money`
[INFO] [stdout] 
[INFO] [stdout] 
[INFO] [stdout] error[E0599]: no method named `purpose` found for struct `Decimal` in the current scope
[INFO] [stdout]   --> tests/decimal_test.rs:17:28
[INFO] [stdout]    |
[INFO] [stdout] 17 |     let zero = tool.zero().purpose("test");
[INFO] [stdout]    |                            ^^^^^^^ method not found in `Decimal`
[INFO] [stdout] 
[INFO] [stdout] 
[INFO] [stdout] error[E0599]: no method named `purpose` found for struct `Money` in the current scope
[INFO] [stdout]   --> tests/money_test.rs:23:47
[INFO] [stdout]    |
[INFO] [stdout] 23 |     let div = tool.div(&m1, dec!(2)).unwrap().purpose("test");
[INFO] [stdout]    |                                               ^^^^^^^ method not found in `Money`
[INFO] [stdout] 
[INFO] [stdout] 
[INFO] [stdout] error[E0599]: no method named `purpose` found for struct `Decimal` in the current scope
[INFO] [stdout]   --> tests/decimal_test.rs:20:26
[INFO] [stdout]    |
[INFO] [stdout] 20 |     let one = tool.one().purpose("test");
[INFO] [stdout]    |                          ^^^^^^^ method not found in `Decimal`
[INFO] [stdout] 
[INFO] [stdout] 
[INFO] [stdout] error[E0599]: no method named `purpose` found for struct `Vec<Money>` in the current scope
[INFO] [stdout]   --> tests/money_test.rs:26:64
[INFO] [stdout]    |
[INFO] [stdout] 26 |     let allocated = tool.allocate(&m1, vec![1, 1, 1]).unwrap().purpose("test");
[INFO] [stdout]    |                                                                ^^^^^^^ method not found in `Vec<Money>`
[INFO] [stdout] 
[INFO] [stdout] 
[INFO] [stdout] error[E0599]: no method named `purpose` found for struct `String` in the current scope
[INFO] [stdout]  --> tests/text_test.rs:8:40
[INFO] [stdout]   |
[INFO] [stdout] 8 |     assert_eq!(tool.lowercase("HELLO").purpose("test"), "hello");
[INFO] [stdout]   |                                        ^^^^^^^
[INFO] [stdout]   |
[INFO] [stdout] help: there is a method `parse` with a similar name, but with different arguments
[INFO] [stdout]  --> /rustc/dfb0accb7f508ae8be965d8629557221c889dd98/library/core/src/str/mod.rs:2782:4
[INFO] [stdout] 
[INFO] [stdout] 
[INFO] [stdout] error[E0599]: no method named `purpose` found for struct `Decimal` in the current scope
[INFO] [stdout]   --> tests/decimal_test.rs:23:40
[INFO] [stdout]    |
[INFO] [stdout] 23 |     let c = tool.of("10.456").unwrap().purpose("test");
[INFO] [stdout]    |                                        ^^^^^^^ method not found in `Decimal`
[INFO] [stdout] 
[INFO] [stdout] 
[INFO] [stdout] error[E0599]: no method named `purpose` found for struct `Money` in the current scope
[INFO] [stdout]   --> tests/money_test.rs:32:48
[INFO] [stdout]    |
[INFO] [stdout] 32 |     let m3 = tool.of("10.125", "USD").unwrap().purpose("test");
[INFO] [stdout]    |                                                ^^^^^^^ method not found in `Money`
[INFO] [stdout] 
[INFO] [stdout] 
[INFO] [stdout] warning: unused import: `Ipv4Addr`
[INFO] [stdout]  --> src/net.rs:1:24
[INFO] [stdout]   |
[INFO] [stdout] 1 | use std::net::{IpAddr, Ipv4Addr, TcpListener, UdpSocket};
[INFO] [stdout]   |                        ^^^^^^^^
[INFO] [stdout]   |
[INFO] [stdout]   = note: `#[warn(unused_imports)]` (part of `#[warn(unused)]`) on by default
[INFO] [stdout] 
[INFO] [stdout] 
[INFO] [stdout] error[E0599]: no method named `purpose` found for struct `Decimal` in the current scope
[INFO] [stdout]   --> tests/decimal_test.rs:24:33
[INFO] [stdout]    |
[INFO] [stdout] 24 |     assert_eq!(tool.round(c, 2).purpose("test"), dec!(10.46));
[INFO] [stdout]    |                                 ^^^^^^^ method not found in `Decimal`
[INFO] [stdout] 
[INFO] [stdout] 
[INFO] [stdout] error[E0599]: no method named `purpose` found for struct `Money` in the current scope
[INFO] [stdout]   --> tests/money_test.rs:33:44
[INFO] [stdout]    |
[INFO] [stdout] 33 |     let rounded = tool.round(&m3).unwrap().purpose("test");
[INFO] [stdout]    |                                            ^^^^^^^ method not found in `Money`
[INFO] [stdout] 
[INFO] [stdout] 
[INFO] [stdout] error[E0599]: no method named `purpose` found for struct `Decimal` in the current scope
[INFO] [stdout]   --> tests/decimal_test.rs:25:29
[INFO] [stdout]    |
[INFO] [stdout] 25 |     assert_eq!(tool.ceil(c).purpose("test"), dec!(11));
[INFO] [stdout]    |                             ^^^^^^^ method not found in `Decimal`
[INFO] [stdout] 
[INFO] [stdout] 
[INFO] [stdout] warning: unused import: `DateTime`
[INFO] [stdout]  --> tests/time_test.rs:1:14
[INFO] [stdout]   |
[INFO] [stdout] 1 | use chrono::{DateTime, Datelike, NaiveDate, TimeZone, Utc};
[INFO] [stdout]   |              ^^^^^^^^
[INFO] [stdout]   |
[INFO] [stdout]   = note: `#[warn(unused_imports)]` (part of `#[warn(unused)]`) on by default
[INFO] [stdout] 
[INFO] [stdout] 
[INFO] [stdout] error[E0599]: no method named `purpose` found for struct `String` in the current scope
[INFO] [stdout]   --> tests/money_test.rs:36:43
[INFO] [stdout]    |
[INFO] [stdout] 36 |     let formatted = tool.format(&rounded).purpose("test");
[INFO] [stdout]    |                                           ^^^^^^^
[INFO] [stdout]    |
[INFO] [stdout] help: there is a method `parse` with a similar name, but with different arguments
[INFO] [stdout]   --> /rustc/dfb0accb7f508ae8be965d8629557221c889dd98/library/core/src/str/mod.rs:2782:4
[INFO] [stdout] 
[INFO] [stdout] 
[INFO] [stdout] error[E0599]: no method named `purpose` found for struct `Decimal` in the current scope
[INFO] [stdout]   --> tests/decimal_test.rs:26:30
[INFO] [stdout]    |
[INFO] [stdout] 26 |     assert_eq!(tool.floor(c).purpose("test"), dec!(10));
[INFO] [stdout]    |                              ^^^^^^^ method not found in `Decimal`
[INFO] [stdout] 
[INFO] [stdout] 
[INFO] [stdout] For more information about this error, try `rustc --explain E0599`.
[INFO] [stdout] 
[INFO] [stdout] error[E0599]: no method named `purpose` found for struct `Decimal` in the current scope
[INFO] [stdout]   --> tests/decimal_test.rs:28:50
[INFO] [stdout]    |
[INFO] [stdout] 28 |     assert_eq!(tool.percent(dec!(200), dec!(15)).purpose("test"), dec!(30)); // 15% of 200
[INFO] [stdout]    |                                                  ^^^^^^^ method not found in `Decimal`
[INFO] [stdout] 
[INFO] [stdout] 
[INFO] [stdout] For more information about this error, try `rustc --explain E0599`.
[INFO] [stdout] 
[INFO] [stderr] error: could not compile `teaql-tool-std` (test "decimal_test") due to 13 previous errors; 1 warning emitted
[INFO] [stderr] warning: build failed, waiting for other jobs to finish...
[INFO] [stderr] error: could not compile `teaql-tool-std` (test "money_test") due to 11 previous errors; 2 warnings emitted
[INFO] [stdout] error[E0599]: no method named `purpose` found for struct `String` in the current scope
[INFO] [stdout]  --> tests/text_test.rs:9:40
[INFO] [stdout]   |
[INFO] [stdout] 9 |     assert_eq!(tool.uppercase("hello").purpose("test"), "HELLO");
[INFO] [stdout]   |                                        ^^^^^^^
[INFO] [stdout]   |
[INFO] [stdout] help: there is a method `parse` with a similar name, but with different arguments
[INFO] [stdout]  --> /rustc/dfb0accb7f508ae8be965d8629557221c889dd98/library/core/src/str/mod.rs:2782:4
[INFO] [stdout] 
[INFO] [stdout] 
[INFO] [stdout] error[E0599]: no method named `purpose` found for struct `String` in the current scope
[INFO] [stdout]   --> tests/text_test.rs:10:47
[INFO] [stdout]    |
[INFO] [stdout] 10 |     assert_eq!(tool.capitalize("hello world").purpose("test"), "Hello world");
[INFO] [stdout]    |                                               ^^^^^^^
[INFO] [stdout]    |
[INFO] [stdout] help: there is a method `parse` with a similar name, but with different arguments
[INFO] [stdout]   --> /rustc/dfb0accb7f508ae8be965d8629557221c889dd98/library/core/src/str/mod.rs:2782:4
[INFO] [stdout] 
[INFO] [stdout] 
[INFO] [stdout] error[E0599]: no method named `purpose` found for struct `String` in the current scope
[INFO] [stdout]   --> tests/text_test.rs:12:49
[INFO] [stdout]    |
[INFO] [stdout] 12 |     assert_eq!(tool.to_snake_case("HelloWorld").purpose("test"), "hello_world");
[INFO] [stdout]    |                                                 ^^^^^^^
[INFO] [stdout]    |
[INFO] [stdout] help: there is a method `parse` with a similar name, but with different arguments
[INFO] [stdout]   --> /rustc/dfb0accb7f508ae8be965d8629557221c889dd98/library/core/src/str/mod.rs:2782:4
[INFO] [stdout] 
[INFO] [stdout] 
[INFO] [stdout] error[E0599]: no method named `purpose` found for struct `String` in the current scope
[INFO] [stdout]   --> tests/text_test.rs:13:50
[INFO] [stdout]    |
[INFO] [stdout] 13 |     assert_eq!(tool.to_camel_case("hello_world").purpose("test"), "helloWorld");
[INFO] [stdout]    |                                                  ^^^^^^^
[INFO] [stdout]    |
[INFO] [stdout] help: there is a method `parse` with a similar name, but with different arguments
[INFO] [stdout]   --> /rustc/dfb0accb7f508ae8be965d8629557221c889dd98/library/core/src/str/mod.rs:2782:4
[INFO] [stdout] 
[INFO] [stdout] 
[INFO] [stdout] error[E0599]: no method named `purpose` found for struct `String` in the current scope
[INFO] [stdout]   --> tests/text_test.rs:14:51
[INFO] [stdout]    |
[INFO] [stdout] 14 |     assert_eq!(tool.to_pascal_case("hello_world").purpose("test"), "HelloWorld");
[INFO] [stdout]    |                                                   ^^^^^^^
[INFO] [stdout]    |
[INFO] [stdout] help: there is a method `parse` with a similar name, but with different arguments
[INFO] [stdout]   --> /rustc/dfb0accb7f508ae8be965d8629557221c889dd98/library/core/src/str/mod.rs:2782:4
[INFO] [stdout] 
[INFO] [stdout] 
[INFO] [stdout] error[E0599]: no method named `purpose` found for struct `String` in the current scope
[INFO] [stdout]   --> tests/text_test.rs:15:49
[INFO] [stdout]    |
[INFO] [stdout] 15 |     assert_eq!(tool.to_kebab_case("helloWorld").purpose("test"), "hello-world");
[INFO] [stdout]    |                                                 ^^^^^^^
[INFO] [stdout]    |
[INFO] [stdout] help: there is a method `parse` with a similar name, but with different arguments
[INFO] [stdout]   --> /rustc/dfb0accb7f508ae8be965d8629557221c889dd98/library/core/src/str/mod.rs:2782:4
[INFO] [stdout] 
[INFO] [stdout] 
[INFO] [stdout] error[E0599]: no method named `purpose` found for struct `String` in the current scope
[INFO] [stdout]   --> tests/text_test.rs:18:59
[INFO] [stdout]    |
[INFO] [stdout] 18 |         tool.normalize_whitespace("  hello \t world \n ").purpose("test"),
[INFO] [stdout]    |                                                           ^^^^^^^
[INFO] [stdout]    |
[INFO] [stdout] help: there is a method `parse` with a similar name, but with different arguments
[INFO] [stdout]   --> /rustc/dfb0accb7f508ae8be965d8629557221c889dd98/library/core/src/str/mod.rs:2782:4
[INFO] [stdout] 
[INFO] [stdout] 
[INFO] [stdout] error[E0599]: no method named `purpose` found for type `bool` in the current scope
[INFO] [stdout]   --> tests/text_test.rs:22:51
[INFO] [stdout]    |
[INFO] [stdout] 22 |     assert!(tool.contains("hello world", "world").purpose("test"));
[INFO] [stdout]    |                                                   ^^^^^^^ method not found in `bool`
[INFO] [stdout] 
[INFO] [stdout] 
[INFO] [stdout] error[E0599]: no method named `purpose` found for type `bool` in the current scope
[INFO] [stdout]   --> tests/text_test.rs:23:54
[INFO] [stdout]    |
[INFO] [stdout] 23 |     assert!(tool.starts_with("hello world", "hello").purpose("test"));
[INFO] [stdout]    |                                                      ^^^^^^^ method not found in `bool`
[INFO] [stdout] 
[INFO] [stdout] 
[INFO] [stdout] error[E0599]: no method named `purpose` found for type `bool` in the current scope
[INFO] [stdout]   --> tests/text_test.rs:24:52
[INFO] [stdout]    |
[INFO] [stdout] 24 |     assert!(tool.ends_with("hello world", "world").purpose("test"));
[INFO] [stdout]    |                                                    ^^^^^^^ method not found in `bool`
[INFO] [stdout] 
[INFO] [stdout] 
[INFO] [stdout] For more information about this error, try `rustc --explain E0599`.
[INFO] [stdout] 
[INFO] [stderr] error: could not compile `teaql-tool-std` (test "text_test") due to 12 previous errors
[INFO] [stdout] error[E0599]: no method named `purpose` found for struct `String` in the current scope
[INFO] [stdout]  --> tests/id_test.rs:8:32
[INFO] [stdout]   |
[INFO] [stdout] 8 |     let uuid_val = tool.uuid().purpose("test");
[INFO] [stdout]   |                                ^^^^^^^
[INFO] [stdout]   |
[INFO] [stdout] help: there is a method `parse` with a similar name, but with different arguments
[INFO] [stdout]  --> /rustc/dfb0accb7f508ae8be965d8629557221c889dd98/library/core/src/str/mod.rs:2782:4
[INFO] [stdout] 
[INFO] [stdout] 
[INFO] [stdout] error[E0599]: no method named `purpose` found for struct `String` in the current scope
[INFO] [stdout]   --> tests/id_test.rs:12:36
[INFO] [stdout]    |
[INFO] [stdout] 12 |     let uuid7_val = tool.uuid_v7().purpose("test");
[INFO] [stdout]    |                                    ^^^^^^^
[INFO] [stdout]    |
[INFO] [stdout] help: there is a method `parse` with a similar name, but with different arguments
[INFO] [stdout]   --> /rustc/dfb0accb7f508ae8be965d8629557221c889dd98/library/core/src/str/mod.rs:2782:4
[INFO] [stdout] 
[INFO] [stdout] 
[INFO] [stdout] error[E0599]: no method named `purpose` found for struct `String` in the current scope
[INFO] [stdout]   --> tests/id_test.rs:16:32
[INFO] [stdout]    |
[INFO] [stdout] 16 |     let ulid_val = tool.ulid().purpose("test");
[INFO] [stdout]    |                                ^^^^^^^
[INFO] [stdout]    |
[INFO] [stdout] help: there is a method `parse` with a similar name, but with different arguments
[INFO] [stdout]   --> /rustc/dfb0accb7f508ae8be965d8629557221c889dd98/library/core/src/str/mod.rs:2782:4
[INFO] [stdout] 
[INFO] [stdout] 
[INFO] [stdout] error[E0599]: no method named `purpose` found for struct `DateTime<Tz>` in the current scope
[INFO] [stdout]  --> tests/time_test.rs:9:26
[INFO] [stdout]   |
[INFO] [stdout] 9 |     let now = tool.now().purpose("test");
[INFO] [stdout]   |                          ^^^^^^^ method not found in `DateTime<Utc>`
[INFO] [stdout] 
[INFO] [stdout] 
[INFO] [stdout] error[E0599]: no method named `purpose` found for struct `String` in the current scope
[INFO] [stdout]   --> tests/id_test.rs:20:36
[INFO] [stdout]    |
[INFO] [stdout] 20 |     let nanoid_val = tool.nanoid().purpose("test");
[INFO] [stdout]    |                                    ^^^^^^^
[INFO] [stdout]    |
[INFO] [stdout] help: there is a method `parse` with a similar name, but with different arguments
[INFO] [stdout]   --> /rustc/dfb0accb7f508ae8be965d8629557221c889dd98/library/core/src/str/mod.rs:2782:4
[INFO] [stdout] 
[INFO] [stdout] 
[INFO] [stdout] error[E0599]: no method named `purpose` found for struct `NaiveDate` in the current scope
[INFO] [stdout]   --> tests/time_test.rs:13:30
[INFO] [stdout]    |
[INFO] [stdout] 13 |     let today = tool.today().purpose("test");
[INFO] [stdout]    |                              ^^^^^^^ method not found in `NaiveDate`
[INFO] [stdout] 
[INFO] [stdout] 
[INFO] [stdout] error[E0599]: no method named `purpose` found for struct `String` in the current scope
[INFO] [stdout]   --> tests/id_test.rs:24:44
[INFO] [stdout]    |
[INFO] [stdout] 24 |     let prefixed = tool.with_prefix("usr").purpose("test");
[INFO] [stdout]    |                                            ^^^^^^^
[INFO] [stdout]    |
[INFO] [stdout] help: there is a method `parse` with a similar name, but with different arguments
[INFO] [stdout]   --> /rustc/dfb0accb7f508ae8be965d8629557221c889dd98/library/core/src/str/mod.rs:2782:4
[INFO] [stdout] 
[INFO] [stdout] 
[INFO] [stdout] For more information about this error, try `rustc --explain E0599`.
[INFO] [stdout] 
[INFO] [stderr] error: could not compile `teaql-tool-std` (test "id_test") due to 5 previous errors
[INFO] [stdout] error[E0599]: no method named `purpose` found for struct `NaiveDate` in the current scope
[INFO] [stdout]   --> tests/time_test.rs:17:62
[INFO] [stdout]    |
[INFO] [stdout] 17 |     let parsed_date = tool.parse_date("2023-10-15").unwrap().purpose("test");
[INFO] [stdout]    |                                                              ^^^^^^^ method not found in `NaiveDate`
[INFO] [stdout] 
[INFO] [stdout] 
[INFO] [stdout] error[E0599]: no method named `purpose` found for struct `DateTime<Tz>` in the current scope
[INFO] [stdout]   --> tests/time_test.rs:21:74
[INFO] [stdout]    |
[INFO] [stdout] 21 |     let parsed_dt = tool.parse_datetime("2023-10-15T10:30:00Z").unwrap().purpose("test");
[INFO] [stdout]    |                                                                          ^^^^^^^ method not found in `DateTime<Utc>`
[INFO] [stdout] 
[INFO] [stdout] 
[INFO] [stdout] error[E0599]: no method named `purpose` found for enum `Value` in the current scope
[INFO] [stdout]  --> tests/json_test.rs:9:48
[INFO] [stdout]   |
[INFO] [stdout] 9 |     let v = tool.parse(r#"{"a": 1}"#).unwrap().purpose("test");
[INFO] [stdout]   |                                                ^^^^^^^ method not found in `Value`
[INFO] [stdout] 
[INFO] [stdout] 
[INFO] [stdout] error[E0599]: no method named `purpose` found for struct `DateTime<Tz>` in the current scope
[INFO] [stdout]   --> tests/time_test.rs:29:42
[INFO] [stdout]    |
[INFO] [stdout] 29 |     let dt_plus_2 = tool.add_days(dt, 2).purpose("test");
[INFO] [stdout]    |                                          ^^^^^^^ method not found in `DateTime<Utc>`
[INFO] [stdout] 
[INFO] [stdout] 
[INFO] [stdout] error[E0599]: no method named `purpose` found for struct `DateTime<Tz>` in the current scope
[INFO] [stdout]   --> tests/time_test.rs:36:50
[INFO] [stdout]    |
[INFO] [stdout] 36 |     let dt_plus_1_month = tool.add_months(dt, 1).purpose("test");
[INFO] [stdout]    |                                                  ^^^^^^^ method not found in `DateTime<Utc>`
[INFO] [stdout] 
[INFO] [stdout] 
[INFO] [stdout] error[E0599]: no method named `purpose` found for struct `DateTime<Tz>` in the current scope
[INFO] [stdout]   --> tests/time_test.rs:43:39
[INFO] [stdout]    |
[INFO] [stdout] 43 |     let start = tool.start_of_day(dt).purpose("test");
[INFO] [stdout]    |                                       ^^^^^^^ method not found in `DateTime<Utc>`
[INFO] [stdout] 
[INFO] [stdout] 
[INFO] [stdout] error[E0599]: no method named `purpose` found for struct `DateTime<Tz>` in the current scope
[INFO] [stdout]   --> tests/time_test.rs:46:35
[INFO] [stdout]    |
[INFO] [stdout] 46 |     let end = tool.end_of_day(dt).purpose("test");
[INFO] [stdout]    |                                   ^^^^^^^ method not found in `DateTime<Utc>`
[INFO] [stdout] 
[INFO] [stdout] 
[INFO] [stdout] error[E0599]: no method named `purpose` found for type `i64` in the current scope
[INFO] [stdout]   --> tests/time_test.rs:55:43
[INFO] [stdout]    |
[INFO] [stdout] 55 |     assert_eq!(tool.days_between(dt, dt2).purpose("test"), 5);
[INFO] [stdout]    |                                           ^^^^^^^ method not found in `i64`
[INFO] [stdout] 
[INFO] [stdout] 
[INFO] [stderr] error: could not compile `teaql-tool-std` (test "time_test") due to 10 previous errors; 1 warning emitted
[INFO] [stdout] error[E0599]: no method named `purpose` found for struct `DateTime<Tz>` in the current scope
[INFO] [stdout]   --> tests/time_test.rs:58:64
[INFO] [stdout]    |
[INFO] [stdout] 58 |     let dt_tz = tool.to_timezone(dt, "Asia/Shanghai").unwrap().purpose("test");
[INFO] [stdout]    |                                                                ^^^^^^^ method not found in `DateTime<chrono_tz::prebuilt::timezones::Tz>`
[INFO] [stdout] 
[INFO] [stdout] 
[INFO] [stdout] For more information about this error, try `rustc --explain E0599`.
[INFO] [stdout] 
[INFO] [stdout] error[E0599]: no method named `purpose` found for struct `std::string::String` in the current scope
[INFO] [stdout]   --> tests/json_test.rs:13:41
[INFO] [stdout]    |
[INFO] [stdout] 13 |     let s = tool.stringify(&v).unwrap().purpose("test");
[INFO] [stdout]    |                                         ^^^^^^^
[INFO] [stdout]    |
[INFO] [stdout] help: there is a method `parse` with a similar name, but with different arguments
[INFO] [stdout]   --> /rustc/dfb0accb7f508ae8be965d8629557221c889dd98/library/core/src/str/mod.rs:2782:4
[INFO] [stdout] 
[INFO] [stdout] 
[INFO] [stdout] error[E0599]: no method named `purpose` found for enum `Option<T>` in the current scope
[INFO] [stdout]   --> tests/json_test.rs:17:34
[INFO] [stdout]    |
[INFO] [stdout] 17 |     let val = tool.get(&v, "/a").purpose("test").unwrap();
[INFO] [stdout]    |                                  ^^^^^^^ method not found in `Option<&Value>`
[INFO] [stdout] 
[INFO] [stdout] 
[INFO] [stdout] error[E0599]: no method named `purpose` found for unit type `()` in the current scope
[INFO] [stdout]   --> tests/json_test.rs:22:48
[INFO] [stdout]    |
[INFO] [stdout] 22 |     tool.set(&mut v2, "/b", json!(2)).unwrap().purpose("test");
[INFO] [stdout]    |                                                ^^^^^^^ method not found in `()`
[INFO] [stdout] 
[INFO] [stdout] 
[INFO] [stdout] error[E0599]: no method named `purpose` found for unit type `()` in the current scope
[INFO] [stdout]   --> tests/json_test.rs:26:41
[INFO] [stdout]    |
[INFO] [stdout] 26 |     tool.remove(&mut v2, "/a").unwrap().purpose("test");
[INFO] [stdout]    |                                         ^^^^^^^ method not found in `()`
[INFO] [stdout] 
[INFO] [stdout] 
[INFO] [stdout] error[E0599]: no method named `purpose` found for type `bool` in the current scope
[INFO] [stdout]   --> tests/json_test.rs:27:34
[INFO] [stdout]    |
[INFO] [stdout] 27 |     assert!(!tool.has(&v2, "/a").purpose("test"));
[INFO] [stdout]    |                                  ^^^^^^^ method not found in `bool`
[INFO] [stdout] 
[INFO] [stdout] 
[INFO] [stdout] error[E0599]: no method named `purpose` found for type `bool` in the current scope
[INFO] [stdout]   --> tests/json_test.rs:28:33
[INFO] [stdout]    |
[INFO] [stdout] 28 |     assert!(tool.has(&v2, "/b").purpose("test"));
[INFO] [stdout]    |                                 ^^^^^^^ method not found in `bool`
[INFO] [stdout] 
[INFO] [stdout] 
[INFO] [stdout] error[E0599]: no method named `purpose` found for enum `Value` in the current scope
[INFO] [stdout]   --> tests/json_test.rs:31:47
[INFO] [stdout]    |
[INFO] [stdout] 31 |     let v3 = tool.merge(&v, &json!({"b": 2})).purpose("test");
[INFO] [stdout]    |                                               ^^^^^^^ method not found in `Value`
[INFO] [stdout] 
[INFO] [stdout] 
[INFO] [stdout] error[E0599]: no method named `purpose` found for struct `json_patch::Patch` in the current scope
[INFO] [stdout]   --> tests/json_test.rs:36:35
[INFO] [stdout]    |
[INFO] [stdout] 36 |     let diff = tool.diff(&v, &v3).purpose("test");
[INFO] [stdout]    |                                   ^^^^^^^ method not found in `json_patch::Patch`
[INFO] [stdout] 
[INFO] [stdout] 
[INFO] [stdout] error[E0599]: no method named `purpose` found for unit type `()` in the current scope
[INFO] [stdout]   --> tests/json_test.rs:40:41
[INFO] [stdout]    |
[INFO] [stdout] 40 |     tool.patch(&mut v4, &diff).unwrap().purpose("test");
[INFO] [stdout]    |                                         ^^^^^^^ method not found in `()`
[INFO] [stdout] 
[INFO] [stdout] 
[INFO] [stdout] For more information about this error, try `rustc --explain E0599`.
[INFO] [stdout] 
[INFO] [stderr] error: could not compile `teaql-tool-std` (test "json_test") due to 10 previous errors
[INFO] [stdout] warning: variable does not need to be mutable
[INFO] [stdout]   --> src/tree.rs:49:13
[INFO] [stdout]    |
[INFO] [stdout] 49 |         let mut all_nodes = items.clone();
[INFO] [stdout]    |             ----^^^^^^^^^
[INFO] [stdout]    |             |
[INFO] [stdout]    |             help: remove this `mut`
[INFO] [stdout]    |
[INFO] [stdout]    = note: `#[warn(unused_mut)]` (part of `#[warn(unused)]`) on by default
[INFO] [stdout] 
[INFO] [stdout] 
[INFO] [stdout] warning: value assigned to `forest` is never read
[INFO] [stdout]   --> src/tree.rs:42:26
[INFO] [stdout]    |
[INFO] [stdout] 42 |         let mut forest = Vec::new();
[INFO] [stdout]    |                          ^^^^^^^^^^ this value is reassigned later and never used
[INFO] [stdout] ...
[INFO] [stdout] 75 |         forest = build_children(&root_parent_id, &all_nodes, id_field, parent_id_field, children_field);
[INFO] [stdout]    |         ------ `forest` is overwritten here before the previous value is read
[INFO] [stdout]    |
[INFO] [stdout]    = note: `#[warn(unused_assignments)]` (part of `#[warn(unused)]`) on by default
[INFO] [stdout] 
[INFO] [stdout] 
[INFO] running `Command { std: "docker" "inspect" "5ce802971e8ec58973014555658b19dee3120a9f64077bfd4059e885bd329296", kill_on_drop: false }`
[INFO] running `Command { std: "docker" "rm" "-f" "5ce802971e8ec58973014555658b19dee3120a9f64077bfd4059e885bd329296", kill_on_drop: false }`
[INFO] [stdout] 5ce802971e8ec58973014555658b19dee3120a9f64077bfd4059e885bd329296
