[INFO] fetching crate tcss-core 1.0.0...
[INFO] testing tcss-core-1.0.0 against 1.100.0-beta.1 for beta-1.100-2
[INFO] extracting crate tcss-core 1.0.0 into /workspace/builds/worker-1-tc2/source
[INFO] started tweaking crates.io crate tcss-core 1.0.0
[INFO] removed 0 missing examples
[INFO] removed 0 missing tests
[INFO] finished tweaking crates.io crate tcss-core 1.0.0
[INFO] tweaked toml for crates.io crate tcss-core 1.0.0 written to /workspace/builds/worker-1-tc2/source/Cargo.toml
[INFO] validating manifest of crates.io crate tcss-core 1.0.0 on toolchain 1.100.0-beta.1
[INFO] running `Command { std: CARGO_HOME="/workspace/cargo-home" RUSTUP_HOME="/workspace/rustup-home" "/workspace/cargo-home/bin/cargo" "+1.100.0-beta.1" "metadata" "--manifest-path" "Cargo.toml" "--no-deps", kill_on_drop: false }`
[INFO] crate crates.io crate tcss-core 1.0.0 already has a lockfile, it will not be regenerated
[INFO] running `Command { std: CARGO_HOME="/workspace/cargo-home" RUSTUP_HOME="/workspace/rustup-home" "/workspace/cargo-home/bin/cargo" "+1.100.0-beta.1" "fetch" "--manifest-path" "Cargo.toml", kill_on_drop: false }`
[INFO] [stderr] warning: `package.homepage` is redundant with `package.repository`
[INFO] [stderr]   --> Cargo.toml:56:12
[INFO] [stderr]    |
[INFO] [stderr] 56 | homepage = "https://github.com/tosiiko/TCSS"
[INFO] [stderr]    |            ^^^^^^^^^^^^^^^^^^^^^^^^^^^^^^^^^
[INFO] [stderr] ...
[INFO] [stderr] 61 | repository = "https://github.com/tosiiko/TCSS"
[INFO] [stderr]    |              ---------------------------------
[INFO] [stderr]    |
[INFO] [stderr]    = note: `cargo::redundant_homepage` is set to `warn` by default
[INFO] [stderr] help: consider removing `package.homepage`
[INFO] [stderr] warning: `tcss-core` (manifest) generated 1 warning
[INFO] running `Command { std: "docker" "create" "-v" "/var/lib/crater-agent-workspace/builds/worker-1-tc2/source:/opt/rustwide/workdir:ro,Z" "-v" "/var/lib/crater-agent-workspace/builds/worker-1-tc2/target:/opt/rustwide/target:rw,Z" "-v" "/var/lib/crater-agent-workspace/cargo-home:/opt/rustwide/cargo-home:ro,Z" "-v" "/var/lib/crater-agent-workspace/rustup-home:/opt/rustwide/rustup-home:ro,Z" "-m" "1610612736" "--network" "none" "ghcr.io/rust-lang/crates-build-env/linux@sha256:3111399a4047eeb3a02b7a90e478d715f38a8c6669b5c4b49d30a17385265909" "sleep" "infinity", kill_on_drop: false }`
[INFO] [stdout] a6e0e7beda97e8485a62322dd2d28edaf3974ef94eeb8a895d1b162f79b51064
[INFO] running `Command { std: "docker" "start" "a6e0e7beda97e8485a62322dd2d28edaf3974ef94eeb8a895d1b162f79b51064", kill_on_drop: false }`
[INFO] running `Command { std: "docker" "inspect" "a6e0e7beda97e8485a62322dd2d28edaf3974ef94eeb8a895d1b162f79b51064", kill_on_drop: false }`
[INFO] running `Command { std: "docker" "exec" "-e" "SOURCE_DIR=/opt/rustwide/workdir" "-e" "CARGO_HOME=/opt/rustwide/cargo-home" "-e" "RUSTUP_HOME=/opt/rustwide/rustup-home" "-e" "CARGO_TARGET_DIR=/opt/rustwide/target" "-w" "/opt/rustwide/workdir" "--user" "0:0" "a6e0e7beda97e8485a62322dd2d28edaf3974ef94eeb8a895d1b162f79b51064" "/opt/rustwide/cargo-home/bin/cargo" "+1.100.0-beta.1" "metadata" "--no-deps" "--format-version=1", kill_on_drop: false }`
[INFO] running `Command { std: "docker" "inspect" "a6e0e7beda97e8485a62322dd2d28edaf3974ef94eeb8a895d1b162f79b51064", kill_on_drop: false }`
[INFO] running `Command { std: "docker" "exec" "-e" "SOURCE_DIR=/opt/rustwide/workdir" "-e" "CARGO_HOME=/opt/rustwide/cargo-home" "-e" "RUSTUP_HOME=/opt/rustwide/rustup-home" "-e" "CARGO_TARGET_DIR=/opt/rustwide/target" "-e" "CARGO_INCREMENTAL=0" "-e" "RUST_BACKTRACE=full" "-e" "RUSTFLAGS=--cap-lints=warn" "-e" "RUSTDOCFLAGS=--cap-lints=warn" "-w" "/opt/rustwide/workdir" "--user" "0:0" "a6e0e7beda97e8485a62322dd2d28edaf3974ef94eeb8a895d1b162f79b51064" "/opt/rustwide/cargo-home/bin/cargo" "+1.100.0-beta.1" "build" "--frozen" "--message-format=json", kill_on_drop: false }`
[INFO] [stderr] warning: `package.homepage` is redundant with `package.repository`
[INFO] [stderr]   --> Cargo.toml:56:12
[INFO] [stderr]    |
[INFO] [stderr] 56 | homepage = "https://github.com/tosiiko/TCSS"
[INFO] [stderr]    |            ^^^^^^^^^^^^^^^^^^^^^^^^^^^^^^^^^
[INFO] [stderr] ...
[INFO] [stderr] 61 | repository = "https://github.com/tosiiko/TCSS"
[INFO] [stderr]    |              ---------------------------------
[INFO] [stderr]    |
[INFO] [stderr]    = note: `cargo::redundant_homepage` is set to `warn` by default
[INFO] [stderr] help: consider removing `package.homepage`
[INFO] [stderr] warning: `tcss-core` (manifest) generated 1 warning
[INFO] [stderr]    Compiling quote v1.0.42
[INFO] [stderr]    Compiling unicode-ident v1.0.22
[INFO] [stderr]    Compiling proc-macro2 v1.0.103
[INFO] [stderr]    Compiling syn v2.0.111
[INFO] [stderr]    Compiling thiserror-impl v1.0.69
[INFO] [stderr]    Compiling serde_derive v1.0.228
[INFO] [stderr]    Compiling thiserror v1.0.69
[INFO] [stderr]    Compiling serde v1.0.228
[INFO] [stderr]    Compiling tcss-core v1.0.0 (/opt/rustwide/workdir)
[INFO] [stderr] warning: unused dependency `thiserror`
[INFO] [stderr]   --> Cargo.toml:10:15
[INFO] [stderr]    |
[INFO] [stderr] 10 | [dependencies.thiserror]
[INFO] [stderr]    |               ^^^^^^^^^^
[INFO] [stderr]    |
[INFO] [stderr]    = note: `cargo::unused_dependencies` is set to `warn` by default
[INFO] [stderr] help: consider removing the dependency on `thiserror`
[INFO] [stderr] warning: `tcss-core` (manifest) generated 1 warning
[INFO] [stderr]     Finished `dev` profile [unoptimized + debuginfo] target(s) in 10.69s
[INFO] running `Command { std: "docker" "inspect" "a6e0e7beda97e8485a62322dd2d28edaf3974ef94eeb8a895d1b162f79b51064", kill_on_drop: false }`
[INFO] running `Command { std: "docker" "exec" "-e" "SOURCE_DIR=/opt/rustwide/workdir" "-e" "CARGO_HOME=/opt/rustwide/cargo-home" "-e" "RUSTUP_HOME=/opt/rustwide/rustup-home" "-e" "CARGO_TARGET_DIR=/opt/rustwide/target" "-e" "CARGO_INCREMENTAL=0" "-e" "RUST_BACKTRACE=full" "-e" "RUSTFLAGS=--cap-lints=warn" "-e" "RUSTDOCFLAGS=--cap-lints=warn" "-w" "/opt/rustwide/workdir" "--user" "0:0" "a6e0e7beda97e8485a62322dd2d28edaf3974ef94eeb8a895d1b162f79b51064" "/opt/rustwide/cargo-home/bin/cargo" "+1.100.0-beta.1" "test" "--frozen" "--no-run" "--message-format=json", kill_on_drop: false }`
[INFO] [stderr] warning: `package.homepage` is redundant with `package.repository`
[INFO] [stderr]   --> Cargo.toml:56:12
[INFO] [stderr]    |
[INFO] [stderr] 56 | homepage = "https://github.com/tosiiko/TCSS"
[INFO] [stderr]    |            ^^^^^^^^^^^^^^^^^^^^^^^^^^^^^^^^^
[INFO] [stderr] ...
[INFO] [stderr] 61 | repository = "https://github.com/tosiiko/TCSS"
[INFO] [stderr]    |              ---------------------------------
[INFO] [stderr]    |
[INFO] [stderr]    = note: `cargo::redundant_homepage` is set to `warn` by default
[INFO] [stderr] help: consider removing `package.homepage`
[INFO] [stderr] warning: `tcss-core` (manifest) generated 1 warning
[INFO] [stderr]    Compiling serde_core v1.0.228
[INFO] [stderr]    Compiling libc v0.2.178
[INFO] [stderr]    Compiling zerocopy v0.8.31
[INFO] [stderr]    Compiling serde v1.0.228
[INFO] [stderr]    Compiling num-traits v0.2.19
[INFO] [stderr]    Compiling either v1.15.0
[INFO] [stderr]    Compiling syn v2.0.111
[INFO] [stderr]    Compiling serde_json v1.0.147
[INFO] [stderr]    Compiling memchr v2.7.6
[INFO] [stderr]    Compiling zmij v0.1.7
[INFO] [stderr]    Compiling itoa v1.0.16
[INFO] [stderr]    Compiling rustix v1.1.3
[INFO] [stderr]    Compiling plotters-backend v0.3.7
[INFO] [stderr]    Compiling clap_lex v0.7.6
[INFO] [stderr]    Compiling ciborium-io v0.2.2
[INFO] [stderr]    Compiling regex-syntax v0.8.8
[INFO] [stderr]    Compiling anstyle v1.0.13
[INFO] [stderr]    Compiling plotters-svg v0.3.7
[INFO] [stderr]    Compiling itertools v0.10.5
[INFO] [stderr]    Compiling clap_builder v4.5.53
[INFO] [stderr]    Compiling cast v0.3.0
[INFO] [stderr]    Compiling linux-raw-sys v0.11.0
[INFO] [stderr]    Compiling bitflags v2.10.0
[INFO] [stderr]    Compiling getrandom v0.3.4
[INFO] [stderr]    Compiling plotters v0.3.7
[INFO] [stderr]    Compiling is-terminal v0.4.17
[INFO] [stderr]    Compiling rayon v1.11.0
[INFO] [stderr]    Compiling regex-automata v0.4.13
[INFO] [stderr]    Compiling clap v4.5.53
[INFO] [stderr]    Compiling criterion-plot v0.5.0
[INFO] [stderr]    Compiling anes v0.1.6
[INFO] [stderr]    Compiling oorandom v11.1.5
[INFO] [stderr]    Compiling tempfile v3.24.0
[INFO] [stderr]    Compiling serde_derive v1.0.228
[INFO] [stderr]    Compiling zerocopy-derive v0.8.31
[INFO] [stderr]    Compiling thiserror-impl v1.0.69
[INFO] [stderr]    Compiling regex v1.12.2
[INFO] [stderr]    Compiling thiserror v1.0.69
[INFO] [stderr]    Compiling tinytemplate v1.2.1
[INFO] [stderr]    Compiling tcss-core v1.0.0 (/opt/rustwide/workdir)
[INFO] [stderr]    Compiling half v2.7.1
[INFO] [stderr]    Compiling ciborium-ll v0.2.2
[INFO] [stderr]    Compiling ciborium v0.2.2
[INFO] [stderr]    Compiling criterion v0.5.1
[INFO] [stdout] warning: unused import: `ImportType`
[INFO] [stdout]  --> tests/import_test.rs:3:59
[INFO] [stdout]   |
[INFO] [stdout] 3 | use tcss_core::{Lexer, Parser, ImportProcessor, Resolver, ImportType};
[INFO] [stdout]   |                                                           ^^^^^^^^^^
[INFO] [stdout]   |
[INFO] [stdout]   = note: `#[warn(unused_imports)]` (part of `#[warn(unused)]`) on by default
[INFO] [stdout] 
[INFO] [stdout] 
[INFO] [stdout] warning: unused variable: `formatter`
[INFO] [stdout]   --> examples/errors.rs:44:17
[INFO] [stdout]    |
[INFO] [stdout] 44 |             let formatter = ErrorFormatter::new(source.to_string());
[INFO] [stdout]    |                 ^^^^^^^^^ help: if this is intentional, prefix it with an underscore: `_formatter`
[INFO] [stdout]    |
[INFO] [stdout]    = note: `#[warn(unused_variables)]` (part of `#[warn(unused)]`) on by default
[INFO] [stdout] 
[INFO] [stdout] 
[INFO] [stdout] warning: unused variable: `tcss_error`
[INFO] [stdout]   --> examples/errors.rs:45:17
[INFO] [stdout]    |
[INFO] [stdout] 45 |             let tcss_error = tcss_core::TcssError::Execution(
[INFO] [stdout]    |                 ^^^^^^^^^^ help: if this is intentional, prefix it with an underscore: `_tcss_error`
[INFO] [stdout] 
[INFO] [stdout] 
[INFO] [stdout] warning: unused variable: `e`
[INFO] [stdout]    --> examples/errors.rs:135:13
[INFO] [stdout]     |
[INFO] [stdout] 135 |         Err(e) => {
[INFO] [stdout]     |             ^ help: if this is intentional, prefix it with an underscore: `_e`
[INFO] [stdout] 
[INFO] [stdout] 
[INFO] [stdout] error[E0308]: mismatched types
[INFO] [stdout]   --> tests/e2e_tests.rs:26:24
[INFO] [stdout]    |
[INFO] [stdout] 26 |     generator.generate(&executed)
[INFO] [stdout]    |               -------- ^^^^^^^^^ expected `&Program`, found `&()`
[INFO] [stdout]    |               |
[INFO] [stdout]    |               arguments to this method are incorrect
[INFO] [stdout]    |
[INFO] [stdout]    = note: expected reference `&Program`
[INFO] [stdout]               found reference `&()`
[INFO] [stdout] note: method defined here
[INFO] [stdout]   --> src/generator.rs:55:12
[INFO] [stdout]    |
[INFO] [stdout] 55 |     pub fn generate(&mut self, program: &Program) -> Result<String, String> {
[INFO] [stdout]    |            ^^^^^^^^
[INFO] [stdout] 
[INFO] [stdout] 
[INFO] [stdout] error[E0277]: `Executor` doesn't implement `Debug`
[INFO] [stdout]    --> tests/executor_tests.rs:307:20
[INFO] [stdout]     |
[INFO] [stdout] 307 |     assert!(result.unwrap_err().contains("Undefined variable"));
[INFO] [stdout]     |                    ^^^^^^^^^^ the trait `Debug` is not implemented for `Executor`
[INFO] [stdout]     |
[INFO] [stdout] note: required by a bound in `Result::<T, E>::unwrap_err`
[INFO] [stdout]    --> /rustc/e3feeb59cd1bdd011a2bfcc0747b55125d9b8527/library/core/src/result.rs:1323:4
[INFO] [stdout] 
[INFO] [stdout] 
[INFO] [stdout] error[E0277]: `Executor` doesn't implement `Debug`
[INFO] [stdout]    --> tests/executor_tests.rs:315:20
[INFO] [stdout]     |
[INFO] [stdout] 315 |     assert!(result.unwrap_err().contains("Undefined function"));
[INFO] [stdout]     |                    ^^^^^^^^^^ the trait `Debug` is not implemented for `Executor`
[INFO] [stdout]     |
[INFO] [stdout] note: required by a bound in `Result::<T, E>::unwrap_err`
[INFO] [stdout]    --> /rustc/e3feeb59cd1bdd011a2bfcc0747b55125d9b8527/library/core/src/result.rs:1323:4
[INFO] [stdout] 
[INFO] [stdout] 
[INFO] [stdout] error[E0277]: `Executor` doesn't implement `Debug`
[INFO] [stdout]    --> tests/executor_tests.rs:323:20
[INFO] [stdout]     |
[INFO] [stdout] 323 |     assert!(result.unwrap_err().contains("Division by zero"));
[INFO] [stdout]     |                    ^^^^^^^^^^ the trait `Debug` is not implemented for `Executor`
[INFO] [stdout]     |
[INFO] [stdout] note: required by a bound in `Result::<T, E>::unwrap_err`
[INFO] [stdout]    --> /rustc/e3feeb59cd1bdd011a2bfcc0747b55125d9b8527/library/core/src/result.rs:1323:4
[INFO] [stdout] 
[INFO] [stdout] 
[INFO] [stdout] error[E0277]: `Executor` doesn't implement `Debug`
[INFO] [stdout]    --> tests/executor_tests.rs:336:20
[INFO] [stdout]     |
[INFO] [stdout] 336 |     assert!(result.unwrap_err().contains("expects 2 arguments"));
[INFO] [stdout]     |                    ^^^^^^^^^^ the trait `Debug` is not implemented for `Executor`
[INFO] [stdout]     |
[INFO] [stdout] note: required by a bound in `Result::<T, E>::unwrap_err`
[INFO] [stdout]    --> /rustc/e3feeb59cd1bdd011a2bfcc0747b55125d9b8527/library/core/src/result.rs:1323:4
[INFO] [stdout] 
[INFO] [stdout] 
[INFO] [stdout] For more information about this error, try `rustc --explain E0308`.
[INFO] [stdout] 
[INFO] [stdout] For more information about this error, try `rustc --explain E0277`.
[INFO] [stdout] 
[INFO] [stderr] error: could not compile `tcss-core` (test "executor_tests") due to 4 previous errors
[INFO] [stderr] warning: build failed, waiting for other jobs to finish...
[INFO] [stderr] error: could not compile `tcss-core` (test "e2e_tests") due to 1 previous error
[INFO] [stderr] warning: unused dependency `thiserror`
[INFO] [stderr]   --> Cargo.toml:10:15
[INFO] [stderr]    |
[INFO] [stderr] 10 | [dependencies.thiserror]
[INFO] [stderr]    |               ^^^^^^^^^^
[INFO] [stderr]    |
[INFO] [stderr]    = note: `cargo::unused_dependencies` is set to `warn` by default
[INFO] [stderr] help: consider removing the dependency on `thiserror`
[INFO] [stderr] warning: `tcss-core` (manifest) generated 1 warning
[INFO] running `Command { std: "docker" "inspect" "a6e0e7beda97e8485a62322dd2d28edaf3974ef94eeb8a895d1b162f79b51064", kill_on_drop: false }`
[INFO] running `Command { std: "docker" "rm" "-f" "a6e0e7beda97e8485a62322dd2d28edaf3974ef94eeb8a895d1b162f79b51064", kill_on_drop: false }`
[INFO] [stdout] a6e0e7beda97e8485a62322dd2d28edaf3974ef94eeb8a895d1b162f79b51064
