[INFO] fetching crate tauri-plugin-prism 0.1.0...
[INFO] testing tauri-plugin-prism-0.1.0 against 1.100.0-beta.1 for beta-1.100-2
[INFO] extracting crate tauri-plugin-prism 0.1.0 into /workspace/builds/worker-4-tc2/source
[INFO] started tweaking crates.io crate tauri-plugin-prism 0.1.0
[INFO] finished tweaking crates.io crate tauri-plugin-prism 0.1.0
[INFO] tweaked toml for crates.io crate tauri-plugin-prism 0.1.0 written to /workspace/builds/worker-4-tc2/source/Cargo.toml
[INFO] validating manifest of crates.io crate tauri-plugin-prism 0.1.0 on toolchain 1.100.0-beta.1
[INFO] running `Command { std: CARGO_HOME="/workspace/cargo-home" RUSTUP_HOME="/workspace/rustup-home" "/workspace/cargo-home/bin/cargo" "+1.100.0-beta.1" "metadata" "--manifest-path" "Cargo.toml" "--no-deps", kill_on_drop: false }`
[INFO] crate crates.io crate tauri-plugin-prism 0.1.0 already has a lockfile, it will not be regenerated
[INFO] running `Command { std: CARGO_HOME="/workspace/cargo-home" RUSTUP_HOME="/workspace/rustup-home" "/workspace/cargo-home/bin/cargo" "+1.100.0-beta.1" "fetch" "--manifest-path" "Cargo.toml", kill_on_drop: false }`
[INFO] running `Command { std: "docker" "create" "-v" "/var/lib/crater-agent-workspace/builds/worker-4-tc2/source:/opt/rustwide/workdir:ro,Z" "-v" "/var/lib/crater-agent-workspace/builds/worker-4-tc2/target:/opt/rustwide/target:rw,Z" "-v" "/var/lib/crater-agent-workspace/cargo-home:/opt/rustwide/cargo-home:ro,Z" "-v" "/var/lib/crater-agent-workspace/rustup-home:/opt/rustwide/rustup-home:ro,Z" "-m" "1610612736" "--network" "none" "ghcr.io/rust-lang/crates-build-env/linux@sha256:3111399a4047eeb3a02b7a90e478d715f38a8c6669b5c4b49d30a17385265909" "sleep" "infinity", kill_on_drop: false }`
[INFO] [stdout] 8de1da4e4bd348cc0b387f9eeca9ebab21ae01ccfa154430f1e210e66d2481db
[INFO] running `Command { std: "docker" "start" "8de1da4e4bd348cc0b387f9eeca9ebab21ae01ccfa154430f1e210e66d2481db", kill_on_drop: false }`
[INFO] running `Command { std: "docker" "inspect" "8de1da4e4bd348cc0b387f9eeca9ebab21ae01ccfa154430f1e210e66d2481db", kill_on_drop: false }`
[INFO] running `Command { std: "docker" "exec" "-e" "SOURCE_DIR=/opt/rustwide/workdir" "-e" "CARGO_HOME=/opt/rustwide/cargo-home" "-e" "RUSTUP_HOME=/opt/rustwide/rustup-home" "-e" "CARGO_TARGET_DIR=/opt/rustwide/target" "-w" "/opt/rustwide/workdir" "--user" "0:0" "8de1da4e4bd348cc0b387f9eeca9ebab21ae01ccfa154430f1e210e66d2481db" "/opt/rustwide/cargo-home/bin/cargo" "+1.100.0-beta.1" "metadata" "--no-deps" "--format-version=1", kill_on_drop: false }`
[INFO] running `Command { std: "docker" "inspect" "8de1da4e4bd348cc0b387f9eeca9ebab21ae01ccfa154430f1e210e66d2481db", kill_on_drop: false }`
[INFO] running `Command { std: "docker" "exec" "-e" "SOURCE_DIR=/opt/rustwide/workdir" "-e" "CARGO_HOME=/opt/rustwide/cargo-home" "-e" "RUSTUP_HOME=/opt/rustwide/rustup-home" "-e" "CARGO_TARGET_DIR=/opt/rustwide/target" "-e" "CARGO_INCREMENTAL=0" "-e" "RUST_BACKTRACE=full" "-e" "RUSTFLAGS=--cap-lints=warn" "-e" "RUSTDOCFLAGS=--cap-lints=warn" "-w" "/opt/rustwide/workdir" "--user" "0:0" "8de1da4e4bd348cc0b387f9eeca9ebab21ae01ccfa154430f1e210e66d2481db" "/opt/rustwide/cargo-home/bin/cargo" "+1.100.0-beta.1" "build" "--frozen" "--message-format=json", kill_on_drop: false }`
[INFO] [stderr]    Compiling proc-macro2 v1.0.107
[INFO] [stderr]    Compiling serde_core v1.0.229
[INFO] [stderr]    Compiling smallvec v1.16.1
[INFO] [stderr]    Compiling serde v1.0.229
[INFO] [stderr]    Compiling phf_shared v0.13.1
[INFO] [stderr]    Compiling bitflags v2.13.2
[INFO] [stderr]    Compiling futures-channel v0.3.34
[INFO] [stderr]    Compiling serde_json v1.0.151
[INFO] [stderr]    Compiling regex-automata v0.4.18
[INFO] [stderr]    Compiling getrandom v0.4.3
[INFO] [stderr]    Compiling quick-xml v0.42.0
[INFO] [stderr]    Compiling base64 v0.23.1
[INFO] [stderr]    Compiling brotli-decompressor v5.0.3
[INFO] [stderr]    Compiling futures-io v0.3.34
[INFO] [stderr]    Compiling tendril v0.5.1
[INFO] [stderr]    Compiling indexmap v1.9.3
[INFO] [stderr]    Compiling glob v0.3.4
[INFO] [stderr]    Compiling cfg-expr v0.15.8
[INFO] [stderr]    Compiling parking_lot_core v0.9.12
[INFO] [stderr]    Compiling phf_generator v0.13.1
[INFO] [stderr]    Compiling camino v1.2.6
[INFO] [stderr]    Compiling quote v1.0.47
[INFO] [stderr]    Compiling syn v1.0.109
[INFO] [stderr]    Compiling phf_codegen v0.13.1
[INFO] [stderr]    Compiling rustc-hash v2.1.3
[INFO] [stderr]    Compiling parking_lot v0.12.5
[INFO] [stderr]    Compiling selectors v0.36.1
[INFO] [stderr]    Compiling time v0.3.55
[INFO] [stderr]    Compiling memoffset v0.9.1
[INFO] [stderr]    Compiling gtk v0.18.2
[INFO] [stderr]    Compiling simd-adler32 v0.3.10
[INFO] [stderr]    Compiling x11 v2.21.0
[INFO] [stderr]    Compiling typenum v1.20.1
[INFO] [stderr]    Compiling crc32fast v1.5.2
[INFO] [stderr]    Compiling crossbeam-utils v0.8.23
[INFO] [stderr]    Compiling string_cache v0.9.0
[INFO] [stderr]    Compiling miniz_oxide v0.9.1
[INFO] [stderr]    Compiling cmake v0.1.58
[INFO] [stderr]    Compiling brotli v8.0.4
[INFO] [stderr]    Compiling uuid v1.26.1
[INFO] [stderr]    Compiling syn v3.0.6
[INFO] [stderr]    Compiling syn v2.0.119
[INFO] [stderr]    Compiling string_cache_codegen v0.6.1
[INFO] [stderr]    Compiling proc-macro-error-attr v1.0.4
[INFO] [stderr]    Compiling cookie v0.18.2
[INFO] [stderr]    Compiling web_atoms v0.2.6
[INFO] [stderr]    Compiling libdbus-sys v0.2.7
[INFO] [stderr]    Compiling prism-sys v0.1.2
[INFO] [stderr]    Compiling proc-macro-error v1.0.4
[INFO] [stderr]    Compiling flate2 v1.1.10
[INFO] [stderr]    Compiling cfb v0.7.3
[INFO] [stderr]    Compiling fdeflate v0.3.7
[INFO] [stderr]    Compiling miniz_oxide v0.8.9
[INFO] [stderr]    Compiling erased-serde v0.4.10
[INFO] [stderr]    Compiling generic-array v0.14.7
[INFO] [stderr]    Compiling serde_spanned v1.1.1
[INFO] [stderr]    Compiling toml_datetime v1.1.1+spec-1.1.0
[INFO] [stderr]    Compiling crossbeam-channel v0.5.17
[INFO] [stderr]    Compiling toml v1.1.6+spec-1.1.0
[INFO] [stderr]    Compiling serde-untagged v0.1.9
[INFO] [stderr]    Compiling png v0.17.16
[INFO] [stderr]    Compiling crypto-common v0.1.7
[INFO] [stderr]    Compiling block-buffer v0.10.4
[INFO] [stderr]    Compiling regex v1.13.1
[INFO] [stderr]    Compiling digest v0.10.7
[INFO] [stderr]    Compiling infer v0.19.0
[INFO] [stderr]    Compiling tauri-runtime v2.11.3
[INFO] [stderr]    Compiling wry v0.55.1
[INFO] [stderr]    Compiling ico v0.5.0
[INFO] [stderr]    Compiling sha2 v0.10.9
[INFO] [stderr]    Compiling dbus v0.9.12
[INFO] [stderr]    Compiling prismer v0.1.2
[INFO] [stderr]    Compiling tauri-runtime-wry v2.11.4
[INFO] [stderr]    Compiling base64 v0.22.1
[INFO] [stderr]    Compiling getrandom v0.3.4
[INFO] [stderr]    Compiling tokio v1.53.1
[INFO] [stderr]    Compiling semver v1.0.28
[INFO] [stderr]    Compiling toml_datetime v0.7.5+spec-1.1.0
[INFO] [stderr]    Compiling rustc_version v0.4.1
[INFO] [stderr]    Compiling toml v0.9.12+spec-1.1.0
[INFO] [stderr]    Compiling field-offset v0.3.6
[INFO] [stderr]    Compiling embed-resource v3.0.11
[INFO] [stderr]    Compiling tauri-winres v0.3.6
[INFO] [stderr]    Compiling serde_derive_internals v0.29.1
[INFO] [stderr]    Compiling synstructure v0.14.0
[INFO] [stderr]    Compiling darling_core v0.24.1
[INFO] [stderr]    Compiling serde_derive v1.0.229
[INFO] [stderr]    Compiling zerofrom-derive v0.1.8
[INFO] [stderr]    Compiling yoke-derive v0.8.3
[INFO] [stderr]    Compiling zerovec-derive v0.11.6
[INFO] [stderr]    Compiling displaydoc v0.2.7
[INFO] [stderr]    Compiling futures-macro v0.3.34
[INFO] [stderr]    Compiling thiserror-impl v2.0.20
[INFO] [stderr]    Compiling serde_repr v0.1.21
[INFO] [stderr]    Compiling thiserror-impl v1.0.69
[INFO] [stderr]    Compiling phf_macros v0.13.1
[INFO] [stderr]    Compiling cssparser-macros v0.6.1
[INFO] [stderr]    Compiling derive_more-impl v2.1.1
[INFO] [stderr]    Compiling dlopen2_derive v0.4.3
[INFO] [stderr]    Compiling serialize-to-javascript-impl v0.1.2
[INFO] [stderr]    Compiling schemars_derive v0.8.22
[INFO] [stderr]    Compiling futures-util v0.3.34
[INFO] [stderr]    Compiling phf v0.13.1
[INFO] [stderr]    Compiling dlopen2 v0.8.2
[INFO] [stderr]    Compiling thiserror v2.0.20
[INFO] [stderr]    Compiling zerofrom v0.1.8
[INFO] [stderr]    Compiling yoke v0.8.3
[INFO] [stderr]    Compiling cssparser v0.36.0
[INFO] [stderr]    Compiling zerovec v0.11.8
[INFO] [stderr]    Compiling zerotrie v0.2.5
[INFO] [stderr]    Compiling thiserror v1.0.69
[INFO] [stderr]    Compiling derive_more v2.1.1
[INFO] [stderr]    Compiling tinystr v0.8.4
[INFO] [stderr]    Compiling potential_utf v0.1.6
[INFO] [stderr]    Compiling markup5ever v0.38.0
[INFO] [stderr]    Compiling icu_locale_core v2.3.0
[INFO] [stderr]    Compiling icu_collections v2.3.0
[INFO] [stderr]    Compiling html5ever v0.38.0
[INFO] [stderr]    Compiling darling_macro v0.24.1
[INFO] [stderr]    Compiling darling v0.24.1
[INFO] [stderr]    Compiling dom_query v0.27.0
[INFO] [stderr]    Compiling futures-executor v0.3.34
[INFO] [stderr]    Compiling serde_with_macros v3.23.0
[INFO] [stderr]    Compiling icu_provider v2.3.1
[INFO] [stderr]    Compiling serde_with v3.23.0
[INFO] [stderr]    Compiling toml_datetime v0.6.3
[INFO] [stderr]    Compiling serde_spanned v0.6.9
[INFO] [stderr]    Compiling icu_normalizer v2.3.0
[INFO] [stderr]    Compiling toml_edit v0.20.2
[INFO] [stderr]    Compiling icu_properties v2.3.0
[INFO] [stderr]    Compiling cargo-platform v0.1.9
[INFO] [stderr]    Compiling jsonptr v0.6.3
[INFO] [stderr]    Compiling cargo_metadata v0.19.2
[INFO] [stderr]    Compiling toml_edit v0.19.15
[INFO] [stderr] error: could not compile `icu_properties` (lib)
[INFO] [stderr] 
[INFO] [stderr] Caused by:
[INFO] [stderr]   process didn't exit successfully: `/opt/rustwide/rustup-home/toolchains/1.100.0-beta.1-x86_64-unknown-linux-gnu/bin/rustc --crate-name icu_properties --edition=2024 /opt/rustwide/cargo-home/registry/src/index.crates.io-1949cf8c6b5b557f/icu_properties-2.3.0/src/lib.rs --error-format=json --json=diagnostic-rendered-ansi,artifacts,future-incompat,unused-externs-silent --crate-type lib --emit=dep-info,metadata,link -C embed-bitcode=no -C debuginfo=2 --cfg 'feature="compiled_data"' --check-cfg 'cfg(docsrs,test)' --check-cfg 'cfg(feature, values("alloc", "compiled_data", "datagen", "default", "harfbuzz_traits", "log", "serde", "unicode_bidi", "unstable"))' -C metadata=a47e238419e93d80 -C extra-filename=-614ff29a943eb101 --out-dir /opt/rustwide/target/debug/build/icu_properties/614ff29a943eb101/out -L dependency=/opt/rustwide/target/debug/build/displaydoc/483ea3b99109c787/out -L dependency=/opt/rustwide/target/debug/build/icu_locale_core/39d07a96c9bcb997/out -L dependency=/opt/rustwide/target/debug/build/litemap/abaddab7afb37065/out -L dependency=/opt/rustwide/target/debug/build/potential_utf/3ab73a7f549fc8e5/out -L dependency=/opt/rustwide/target/debug/build/stable_deref_trait/a9b0d14a12564ec0/out -L dependency=/opt/rustwide/target/debug/build/tinystr/b007b5a91746b0ab/out -L dependency=/opt/rustwide/target/debug/build/utf8_iter/51566bbad89f3a68/out -L dependency=/opt/rustwide/target/debug/build/writeable/36514dcf36d12676/out -L dependency=/opt/rustwide/target/debug/build/yoke-derive/2ba49cd880201d4b/out -L dependency=/opt/rustwide/target/debug/build/yoke/3aa998725493a678/out -L dependency=/opt/rustwide/target/debug/build/zerofrom-derive/585ef3f6523a64ce/out -L dependency=/opt/rustwide/target/debug/build/zerofrom/4009630659060314/out -L dependency=/opt/rustwide/target/debug/build/zerotrie/0fe77a9e6829eb60/out -L dependency=/opt/rustwide/target/debug/build/zerovec-derive/1acd198df894f868/out -L dependency=/opt/rustwide/target/debug/build/zerovec/c71cbae185cbe704/out --extern displaydoc=/opt/rustwide/target/debug/build/displaydoc/483ea3b99109c787/out/libdisplaydoc-483ea3b99109c787.so --extern icu_collections=/opt/rustwide/target/debug/build/icu_collections/29b20bc5778480ab/out/libicu_collections-29b20bc5778480ab.rmeta --extern icu_locale_core=/opt/rustwide/target/debug/build/icu_locale_core/39d07a96c9bcb997/out/libicu_locale_core-39d07a96c9bcb997.rmeta --extern icu_properties_data=/opt/rustwide/target/debug/build/icu_properties_data/3f856f5bc2063921/out/libicu_properties_data-3f856f5bc2063921.rmeta --extern icu_provider=/opt/rustwide/target/debug/build/icu_provider/169fe197b7a38a6b/out/libicu_provider-169fe197b7a38a6b.rmeta --extern zerotrie=/opt/rustwide/target/debug/build/zerotrie/0fe77a9e6829eb60/out/libzerotrie-0fe77a9e6829eb60.rmeta --extern zerovec=/opt/rustwide/target/debug/build/zerovec/c71cbae185cbe704/out/libzerovec-c71cbae185cbe704.rmeta --cap-lints allow --cap-lints=warn --force-warn=unused_crate_dependencies` (signal: 9, SIGKILL: kill)
[INFO] [stderr] warning: build failed, waiting for other jobs to finish...
[INFO] [stderr] error: could not compile `dom_query` (lib)
[INFO] [stderr] 
[INFO] [stderr] Caused by:
[INFO] [stderr]   process didn't exit successfully: `/opt/rustwide/rustup-home/toolchains/1.100.0-beta.1-x86_64-unknown-linux-gnu/bin/rustc --crate-name dom_query --edition=2021 /opt/rustwide/cargo-home/registry/src/index.crates.io-1949cf8c6b5b557f/dom_query-0.27.0/src/lib.rs --error-format=json --json=diagnostic-rendered-ansi,artifacts,future-incompat,unused-externs-silent --crate-type lib --emit=dep-info,metadata,link -C embed-bitcode=no --check-cfg 'cfg(docsrs,test)' --check-cfg 'cfg(feature, values("atomic", "default", "hashbrown", "markdown", "mini_selector"))' -C metadata=2a211a5ebec71e22 -C extra-filename=-53473ec51931a180 --out-dir /opt/rustwide/target/debug/build/dom_query/53473ec51931a180/out -L dependency=/opt/rustwide/target/debug/build/bit-vec/ca31cd2ea93439e2/out -L dependency=/opt/rustwide/target/debug/build/bitflags/3a63d322c447192a/out -L dependency=/opt/rustwide/target/debug/build/cfg-if/5addb699396bfe5f/out -L dependency=/opt/rustwide/target/debug/build/cssparser-macros/0c76c852c388d38e/out -L dependency=/opt/rustwide/target/debug/build/cssparser/bedf4afcf8352913/out -L dependency=/opt/rustwide/target/debug/build/derive_more-impl/bcf92924053e2805/out -L dependency=/opt/rustwide/target/debug/build/derive_more/c515b730475511b6/out -L dependency=/opt/rustwide/target/debug/build/dtoa-short/40ca6f0d587a3a5f/out -L dependency=/opt/rustwide/target/debug/build/dtoa/fa9c3f840185ea6f/out -L dependency=/opt/rustwide/target/debug/build/itoa/5de11b3b23bfe572/out -L dependency=/opt/rustwide/target/debug/build/libc/32464e1b8391e223/out -L dependency=/opt/rustwide/target/debug/build/lock_api/16d46fed645f7bff/out -L dependency=/opt/rustwide/target/debug/build/log/22b5be7f6ba2d64a/out -L dependency=/opt/rustwide/target/debug/build/markup5ever/bb50f81d65a16607/out -L dependency=/opt/rustwide/target/debug/build/new_debug_unreachable/c347c22f0fe0d4e9/out -L dependency=/opt/rustwide/target/debug/build/parking_lot/1518e23a502659ea/out -L dependency=/opt/rustwide/target/debug/build/parking_lot_core/08b324b47f1cd0d4/out -L dependency=/opt/rustwide/target/debug/build/phf/c5a44aaa5da986af/out -L dependency=/opt/rustwide/target/debug/build/phf_macros/37a5cc496bba3ad8/out -L dependency=/opt/rustwide/target/debug/build/phf_shared/342b0527af40e75b/out -L dependency=/opt/rustwide/target/debug/build/precomputed-hash/2c7b3e88d98445c8/out -L dependency=/opt/rustwide/target/debug/build/rustc-hash/1f0ace860f711a8c/out -L dependency=/opt/rustwide/target/debug/build/scopeguard/7ec2214574194454/out -L dependency=/opt/rustwide/target/debug/build/servo_arc/52ad72cdea410c99/out -L dependency=/opt/rustwide/target/debug/build/siphasher/b16e808df37ae9fc/out -L dependency=/opt/rustwide/target/debug/build/smallvec/97d1d2282e3f5393/out -L dependency=/opt/rustwide/target/debug/build/stable_deref_trait/a9b0d14a12564ec0/out -L dependency=/opt/rustwide/target/debug/build/string_cache/a76a69dbdc8bdd80/out -L dependency=/opt/rustwide/target/debug/build/tendril/712d9308768329f1/out -L dependency=/opt/rustwide/target/debug/build/web_atoms/a195a8e39a7ef7aa/out --extern bit_set=/opt/rustwide/target/debug/build/bit-set/2e19b3a6572bd068/out/libbit_set-2e19b3a6572bd068.rmeta --extern cssparser=/opt/rustwide/target/debug/build/cssparser/bedf4afcf8352913/out/libcssparser-bedf4afcf8352913.rmeta --extern foldhash=/opt/rustwide/target/debug/build/foldhash/7d6917c2c939871d/out/libfoldhash-7d6917c2c939871d.rmeta --extern html5ever=/opt/rustwide/target/debug/build/html5ever/a48a9a50778cbf47/out/libhtml5ever-a48a9a50778cbf47.rmeta --extern precomputed_hash=/opt/rustwide/target/debug/build/precomputed-hash/2c7b3e88d98445c8/out/libprecomputed_hash-2c7b3e88d98445c8.rmeta --extern selectors=/opt/rustwide/target/debug/build/selectors/1b1661e5028edcb4/out/libselectors-1b1661e5028edcb4.rmeta --extern tendril=/opt/rustwide/target/debug/build/tendril/712d9308768329f1/out/libtendril-712d9308768329f1.rmeta --cap-lints allow --cap-lints=warn --force-warn=unused_crate_dependencies` (signal: 9, SIGKILL: kill)
[INFO] [stderr] error: could not compile `serde_with` (lib)
[INFO] [stderr] 
[INFO] [stderr] Caused by:
[INFO] [stderr]   process didn't exit successfully: `/opt/rustwide/rustup-home/toolchains/1.100.0-beta.1-x86_64-unknown-linux-gnu/bin/rustc --crate-name serde_with --edition=2021 /opt/rustwide/cargo-home/registry/src/index.crates.io-1949cf8c6b5b557f/serde_with-3.23.0/src/lib.rs --error-format=json --json=diagnostic-rendered-ansi,artifacts,future-incompat,unused-externs-silent --crate-type lib --emit=dep-info,metadata,link -C embed-bitcode=no -C debuginfo=2 --cfg 'feature="alloc"' --cfg 'feature="default"' --cfg 'feature="macros"' --cfg 'feature="std"' --check-cfg 'cfg(docsrs,test)' --check-cfg 'cfg(feature, values("alloc", "base58", "base64", "chrono", "chrono_0_4", "default", "guide", "hashbrown_0_14", "hashbrown_0_15", "hashbrown_0_16", "hashbrown_0_17", "hex", "indexmap", "indexmap_1", "indexmap_2", "jiff_0_2", "json", "macros", "schemars_0_8", "schemars_0_9", "schemars_1", "smallvec_1", "std", "time_0_3"))' -C metadata=7f53b772abf5289e -C extra-filename=-31feaa91ac4c67b2 --out-dir /opt/rustwide/target/debug/build/serde_with/31feaa91ac4c67b2/out --extern serde_core=/opt/rustwide/target/debug/build/serde_core/b556969ae9fcb7f1/out/libserde_core-b556969ae9fcb7f1.rmeta --extern serde_with_macros=/opt/rustwide/target/debug/build/serde_with_macros/a8736f485a7f6432/out/libserde_with_macros-a8736f485a7f6432.so --cap-lints allow --cap-lints=warn --force-warn=unused_crate_dependencies` (signal: 9, SIGKILL: kill)
[INFO] [stderr] error: failed to run custom build command for `prism-sys v0.1.2`
[INFO] [stderr] note: To improve backtraces for build dependencies, set the CARGO_PROFILE_DEV_BUILD_OVERRIDE_DEBUG=true environment variable to enable debug information generation.
[INFO] [stderr] 
[INFO] [stderr] Caused by:
[INFO] [stderr]   process didn't exit successfully: `/opt/rustwide/target/debug/build/prism-sys/519a24d86db6a80b/out/build_script_build` (exit status: 101)
[INFO] [stderr]   --- stdout
[INFO] [stderr]   cargo:rerun-if-env-changed=PRISM_LIB_DIR
[INFO] [stderr]   cargo:rerun-if-changed=prism/CMakeLists.txt
[INFO] [stderr]   cargo:rerun-if-changed=prism/cmake
[INFO] [stderr]   cargo:rerun-if-changed=prism/source
[INFO] [stderr]   cargo:rerun-if-changed=prism/include
[INFO] [stderr]   CMAKE_TOOLCHAIN_FILE_x86_64-unknown-linux-gnu = None
[INFO] [stderr]   CMAKE_TOOLCHAIN_FILE_x86_64_unknown_linux_gnu = None
[INFO] [stderr]   HOST_CMAKE_TOOLCHAIN_FILE = None
[INFO] [stderr]   CMAKE_TOOLCHAIN_FILE = None
[INFO] [stderr]   CMAKE_GENERATOR_x86_64-unknown-linux-gnu = None
[INFO] [stderr]   CMAKE_GENERATOR_x86_64_unknown_linux_gnu = None
[INFO] [stderr]   HOST_CMAKE_GENERATOR = None
[INFO] [stderr]   CMAKE_GENERATOR = None
[INFO] [stderr]   CMAKE_PREFIX_PATH_x86_64-unknown-linux-gnu = None
[INFO] [stderr]   CMAKE_PREFIX_PATH_x86_64_unknown_linux_gnu = None
[INFO] [stderr]   HOST_CMAKE_PREFIX_PATH = None
[INFO] [stderr]   CMAKE_PREFIX_PATH = None
[INFO] [stderr]   CMAKE_x86_64-unknown-linux-gnu = None
[INFO] [stderr]   CMAKE_x86_64_unknown_linux_gnu = None
[INFO] [stderr]   HOST_CMAKE = None
[INFO] [stderr]   CMAKE = None
[INFO] [stderr]   -- The C compiler identification is GNU 15.2.0
[INFO] [stderr]   -- The CXX compiler identification is GNU 15.2.0
[INFO] [stderr]   -- Detecting C compiler ABI info
[INFO] [stderr]   -- Detecting C compiler ABI info - done
[INFO] [stderr]   -- Check for working C compiler: /usr/bin/cc - skipped
[INFO] [stderr]   -- Detecting C compile features
[INFO] [stderr]   -- Detecting C compile features - done
[INFO] [stderr]   -- Detecting CXX compiler ABI info
[INFO] [stderr]   -- Detecting CXX compiler ABI info - done
[INFO] [stderr]   -- Check for working CXX compiler: /usr/bin/c++ - skipped
[INFO] [stderr]   -- Detecting CXX compile features
[INFO] [stderr]   -- Detecting CXX compile features - done
[INFO] [stderr]   -- Performing Test PRISM_HAS_JTHREAD_NATIVE
[INFO] [stderr]   -- Performing Test PRISM_HAS_JTHREAD_NATIVE - Success
[INFO] [stderr]   -- Performing Test PRISM_HAS_FAT_LTO_OBJECTS_C
[INFO] [stderr]   -- Performing Test PRISM_HAS_FAT_LTO_OBJECTS_C - Success
[INFO] [stderr]   -- Performing Test PRISM_HAS_FAT_LTO_OBJECTS_CXX
[INFO] [stderr]   -- Performing Test PRISM_HAS_FAT_LTO_OBJECTS_CXX - Success
[INFO] [stderr]   -- Performing Test PRISM_HAS_NO_UNDEFINED_LINK_FLAG
[INFO] [stderr]   -- Performing Test PRISM_HAS_NO_UNDEFINED_LINK_FLAG - Success
[INFO] [stderr]   -- Prism dep fmt: bundled third_party/fmt
[INFO] [stderr]   -- Prism dep highway: bundled third_party/highway
[INFO] [stderr]   -- Prism dep simdutf: bundled third_party/simdutf
[INFO] [stderr]   -- Prism dep concurrentqueue: bundled third_party/concurrentqueue
[INFO] [stderr]   -- Prism dep dr_wav: bundled third_party/dr_wav
[INFO] [stderr]   -- Prism dep moderncom: bundled third_party/moderncom
[INFO] [stderr]   -- Found PkgConfig: /usr/bin/pkg-config (found version "2.5.1")
[INFO] [stderr]   -- Prism backend orca: skipped (missing glibmm-2.68>=2.68.0, giomm-2.68>=2.68.0)
[INFO] [stderr]   -- Prism backend speech_dispatcher: enabled
[INFO] [stderr]   -- Prism backend spiel: skipped (missing spiel-1.0)
[INFO] [stderr]   -- Prism backends: orca=skipped speech_dispatcher=on spiel=skipped
[INFO] [stderr]   -- Prism: giomm not found; power-aware availability polling disabled
[INFO] [stderr]   -- Performing Test PRISM_HAS_WALL
[INFO] [stderr]   -- Performing Test PRISM_HAS_WALL - Success
[INFO] [stderr]   -- Performing Test PRISM_HAS_WEXTRA
[INFO] [stderr]   -- Performing Test PRISM_HAS_WEXTRA - Success
[INFO] [stderr]   -- Performing Test PRISM_HAS_WTHREAD_SAFETY
[INFO] [stderr]   -- Performing Test PRISM_HAS_WTHREAD_SAFETY - Failed
[INFO] [stderr]   -- Configuring done (31.2s)
[INFO] [stderr]   -- Generating done (0.1s)
[INFO] [stderr]   -- Build files have been written to: /opt/rustwide/target/debug/build/prism-sys/38920b9712dc71de/out/build
[INFO] [stderr]   [  4%] Building CXX object CMakeFiles/prism_dep_fmt.dir/third_party/fmt/src/format.cc.o
[INFO] [stderr]   [  8%] Building CXX object CMakeFiles/prism_dep_fmt.dir/third_party/fmt/src/os.cc.o
[INFO] [stderr]   [ 12%] Building C object CMakeFiles/prism_dep_dr_wav.dir/third_party/dr_wav/wav.c.o
[INFO] [stderr]   [ 16%] Building CXX object CMakeFiles/prism_backend_speech_dispatcher.dir/source/backends/speech_dispatcher.cpp.o
[INFO] [stderr]   [ 20%] Building CXX object CMakeFiles/prism_dep_highway.dir/third_party/highway/hwy/abort.cc.o
[INFO] [stderr]   [ 25%] Building CXX object CMakeFiles/prism_dep_highway.dir/third_party/highway/hwy/per_target.cc.o
[INFO] [stderr]   [ 29%] Building CXX object CMakeFiles/prism_dep_highway.dir/third_party/highway/hwy/print.cc.o
[INFO] [stderr]   [ 33%] Building CXX object CMakeFiles/prism_dep_highway.dir/third_party/highway/hwy/targets.cc.o
[INFO] [stderr]   [ 37%] Building CXX object CMakeFiles/prism_dep_highway.dir/third_party/highway/hwy/timer.cc.o
[INFO] [stderr]   [ 41%] Building CXX object CMakeFiles/prism_dep_simdutf.dir/third_party/simdutf/simdutf.cpp.o
[INFO] [stderr]   [ 41%] Built target prism_dep_dr_wav
[INFO] [stderr]   [ 41%] Built target prism_dep_fmt
[INFO] [stderr]   [ 41%] Built target prism_backend_speech_dispatcher
[INFO] [stderr]   [ 41%] Built target prism_dep_simdutf
[INFO] [stderr] 
[INFO] [stderr]   --- stderr
[INFO] [stderr]   running: cd "/opt/rustwide/target/debug/build/prism-sys/38920b9712dc71de/out/build" && CMAKE_PREFIX_PATH="" LC_ALL="C" "cmake" "/opt/rustwide/cargo-home/registry/src/index.crates.io-1949cf8c6b5b557f/prism-sys-0.1.2/prism" "-B" "/opt/rustwide/target/debug/build/prism-sys/38920b9712dc71de/out/build" "-DBUILD_SHARED_LIBS=OFF" "-DCMAKE_INSTALL_PREFIX=/opt/rustwide/target/debug/build/prism-sys/38920b9712dc71de/out" "-DCMAKE_C_FLAGS= -ffunction-sections -fdata-sections -fPIC -m64 -w" "-DCMAKE_C_COMPILER=/usr/bin/cc" "-DCMAKE_CXX_FLAGS= -ffunction-sections -fdata-sections -fPIC -m64 -w" "-DCMAKE_CXX_COMPILER=/usr/bin/c++" "-DCMAKE_ASM_FLAGS= -ffunction-sections -fdata-sections -fPIC -m64 -w" "-DCMAKE_ASM_COMPILER=/usr/bin/cc" "-DCMAKE_BUILD_TYPE=Debug"
[INFO] [stderr]   CMake Warning:
[INFO] [stderr]     Manually-specified variables were not used by the project:
[INFO] [stderr] 
[INFO] [stderr]       CMAKE_ASM_COMPILER
[INFO] [stderr]       CMAKE_ASM_FLAGS
[INFO] [stderr] 
[INFO] [stderr] 
[INFO] [stderr]   running: cd "/opt/rustwide/target/debug/build/prism-sys/38920b9712dc71de/out/build" && LC_ALL="C" MAKEFLAGS="-j --jobserver-fds=4,5 --jobserver-auth=4,5" "cmake" "--build" "/opt/rustwide/target/debug/build/prism-sys/38920b9712dc71de/out/build" "--target" "install" "--config" "Debug"
[INFO] [stderr]   c++: fatal error: Killed signal terminated program cc1plus
[INFO] [stderr]   compilation terminated.
[INFO] [stderr]   gmake[2]: *** [CMakeFiles/prism_dep_highway.dir/build.make:93: CMakeFiles/prism_dep_highway.dir/third_party/highway/hwy/per_target.cc.o] Error 1
[INFO] [stderr]   gmake[2]: *** Waiting for unfinished jobs....
[INFO] [stderr]   gmake[1]: *** [CMakeFiles/Makefile2:134: CMakeFiles/prism_dep_highway.dir/all] Error 2
[INFO] [stderr]   gmake[1]: *** Waiting for unfinished jobs....
[INFO] [stderr]   gmake: *** [Makefile:136: all] Error 2
[INFO] [stderr] 
[INFO] [stderr]   thread 'main' (868) panicked at /opt/rustwide/cargo-home/registry/src/index.crates.io-1949cf8c6b5b557f/cmake-0.1.58/src/lib.rs:1132:5:
[INFO] [stderr] 
[INFO] [stderr]   command did not execute successfully, got: exit status: 2
[INFO] [stderr] 
[INFO] [stderr]   build script failed, must exit now
[INFO] [stderr]   stack backtrace:
[INFO] [stderr]      0:     0x5ef9171e74e1 - std[617be2ca0a6fd877]::backtrace_rs::backtrace::libunwind::trace
[INFO] [stderr]                                  at /rustc/e3feeb59cd1bdd011a2bfcc0747b55125d9b8527/library/std/src/../../backtrace/src/backtrace/libunwind.rs:117:9
[INFO] [stderr]      1:     0x5ef9171e74e1 - std[617be2ca0a6fd877]::backtrace_rs::backtrace::trace_unsynchronized::<std[617be2ca0a6fd877]::sys::backtrace::_print_fmt::{closure#1}>
[INFO] [stderr]                                  at /rustc/e3feeb59cd1bdd011a2bfcc0747b55125d9b8527/library/std/src/../../backtrace/src/backtrace/mod.rs:66:14
[INFO] [stderr]      2:     0x5ef9171e74e1 - std[617be2ca0a6fd877]::sys::backtrace::_print_fmt
[INFO] [stderr]                                  at /rustc/e3feeb59cd1bdd011a2bfcc0747b55125d9b8527/library/std/src/sys/backtrace.rs:74:9
[INFO] [stderr]      3:     0x5ef9171e74e1 - <<std[617be2ca0a6fd877]::sys::backtrace::BacktraceLock>::print::DisplayBacktrace as core[a373ad73a504971]::fmt::Display>::fmt
[INFO] [stderr]                                  at /rustc/e3feeb59cd1bdd011a2bfcc0747b55125d9b8527/library/std/src/sys/backtrace.rs:44:26
[INFO] [stderr]      4:     0x5ef9171fb43a - <core[a373ad73a504971]::fmt::rt::Argument>::fmt
[INFO] [stderr]                                  at /rustc/e3feeb59cd1bdd011a2bfcc0747b55125d9b8527/library/core/src/fmt/rt.rs:152:76
[INFO] [stderr]      5:     0x5ef9171fb43a - core[a373ad73a504971]::fmt::write
[INFO] [stderr]      6:     0x5ef9171ecc1c - core[a373ad73a504971]::io::write::default_write_fmt::<std[617be2ca0a6fd877]::sys::stdio::unix::Stderr>
[INFO] [stderr]                                  at /rustc/e3feeb59cd1bdd011a2bfcc0747b55125d9b8527/library/core/src/io/write.rs:402:11
[INFO] [stderr]      7:     0x5ef9171ecc1c - <std[617be2ca0a6fd877]::sys::stdio::unix::Stderr as core[a373ad73a504971]::io::write::Write>::write_fmt
[INFO] [stderr]                                  at /rustc/e3feeb59cd1bdd011a2bfcc0747b55125d9b8527/library/core/src/io/write.rs:335:13
[INFO] [stderr]      8:     0x5ef9171c6076 - <std[617be2ca0a6fd877]::sys::backtrace::BacktraceLock>::print
[INFO] [stderr]                                  at /rustc/e3feeb59cd1bdd011a2bfcc0747b55125d9b8527/library/std/src/sys/backtrace.rs:47:9
[INFO] [stderr]      9:     0x5ef9171c6076 - std[617be2ca0a6fd877]::panicking::default_hook::{closure#0}
[INFO] [stderr]                                  at /rustc/e3feeb59cd1bdd011a2bfcc0747b55125d9b8527/library/std/src/panicking.rs:289:27
[INFO] [stderr]     10:     0x5ef9171e1ea1 - std[617be2ca0a6fd877]::panicking::default_hook
[INFO] [stderr]                                  at /rustc/e3feeb59cd1bdd011a2bfcc0747b55125d9b8527/library/std/src/panicking.rs:316:9
[INFO] [stderr]     11:     0x5ef9171e205b - std[617be2ca0a6fd877]::panicking::panic_with_hook
[INFO] [stderr]                                  at /rustc/e3feeb59cd1bdd011a2bfcc0747b55125d9b8527/library/std/src/panicking.rs:811:13
[INFO] [stderr]     12:     0x5ef9171c6122 - std[617be2ca0a6fd877]::panicking::panic_handler::{closure#0}
[INFO] [stderr]                                  at /rustc/e3feeb59cd1bdd011a2bfcc0747b55125d9b8527/library/std/src/panicking.rs:685:13
[INFO] [stderr]     13:     0x5ef9171bec39 - std[617be2ca0a6fd877]::sys::backtrace::__rust_end_short_backtrace::<std[617be2ca0a6fd877]::panicking::panic_handler::{closure#0}, !>
[INFO] [stderr]                                  at /rustc/e3feeb59cd1bdd011a2bfcc0747b55125d9b8527/library/std/src/sys/backtrace.rs:182:18
[INFO] [stderr]     14:     0x5ef9171c690d - __rustc[ea4f61d10b84890b]::rust_begin_unwind
[INFO] [stderr]                                  at /rustc/e3feeb59cd1bdd011a2bfcc0747b55125d9b8527/library/std/src/panicking.rs:676:5
[INFO] [stderr]     15:     0x5ef9171fbc2c - core[a373ad73a504971]::panicking::panic_fmt
[INFO] [stderr]                                  at /rustc/e3feeb59cd1bdd011a2bfcc0747b55125d9b8527/library/core/src/panicking.rs:80:14
[INFO] [stderr]     16:     0x5ef91714ab17 - cmake[ffccd4f525b078a9]::fail
[INFO] [stderr]     17:     0x5ef91714a7a3 - cmake[ffccd4f525b078a9]::run
[INFO] [stderr]     18:     0x5ef917150775 - <cmake[ffccd4f525b078a9]::Config>::build
[INFO] [stderr]     19:     0x5ef91713aab6 - build_script_build[eca191323e26533]::build_vendored
[INFO] [stderr]     20:     0x5ef91713bc06 - build_script_build[eca191323e26533]::main
[INFO] [stderr]     21:     0x5ef91713d36b - <fn() as core[a373ad73a504971]::ops::function::FnOnce<()>>::call_once
[INFO] [stderr]     22:     0x5ef91713a11e - std[617be2ca0a6fd877]::sys::backtrace::__rust_begin_short_backtrace::<fn(), ()>
[INFO] [stderr]     23:     0x5ef91713a309 - std[617be2ca0a6fd877]::rt::lang_start::<()>::{closure#0}
[INFO] [stderr]     24:     0x5ef9171e11a8 - <&dyn core[a373ad73a504971]::ops::function::Fn<(), Output = i32> + core[a373ad73a504971]::marker::Sync + core[a373ad73a504971]::panic::unwind_safe::RefUnwindSafe as core[a373ad73a504971]::ops::function::FnOnce<()>>::call_once
[INFO] [stderr]                                  at /rustc/e3feeb59cd1bdd011a2bfcc0747b55125d9b8527/library/core/src/ops/function.rs:287:21
[INFO] [stderr]     25:     0x5ef9171e11a8 - std[617be2ca0a6fd877]::panicking::catch_unwind::do_call::<&dyn core[a373ad73a504971]::ops::function::Fn<(), Output = i32> + core[a373ad73a504971]::marker::Sync + core[a373ad73a504971]::panic::unwind_safe::RefUnwindSafe, i32>
[INFO] [stderr]                                  at /rustc/e3feeb59cd1bdd011a2bfcc0747b55125d9b8527/library/std/src/panicking.rs:573:43
[INFO] [stderr]     26:     0x5ef9171e11a8 - std[617be2ca0a6fd877]::panicking::catch_unwind::<i32, &dyn core[a373ad73a504971]::ops::function::Fn<(), Output = i32> + core[a373ad73a504971]::marker::Sync + core[a373ad73a504971]::panic::unwind_safe::RefUnwindSafe>
[INFO] [stderr]                                  at /rustc/e3feeb59cd1bdd011a2bfcc0747b55125d9b8527/library/std/src/panicking.rs:541:19
[INFO] [stderr]     27:     0x5ef9171e11a8 - std[617be2ca0a6fd877]::panic::catch_unwind::<&dyn core[a373ad73a504971]::ops::function::Fn<(), Output = i32> + core[a373ad73a504971]::marker::Sync + core[a373ad73a504971]::panic::unwind_safe::RefUnwindSafe, i32>
[INFO] [stderr]                                  at /rustc/e3feeb59cd1bdd011a2bfcc0747b55125d9b8527/library/std/src/panic.rs:359:14
[INFO] [stderr]     28:     0x5ef9171e11a8 - std[617be2ca0a6fd877]::rt::lang_start_internal::{closure#0}
[INFO] [stderr]                                  at /rustc/e3feeb59cd1bdd011a2bfcc0747b55125d9b8527/library/std/src/rt.rs:175:24
[INFO] [stderr]     29:     0x5ef9171e11a8 - std[617be2ca0a6fd877]::panicking::catch_unwind::do_call::<std[617be2ca0a6fd877]::rt::lang_start_internal::{closure#0}, isize>
[INFO] [stderr]                                  at /rustc/e3feeb59cd1bdd011a2bfcc0747b55125d9b8527/library/std/src/panicking.rs:573:43
[INFO] [stderr]     30:     0x5ef9171e11a8 - std[617be2ca0a6fd877]::panicking::catch_unwind::<isize, std[617be2ca0a6fd877]::rt::lang_start_internal::{closure#0}>
[INFO] [stderr]                                  at /rustc/e3feeb59cd1bdd011a2bfcc0747b55125d9b8527/library/std/src/panicking.rs:541:19
[INFO] [stderr]     31:     0x5ef9171e11a8 - std[617be2ca0a6fd877]::panic::catch_unwind::<std[617be2ca0a6fd877]::rt::lang_start_internal::{closure#0}, isize>
[INFO] [stderr]                                  at /rustc/e3feeb59cd1bdd011a2bfcc0747b55125d9b8527/library/std/src/panic.rs:359:14
[INFO] [stderr]     32:     0x5ef9171e11a8 - std[617be2ca0a6fd877]::rt::lang_start_internal
[INFO] [stderr]                                  at /rustc/e3feeb59cd1bdd011a2bfcc0747b55125d9b8527/library/std/src/rt.rs:171:5
[INFO] [stderr]     33:     0x5ef917139bf1 - std[617be2ca0a6fd877]::rt::lang_start::<()>
[INFO] [stderr]     34:     0x5ef91713d415 - main
[INFO] [stderr]     35:     0x73d593ca0601 - <unknown>
[INFO] [stderr]     36:     0x73d593ca0718 - __libc_start_main
[INFO] [stderr]     37:     0x5ef917137b65 - _start
[INFO] [stderr]     38:                0x0 - <unknown>
[INFO] running `Command { std: "docker" "inspect" "8de1da4e4bd348cc0b387f9eeca9ebab21ae01ccfa154430f1e210e66d2481db", kill_on_drop: false }`
[INFO] running `Command { std: "docker" "rm" "-f" "8de1da4e4bd348cc0b387f9eeca9ebab21ae01ccfa154430f1e210e66d2481db", kill_on_drop: false }`
[INFO] [stdout] 8de1da4e4bd348cc0b387f9eeca9ebab21ae01ccfa154430f1e210e66d2481db
