[INFO] fetching crate tauri-plugin-media 0.1.1...
[INFO] testing tauri-plugin-media-0.1.1 against 1.100.0-beta.1 for beta-1.100-2
[INFO] extracting crate tauri-plugin-media 0.1.1 into /workspace/builds/worker-7-tc2/source
[INFO] started tweaking crates.io crate tauri-plugin-media 0.1.1
[INFO] finished tweaking crates.io crate tauri-plugin-media 0.1.1
[INFO] tweaked toml for crates.io crate tauri-plugin-media 0.1.1 written to /workspace/builds/worker-7-tc2/source/Cargo.toml
[INFO] validating manifest of crates.io crate tauri-plugin-media 0.1.1 on toolchain 1.100.0-beta.1
[INFO] running `Command { std: CARGO_HOME="/workspace/cargo-home" RUSTUP_HOME="/workspace/rustup-home" "/workspace/cargo-home/bin/cargo" "+1.100.0-beta.1" "metadata" "--manifest-path" "Cargo.toml" "--no-deps", kill_on_drop: false }`
[INFO] crate crates.io crate tauri-plugin-media 0.1.1 already has a lockfile, it will not be regenerated
[INFO] running `Command { std: CARGO_HOME="/workspace/cargo-home" RUSTUP_HOME="/workspace/rustup-home" "/workspace/cargo-home/bin/cargo" "+1.100.0-beta.1" "fetch" "--manifest-path" "Cargo.toml", kill_on_drop: false }`
[INFO] running `Command { std: "docker" "create" "-v" "/var/lib/crater-agent-workspace/builds/worker-7-tc2/source:/opt/rustwide/workdir:ro,Z" "-v" "/var/lib/crater-agent-workspace/builds/worker-7-tc2/target:/opt/rustwide/target:rw,Z" "-v" "/var/lib/crater-agent-workspace/cargo-home:/opt/rustwide/cargo-home:ro,Z" "-v" "/var/lib/crater-agent-workspace/rustup-home:/opt/rustwide/rustup-home:ro,Z" "-m" "1610612736" "--network" "none" "ghcr.io/rust-lang/crates-build-env/linux@sha256:3111399a4047eeb3a02b7a90e478d715f38a8c6669b5c4b49d30a17385265909" "sleep" "infinity", kill_on_drop: false }`
[INFO] [stdout] 5a1fad425e6fd8b45e4f41c2737c2bfb95753cfd44821744652064fcd5a64ec2
[INFO] running `Command { std: "docker" "start" "5a1fad425e6fd8b45e4f41c2737c2bfb95753cfd44821744652064fcd5a64ec2", kill_on_drop: false }`
[INFO] running `Command { std: "docker" "inspect" "5a1fad425e6fd8b45e4f41c2737c2bfb95753cfd44821744652064fcd5a64ec2", kill_on_drop: false }`
[INFO] running `Command { std: "docker" "exec" "-e" "SOURCE_DIR=/opt/rustwide/workdir" "-e" "CARGO_HOME=/opt/rustwide/cargo-home" "-e" "RUSTUP_HOME=/opt/rustwide/rustup-home" "-e" "CARGO_TARGET_DIR=/opt/rustwide/target" "-w" "/opt/rustwide/workdir" "--user" "0:0" "5a1fad425e6fd8b45e4f41c2737c2bfb95753cfd44821744652064fcd5a64ec2" "/opt/rustwide/cargo-home/bin/cargo" "+1.100.0-beta.1" "metadata" "--no-deps" "--format-version=1", kill_on_drop: false }`
[INFO] running `Command { std: "docker" "inspect" "5a1fad425e6fd8b45e4f41c2737c2bfb95753cfd44821744652064fcd5a64ec2", kill_on_drop: false }`
[INFO] running `Command { std: "docker" "exec" "-e" "SOURCE_DIR=/opt/rustwide/workdir" "-e" "CARGO_HOME=/opt/rustwide/cargo-home" "-e" "RUSTUP_HOME=/opt/rustwide/rustup-home" "-e" "CARGO_TARGET_DIR=/opt/rustwide/target" "-e" "CARGO_INCREMENTAL=0" "-e" "RUST_BACKTRACE=full" "-e" "RUSTFLAGS=--cap-lints=warn" "-e" "RUSTDOCFLAGS=--cap-lints=warn" "-w" "/opt/rustwide/workdir" "--user" "0:0" "5a1fad425e6fd8b45e4f41c2737c2bfb95753cfd44821744652064fcd5a64ec2" "/opt/rustwide/cargo-home/bin/cargo" "+1.100.0-beta.1" "build" "--frozen" "--message-format=json", kill_on_drop: false }`
[INFO] [stderr]    Compiling proc-macro2 v1.0.101
[INFO] [stderr]    Compiling unicode-ident v1.0.18
[INFO] [stderr]    Compiling serde v1.0.219
[INFO] [stderr]    Compiling libc v0.2.175
[INFO] [stderr]    Compiling smallvec v1.15.1
[INFO] [stderr]    Compiling hashbrown v0.15.5
[INFO] [stderr]    Compiling equivalent v1.0.2
[INFO] [stderr]    Compiling winnow v0.5.40
[INFO] [stderr]    Compiling heck v0.5.0
[INFO] [stderr]    Compiling target-lexicon v0.12.16
[INFO] [stderr]    Compiling version-compare v0.2.0
[INFO] [stderr]    Compiling cfg-if v1.0.3
[INFO] [stderr]    Compiling memchr v2.7.5
[INFO] [stderr]    Compiling zerocopy v0.8.26
[INFO] [stderr]    Compiling syn v1.0.109
[INFO] [stderr]    Compiling writeable v0.6.1
[INFO] [stderr]    Compiling litemap v0.8.0
[INFO] [stderr]    Compiling stable_deref_trait v1.2.0
[INFO] [stderr]    Compiling icu_properties_data v2.0.1
[INFO] [stderr]    Compiling icu_normalizer_data v2.0.0
[INFO] [stderr]    Compiling semver v1.0.26
[INFO] [stderr]    Compiling phf_shared v0.11.3
[INFO] [stderr]    Compiling proc-macro-error-attr v1.0.4
[INFO] [stderr]    Compiling siphasher v0.3.11
[INFO] [stderr]    Compiling proc-macro-error v1.0.4
[INFO] [stderr]    Compiling getrandom v0.1.16
[INFO] [stderr]    Compiling futures-core v0.3.31
[INFO] [stderr]    Compiling parking_lot_core v0.9.11
[INFO] [stderr]    Compiling lock_api v0.4.13
[INFO] [stderr]    Compiling typeid v1.0.3
[INFO] [stderr]    Compiling heck v0.4.1
[INFO] [stderr]    Compiling winnow v0.7.13
[INFO] [stderr]    Compiling indexmap v2.11.0
[INFO] [stderr]    Compiling futures-channel v0.3.31
[INFO] [stderr]    Compiling thiserror v2.0.16
[INFO] [stderr]    Compiling toml_writer v1.0.2
[INFO] [stderr]    Compiling aho-corasick v1.1.3
[INFO] [stderr]    Compiling phf_shared v0.8.0
[INFO] [stderr]    Compiling unic-common v0.9.0
[INFO] [stderr]    Compiling cfg-expr v0.15.8
[INFO] [stderr]    Compiling unic-char-range v0.9.0
[INFO] [stderr]    Compiling regex-syntax v0.8.6
[INFO] [stderr]    Compiling proc-macro-hack v0.5.20+deprecated
[INFO] [stderr]    Compiling unic-ucd-version v0.9.0
[INFO] [stderr]    Compiling phf_shared v0.10.0
[INFO] [stderr]    Compiling serde_json v1.0.143
[INFO] [stderr]    Compiling quote v1.0.40
[INFO] [stderr]    Compiling unic-char-property v0.9.0
[INFO] [stderr]    Compiling bytes v1.10.1
[INFO] [stderr]    Compiling alloc-no-stdlib v2.0.4
[INFO] [stderr]    Compiling new_debug_unreachable v1.0.6
[INFO] [stderr]    Compiling getrandom v0.3.3
[INFO] [stderr]    Compiling unic-ucd-ident v0.9.0
[INFO] [stderr]    Compiling syn v2.0.106
[INFO] [stderr]    Compiling getrandom v0.2.16
[INFO] [stderr]    Compiling alloc-stdlib v0.2.2
[INFO] [stderr]    Compiling rand_core v0.6.4
[INFO] [stderr]    Compiling rand_core v0.5.1
[INFO] [stderr]    Compiling gio v0.18.4
[INFO] [stderr]    Compiling anyhow v1.0.99
[INFO] [stderr]    Compiling mac v0.1.1
[INFO] [stderr]    Compiling precomputed-hash v0.1.1
[INFO] [stderr]    Compiling futf v0.1.5
[INFO] [stderr]    Compiling brotli-decompressor v5.0.0
[INFO] [stderr]    Compiling rand_pcg v0.2.1
[INFO] [stderr]    Compiling parking_lot v0.12.4
[INFO] [stderr]    Compiling dtoa v1.0.10
[INFO] [stderr]    Compiling http v1.3.1
[INFO] [stderr]    Compiling futures-io v0.3.31
[INFO] [stderr]    Compiling percent-encoding v2.3.2
[INFO] [stderr]    Compiling utf-8 v0.7.6
[INFO] [stderr]    Compiling dtoa-short v0.3.5
[INFO] [stderr]    Compiling indexmap v1.9.3
[INFO] [stderr]    Compiling tendril v0.4.3
[INFO] [stderr]    Compiling form_urlencoded v1.2.2
[INFO] [stderr]    Compiling dunce v1.0.5
[INFO] [stderr]    Compiling matches v0.1.10
[INFO] [stderr]    Compiling nodrop v0.1.14
[INFO] [stderr]    Compiling camino v1.1.12
[INFO] [stderr]    Compiling convert_case v0.4.0
[INFO] [stderr]    Compiling glob v0.3.3
[INFO] [stderr]    Compiling servo_arc v0.2.0
[INFO] [stderr]    Compiling phf v0.8.0
[INFO] [stderr]    Compiling fxhash v0.2.1
[INFO] [stderr]    Compiling hashbrown v0.12.3
[INFO] [stderr]    Compiling schemars v0.8.22
[INFO] [stderr]    Compiling brotli v8.0.2
[INFO] [stderr]    Compiling memoffset v0.9.1
[INFO] [stderr]    Compiling toml_parser v1.0.2
[INFO] [stderr]    Compiling dyn-clone v1.0.20
[INFO] [stderr]    Compiling typenum v1.18.0
[INFO] [stderr]    Compiling gtk v0.18.2
[INFO] [stderr]    Compiling dirs-sys v0.5.0
[INFO] [stderr]    Compiling ppv-lite86 v0.2.21
[INFO] [stderr]    Compiling generic-array v0.14.7
[INFO] [stderr]    Compiling x11 v2.21.0
[INFO] [stderr]    Compiling simd-adler32 v0.3.7
[INFO] [stderr]    Compiling find-msvc-tools v0.1.0
[INFO] [stderr]    Compiling crc32fast v1.5.0
[INFO] [stderr]    Compiling adler2 v2.0.1
[INFO] [stderr]    Compiling crossbeam-utils v0.8.21
[INFO] [stderr]    Compiling time-macros v0.2.24
[INFO] [stderr]    Compiling dirs v6.0.0
[INFO] [stderr]    Compiling cc v1.2.35
[INFO] [stderr]    Compiling miniz_oxide v0.8.9
[INFO] [stderr]    Compiling rand_chacha v0.3.1
[INFO] [stderr]    Compiling rand_chacha v0.2.2
[INFO] [stderr]    Compiling deranged v0.5.3
[INFO] [stderr]    Compiling cookie v0.18.1
[INFO] [stderr]    Compiling x11-dl v2.21.0
[INFO] [stderr]    Compiling rand v0.8.5
[INFO] [stderr]    Compiling rand v0.7.3
[INFO] [stderr]    Compiling regex-automata v0.4.10
[INFO] [stderr]    Compiling flate2 v1.1.2
[INFO] [stderr]    Compiling fdeflate v0.3.7
[INFO] [stderr]    Compiling raw-window-handle v0.6.2
[INFO] [stderr]    Compiling png v0.17.16
[INFO] [stderr]    Compiling crypto-common v0.1.6
[INFO] [stderr]    Compiling phf_generator v0.11.3
[INFO] [stderr]    Compiling phf_generator v0.10.0
[INFO] [stderr]    Compiling phf_generator v0.8.0
[INFO] [stderr]    Compiling block-buffer v0.10.4
[INFO] [stderr]    Compiling crossbeam-channel v0.5.15
[INFO] [stderr]    Compiling string_cache_codegen v0.5.4
[INFO] [stderr]    Compiling phf_codegen v0.11.3
[INFO] [stderr]    Compiling phf_codegen v0.8.0
[INFO] [stderr]    Compiling time v0.3.43
[INFO] [stderr]    Compiling digest v0.10.7
[INFO] [stderr]    Compiling selectors v0.24.0
[INFO] [stderr]    Compiling libdbus-sys v0.2.6
[INFO] [stderr]    Compiling wry v0.53.3
[INFO] [stderr]    Compiling tauri-runtime v2.8.0
[INFO] [stderr]    Compiling cpufeatures v0.2.17
[INFO] [stderr]    Compiling sha2 v0.10.9
[INFO] [stderr]    Compiling unicode-segmentation v1.12.0
[INFO] [stderr]    Compiling tauri-runtime-wry v2.8.1
[INFO] [stderr]    Compiling tokio v1.47.1
[INFO] [stderr]    Compiling ico v0.4.0
[INFO] [stderr]    Compiling markup5ever v0.14.1
[INFO] [stderr]    Compiling dbus v0.9.9
[INFO] [stderr]    Compiling synstructure v0.13.2
[INFO] [stderr]    Compiling darling_core v0.20.11
[INFO] [stderr]    Compiling serde_derive_internals v0.29.1
[INFO] [stderr]    Compiling phf_macros v0.10.0
[INFO] [stderr]    Compiling cssparser v0.29.6
[INFO] [stderr]    Compiling serde_derive v1.0.219
[INFO] [stderr]    Compiling zerofrom-derive v0.1.6
[INFO] [stderr]    Compiling yoke-derive v0.8.0
[INFO] [stderr]    Compiling zerovec-derive v0.11.1
[INFO] [stderr]    Compiling displaydoc v0.2.5
[INFO] [stderr]    Compiling thiserror-impl v1.0.69
[INFO] [stderr]    Compiling futures-macro v0.3.31
[INFO] [stderr]    Compiling phf_macros v0.11.3
[INFO] [stderr]    Compiling thiserror-impl v2.0.16
[INFO] [stderr]    Compiling regex v1.11.2
[INFO] [stderr]    Compiling phf v0.11.3
[INFO] [stderr]    Compiling futures-util v0.3.31
[INFO] [stderr]    Compiling phf v0.10.1
[INFO] [stderr]    Compiling ctor v0.2.9
[INFO] [stderr]    Compiling cssparser-macros v0.6.1
[INFO] [stderr]    Compiling zerofrom v0.1.6
[INFO] [stderr]    Compiling derive_more v0.99.20
[INFO] [stderr]    Compiling match_token v0.1.0
[INFO] [stderr]    Compiling thiserror v1.0.69
[INFO] [stderr]    Compiling yoke v0.8.0
[INFO] [stderr]    Compiling schemars_derive v0.8.22
[INFO] [stderr]    Compiling zerotrie v0.2.2
[INFO] [stderr]    Compiling dlopen2_derive v0.4.1
[INFO] [stderr]    Compiling zerovec v0.11.4
[INFO] [stderr]    Compiling serialize-to-javascript-impl v0.1.2
[INFO] [stderr]    Compiling serde_repr v0.1.20
[INFO] [stderr]    Compiling dbus-crossroads v0.5.2
[INFO] [stderr]    Compiling darling_macro v0.20.11
[INFO] [stderr]    Compiling dlopen2 v0.8.0
[INFO] [stderr]    Compiling darling v0.20.11
[INFO] [stderr]    Compiling serde_with_macros v3.14.0
[INFO] [stderr]    Compiling futures-executor v0.3.31
[INFO] [stderr]    Compiling tinystr v0.8.1
[INFO] [stderr]    Compiling potential_utf v0.1.3
[INFO] [stderr]    Compiling icu_collections v2.0.0
[INFO] [stderr]    Compiling icu_locale_core v2.0.0
[INFO] [stderr]    Compiling icu_provider v2.0.0
[INFO] [stderr]    Compiling icu_properties v2.0.1
[INFO] [stderr]    Compiling icu_normalizer v2.0.0
[INFO] [stderr]    Compiling bitflags v2.9.4
[INFO] [stderr]    Compiling uuid v1.18.1
[INFO] [stderr]    Compiling dpi v0.1.2
[INFO] [stderr]    Compiling serde_spanned v1.0.0
[INFO] [stderr]    Compiling erased-serde v0.4.6
[INFO] [stderr]    Compiling toml_datetime v0.7.0
[INFO] [stderr]    Compiling serde_with v3.14.0
[INFO] [stderr]    Compiling keyboard-types v0.7.0
[INFO] [stderr]    Compiling toml v0.9.5
[INFO] [stderr]    Compiling cfb v0.7.3
[INFO] [stderr]    Compiling toml_datetime v0.6.3
[INFO] [stderr]    Compiling serde_spanned v0.6.9
[INFO] [stderr]    Compiling string_cache v0.8.9
[INFO] [stderr]    Compiling toml_edit v0.20.2
[INFO] [stderr]    Compiling rustc_version v0.4.1
[INFO] [stderr]    Compiling idna_adapter v1.2.1
[INFO] [stderr]    Compiling idna v1.1.0
[INFO] [stderr]    Compiling cargo-platform v0.1.9
[INFO] [stderr]    Compiling url v2.5.7
[INFO] [stderr]    Compiling field-offset v0.3.6
[INFO] [stderr]    Compiling html5ever v0.29.1
[INFO] [stderr]    Compiling toml_edit v0.19.15
[INFO] [stderr]    Compiling serde-untagged v0.1.8
[INFO] [stderr]    Compiling infer v0.19.0
[INFO] [stderr]    Compiling jsonptr v0.6.3
[INFO] [stderr]    Compiling cargo_metadata v0.19.2
[INFO] [stderr]    Compiling urlpattern v0.3.0
[INFO] [stderr]    Compiling json-patch v3.0.1
[INFO] [stderr]    Compiling toml v0.8.2
[INFO] [stderr]    Compiling proc-macro-crate v2.0.2
[INFO] [stderr]    Compiling embed-resource v3.0.5
[INFO] [stderr]    Compiling tauri-winres v0.3.3
[INFO] [stderr]    Compiling kuchikiki v0.8.8-speedreader
[INFO] [stderr]    Compiling system-deps v6.2.2
[INFO] [stderr]    Compiling proc-macro-crate v1.3.1
[INFO] [stderr]    Compiling cargo_toml v0.22.3
[INFO] [stderr]    Compiling serialize-to-javascript v0.1.2
[INFO] [stderr]    Compiling glib-macros v0.18.5
[INFO] [stderr]    Compiling gtk3-macros v0.18.2
[INFO] [stderr]    Compiling tauri-utils v2.7.0
[INFO] [stderr]    Compiling glib-sys v0.18.1
[INFO] [stderr]    Compiling gobject-sys v0.18.0
[INFO] [stderr]    Compiling gio-sys v0.18.1
[INFO] [stderr]    Compiling gdk-sys v0.18.2
[INFO] [stderr]    Compiling pango-sys v0.18.0
[INFO] [stderr]    Compiling gdk-pixbuf-sys v0.18.0
[INFO] [stderr]    Compiling cairo-sys-rs v0.18.2
[INFO] [stderr]    Compiling atk-sys v0.18.2
[INFO] [stderr]    Compiling gtk-sys v0.18.2
[INFO] [stderr]    Compiling soup3-sys v0.5.0
[INFO] [stderr]    Compiling javascriptcore-rs-sys v1.1.1
[INFO] [stderr]    Compiling webkit2gtk-sys v2.0.1
[INFO] [stderr]    Compiling gdkx11-sys v0.18.2
[INFO] [stderr]    Compiling glib v0.18.5
[INFO] [stderr]    Compiling gdkwayland-sys v0.18.2
[INFO] [stderr]    Compiling tauri-build v2.4.1
[INFO] [stderr]    Compiling tauri-codegen v2.4.0
[INFO] [stderr]    Compiling tauri-plugin v2.4.0
[INFO] [stderr]    Compiling cairo-rs v0.18.5
[INFO] [stderr]    Compiling atk v0.18.2
[INFO] [stderr]    Compiling javascriptcore-rs v1.1.2
[INFO] [stderr]    Compiling tauri v2.8.5
[INFO] [stderr]    Compiling tauri-plugin-media v0.1.1 (/opt/rustwide/workdir)
[INFO] [stderr]    Compiling tauri-macros v2.4.0
[INFO] [stderr]    Compiling gdk-pixbuf v0.18.5
[INFO] [stderr]    Compiling pango v0.18.3
[INFO] [stderr]    Compiling soup3 v0.5.0
[INFO] [stderr]    Compiling gdk v0.18.2
[INFO] [stderr]    Compiling gdkx11 v0.18.2
[INFO] [stderr]    Compiling webkit2gtk v2.0.1
[INFO] [stderr]    Compiling tao v0.34.3
[INFO] [stderr]    Compiling muda v0.17.1
[INFO] [stdout] warning: unused import: `IfaceToken`
[INFO] [stdout]  --> src/platform/linux.rs:8:49
[INFO] [stdout]   |
[INFO] [stdout] 8 | use dbus_crossroads::{Crossroads, IfaceBuilder, IfaceToken};
[INFO] [stdout]   |                                                 ^^^^^^^^^^
[INFO] [stdout]   |
[INFO] [stdout]   = note: `#[warn(unused_imports)]` (part of `#[warn(unused)]`) on by default
[INFO] [stdout] 
[INFO] [stdout] 
[INFO] [stdout] warning: unused import: `std::path::PathBuf`
[INFO] [stdout]    --> src/platform/linux.rs:281:21
[INFO] [stdout]     |
[INFO] [stdout] 281 |                 use std::path::PathBuf;
[INFO] [stdout]     |                     ^^^^^^^^^^^^^^^^^^
[INFO] [stdout] 
[INFO] [stdout] 
[INFO] [stdout] warning: unused import: `dbus::blocking::stdintf::org_freedesktop_dbus::Peer`
[INFO] [stdout]    --> src/platform/linux.rs:449:21
[INFO] [stdout]     |
[INFO] [stdout] 449 |                 use dbus::blocking::stdintf::org_freedesktop_dbus::Peer;
[INFO] [stdout]     |                     ^^^^^^^^^^^^^^^^^^^^^^^^^^^^^^^^^^^^^^^^^^^^^^^^^^^
[INFO] [stdout] 
[INFO] [stdout] 
[INFO] [stdout] error[E0277]: the trait bound `str: RefArg` is not satisfied
[INFO] [stdout]    --> src/platform/linux.rs:57:18
[INFO] [stdout]     |
[INFO] [stdout]  57 |                 .get(|_, _| Ok(vec!["file", "http", "https"]));
[INFO] [stdout]     |                  ^^^ the trait `RefArg` is not implemented for `str`
[INFO] [stdout]     |
[INFO] [stdout] help: the trait `RefArg` is implemented for `std::string::String`
[INFO] [stdout]    --> /opt/rustwide/cargo-home/registry/src/index.crates.io-1949cf8c6b5b557f/dbus-0.9.9/src/arg/basic_impl.rs:104:1
[INFO] [stdout]     |
[INFO] [stdout] 104 | impl RefArg for $t {
[INFO] [stdout]     | ^^^^^^^^^^^^^^^^^^
[INFO] [stdout] ...
[INFO] [stdout] 212 | refarg_impl!(String, _i, None, Some(&_i), None, None);
[INFO] [stdout]     | ----------------------------------------------------- in this macro invocation
[INFO] [stdout]     = note: required for `&str` to implement `RefArg`
[INFO] [stdout]     = note: 1 redundant requirement hidden
[INFO] [stdout]     = note: required for `Vec<&str>` to implement `RefArg`
[INFO] [stdout] note: required by a bound in `PropBuilder::<'_, T, A>::get`
[INFO] [stdout]    --> /opt/rustwide/cargo-home/registry/src/index.crates.io-1949cf8c6b5b557f/dbus-crossroads-0.5.2/src/ifacedesc.rs:296:25
[INFO] [stdout]     |
[INFO] [stdout] 296 | impl<T: Send, A: Send + arg::RefArg + arg::Arg + arg::Append> PropBuilder<'_, T, A> {
[INFO] [stdout]     |                         ^^^^^^^^^^^ required by this bound in `PropBuilder::<'_, T, A>::get`
[INFO] [stdout] 297 |     pub fn get<CB>(self, mut cb: CB) -> Self
[INFO] [stdout]     = note: this error originates in the macro `refarg_impl` (in Nightly builds, run with -Z macro-backtrace for more info)
[INFO] [stdout] 
[INFO] [stdout] 
[INFO] [stdout] error[E0277]: the trait bound `str: RefArg` is not satisfied
[INFO] [stdout]    --> src/platform/linux.rs:59:18
[INFO] [stdout]     |
[INFO] [stdout]  59 |                 .get(|_, _| Ok(vec!["audio/mpeg", "audio/mp4", "audio/ogg"]));
[INFO] [stdout]     |                  ^^^ the trait `RefArg` is not implemented for `str`
[INFO] [stdout]     |
[INFO] [stdout] help: the trait `RefArg` is implemented for `std::string::String`
[INFO] [stdout]    --> /opt/rustwide/cargo-home/registry/src/index.crates.io-1949cf8c6b5b557f/dbus-0.9.9/src/arg/basic_impl.rs:104:1
[INFO] [stdout]     |
[INFO] [stdout] 104 | impl RefArg for $t {
[INFO] [stdout]     | ^^^^^^^^^^^^^^^^^^
[INFO] [stdout] ...
[INFO] [stdout] 212 | refarg_impl!(String, _i, None, Some(&_i), None, None);
[INFO] [stdout]     | ----------------------------------------------------- in this macro invocation
[INFO] [stdout]     = note: required for `&str` to implement `RefArg`
[INFO] [stdout]     = note: 1 redundant requirement hidden
[INFO] [stdout]     = note: required for `Vec<&str>` to implement `RefArg`
[INFO] [stdout] note: required by a bound in `PropBuilder::<'_, T, A>::get`
[INFO] [stdout]    --> /opt/rustwide/cargo-home/registry/src/index.crates.io-1949cf8c6b5b557f/dbus-crossroads-0.5.2/src/ifacedesc.rs:296:25
[INFO] [stdout]     |
[INFO] [stdout] 296 | impl<T: Send, A: Send + arg::RefArg + arg::Arg + arg::Append> PropBuilder<'_, T, A> {
[INFO] [stdout]     |                         ^^^^^^^^^^^ required by this bound in `PropBuilder::<'_, T, A>::get`
[INFO] [stdout] 297 |     pub fn get<CB>(self, mut cb: CB) -> Self
[INFO] [stdout]     = note: this error originates in the macro `refarg_impl` (in Nightly builds, run with -Z macro-backtrace for more info)
[INFO] [stdout] 
[INFO] [stdout] 
[INFO] [stdout] error[E0599]: the method `clone` exists for struct `HashMap<std::string::String, dbus::arg::Variant<Box<dyn RefArg>>>`, but its trait bounds were not satisfied
[INFO] [stdout]    --> src/platform/linux.rs:174:45
[INFO] [stdout]     |
[INFO] [stdout] 174 |                     move |_, _| Ok(metadata.clone())
[INFO] [stdout]     |                                             ^^^^^
[INFO] [stdout]     |
[INFO] [stdout]    ::: /opt/rustwide/cargo-home/registry/src/index.crates.io-1949cf8c6b5b557f/dbus-0.9.9/src/arg/variantstruct_impl.rs:10:1
[INFO] [stdout]     |
[INFO] [stdout]  10 | pub struct Variant<T>(pub T);
[INFO] [stdout]     | --------------------- doesn't satisfy `dbus::arg::Variant<Box<dyn RefArg>>: Clone`
[INFO] [stdout]     |
[INFO] [stdout]     = note: the following trait bounds were not satisfied:
[INFO] [stdout]             `dbus::arg::Variant<Box<dyn RefArg>>: Clone`
[INFO] [stdout]             which is required by `HashMap<std::string::String, dbus::arg::Variant<Box<dyn RefArg>>>: Clone`
[INFO] [stdout] 
[INFO] [stdout] 
[INFO] [stdout] error[E0599]: no method named `send` found for reference `&dbus::blocking::Connection` in the current scope
[INFO] [stdout]    --> src/platform/linux.rs:338:30
[INFO] [stdout]     |
[INFO] [stdout] 338 |                 let _ = conn.send(msg);
[INFO] [stdout]     |                              ^^^^ method not found in `&dbus::blocking::Connection`
[INFO] [stdout]     |
[INFO] [stdout]     = help: items from traits can only be used if the trait is in scope
[INFO] [stdout] help: trait `Sender` which provides `send` is implemented but not in scope; perhaps you want to import it
[INFO] [stdout]     |
[INFO] [stdout]   1 + use dbus::channel::Sender;
[INFO] [stdout]     |
[INFO] [stdout] 
[INFO] [stdout] 
[INFO] [stdout] error[E0308]: mismatched types
[INFO] [stdout]    --> src/platform/linux.rs:362:40
[INFO] [stdout]     |
[INFO] [stdout] 362 |                     dbus::arg::Variant((info.position * 1_000_000.0) as i64),
[INFO] [stdout]     |                     ------------------ ^^^^^^^^^^^^^^^^^^^^^^^^^^^^^^^^^^^^ expected `&str`, found `i64`
[INFO] [stdout]     |                     |
[INFO] [stdout]     |                     arguments to this struct are incorrect
[INFO] [stdout]     |
[INFO] [stdout] help: the type constructed contains `i64` due to the type of the argument passed
[INFO] [stdout]    --> src/platform/linux.rs:362:21
[INFO] [stdout]     |
[INFO] [stdout] 362 |                     dbus::arg::Variant((info.position * 1_000_000.0) as i64),
[INFO] [stdout]     |                     ^^^^^^^^^^^^^^^^^^^------------------------------------^
[INFO] [stdout]     |                                        |
[INFO] [stdout]     |                                        this argument influences the type of `Variant`
[INFO] [stdout] note: tuple struct defined here
[INFO] [stdout]    --> /opt/rustwide/cargo-home/registry/src/index.crates.io-1949cf8c6b5b557f/dbus-0.9.9/src/arg/variantstruct_impl.rs:10:12
[INFO] [stdout]     |
[INFO] [stdout]  10 | pub struct Variant<T>(pub T);
[INFO] [stdout]     |            ^^^^^^^
[INFO] [stdout] 
[INFO] [stdout] 
[INFO] [stdout] error[E0308]: mismatched types
[INFO] [stdout]    --> src/platform/linux.rs:364:59
[INFO] [stdout]     |
[INFO] [stdout] 364 |                 changed.insert("Rate", dbus::arg::Variant(info.playback_rate));
[INFO] [stdout]     |                                        ------------------ ^^^^^^^^^^^^^^^^^^ expected `&str`, found `f64`
[INFO] [stdout]     |                                        |
[INFO] [stdout]     |                                        arguments to this struct are incorrect
[INFO] [stdout]     |
[INFO] [stdout] help: the type constructed contains `f64` due to the type of the argument passed
[INFO] [stdout]    --> src/platform/linux.rs:364:40
[INFO] [stdout]     |
[INFO] [stdout] 364 |                 changed.insert("Rate", dbus::arg::Variant(info.playback_rate));
[INFO] [stdout]     |                                        ^^^^^^^^^^^^^^^^^^^------------------^
[INFO] [stdout]     |                                                           |
[INFO] [stdout]     |                                                           this argument influences the type of `Variant`
[INFO] [stdout] note: tuple struct defined here
[INFO] [stdout]    --> /opt/rustwide/cargo-home/registry/src/index.crates.io-1949cf8c6b5b557f/dbus-0.9.9/src/arg/variantstruct_impl.rs:10:12
[INFO] [stdout]     |
[INFO] [stdout]  10 | pub struct Variant<T>(pub T);
[INFO] [stdout]     |            ^^^^^^^
[INFO] [stdout] 
[INFO] [stdout] 
[INFO] [stdout] error[E0308]: mismatched types
[INFO] [stdout]    --> src/platform/linux.rs:365:62
[INFO] [stdout]     |
[INFO] [stdout] 365 |                 changed.insert("Shuffle", dbus::arg::Variant(info.shuffle));
[INFO] [stdout]     |                                           ------------------ ^^^^^^^^^^^^ expected `&str`, found `bool`
[INFO] [stdout]     |                                           |
[INFO] [stdout]     |                                           arguments to this struct are incorrect
[INFO] [stdout]     |
[INFO] [stdout] help: the type constructed contains `bool` due to the type of the argument passed
[INFO] [stdout]    --> src/platform/linux.rs:365:43
[INFO] [stdout]     |
[INFO] [stdout] 365 |                 changed.insert("Shuffle", dbus::arg::Variant(info.shuffle));
[INFO] [stdout]     |                                           ^^^^^^^^^^^^^^^^^^^------------^
[INFO] [stdout]     |                                                              |
[INFO] [stdout]     |                                                              this argument influences the type of `Variant`
[INFO] [stdout] note: tuple struct defined here
[INFO] [stdout]    --> /opt/rustwide/cargo-home/registry/src/index.crates.io-1949cf8c6b5b557f/dbus-0.9.9/src/arg/variantstruct_impl.rs:10:12
[INFO] [stdout]     |
[INFO] [stdout]  10 | pub struct Variant<T>(pub T);
[INFO] [stdout]     |            ^^^^^^^
[INFO] [stdout] 
[INFO] [stdout] 
[INFO] [stdout] error[E0599]: no method named `send` found for reference `&dbus::blocking::Connection` in the current scope
[INFO] [stdout]    --> src/platform/linux.rs:382:30
[INFO] [stdout]     |
[INFO] [stdout] 382 |                 let _ = conn.send(msg);
[INFO] [stdout]     |                              ^^^^ method not found in `&dbus::blocking::Connection`
[INFO] [stdout]     |
[INFO] [stdout]     = help: items from traits can only be used if the trait is in scope
[INFO] [stdout] help: trait `Sender` which provides `send` is implemented but not in scope; perhaps you want to import it
[INFO] [stdout]     |
[INFO] [stdout]   1 + use dbus::channel::Sender;
[INFO] [stdout]     |
[INFO] [stdout] 
[INFO] [stdout] 
[INFO] [stdout] error[E0599]: no method named `send` found for reference `&dbus::blocking::Connection` in the current scope
[INFO] [stdout]    --> src/platform/linux.rs:425:30
[INFO] [stdout]     |
[INFO] [stdout] 425 |                 let _ = conn.send(msg);
[INFO] [stdout]     |                              ^^^^ method not found in `&dbus::blocking::Connection`
[INFO] [stdout]     |
[INFO] [stdout]     = help: items from traits can only be used if the trait is in scope
[INFO] [stdout] help: trait `Sender` which provides `send` is implemented but not in scope; perhaps you want to import it
[INFO] [stdout]     |
[INFO] [stdout]   1 + use dbus::channel::Sender;
[INFO] [stdout]     |
[INFO] [stdout] 
[INFO] [stdout] 
[INFO] [stdout] error[E0599]: no method named `list_names` found for struct `Proxy<'a, C>` in the current scope
[INFO] [stdout]    --> src/platform/linux.rs:451:42
[INFO] [stdout]     |
[INFO] [stdout] 451 |                 if let Ok(names) = proxy.list_names() {
[INFO] [stdout]     |                                          ^^^^^^^^^^ method not found in `Proxy<'_, &dbus::blocking::Connection>`
[INFO] [stdout]     |
[INFO] [stdout]    ::: /opt/rustwide/cargo-home/registry/src/index.crates.io-1949cf8c6b5b557f/dbus-0.9.9/src/blocking/generated_org_freedesktop_dbus.rs:14:8
[INFO] [stdout]     |
[INFO] [stdout]  14 |     fn list_names(&self) -> Result<Vec<String>, dbus::Error>;
[INFO] [stdout]     |        ---------- the method is available for `Proxy<'_, &dbus::blocking::Connection>` here
[INFO] [stdout]     |
[INFO] [stdout]     = help: items from traits can only be used if the trait is in scope
[INFO] [stdout] help: trait `DBus` which provides `list_names` is implemented but not in scope; perhaps you want to import it
[INFO] [stdout]     |
[INFO] [stdout]   1 + use dbus::blocking::generated_org_freedesktop_dbus::DBus;
[INFO] [stdout]     |
[INFO] [stdout] 
[INFO] [stdout] 
[INFO] [stdout] warning: unused variable: `app`
[INFO] [stdout]   --> src/commands.rs:77:38
[INFO] [stdout]    |
[INFO] [stdout] 77 | pub(crate) async fn next<R: Runtime>(app: AppHandle<R>) -> Result<()> {
[INFO] [stdout]    |                                      ^^^ help: if this is intentional, prefix it with an underscore: `_app`
[INFO] [stdout]    |
[INFO] [stdout]    = note: `#[warn(unused_variables)]` (part of `#[warn(unused)]`) on by default
[INFO] [stdout] 
[INFO] [stdout] 
[INFO] [stdout] warning: unused variable: `app`
[INFO] [stdout]   --> src/commands.rs:83:42
[INFO] [stdout]    |
[INFO] [stdout] 83 | pub(crate) async fn previous<R: Runtime>(app: AppHandle<R>) -> Result<()> {
[INFO] [stdout]    |                                          ^^^ help: if this is intentional, prefix it with an underscore: `_app`
[INFO] [stdout] 
[INFO] [stdout] 
[INFO] [stdout] Some errors have detailed explanations: E0277, E0308, E0599.
[INFO] [stdout] 
[INFO] [stdout] For more information about an error, try `rustc --explain E0277`.
[INFO] [stdout] 
[INFO] [stderr] error: could not compile `tauri-plugin-media` (lib) due to 10 previous errors; 5 warnings emitted
[INFO] [stderr] warning: build failed, waiting for other jobs to finish...
[INFO] running `Command { std: "docker" "inspect" "5a1fad425e6fd8b45e4f41c2737c2bfb95753cfd44821744652064fcd5a64ec2", kill_on_drop: false }`
[INFO] running `Command { std: "docker" "rm" "-f" "5a1fad425e6fd8b45e4f41c2737c2bfb95753cfd44821744652064fcd5a64ec2", kill_on_drop: false }`
[INFO] [stdout] 5a1fad425e6fd8b45e4f41c2737c2bfb95753cfd44821744652064fcd5a64ec2
