[INFO] fetching crate tatara-eval 0.2.825...
[INFO] testing tatara-eval-0.2.825 against 1.100.0-beta.1 for beta-1.100-2
[INFO] extracting crate tatara-eval 0.2.825 into /workspace/builds/worker-7-tc2/source
[INFO] started tweaking crates.io crate tatara-eval 0.2.825
[INFO] finished tweaking crates.io crate tatara-eval 0.2.825
[INFO] tweaked toml for crates.io crate tatara-eval 0.2.825 written to /workspace/builds/worker-7-tc2/source/Cargo.toml
[INFO] validating manifest of crates.io crate tatara-eval 0.2.825 on toolchain 1.100.0-beta.1
[INFO] running `Command { std: CARGO_HOME="/workspace/cargo-home" RUSTUP_HOME="/workspace/rustup-home" "/workspace/cargo-home/bin/cargo" "+1.100.0-beta.1" "metadata" "--manifest-path" "Cargo.toml" "--no-deps", kill_on_drop: false }`
[INFO] crate crates.io crate tatara-eval 0.2.825 already has a lockfile, it will not be regenerated
[INFO] running `Command { std: CARGO_HOME="/workspace/cargo-home" RUSTUP_HOME="/workspace/rustup-home" "/workspace/cargo-home/bin/cargo" "+1.100.0-beta.1" "fetch" "--manifest-path" "Cargo.toml", kill_on_drop: false }`
[INFO] running `Command { std: "docker" "create" "-v" "/var/lib/crater-agent-workspace/builds/worker-7-tc2/source:/opt/rustwide/workdir:ro,Z" "-v" "/var/lib/crater-agent-workspace/builds/worker-7-tc2/target:/opt/rustwide/target:rw,Z" "-v" "/var/lib/crater-agent-workspace/cargo-home:/opt/rustwide/cargo-home:ro,Z" "-v" "/var/lib/crater-agent-workspace/rustup-home:/opt/rustwide/rustup-home:ro,Z" "-m" "1610612736" "--network" "none" "ghcr.io/rust-lang/crates-build-env/linux@sha256:3111399a4047eeb3a02b7a90e478d715f38a8c6669b5c4b49d30a17385265909" "sleep" "infinity", kill_on_drop: false }`
[INFO] [stdout] 36fddc93f08f56ca1000c055b109ce01713dc56e5821b77f8468f563a44ff9a1
[INFO] running `Command { std: "docker" "start" "36fddc93f08f56ca1000c055b109ce01713dc56e5821b77f8468f563a44ff9a1", kill_on_drop: false }`
[INFO] running `Command { std: "docker" "inspect" "36fddc93f08f56ca1000c055b109ce01713dc56e5821b77f8468f563a44ff9a1", kill_on_drop: false }`
[INFO] running `Command { std: "docker" "exec" "-e" "SOURCE_DIR=/opt/rustwide/workdir" "-e" "CARGO_HOME=/opt/rustwide/cargo-home" "-e" "RUSTUP_HOME=/opt/rustwide/rustup-home" "-e" "CARGO_TARGET_DIR=/opt/rustwide/target" "-w" "/opt/rustwide/workdir" "--user" "0:0" "36fddc93f08f56ca1000c055b109ce01713dc56e5821b77f8468f563a44ff9a1" "/opt/rustwide/cargo-home/bin/cargo" "+1.100.0-beta.1" "metadata" "--no-deps" "--format-version=1", kill_on_drop: false }`
[INFO] running `Command { std: "docker" "inspect" "36fddc93f08f56ca1000c055b109ce01713dc56e5821b77f8468f563a44ff9a1", kill_on_drop: false }`
[INFO] running `Command { std: "docker" "exec" "-e" "SOURCE_DIR=/opt/rustwide/workdir" "-e" "CARGO_HOME=/opt/rustwide/cargo-home" "-e" "RUSTUP_HOME=/opt/rustwide/rustup-home" "-e" "CARGO_TARGET_DIR=/opt/rustwide/target" "-e" "CARGO_INCREMENTAL=0" "-e" "RUST_BACKTRACE=full" "-e" "RUSTFLAGS=--cap-lints=warn" "-e" "RUSTDOCFLAGS=--cap-lints=warn" "-w" "/opt/rustwide/workdir" "--user" "0:0" "36fddc93f08f56ca1000c055b109ce01713dc56e5821b77f8468f563a44ff9a1" "/opt/rustwide/cargo-home/bin/cargo" "+1.100.0-beta.1" "build" "--frozen" "--message-format=json", kill_on_drop: false }`
[INFO] [stderr]    Compiling serde_core v1.0.228
[INFO] [stderr]    Compiling serde v1.0.228
[INFO] [stderr]    Compiling log v0.4.30
[INFO] [stderr]    Compiling serde_json v1.0.150
[INFO] [stderr]    Compiling tokio-macros v2.7.0
[INFO] [stderr]    Compiling futures-macro v0.3.32
[INFO] [stderr]    Compiling thiserror-impl v2.0.18
[INFO] [stderr]    Compiling zerocopy v0.8.50
[INFO] [stderr]    Compiling mio v1.2.1
[INFO] [stderr]    Compiling tracing v0.1.44
[INFO] [stderr]    Compiling ucd-trie v0.1.7
[INFO] [stderr]    Compiling crossbeam-utils v0.8.21
[INFO] [stderr]    Compiling ring v0.17.14
[INFO] [stderr]    Compiling tokio v1.52.3
[INFO] [stderr]    Compiling pest v2.8.6
[INFO] [stderr]    Compiling blake3 v1.8.5
[INFO] [stderr]    Compiling futures-util v0.3.32
[INFO] [stderr]    Compiling proc-macro2-diagnostics v0.10.1
[INFO] [stderr]    Compiling rustls v0.23.40
[INFO] [stderr]    Compiling thiserror v2.0.18
[INFO] [stderr]    Compiling pest_meta v2.8.6
[INFO] [stderr]    Compiling ordered-float v2.10.1
[INFO] [stderr]    Compiling pin-project-internal v1.1.13
[INFO] [stderr]    Compiling serde_derive_internals v0.29.1
[INFO] [stderr]    Compiling rustls-webpki v0.103.13
[INFO] [stderr]    Compiling schemars v0.8.22
[INFO] [stderr]    Compiling k8s-openapi v0.24.0
[INFO] [stderr]    Compiling indexmap v2.14.0
[INFO] [stderr]    Compiling chrono v0.4.44
[INFO] [stderr]    Compiling serde_spanned v0.6.9
[INFO] [stderr]    Compiling serde-value v0.7.0
[INFO] [stderr]    Compiling futures-executor v0.3.32
[INFO] [stderr]    Compiling serde_yaml v0.9.34+deprecated
[INFO] [stderr]    Compiling futures v0.3.32
[INFO] [stderr]    Compiling jsonptr v0.7.1
[INFO] [stderr]    Compiling toml_datetime v0.6.11
[INFO] [stderr]    Compiling anstyle-parse v1.0.0
[INFO] [stderr]    Compiling num-traits v0.2.19
[INFO] [stderr]    Compiling schemars_derive v0.8.22
[INFO] [stderr]    Compiling pin-project v1.1.13
[INFO] [stderr]    Compiling hyper v1.10.1
[INFO] [stderr]    Compiling pest_generator v2.8.6
[INFO] [stderr]    Compiling concurrent-queue v2.5.0
[INFO] [stderr]    Compiling uncased v0.9.10
[INFO] [stderr]    Compiling is_terminal_polyfill v1.70.2
[INFO] [stderr]    Compiling openssl-probe v0.2.1
[INFO] [stderr]    Compiling getrandom v0.3.4
[INFO] [stderr]    Compiling anstyle-query v1.1.5
[INFO] [stderr]    Compiling colorchoice v1.0.5
[INFO] [stderr]    Compiling dyn-clone v1.0.20
[INFO] [stderr]    Compiling winnow v0.7.15
[INFO] [stderr]    Compiling percent-encoding v2.3.2
[INFO] [stderr]    Compiling parking v2.2.1
[INFO] [stderr]    Compiling rust_decimal v1.42.0
[INFO] [stderr]    Compiling hyper-util v0.1.20
[INFO] [stderr]    Compiling toml_write v0.1.2
[INFO] [stderr]    Compiling darling_core v0.20.11
[INFO] [stderr]    Compiling pest_derive v2.8.6
[INFO] [stderr]    Compiling event-listener v5.4.1
[INFO] [stderr]    Compiling form_urlencoded v1.2.2
[INFO] [stderr]    Compiling anstream v1.0.0
[INFO] [stderr]    Compiling rustls-native-certs v0.8.3
[INFO] [stderr]    Compiling tokio-util v0.7.18
[INFO] [stderr]    Compiling toml_edit v0.22.27
[INFO] [stderr]    Compiling json-patch v4.2.0
[INFO] [stderr]    Compiling ppv-lite86 v0.2.21
[INFO] [stderr]    Compiling pear_codegen v0.2.9
[INFO] [stderr]    Compiling tokio-rustls v0.26.4
[INFO] [stderr]    Compiling enum-ordinalize-derive v4.3.2
[INFO] [stderr]    Compiling async-trait v0.1.89
[INFO] [stderr]    Compiling inotify-sys v0.1.5
[INFO] [stderr]    Compiling figment v0.10.19
[INFO] [stderr]    Compiling inlinable_string v0.1.15
[INFO] [stderr]    Compiling sync_wrapper v1.0.2
[INFO] [stderr]    Compiling unicode-xid v0.2.6
[INFO] [stderr]    Compiling clap_lex v1.1.0
[INFO] [stderr]    Compiling derive_more-impl v1.0.0
[INFO] [stderr]    Compiling enum-ordinalize v4.3.2
[INFO] [stderr]    Compiling pear v0.2.9
[INFO] [stderr]    Compiling clap_builder v4.6.0
[INFO] [stderr]    Compiling clap_derive v4.6.1
[INFO] [stderr]    Compiling tower v0.5.3
[INFO] [stderr]    Compiling toml v0.8.23
[INFO] [stderr]    Compiling tower-http v0.6.11
[INFO] [stderr]    Compiling gen-types v0.1.33
[INFO] [stderr]    Compiling inotify v0.11.1
[INFO] [stderr]    Compiling darling_macro v0.20.11
[INFO] [stderr]    Compiling rand_chacha v0.3.1
[INFO] [stderr]    Compiling hyper-rustls v0.27.9
[INFO] [stderr]    Compiling hyper-timeout v0.5.2
[INFO] [stderr]    Compiling jsonpath-rust v0.7.5
[INFO] [stderr]    Compiling parking_lot_core v0.9.12
[INFO] [stderr]    Compiling event-listener-strategy v0.5.4
[INFO] [stderr]    Compiling anyerror v0.1.13
[INFO] [stderr]    Compiling pem v3.0.6
[INFO] [stderr]    Compiling secrecy v0.10.3
[INFO] [stderr]    Compiling notify-types v2.1.0
[INFO] [stderr]    Compiling async-stream-impl v0.3.6
[INFO] [stderr]    Compiling thiserror-impl v1.0.69
[INFO] [stderr]    Compiling gen-macros v0.1.33
[INFO] [stderr]    Compiling hostname v0.4.2
[INFO] [stderr]    Compiling utf8-width v0.1.8
[INFO] [stderr]    Compiling option-ext v0.2.0
[INFO] [stderr]    Compiling home v0.5.12
[INFO] [stderr]    Compiling either v1.16.0
[INFO] [stderr]    Compiling hashbrown v0.15.5
[INFO] [stderr]    Compiling openraft-macros v0.9.24
[INFO] [stderr]    Compiling dirs-sys v0.5.0
[INFO] [stderr]    Compiling gen-platform v0.1.33
[INFO] [stderr]    Compiling async-stream v0.3.6
[INFO] [stderr]    Compiling byte-unit v5.2.0
[INFO] [stderr]    Compiling notify v8.2.0
[INFO] [stderr]    Compiling thiserror v1.0.69
[INFO] [stderr]    Compiling validit v0.2.5
[INFO] [stderr]    Compiling digest v0.10.7
[INFO] [stderr]    Compiling async-broadcast v0.7.2
[INFO] [stderr]    Compiling parking_lot v0.12.5
[INFO] [stderr]    Compiling ahash v0.8.12
[INFO] [stderr]    Compiling arc-swap v1.9.1
[INFO] [stderr]    Compiling rand v0.8.6
[INFO] [stderr]    Compiling darling v0.20.11
[INFO] [stderr]    Compiling clap v4.6.1
[INFO] [stderr]    Compiling derive_more v1.0.0
[INFO] [stderr]    Compiling educe v0.6.0
[INFO] [stderr]    Compiling backon v1.6.0
[INFO] [stderr]    Compiling tracing-futures v0.2.5
[INFO] [stderr]    Compiling tatara-closed-set-derive v0.3.64
[INFO] [stderr]    Compiling maplit v1.0.2
[INFO] [stderr]    Compiling sha2 v0.10.9
[INFO] [stderr]    Compiling openraft v0.9.22
[INFO] [stderr]    Compiling tatara-closed-set v0.3.64
[INFO] [stderr]    Compiling shikumi v0.1.455
[INFO] [stderr]    Compiling dirs v6.0.0
[INFO] [stderr]    Compiling uuid v1.23.2
[INFO] [stderr]    Compiling kube-derive v0.99.0
[INFO] [stderr]    Compiling tatara-lisp-derive v0.3.64
[INFO] [stderr]    Compiling humantime v2.3.0
[INFO] [stderr]    Compiling bumpalo v3.20.3
[INFO] [stderr]    Compiling tatara-lisp v0.3.64
[INFO] [stderr]    Compiling kube-core v0.99.0
[INFO] [stderr]    Compiling kube-client v0.99.0
[INFO] [stderr]    Compiling kube-runtime v0.99.0
[INFO] [stderr]    Compiling kube v0.99.0
[INFO] [stderr]    Compiling tatara-core v0.2.825
[INFO] [stderr]    Compiling tatara-process v0.2.187
[INFO] [stdout] error[E0432]: unresolved import `crate::boundary::UnknownConditionKind`
[INFO] [stdout]   --> /opt/rustwide/cargo-home/registry/src/index.crates.io-1949cf8c6b5b557f/tatara-process-0.2.187/src/lib.rs:39:67
[INFO] [stdout]    |
[INFO] [stdout] 39 |     pub use crate::boundary::{Boundary, Condition, ConditionKind, UnknownConditionKind};
[INFO] [stdout]    |                                                                   ^^^^^^^^^^^^^^^^^^^^ no `UnknownConditionKind` in `boundary`
[INFO] [stdout] 
[INFO] [stdout] 
[INFO] [stdout] error[E0432]: unresolved imports `crate::classification::UnknownCalmClassification`, `crate::classification::UnknownConvergencePointType`, `crate::classification::UnknownDataClassification`, `crate::classification::UnknownHorizonKind`, `crate::classification::UnknownOptimizationDirection`, `crate::classification::UnknownSubstrateType`
[INFO] [stdout]   --> /opt/rustwide/cargo-home/registry/src/index.crates.io-1949cf8c6b5b557f/tatara-process-0.2.187/src/lib.rs:42:69
[INFO] [stdout]    |
[INFO] [stdout] 42 |         Horizon, HorizonKind, OptimizationDirection, SubstrateType, UnknownCalmClassification,
[INFO] [stdout]    |                                                                     ^^^^^^^^^^^^^^^^^^^^^^^^^ no `UnknownCalmClassification` in `classification`
[INFO] [stdout] 43 |         UnknownConvergencePointType, UnknownDataClassification, UnknownHorizonKind,
[INFO] [stdout]    |         ^^^^^^^^^^^^^^^^^^^^^^^^^^^  ^^^^^^^^^^^^^^^^^^^^^^^^^  ^^^^^^^^^^^^^^^^^^ no `UnknownHorizonKind` in `classification`
[INFO] [stdout]    |         |                            |
[INFO] [stdout]    |         |                            no `UnknownDataClassification` in `classification`
[INFO] [stdout]    |         no `UnknownConvergencePointType` in `classification`
[INFO] [stdout] 44 |         UnknownOptimizationDirection, UnknownSubstrateType,
[INFO] [stdout]    |         ^^^^^^^^^^^^^^^^^^^^^^^^^^^^  ^^^^^^^^^^^^^^^^^^^^ no `UnknownSubstrateType` in `classification`
[INFO] [stdout]    |         |
[INFO] [stdout]    |         no `UnknownOptimizationDirection` in `classification`
[INFO] [stdout]    |
[INFO] [stdout] help: a similar name exists in the module
[INFO] [stdout]    |
[INFO] [stdout] 42 -         Horizon, HorizonKind, OptimizationDirection, SubstrateType, UnknownCalmClassification,
[INFO] [stdout] 42 +         Horizon, HorizonKind, OptimizationDirection, SubstrateType, CalmClassification,
[INFO] [stdout]    |
[INFO] [stdout] help: a similar name exists in the module
[INFO] [stdout]    |
[INFO] [stdout] 43 -         UnknownConvergencePointType, UnknownDataClassification, UnknownHorizonKind,
[INFO] [stdout] 43 +         ConvergencePointType, UnknownDataClassification, UnknownHorizonKind,
[INFO] [stdout]    |
[INFO] [stdout] help: a similar name exists in the module
[INFO] [stdout]    |
[INFO] [stdout] 43 -         UnknownConvergencePointType, UnknownDataClassification, UnknownHorizonKind,
[INFO] [stdout] 43 +         UnknownConvergencePointType, DataClassification, UnknownHorizonKind,
[INFO] [stdout]    |
[INFO] [stdout] help: a similar name exists in the module
[INFO] [stdout]    |
[INFO] [stdout] 44 -         UnknownOptimizationDirection, UnknownSubstrateType,
[INFO] [stdout] 44 +         OptimizationDirection, UnknownSubstrateType,
[INFO] [stdout]    |
[INFO] [stdout] 
[INFO] [stdout] 
[INFO] [stdout] error[E0432]: unresolved import `crate::compliance::UnknownVerificationPhase`
[INFO] [stdout]   --> /opt/rustwide/cargo-home/registry/src/index.crates.io-1949cf8c6b5b557f/tatara-process-0.2.187/src/lib.rs:47:44
[INFO] [stdout]    |
[INFO] [stdout] 47 |         ComplianceBinding, ComplianceSpec, UnknownVerificationPhase, VerificationPhase,
[INFO] [stdout]    |                                            ^^^^^^^^^^^^^^^^^^^^^^^^ no `UnknownVerificationPhase` in `compliance`
[INFO] [stdout]    |
[INFO] [stdout] help: a similar name exists in the module
[INFO] [stdout]    |
[INFO] [stdout] 47 -         ComplianceBinding, ComplianceSpec, UnknownVerificationPhase, VerificationPhase,
[INFO] [stdout] 47 +         ComplianceBinding, ComplianceSpec, VerificationPhase, VerificationPhase,
[INFO] [stdout]    |
[INFO] [stdout] 
[INFO] [stdout] 
[INFO] [stdout] error[E0432]: unresolved imports `crate::encapsulates::UnknownEncapsulationMode`, `crate::encapsulates::UnknownEncapsulationTarget`
[INFO] [stdout]   --> /opt/rustwide/cargo-home/registry/src/index.crates.io-1949cf8c6b5b557f/tatara-process-0.2.187/src/lib.rs:53:32
[INFO] [stdout]    |
[INFO] [stdout] 53 |         ExistingKustomization, UnknownEncapsulationMode, UnknownEncapsulationTarget,
[INFO] [stdout]    |                                ^^^^^^^^^^^^^^^^^^^^^^^^  ^^^^^^^^^^^^^^^^^^^^^^^^^^ no `UnknownEncapsulationTarget` in `encapsulates`
[INFO] [stdout]    |                                |
[INFO] [stdout]    |                                no `UnknownEncapsulationMode` in `encapsulates`
[INFO] [stdout]    |
[INFO] [stdout] help: a similar name exists in the module
[INFO] [stdout]    |
[INFO] [stdout] 53 -         ExistingKustomization, UnknownEncapsulationMode, UnknownEncapsulationTarget,
[INFO] [stdout] 53 +         ExistingKustomization, EncapsulationMode, UnknownEncapsulationTarget,
[INFO] [stdout]    |
[INFO] [stdout] help: a similar name exists in the module
[INFO] [stdout]    |
[INFO] [stdout] 53 -         ExistingKustomization, UnknownEncapsulationMode, UnknownEncapsulationTarget,
[INFO] [stdout] 53 +         ExistingKustomization, UnknownEncapsulationMode, EncapsulationTarget,
[INFO] [stdout]    |
[INFO] [stdout] 
[INFO] [stdout] 
[INFO] [stdout] error[E0432]: unresolved imports `crate::export::UnknownArtifactKind`, `crate::export::UnknownChannelKind`, `crate::export::UnknownExportTrigger`, `crate::export::UnknownReportFormat`
[INFO] [stdout]   --> /opt/rustwide/cargo-home/registry/src/index.crates.io-1949cf8c6b5b557f/tatara-process-0.2.187/src/lib.rs:60:42
[INFO] [stdout]    |
[INFO] [stdout] 60 |         StdoutChannel, TestReportSource, UnknownArtifactKind, UnknownChannelKind,
[INFO] [stdout]    |                                          ^^^^^^^^^^^^^^^^^^^  ^^^^^^^^^^^^^^^^^^ no `UnknownChannelKind` in `export`
[INFO] [stdout]    |                                          |
[INFO] [stdout]    |                                          no `UnknownArtifactKind` in `export`
[INFO] [stdout] 61 |         UnknownExportTrigger, UnknownReportFormat, VectorChannel, DEFAULT_NATS_URL,
[INFO] [stdout]    |         ^^^^^^^^^^^^^^^^^^^^  ^^^^^^^^^^^^^^^^^^^ no `UnknownReportFormat` in `export`
[INFO] [stdout]    |         |
[INFO] [stdout]    |         no `UnknownExportTrigger` in `export`
[INFO] [stdout] 
[INFO] [stdout] 
[INFO] [stdout] error[E0432]: unresolved import `crate::intent::UnknownWorkloadKind`
[INFO] [stdout]   --> /opt/rustwide/cargo-home/registry/src/index.crates.io-1949cf8c6b5b557f/tatara-process-0.2.187/src/lib.rs:71:47
[INFO] [stdout]    |
[INFO] [stdout] 71 |         IntentVariant, LispIntent, NixIntent, UnknownWorkloadKind, WorkloadKind,
[INFO] [stdout]    |                                               ^^^^^^^^^^^^^^^^^^^ no `UnknownWorkloadKind` in `intent`
[INFO] [stdout] 
[INFO] [stdout] 
[INFO] [stdout] error[E0432]: unresolved import `crate::lifetime::UnknownTeardownPolicy`
[INFO] [stdout]   --> /opt/rustwide/cargo-home/registry/src/index.crates.io-1949cf8c6b5b557f/tatara-process-0.2.187/src/lib.rs:75:44
[INFO] [stdout]    |
[INFO] [stdout] 75 |         PermanentLifetime, TeardownPolicy, UnknownTeardownPolicy,
[INFO] [stdout]    |                                            ^^^^^^^^^^^^^^^^^^^^^ no `UnknownTeardownPolicy` in `lifetime`
[INFO] [stdout]    |
[INFO] [stdout] help: a similar name exists in the module
[INFO] [stdout]    |
[INFO] [stdout] 75 -         PermanentLifetime, TeardownPolicy, UnknownTeardownPolicy,
[INFO] [stdout] 75 +         PermanentLifetime, TeardownPolicy, TeardownPolicy,
[INFO] [stdout]    |
[INFO] [stdout] 
[INFO] [stdout] 
[INFO] [stdout] error[E0432]: unresolved imports `crate::lifetime_clock::UnknownAutoTerminateKind`, `crate::lifetime_clock::UnknownTerminateReasonKind`
[INFO] [stdout]   --> /opt/rustwide/cargo-home/registry/src/index.crates.io-1949cf8c6b5b557f/tatara-process-0.2.187/src/lib.rs:79:30
[INFO] [stdout]    |
[INFO] [stdout] 79 |         TerminateReasonKind, UnknownAutoTerminateKind, UnknownTerminateReasonKind,
[INFO] [stdout]    |                              ^^^^^^^^^^^^^^^^^^^^^^^^  ^^^^^^^^^^^^^^^^^^^^^^^^^^ no `UnknownTerminateReasonKind` in `lifetime_clock`
[INFO] [stdout]    |                              |
[INFO] [stdout]    |                              no `UnknownAutoTerminateKind` in `lifetime_clock`
[INFO] [stdout]    |
[INFO] [stdout] help: a similar name exists in the module
[INFO] [stdout]    |
[INFO] [stdout] 79 -         TerminateReasonKind, UnknownAutoTerminateKind, UnknownTerminateReasonKind,
[INFO] [stdout] 79 +         TerminateReasonKind, AutoTerminateKind, UnknownTerminateReasonKind,
[INFO] [stdout]    |
[INFO] [stdout] help: a similar name exists in the module
[INFO] [stdout]    |
[INFO] [stdout] 79 -         TerminateReasonKind, UnknownAutoTerminateKind, UnknownTerminateReasonKind,
[INFO] [stdout] 79 +         TerminateReasonKind, UnknownAutoTerminateKind, TerminateReasonKind,
[INFO] [stdout]    |
[INFO] [stdout] 
[INFO] [stdout] 
[INFO] [stdout] error[E0432]: unresolved import `crate::matrix::UnknownSelectStrategyKind`
[INFO] [stdout]   --> /opt/rustwide/cargo-home/registry/src/index.crates.io-1949cf8c6b5b557f/tatara-process-0.2.187/src/lib.rs:83:45
[INFO] [stdout]    |
[INFO] [stdout] 83 |         SelectStrategy, SelectStrategyKind, UnknownSelectStrategyKind,
[INFO] [stdout]    |                                             ^^^^^^^^^^^^^^^^^^^^^^^^^ no `UnknownSelectStrategyKind` in `matrix`
[INFO] [stdout]    |
[INFO] [stdout] help: a similar name exists in the module
[INFO] [stdout]    |
[INFO] [stdout] 83 -         SelectStrategy, SelectStrategyKind, UnknownSelectStrategyKind,
[INFO] [stdout] 83 +         SelectStrategy, SelectStrategyKind, SelectStrategyKind,
[INFO] [stdout]    |
[INFO] [stdout] 
[INFO] [stdout] 
[INFO] [stdout] error[E0432]: unresolved import `crate::phase::UnknownPhase`
[INFO] [stdout]   --> /opt/rustwide/cargo-home/registry/src/index.crates.io-1949cf8c6b5b557f/tatara-process-0.2.187/src/lib.rs:85:42
[INFO] [stdout]    |
[INFO] [stdout] 85 |     pub use crate::phase::{ProcessPhase, UnknownPhase};
[INFO] [stdout]    |                                          ^^^^^^^^^^^^ no `UnknownPhase` in `phase`
[INFO] [stdout] 
[INFO] [stdout] 
[INFO] [stdout] error[E0432]: unresolved imports `crate::pool::UnknownMemberState`, `crate::pool::UnknownPoolPhase`, `crate::pool::UnknownReplacementPolicy`
[INFO] [stdout]   --> /opt/rustwide/cargo-home/registry/src/index.crates.io-1949cf8c6b5b557f/tatara-process-0.2.187/src/lib.rs:88:78
[INFO] [stdout]    |
[INFO] [stdout] 88 |         PoolSelector, PoolSpec, PoolStatus, ReplacementPolicy, ReturnPolicy, UnknownMemberState,
[INFO] [stdout]    |                                                                              ^^^^^^^^^^^^^^^^^^ no `UnknownMemberState` in `pool`
[INFO] [stdout] 89 |         UnknownPoolPhase, UnknownReplacementPolicy,
[INFO] [stdout]    |         ^^^^^^^^^^^^^^^^  ^^^^^^^^^^^^^^^^^^^^^^^^ no `UnknownReplacementPolicy` in `pool`
[INFO] [stdout]    |         |
[INFO] [stdout]    |         no `UnknownPoolPhase` in `pool`
[INFO] [stdout]    |
[INFO] [stdout] help: a similar name exists in the module
[INFO] [stdout]    |
[INFO] [stdout] 89 -         UnknownPoolPhase, UnknownReplacementPolicy,
[INFO] [stdout] 89 +         UnknownPoolPhase, ReplacementPolicy,
[INFO] [stdout]    |
[INFO] [stdout] 
[INFO] [stdout] 
[INFO] [stdout] error[E0432]: unresolved import `crate::signal::UnknownSighupStrategy`
[INFO] [stdout]   --> /opt/rustwide/cargo-home/registry/src/index.crates.io-1949cf8c6b5b557f/tatara-process-0.2.187/src/lib.rs:93:60
[INFO] [stdout]    |
[INFO] [stdout] 93 |     pub use crate::signal::{ProcessSignal, SighupStrategy, UnknownSighupStrategy};
[INFO] [stdout]    |                                                            ^^^^^^^^^^^^^^^^^^^^^ no `UnknownSighupStrategy` in `signal`
[INFO] [stdout]    |
[INFO] [stdout] help: a similar name exists in the module
[INFO] [stdout]    |
[INFO] [stdout] 93 -     pub use crate::signal::{ProcessSignal, SighupStrategy, UnknownSighupStrategy};
[INFO] [stdout] 93 +     pub use crate::signal::{ProcessSignal, SighupStrategy, SighupStrategy};
[INFO] [stdout]    |
[INFO] [stdout] 
[INFO] [stdout] 
[INFO] [stdout] error[E0432]: unresolved import `crate::spec::UnknownMustReachPhase`
[INFO] [stdout]   --> /opt/rustwide/cargo-home/registry/src/index.crates.io-1949cf8c6b5b557f/tatara-process-0.2.187/src/lib.rs:95:64
[INFO] [stdout]    |
[INFO] [stdout] 95 |         DependsOn, IdentitySpec, MustReachPhase, SignalPolicy, UnknownMustReachPhase,
[INFO] [stdout]    |                                                                ^^^^^^^^^^^^^^^^^^^^^ no `UnknownMustReachPhase` in `spec`
[INFO] [stdout]    |
[INFO] [stdout] help: a similar name exists in the module
[INFO] [stdout]    |
[INFO] [stdout] 95 -         DependsOn, IdentitySpec, MustReachPhase, SignalPolicy, UnknownMustReachPhase,
[INFO] [stdout] 95 +         DependsOn, IdentitySpec, MustReachPhase, SignalPolicy, MustReachPhase,
[INFO] [stdout]    |
[INFO] [stdout] 
[INFO] [stdout] 
[INFO] [stdout] error[E0433]: cannot find `DeriveClosedSet` in `tatara_lisp`
[INFO] [stdout]    --> /opt/rustwide/cargo-home/registry/src/index.crates.io-1949cf8c6b5b557f/tatara-process-0.2.187/src/allocation.rs:200:64
[INFO] [stdout]     |
[INFO] [stdout] 200 | #[derive(Clone, Copy, Debug, PartialEq, Eq, Hash, tatara_lisp::DeriveClosedSet)]
[INFO] [stdout]     |                                                                ^^^^^^^^^^^^^^^ could not find `DeriveClosedSet` in `tatara_lisp`
[INFO] [stdout] 
[INFO] [stdout] 
[INFO] [stdout] error[E0433]: cannot find `DeriveClosedSet` in `tatara_lisp`
[INFO] [stdout]    --> /opt/rustwide/cargo-home/registry/src/index.crates.io-1949cf8c6b5b557f/tatara-process-0.2.187/src/allocation.rs:356:18
[INFO] [stdout]     |
[INFO] [stdout] 356 |     tatara_lisp::DeriveClosedSet,
[INFO] [stdout]     |                  ^^^^^^^^^^^^^^^ could not find `DeriveClosedSet` in `tatara_lisp`
[INFO] [stdout] 
[INFO] [stdout] 
[INFO] [stdout] error[E0433]: cannot find `DeriveClosedSet` in `tatara_lisp`
[INFO] [stdout]   --> /opt/rustwide/cargo-home/registry/src/index.crates.io-1949cf8c6b5b557f/tatara-process-0.2.187/src/boundary.rs:42:18
[INFO] [stdout]    |
[INFO] [stdout] 42 |     tatara_lisp::DeriveClosedSet,
[INFO] [stdout]    |                  ^^^^^^^^^^^^^^^ could not find `DeriveClosedSet` in `tatara_lisp`
[INFO] [stdout] 
[INFO] [stdout] 
[INFO] [stdout] error[E0433]: cannot find `DeriveClosedSet` in `tatara_lisp`
[INFO] [stdout]   --> /opt/rustwide/cargo-home/registry/src/index.crates.io-1949cf8c6b5b557f/tatara-process-0.2.187/src/classification.rs:55:18
[INFO] [stdout]    |
[INFO] [stdout] 55 |     tatara_lisp::DeriveClosedSet,
[INFO] [stdout]    |                  ^^^^^^^^^^^^^^^ could not find `DeriveClosedSet` in `tatara_lisp`
[INFO] [stdout] 
[INFO] [stdout] 
[INFO] [stdout] error[E0433]: cannot find `DeriveClosedSet` in `tatara_lisp`
[INFO] [stdout]    --> /opt/rustwide/cargo-home/registry/src/index.crates.io-1949cf8c6b5b557f/tatara-process-0.2.187/src/classification.rs:348:18
[INFO] [stdout]     |
[INFO] [stdout] 348 |     tatara_lisp::DeriveClosedSet,
[INFO] [stdout]     |                  ^^^^^^^^^^^^^^^ could not find `DeriveClosedSet` in `tatara_lisp`
[INFO] [stdout] 
[INFO] [stdout] 
[INFO] [stdout] error[E0433]: cannot find `DeriveClosedSet` in `tatara_lisp`
[INFO] [stdout]    --> /opt/rustwide/cargo-home/registry/src/index.crates.io-1949cf8c6b5b557f/tatara-process-0.2.187/src/classification.rs:542:18
[INFO] [stdout]     |
[INFO] [stdout] 542 |     tatara_lisp::DeriveClosedSet,
[INFO] [stdout]     |                  ^^^^^^^^^^^^^^^ could not find `DeriveClosedSet` in `tatara_lisp`
[INFO] [stdout] 
[INFO] [stdout] 
[INFO] [stdout] error[E0433]: cannot find `DeriveClosedSet` in `tatara_lisp`
[INFO] [stdout]    --> /opt/rustwide/cargo-home/registry/src/index.crates.io-1949cf8c6b5b557f/tatara-process-0.2.187/src/classification.rs:711:18
[INFO] [stdout]     |
[INFO] [stdout] 711 |     tatara_lisp::DeriveClosedSet,
[INFO] [stdout]     |                  ^^^^^^^^^^^^^^^ could not find `DeriveClosedSet` in `tatara_lisp`
[INFO] [stdout] 
[INFO] [stdout] 
[INFO] [stdout] error[E0433]: cannot find `DeriveClosedSet` in `tatara_lisp`
[INFO] [stdout]    --> /opt/rustwide/cargo-home/registry/src/index.crates.io-1949cf8c6b5b557f/tatara-process-0.2.187/src/classification.rs:856:18
[INFO] [stdout]     |
[INFO] [stdout] 856 |     tatara_lisp::DeriveClosedSet,
[INFO] [stdout]     |                  ^^^^^^^^^^^^^^^ could not find `DeriveClosedSet` in `tatara_lisp`
[INFO] [stdout] 
[INFO] [stdout] 
[INFO] [stdout] error[E0433]: cannot find `DeriveClosedSet` in `tatara_lisp`
[INFO] [stdout]    --> /opt/rustwide/cargo-home/registry/src/index.crates.io-1949cf8c6b5b557f/tatara-process-0.2.187/src/classification.rs:964:18
[INFO] [stdout]     |
[INFO] [stdout] 964 |     tatara_lisp::DeriveClosedSet,
[INFO] [stdout]     |                  ^^^^^^^^^^^^^^^ could not find `DeriveClosedSet` in `tatara_lisp`
[INFO] [stdout] 
[INFO] [stdout] 
[INFO] [stdout] error[E0433]: cannot find `DeriveClosedSet` in `tatara_lisp`
[INFO] [stdout]   --> /opt/rustwide/cargo-home/registry/src/index.crates.io-1949cf8c6b5b557f/tatara-process-0.2.187/src/compliance.rs:53:18
[INFO] [stdout]    |
[INFO] [stdout] 53 |     tatara_lisp::DeriveClosedSet,
[INFO] [stdout]    |                  ^^^^^^^^^^^^^^^ could not find `DeriveClosedSet` in `tatara_lisp`
[INFO] [stdout] 
[INFO] [stdout] 
[INFO] [stdout] error[E0433]: cannot find `DeriveClosedSet` in `tatara_lisp`
[INFO] [stdout]    --> /opt/rustwide/cargo-home/registry/src/index.crates.io-1949cf8c6b5b557f/tatara-process-0.2.187/src/encapsulates.rs:139:64
[INFO] [stdout]     |
[INFO] [stdout] 139 | #[derive(Clone, Copy, Debug, PartialEq, Eq, Hash, tatara_lisp::DeriveClosedSet)]
[INFO] [stdout]     |                                                                ^^^^^^^^^^^^^^^ could not find `DeriveClosedSet` in `tatara_lisp`
[INFO] [stdout] 
[INFO] [stdout] 
[INFO] [stdout] error[E0433]: cannot find `DeriveClosedSet` in `tatara_lisp`
[INFO] [stdout]    --> /opt/rustwide/cargo-home/registry/src/index.crates.io-1949cf8c6b5b557f/tatara-process-0.2.187/src/encapsulates.rs:305:18
[INFO] [stdout]     |
[INFO] [stdout] 305 |     tatara_lisp::DeriveClosedSet,
[INFO] [stdout]     |                  ^^^^^^^^^^^^^^^ could not find `DeriveClosedSet` in `tatara_lisp`
[INFO] [stdout] 
[INFO] [stdout] 
[INFO] [stdout] error[E0433]: cannot find `DeriveClosedSet` in `tatara_lisp`
[INFO] [stdout]    --> /opt/rustwide/cargo-home/registry/src/index.crates.io-1949cf8c6b5b557f/tatara-process-0.2.187/src/export.rs:164:64
[INFO] [stdout]     |
[INFO] [stdout] 164 | #[derive(Clone, Copy, Debug, PartialEq, Eq, Hash, tatara_lisp::DeriveClosedSet)]
[INFO] [stdout]     |                                                                ^^^^^^^^^^^^^^^ could not find `DeriveClosedSet` in `tatara_lisp`
[INFO] [stdout] 
[INFO] [stdout] 
[INFO] [stdout] error[E0433]: cannot find `DeriveClosedSet` in `tatara_lisp`
[INFO] [stdout]    --> /opt/rustwide/cargo-home/registry/src/index.crates.io-1949cf8c6b5b557f/tatara-process-0.2.187/src/export.rs:317:18
[INFO] [stdout]     |
[INFO] [stdout] 317 |     tatara_lisp::DeriveClosedSet,
[INFO] [stdout]     |                  ^^^^^^^^^^^^^^^ could not find `DeriveClosedSet` in `tatara_lisp`
[INFO] [stdout] 
[INFO] [stdout] 
[INFO] [stdout] error[E0433]: cannot find `DeriveClosedSet` in `tatara_lisp`
[INFO] [stdout]    --> /opt/rustwide/cargo-home/registry/src/index.crates.io-1949cf8c6b5b557f/tatara-process-0.2.187/src/export.rs:580:64
[INFO] [stdout]     |
[INFO] [stdout] 580 | #[derive(Clone, Copy, Debug, PartialEq, Eq, Hash, tatara_lisp::DeriveClosedSet)]
[INFO] [stdout]     |                                                                ^^^^^^^^^^^^^^^ could not find `DeriveClosedSet` in `tatara_lisp`
[INFO] [stdout] 
[INFO] [stdout] 
[INFO] [stdout] error[E0433]: cannot find `DeriveClosedSet` in `tatara_lisp`
[INFO] [stdout]    --> /opt/rustwide/cargo-home/registry/src/index.crates.io-1949cf8c6b5b557f/tatara-process-0.2.187/src/export.rs:761:18
[INFO] [stdout]     |
[INFO] [stdout] 761 |     tatara_lisp::DeriveClosedSet,
[INFO] [stdout]     |                  ^^^^^^^^^^^^^^^ could not find `DeriveClosedSet` in `tatara_lisp`
[INFO] [stdout] 
[INFO] [stdout] 
[INFO] [stdout] error[E0433]: cannot find `DeriveClosedSet` in `tatara_lisp`
[INFO] [stdout]   --> /opt/rustwide/cargo-home/registry/src/index.crates.io-1949cf8c6b5b557f/tatara-process-0.2.187/src/intent.rs:94:64
[INFO] [stdout]    |
[INFO] [stdout] 94 | #[derive(Clone, Copy, Debug, PartialEq, Eq, Hash, tatara_lisp::DeriveClosedSet)]
[INFO] [stdout]    |                                                                ^^^^^^^^^^^^^^^ could not find `DeriveClosedSet` in `tatara_lisp`
[INFO] [stdout] 
[INFO] [stdout] 
[INFO] [stdout] error[E0433]: cannot find `DeriveClosedSet` in `tatara_lisp`
[INFO] [stdout]    --> /opt/rustwide/cargo-home/registry/src/index.crates.io-1949cf8c6b5b557f/tatara-process-0.2.187/src/intent.rs:357:18
[INFO] [stdout]     |
[INFO] [stdout] 357 |     tatara_lisp::DeriveClosedSet,
[INFO] [stdout]     |                  ^^^^^^^^^^^^^^^ could not find `DeriveClosedSet` in `tatara_lisp`
[INFO] [stdout] 
[INFO] [stdout] 
[INFO] [stdout] error[E0433]: cannot find `DeriveClosedSet` in `tatara_lisp`
[INFO] [stdout]    --> /opt/rustwide/cargo-home/registry/src/index.crates.io-1949cf8c6b5b557f/tatara-process-0.2.187/src/lifetime.rs:261:18
[INFO] [stdout]     |
[INFO] [stdout] 261 |     tatara_lisp::DeriveClosedSet,
[INFO] [stdout]     |                  ^^^^^^^^^^^^^^^ could not find `DeriveClosedSet` in `tatara_lisp`
[INFO] [stdout] 
[INFO] [stdout] 
[INFO] [stdout] error[E0433]: cannot find `DeriveClosedSet` in `tatara_lisp`
[INFO] [stdout]    --> /opt/rustwide/cargo-home/registry/src/index.crates.io-1949cf8c6b5b557f/tatara-process-0.2.187/src/lifetime_clock.rs:102:64
[INFO] [stdout]     |
[INFO] [stdout] 102 | #[derive(Clone, Copy, Debug, PartialEq, Eq, Hash, tatara_lisp::DeriveClosedSet)]
[INFO] [stdout]     |                                                                ^^^^^^^^^^^^^^^ could not find `DeriveClosedSet` in `tatara_lisp`
[INFO] [stdout] 
[INFO] [stdout] 
[INFO] [stdout] error[E0433]: cannot find `DeriveClosedSet` in `tatara_lisp`
[INFO] [stdout]    --> /opt/rustwide/cargo-home/registry/src/index.crates.io-1949cf8c6b5b557f/tatara-process-0.2.187/src/lifetime_clock.rs:239:64
[INFO] [stdout]     |
[INFO] [stdout] 239 | #[derive(Clone, Copy, Debug, PartialEq, Eq, Hash, tatara_lisp::DeriveClosedSet)]
[INFO] [stdout]     |                                                                ^^^^^^^^^^^^^^^ could not find `DeriveClosedSet` in `tatara_lisp`
[INFO] [stdout] 
[INFO] [stdout] 
[INFO] [stdout] error[E0433]: cannot find `DeriveClosedSet` in `tatara_lisp`
[INFO] [stdout]    --> /opt/rustwide/cargo-home/registry/src/index.crates.io-1949cf8c6b5b557f/tatara-process-0.2.187/src/matrix.rs:299:64
[INFO] [stdout]     |
[INFO] [stdout] 299 | #[derive(Clone, Copy, Debug, PartialEq, Eq, Hash, tatara_lisp::DeriveClosedSet)]
[INFO] [stdout]     |                                                                ^^^^^^^^^^^^^^^ could not find `DeriveClosedSet` in `tatara_lisp`
[INFO] [stdout] 
[INFO] [stdout] 
[INFO] [stdout] error[E0433]: cannot find `DeriveClosedSet` in `tatara_lisp`
[INFO] [stdout]   --> /opt/rustwide/cargo-home/registry/src/index.crates.io-1949cf8c6b5b557f/tatara-process-0.2.187/src/phase.rs:37:18
[INFO] [stdout]    |
[INFO] [stdout] 37 |     tatara_lisp::DeriveClosedSet,
[INFO] [stdout]    |                  ^^^^^^^^^^^^^^^ could not find `DeriveClosedSet` in `tatara_lisp`
[INFO] [stdout] 
[INFO] [stdout] 
[INFO] [stdout] error[E0433]: cannot find `DeriveClosedSet` in `tatara_lisp`
[INFO] [stdout]    --> /opt/rustwide/cargo-home/registry/src/index.crates.io-1949cf8c6b5b557f/tatara-process-0.2.187/src/pool.rs:174:18
[INFO] [stdout]     |
[INFO] [stdout] 174 |     tatara_lisp::DeriveClosedSet,
[INFO] [stdout]     |                  ^^^^^^^^^^^^^^^ could not find `DeriveClosedSet` in `tatara_lisp`
[INFO] [stdout] 
[INFO] [stdout] 
[INFO] [stdout] error[E0433]: cannot find `DeriveClosedSet` in `tatara_lisp`
[INFO] [stdout]    --> /opt/rustwide/cargo-home/registry/src/index.crates.io-1949cf8c6b5b557f/tatara-process-0.2.187/src/pool.rs:370:18
[INFO] [stdout]     |
[INFO] [stdout] 370 |     tatara_lisp::DeriveClosedSet,
[INFO] [stdout]     |                  ^^^^^^^^^^^^^^^ could not find `DeriveClosedSet` in `tatara_lisp`
[INFO] [stdout] 
[INFO] [stdout] 
[INFO] [stdout] error[E0433]: cannot find `DeriveClosedSet` in `tatara_lisp`
[INFO] [stdout]    --> /opt/rustwide/cargo-home/registry/src/index.crates.io-1949cf8c6b5b557f/tatara-process-0.2.187/src/pool.rs:509:18
[INFO] [stdout]     |
[INFO] [stdout] 509 |     tatara_lisp::DeriveClosedSet,
[INFO] [stdout]     |                  ^^^^^^^^^^^^^^^ could not find `DeriveClosedSet` in `tatara_lisp`
[INFO] [stdout] 
[INFO] [stdout] 
[INFO] [stdout] error[E0433]: cannot find `DeriveClosedSet` in `tatara_lisp`
[INFO] [stdout]    --> /opt/rustwide/cargo-home/registry/src/index.crates.io-1949cf8c6b5b557f/tatara-process-0.2.187/src/pool.rs:681:18
[INFO] [stdout]     |
[INFO] [stdout] 681 |     tatara_lisp::DeriveClosedSet,
[INFO] [stdout]     |                  ^^^^^^^^^^^^^^^ could not find `DeriveClosedSet` in `tatara_lisp`
[INFO] [stdout] 
[INFO] [stdout] 
[INFO] [stdout] error[E0433]: cannot find `DeriveClosedSet` in `tatara_lisp`
[INFO] [stdout]    --> /opt/rustwide/cargo-home/registry/src/index.crates.io-1949cf8c6b5b557f/tatara-process-0.2.187/src/receipt.rs:127:64
[INFO] [stdout]     |
[INFO] [stdout] 127 | #[derive(Clone, Copy, Debug, PartialEq, Eq, Hash, tatara_lisp::DeriveClosedSet)]
[INFO] [stdout]     |                                                                ^^^^^^^^^^^^^^^ could not find `DeriveClosedSet` in `tatara_lisp`
[INFO] [stdout] 
[INFO] [stdout] 
[INFO] [stdout] error[E0433]: cannot find `DeriveClosedSet` in `tatara_lisp`
[INFO] [stdout]    --> /opt/rustwide/cargo-home/registry/src/index.crates.io-1949cf8c6b5b557f/tatara-process-0.2.187/src/signal.rs:119:18
[INFO] [stdout]     |
[INFO] [stdout] 119 |     tatara_lisp::DeriveClosedSet,
[INFO] [stdout]     |                  ^^^^^^^^^^^^^^^ could not find `DeriveClosedSet` in `tatara_lisp`
[INFO] [stdout] 
[INFO] [stdout] 
[INFO] [stdout] error[E0433]: cannot find `DeriveClosedSet` in `tatara_lisp`
[INFO] [stdout]   --> /opt/rustwide/cargo-home/registry/src/index.crates.io-1949cf8c6b5b557f/tatara-process-0.2.187/src/spec.rs:59:18
[INFO] [stdout]    |
[INFO] [stdout] 59 |     tatara_lisp::DeriveClosedSet,
[INFO] [stdout]    |                  ^^^^^^^^^^^^^^^ could not find `DeriveClosedSet` in `tatara_lisp`
[INFO] [stdout] 
[INFO] [stdout] 
[INFO] [stdout] error: cannot find attribute `closed_set` in this scope
[INFO] [stdout]   --> /opt/rustwide/cargo-home/registry/src/index.crates.io-1949cf8c6b5b557f/tatara-process-0.2.187/src/spec.rs:62:3
[INFO] [stdout]    |
[INFO] [stdout] 62 | #[closed_set(via = "as_str", display, generate_unknown = "must-reach phase")]
[INFO] [stdout]    |   ^^^^^^^^^^
[INFO] [stdout]    |
[INFO] [stdout] help: `closed_set` is an attribute that can be used by the derive macro `ClosedSet`, you might be missing a `derive` attribute
[INFO] [stdout]    |
[INFO] [stdout] 63 + #[derive(ClosedSet)]
[INFO] [stdout] 64 | pub enum MustReachPhase {
[INFO] [stdout]    |
[INFO] [stdout] 
[INFO] [stdout] 
[INFO] [stdout] error: cannot find attribute `closed_set` in this scope
[INFO] [stdout]    --> /opt/rustwide/cargo-home/registry/src/index.crates.io-1949cf8c6b5b557f/tatara-process-0.2.187/src/signal.rs:122:3
[INFO] [stdout]     |
[INFO] [stdout] 122 | #[closed_set(via = "as_str", generate_unknown, display)]
[INFO] [stdout]     |   ^^^^^^^^^^
[INFO] [stdout]     |
[INFO] [stdout] help: `closed_set` is an attribute that can be used by the derive macro `ClosedSet`, you might be missing a `derive` attribute
[INFO] [stdout]     |
[INFO] [stdout] 123 + #[derive(ClosedSet)]
[INFO] [stdout] 124 | pub enum SighupStrategy {
[INFO] [stdout]     |
[INFO] [stdout] 
[INFO] [stdout] 
[INFO] [stdout] error: cannot find attribute `closed_set` in this scope
[INFO] [stdout]    --> /opt/rustwide/cargo-home/registry/src/index.crates.io-1949cf8c6b5b557f/tatara-process-0.2.187/src/receipt.rs:128:3
[INFO] [stdout]     |
[INFO] [stdout] 128 | #[closed_set(via = "as_str", display, generate_unknown)]
[INFO] [stdout]     |   ^^^^^^^^^^
[INFO] [stdout]     |
[INFO] [stdout] help: `closed_set` is an attribute that can be used by the derive macro `ClosedSet`, you might be missing a `derive` attribute
[INFO] [stdout]     |
[INFO] [stdout] 129 + #[derive(ClosedSet)]
[INFO] [stdout] 130 | pub enum ReceiptKind {
[INFO] [stdout]     |
[INFO] [stdout] 
[INFO] [stdout] 
[INFO] [stdout] error: cannot find attribute `closed_set` in this scope
[INFO] [stdout]    --> /opt/rustwide/cargo-home/registry/src/index.crates.io-1949cf8c6b5b557f/tatara-process-0.2.187/src/pool.rs:684:3
[INFO] [stdout]     |
[INFO] [stdout] 684 | #[closed_set(via = "as_str", generate_unknown, display)]
[INFO] [stdout]     |   ^^^^^^^^^^
[INFO] [stdout]     |
[INFO] [stdout] help: `closed_set` is an attribute that can be used by the derive macro `ClosedSet`, you might be missing a `derive` attribute
[INFO] [stdout]     |
[INFO] [stdout] 685 + #[derive(ClosedSet)]
[INFO] [stdout] 686 | pub enum ReturnPolicy {
[INFO] [stdout]     |
[INFO] [stdout] 
[INFO] [stdout] 
[INFO] [stdout] error: cannot find attribute `closed_set` in this scope
[INFO] [stdout]    --> /opt/rustwide/cargo-home/registry/src/index.crates.io-1949cf8c6b5b557f/tatara-process-0.2.187/src/pool.rs:512:3
[INFO] [stdout]     |
[INFO] [stdout] 512 | #[closed_set(via = "as_str", generate_unknown, display)]
[INFO] [stdout]     |   ^^^^^^^^^^
[INFO] [stdout]     |
[INFO] [stdout] help: `closed_set` is an attribute that can be used by the derive macro `ClosedSet`, you might be missing a `derive` attribute
[INFO] [stdout]     |
[INFO] [stdout] 513 + #[derive(ClosedSet)]
[INFO] [stdout] 514 | pub enum PoolPhase {
[INFO] [stdout]     |
[INFO] [stdout] 
[INFO] [stdout] 
[INFO] [stdout] error: cannot find attribute `closed_set` in this scope
[INFO] [stdout]    --> /opt/rustwide/cargo-home/registry/src/index.crates.io-1949cf8c6b5b557f/tatara-process-0.2.187/src/pool.rs:373:3
[INFO] [stdout]     |
[INFO] [stdout] 373 | #[closed_set(via = "as_str", generate_unknown, display)]
[INFO] [stdout]     |   ^^^^^^^^^^
[INFO] [stdout]     |
[INFO] [stdout] help: `closed_set` is an attribute that can be used by the derive macro `ClosedSet`, you might be missing a `derive` attribute
[INFO] [stdout]     |
[INFO] [stdout] 374 + #[derive(ClosedSet)]
[INFO] [stdout] 375 | pub enum MemberState {
[INFO] [stdout]     |
[INFO] [stdout] 
[INFO] [stdout] 
[INFO] [stdout] error: cannot find attribute `closed_set` in this scope
[INFO] [stdout]    --> /opt/rustwide/cargo-home/registry/src/index.crates.io-1949cf8c6b5b557f/tatara-process-0.2.187/src/pool.rs:177:3
[INFO] [stdout]     |
[INFO] [stdout] 177 | #[closed_set(via = "as_str", generate_unknown, display)]
[INFO] [stdout]     |   ^^^^^^^^^^
[INFO] [stdout]     |
[INFO] [stdout] help: `closed_set` is an attribute that can be used by the derive macro `ClosedSet`, you might be missing a `derive` attribute
[INFO] [stdout]     |
[INFO] [stdout] 178 + #[derive(ClosedSet)]
[INFO] [stdout] 179 | pub enum ReplacementPolicy {
[INFO] [stdout]     |
[INFO] [stdout] 
[INFO] [stdout] 
[INFO] [stdout] error: cannot find attribute `closed_set` in this scope
[INFO] [stdout]   --> /opt/rustwide/cargo-home/registry/src/index.crates.io-1949cf8c6b5b557f/tatara-process-0.2.187/src/phase.rs:39:3
[INFO] [stdout]    |
[INFO] [stdout] 39 | #[closed_set(
[INFO] [stdout]    |   ^^^^^^^^^^
[INFO] [stdout]    |
[INFO] [stdout] help: `closed_set` is an attribute that can be used by the derive macro `ClosedSet`, you might be missing a `derive` attribute
[INFO] [stdout]    |
[INFO] [stdout] 45 + #[derive(ClosedSet)]
[INFO] [stdout] 46 | pub enum ProcessPhase {
[INFO] [stdout]    |
[INFO] [stdout] 
[INFO] [stdout] 
[INFO] [stdout] error: cannot find attribute `closed_set` in this scope
[INFO] [stdout]    --> /opt/rustwide/cargo-home/registry/src/index.crates.io-1949cf8c6b5b557f/tatara-process-0.2.187/src/matrix.rs:300:3
[INFO] [stdout]     |
[INFO] [stdout] 300 | #[closed_set(via = "as_str", display, generate_unknown)]
[INFO] [stdout]     |   ^^^^^^^^^^
[INFO] [stdout]     |
[INFO] [stdout] help: `closed_set` is an attribute that can be used by the derive macro `ClosedSet`, you might be missing a `derive` attribute
[INFO] [stdout]     |
[INFO] [stdout] 301 + #[derive(ClosedSet)]
[INFO] [stdout] 302 | pub enum SelectStrategyKind {
[INFO] [stdout]     |
[INFO] [stdout] 
[INFO] [stdout] 
[INFO] [stdout] error: cannot find attribute `closed_set` in this scope
[INFO] [stdout]    --> /opt/rustwide/cargo-home/registry/src/index.crates.io-1949cf8c6b5b557f/tatara-process-0.2.187/src/lifetime_clock.rs:240:3
[INFO] [stdout]     |
[INFO] [stdout] 240 | #[closed_set(via = "as_str", display, generate_unknown)]
[INFO] [stdout]     |   ^^^^^^^^^^
[INFO] [stdout]     |
[INFO] [stdout] help: `closed_set` is an attribute that can be used by the derive macro `ClosedSet`, you might be missing a `derive` attribute
[INFO] [stdout]     |
[INFO] [stdout] 241 + #[derive(ClosedSet)]
[INFO] [stdout] 242 | pub enum TerminateReasonKind {
[INFO] [stdout]     |
[INFO] [stdout] 
[INFO] [stdout] 
[INFO] [stdout] error: cannot find attribute `closed_set` in this scope
[INFO] [stdout]    --> /opt/rustwide/cargo-home/registry/src/index.crates.io-1949cf8c6b5b557f/tatara-process-0.2.187/src/lifetime_clock.rs:103:3
[INFO] [stdout]     |
[INFO] [stdout] 103 | #[closed_set(via = "as_str", display, generate_unknown = "auto-terminate kind")]
[INFO] [stdout]     |   ^^^^^^^^^^
[INFO] [stdout]     |
[INFO] [stdout] help: `closed_set` is an attribute that can be used by the derive macro `ClosedSet`, you might be missing a `derive` attribute
[INFO] [stdout]     |
[INFO] [stdout] 104 + #[derive(ClosedSet)]
[INFO] [stdout] 105 | pub enum AutoTerminateKind {
[INFO] [stdout]     |
[INFO] [stdout] 
[INFO] [stdout] 
[INFO] [stdout] error: cannot find attribute `closed_set` in this scope
[INFO] [stdout]    --> /opt/rustwide/cargo-home/registry/src/index.crates.io-1949cf8c6b5b557f/tatara-process-0.2.187/src/lifetime.rs:264:3
[INFO] [stdout]     |
[INFO] [stdout] 264 | #[closed_set(via = "as_str", display, generate_unknown)]
[INFO] [stdout]     |   ^^^^^^^^^^
[INFO] [stdout]     |
[INFO] [stdout] help: `closed_set` is an attribute that can be used by the derive macro `ClosedSet`, you might be missing a `derive` attribute
[INFO] [stdout]     |
[INFO] [stdout] 265 + #[derive(ClosedSet)]
[INFO] [stdout] 266 | pub enum TeardownPolicy {
[INFO] [stdout]     |
[INFO] [stdout] 
[INFO] [stdout] 
[INFO] [stdout] error: cannot find attribute `closed_set` in this scope
[INFO] [stdout]    --> /opt/rustwide/cargo-home/registry/src/index.crates.io-1949cf8c6b5b557f/tatara-process-0.2.187/src/intent.rs:360:3
[INFO] [stdout]     |
[INFO] [stdout] 360 | #[closed_set(via = "as_str", generate_unknown, display)]
[INFO] [stdout]     |   ^^^^^^^^^^
[INFO] [stdout]     |
[INFO] [stdout] help: `closed_set` is an attribute that can be used by the derive macro `ClosedSet`, you might be missing a `derive` attribute
[INFO] [stdout]     |
[INFO] [stdout] 361 + #[derive(ClosedSet)]
[INFO] [stdout] 362 | pub enum WorkloadKind {
[INFO] [stdout]     |
[INFO] [stdout] 
[INFO] [stdout] 
[INFO] [stdout] error: cannot find attribute `closed_set` in this scope
[INFO] [stdout]   --> /opt/rustwide/cargo-home/registry/src/index.crates.io-1949cf8c6b5b557f/tatara-process-0.2.187/src/intent.rs:95:3
[INFO] [stdout]    |
[INFO] [stdout] 95 | #[closed_set(via = "as_str", generate_unknown, display)]
[INFO] [stdout]    |   ^^^^^^^^^^
[INFO] [stdout]    |
[INFO] [stdout] help: `closed_set` is an attribute that can be used by the derive macro `ClosedSet`, you might be missing a `derive` attribute
[INFO] [stdout]    |
[INFO] [stdout] 96 + #[derive(ClosedSet)]
[INFO] [stdout] 97 | pub enum IntentKind {
[INFO] [stdout]    |
[INFO] [stdout] 
[INFO] [stdout] 
[INFO] [stdout] error: cannot find attribute `closed_set` in this scope
[INFO] [stdout]    --> /opt/rustwide/cargo-home/registry/src/index.crates.io-1949cf8c6b5b557f/tatara-process-0.2.187/src/export.rs:764:3
[INFO] [stdout]     |
[INFO] [stdout] 764 | #[closed_set(via = "as_str", generate_unknown)]
[INFO] [stdout]     |   ^^^^^^^^^^
[INFO] [stdout]     |
[INFO] [stdout] help: `closed_set` is an attribute that can be used by the derive macro `ClosedSet`, you might be missing a `derive` attribute
[INFO] [stdout]     |
[INFO] [stdout] 765 + #[derive(ClosedSet)]
[INFO] [stdout] 766 | pub enum ExportTrigger {
[INFO] [stdout]     |
[INFO] [stdout] 
[INFO] [stdout] 
[INFO] [stdout] error: cannot find attribute `closed_set` in this scope
[INFO] [stdout]    --> /opt/rustwide/cargo-home/registry/src/index.crates.io-1949cf8c6b5b557f/tatara-process-0.2.187/src/export.rs:581:3
[INFO] [stdout]     |
[INFO] [stdout] 581 | #[closed_set(via = "as_str", generate_unknown)]
[INFO] [stdout]     |   ^^^^^^^^^^
[INFO] [stdout]     |
[INFO] [stdout] help: `closed_set` is an attribute that can be used by the derive macro `ClosedSet`, you might be missing a `derive` attribute
[INFO] [stdout]     |
[INFO] [stdout] 582 + #[derive(ClosedSet)]
[INFO] [stdout] 583 | pub enum ChannelKind {
[INFO] [stdout]     |
[INFO] [stdout] 
[INFO] [stdout] 
[INFO] [stdout] error: cannot find attribute `closed_set` in this scope
[INFO] [stdout]    --> /opt/rustwide/cargo-home/registry/src/index.crates.io-1949cf8c6b5b557f/tatara-process-0.2.187/src/export.rs:320:3
[INFO] [stdout]     |
[INFO] [stdout] 320 | #[closed_set(via = "as_str", generate_unknown)]
[INFO] [stdout]     |   ^^^^^^^^^^
[INFO] [stdout]     |
[INFO] [stdout] help: `closed_set` is an attribute that can be used by the derive macro `ClosedSet`, you might be missing a `derive` attribute
[INFO] [stdout]     |
[INFO] [stdout] 321 + #[derive(ClosedSet)]
[INFO] [stdout] 322 | pub enum ReportFormat {
[INFO] [stdout]     |
[INFO] [stdout] 
[INFO] [stdout] 
[INFO] [stdout] error: cannot find attribute `closed_set` in this scope
[INFO] [stdout]    --> /opt/rustwide/cargo-home/registry/src/index.crates.io-1949cf8c6b5b557f/tatara-process-0.2.187/src/export.rs:165:3
[INFO] [stdout]     |
[INFO] [stdout] 165 | #[closed_set(via = "as_str", display, generate_unknown)]
[INFO] [stdout]     |   ^^^^^^^^^^
[INFO] [stdout]     |
[INFO] [stdout] help: `closed_set` is an attribute that can be used by the derive macro `ClosedSet`, you might be missing a `derive` attribute
[INFO] [stdout]     |
[INFO] [stdout] 166 + #[derive(ClosedSet)]
[INFO] [stdout] 167 | pub enum ArtifactKind {
[INFO] [stdout]     |
[INFO] [stdout] 
[INFO] [stdout] 
[INFO] [stdout] error: cannot find attribute `closed_set` in this scope
[INFO] [stdout]    --> /opt/rustwide/cargo-home/registry/src/index.crates.io-1949cf8c6b5b557f/tatara-process-0.2.187/src/encapsulates.rs:308:3
[INFO] [stdout]     |
[INFO] [stdout] 308 | #[closed_set(via = "as_str", generate_unknown, display)]
[INFO] [stdout]     |   ^^^^^^^^^^
[INFO] [stdout]     |
[INFO] [stdout] help: `closed_set` is an attribute that can be used by the derive macro `ClosedSet`, you might be missing a `derive` attribute
[INFO] [stdout]     |
[INFO] [stdout] 309 + #[derive(ClosedSet)]
[INFO] [stdout] 310 | pub enum EncapsulationMode {
[INFO] [stdout]     |
[INFO] [stdout] 
[INFO] [stdout] 
[INFO] [stdout] error: cannot find attribute `closed_set` in this scope
[INFO] [stdout]    --> /opt/rustwide/cargo-home/registry/src/index.crates.io-1949cf8c6b5b557f/tatara-process-0.2.187/src/encapsulates.rs:140:3
[INFO] [stdout]     |
[INFO] [stdout] 140 | #[closed_set(via = "as_str", generate_unknown, display)]
[INFO] [stdout]     |   ^^^^^^^^^^
[INFO] [stdout]     |
[INFO] [stdout] help: `closed_set` is an attribute that can be used by the derive macro `ClosedSet`, you might be missing a `derive` attribute
[INFO] [stdout]     |
[INFO] [stdout] 141 + #[derive(ClosedSet)]
[INFO] [stdout] 142 | pub enum EncapsulationTarget {
[INFO] [stdout]     |
[INFO] [stdout] 
[INFO] [stdout] 
[INFO] [stdout] error: cannot find attribute `closed_set` in this scope
[INFO] [stdout]   --> /opt/rustwide/cargo-home/registry/src/index.crates.io-1949cf8c6b5b557f/tatara-process-0.2.187/src/compliance.rs:56:3
[INFO] [stdout]    |
[INFO] [stdout] 56 | #[closed_set(via = "as_str", generate_unknown, display)]
[INFO] [stdout]    |   ^^^^^^^^^^
[INFO] [stdout]    |
[INFO] [stdout] help: `closed_set` is an attribute that can be used by the derive macro `ClosedSet`, you might be missing a `derive` attribute
[INFO] [stdout]    |
[INFO] [stdout] 57 + #[derive(ClosedSet)]
[INFO] [stdout] 58 | pub enum VerificationPhase {
[INFO] [stdout]    |
[INFO] [stdout] 
[INFO] [stdout] 
[INFO] [stdout] error: cannot find attribute `closed_set` in this scope
[INFO] [stdout]    --> /opt/rustwide/cargo-home/registry/src/index.crates.io-1949cf8c6b5b557f/tatara-process-0.2.187/src/classification.rs:967:3
[INFO] [stdout]     |
[INFO] [stdout] 967 | #[closed_set(via = "as_str", generate_unknown, display)]
[INFO] [stdout]     |   ^^^^^^^^^^
[INFO] [stdout]     |
[INFO] [stdout] help: `closed_set` is an attribute that can be used by the derive macro `ClosedSet`, you might be missing a `derive` attribute
[INFO] [stdout]     |
[INFO] [stdout] 968 + #[derive(ClosedSet)]
[INFO] [stdout] 969 | pub enum DataClassification {
[INFO] [stdout]     |
[INFO] [stdout] 
[INFO] [stdout] 
[INFO] [stdout] error: cannot find attribute `closed_set` in this scope
[INFO] [stdout]    --> /opt/rustwide/cargo-home/registry/src/index.crates.io-1949cf8c6b5b557f/tatara-process-0.2.187/src/classification.rs:859:3
[INFO] [stdout]     |
[INFO] [stdout] 859 | #[closed_set(via = "as_str", generate_unknown, display)]
[INFO] [stdout]     |   ^^^^^^^^^^
[INFO] [stdout]     |
[INFO] [stdout] help: `closed_set` is an attribute that can be used by the derive macro `ClosedSet`, you might be missing a `derive` attribute
[INFO] [stdout]     |
[INFO] [stdout] 860 + #[derive(ClosedSet)]
[INFO] [stdout] 861 | pub enum CalmClassification {
[INFO] [stdout]     |
[INFO] [stdout] 
[INFO] [stdout] 
[INFO] [stdout] error: cannot find attribute `closed_set` in this scope
[INFO] [stdout]    --> /opt/rustwide/cargo-home/registry/src/index.crates.io-1949cf8c6b5b557f/tatara-process-0.2.187/src/classification.rs:714:3
[INFO] [stdout]     |
[INFO] [stdout] 714 | #[closed_set(via = "as_str", generate_unknown, display)]
[INFO] [stdout]     |   ^^^^^^^^^^
[INFO] [stdout]     |
[INFO] [stdout] help: `closed_set` is an attribute that can be used by the derive macro `ClosedSet`, you might be missing a `derive` attribute
[INFO] [stdout]     |
[INFO] [stdout] 715 + #[derive(ClosedSet)]
[INFO] [stdout] 716 | pub enum OptimizationDirection {
[INFO] [stdout]     |
[INFO] [stdout] 
[INFO] [stdout] 
[INFO] [stdout] error: cannot find attribute `closed_set` in this scope
[INFO] [stdout]    --> /opt/rustwide/cargo-home/registry/src/index.crates.io-1949cf8c6b5b557f/tatara-process-0.2.187/src/classification.rs:545:3
[INFO] [stdout]     |
[INFO] [stdout] 545 | #[closed_set(via = "as_str", generate_unknown, display)]
[INFO] [stdout]     |   ^^^^^^^^^^
[INFO] [stdout]     |
[INFO] [stdout] help: `closed_set` is an attribute that can be used by the derive macro `ClosedSet`, you might be missing a `derive` attribute
[INFO] [stdout]     |
[INFO] [stdout] 546 + #[derive(ClosedSet)]
[INFO] [stdout] 547 | pub enum HorizonKind {
[INFO] [stdout]     |
[INFO] [stdout] 
[INFO] [stdout] 
[INFO] [stdout] error: cannot find attribute `closed_set` in this scope
[INFO] [stdout]    --> /opt/rustwide/cargo-home/registry/src/index.crates.io-1949cf8c6b5b557f/tatara-process-0.2.187/src/classification.rs:351:3
[INFO] [stdout]     |
[INFO] [stdout] 351 | #[closed_set(via = "as_str", generate_unknown, display)]
[INFO] [stdout]     |   ^^^^^^^^^^
[INFO] [stdout]     |
[INFO] [stdout] help: `closed_set` is an attribute that can be used by the derive macro `ClosedSet`, you might be missing a `derive` attribute
[INFO] [stdout]     |
[INFO] [stdout] 352 + #[derive(ClosedSet)]
[INFO] [stdout] 353 | pub enum SubstrateType {
[INFO] [stdout]     |
[INFO] [stdout] 
[INFO] [stdout] 
[INFO] [stdout] error: cannot find attribute `closed_set` in this scope
[INFO] [stdout]   --> /opt/rustwide/cargo-home/registry/src/index.crates.io-1949cf8c6b5b557f/tatara-process-0.2.187/src/classification.rs:58:3
[INFO] [stdout]    |
[INFO] [stdout] 58 | #[closed_set(via = "as_str", generate_unknown, display)]
[INFO] [stdout]    |   ^^^^^^^^^^
[INFO] [stdout]    |
[INFO] [stdout] help: `closed_set` is an attribute that can be used by the derive macro `ClosedSet`, you might be missing a `derive` attribute
[INFO] [stdout]    |
[INFO] [stdout] 59 + #[derive(ClosedSet)]
[INFO] [stdout] 60 | pub enum ConvergencePointType {
[INFO] [stdout]    |
[INFO] [stdout] 
[INFO] [stdout] 
[INFO] [stdout] error: cannot find attribute `closed_set` in this scope
[INFO] [stdout]   --> /opt/rustwide/cargo-home/registry/src/index.crates.io-1949cf8c6b5b557f/tatara-process-0.2.187/src/boundary.rs:45:3
[INFO] [stdout]    |
[INFO] [stdout] 45 | #[closed_set(via = "as_str", display, generate_unknown)]
[INFO] [stdout]    |   ^^^^^^^^^^
[INFO] [stdout]    |
[INFO] [stdout] help: `closed_set` is an attribute that can be used by the derive macro `ClosedSet`, you might be missing a `derive` attribute
[INFO] [stdout]    |
[INFO] [stdout] 46 + #[derive(ClosedSet)]
[INFO] [stdout] 47 | pub enum ConditionKind {
[INFO] [stdout]    |
[INFO] [stdout] 
[INFO] [stdout] 
[INFO] [stdout] error: cannot find attribute `closed_set` in this scope
[INFO] [stdout]    --> /opt/rustwide/cargo-home/registry/src/index.crates.io-1949cf8c6b5b557f/tatara-process-0.2.187/src/allocation.rs:359:3
[INFO] [stdout]     |
[INFO] [stdout] 359 | #[closed_set(via = "as_str", generate_unknown, display)]
[INFO] [stdout]     |   ^^^^^^^^^^
[INFO] [stdout]     |
[INFO] [stdout] help: `closed_set` is an attribute that can be used by the derive macro `ClosedSet`, you might be missing a `derive` attribute
[INFO] [stdout]     |
[INFO] [stdout] 360 + #[derive(ClosedSet)]
[INFO] [stdout] 361 | pub enum AllocationPhase {
[INFO] [stdout]     |
[INFO] [stdout] 
[INFO] [stdout] 
[INFO] [stdout] error: cannot find attribute `closed_set` in this scope
[INFO] [stdout]    --> /opt/rustwide/cargo-home/registry/src/index.crates.io-1949cf8c6b5b557f/tatara-process-0.2.187/src/allocation.rs:201:3
[INFO] [stdout]     |
[INFO] [stdout] 201 | #[closed_set(via = "as_str", generate_unknown, display)]
[INFO] [stdout]     |   ^^^^^^^^^^
[INFO] [stdout]     |
[INFO] [stdout] help: `closed_set` is an attribute that can be used by the derive macro `ClosedSet`, you might be missing a `derive` attribute
[INFO] [stdout]     |
[INFO] [stdout] 202 + #[derive(ClosedSet)]
[INFO] [stdout] 203 | pub enum RequestorKind {
[INFO] [stdout]     |
[INFO] [stdout] 
[INFO] [stdout] 
[INFO] [stdout] error[E0277]: the trait bound `RequestorKind: FromStr` is not satisfied
[INFO] [stdout]    --> /opt/rustwide/cargo-home/registry/src/index.crates.io-1949cf8c6b5b557f/tatara-process-0.2.187/src/allocation.rs:145:19
[INFO] [stdout]     |
[INFO] [stdout] 145 |         self.kind.parse().ok()
[INFO] [stdout]     |                   ^^^^^ unsatisfied trait bound
[INFO] [stdout]     |
[INFO] [stdout] help: the trait `FromStr` is not implemented for `RequestorKind`
[INFO] [stdout]    --> /opt/rustwide/cargo-home/registry/src/index.crates.io-1949cf8c6b5b557f/tatara-process-0.2.187/src/allocation.rs:202:1
[INFO] [stdout]     |
[INFO] [stdout] 202 | pub enum RequestorKind {
[INFO] [stdout]     | ^^^^^^^^^^^^^^^^^^^^^^
[INFO] [stdout]     = help: the following other types implement trait `FromStr`:
[INFO] [stdout]               AtomKind
[INFO] [stdout]               CString
[INFO] [stdout]               CompilerSpecIoStage
[INFO] [stdout]               DateTime<FixedOffset>
[INFO] [stdout]               DateTime<Utc>
[INFO] [stdout]               DateTime<chrono::Local>
[INFO] [stdout]               ExpectedKwargShape
[INFO] [stdout]               FixedOffset
[INFO] [stdout]             and 137 others
[INFO] [stdout] note: required by a bound in `core::str::<impl str>::parse`
[INFO] [stdout]    --> /rustc/e3feeb59cd1bdd011a2bfcc0747b55125d9b8527/library/core/src/str/mod.rs:2776:4
[INFO] [stdout] 
[INFO] [stdout] 
[INFO] [stdout] error[E0277]: the trait bound `ReceiptKind: FromStr` is not satisfied
[INFO] [stdout]    --> /opt/rustwide/cargo-home/registry/src/index.crates.io-1949cf8c6b5b557f/tatara-process-0.2.187/src/receipt.rs:420:19
[INFO] [stdout]     |
[INFO] [stdout] 420 |         self.kind.parse().ok()
[INFO] [stdout]     |                   ^^^^^ unsatisfied trait bound
[INFO] [stdout]     |
[INFO] [stdout] help: the trait `FromStr` is not implemented for `ReceiptKind`
[INFO] [stdout]    --> /opt/rustwide/cargo-home/registry/src/index.crates.io-1949cf8c6b5b557f/tatara-process-0.2.187/src/receipt.rs:129:1
[INFO] [stdout]     |
[INFO] [stdout] 129 | pub enum ReceiptKind {
[INFO] [stdout]     | ^^^^^^^^^^^^^^^^^^^^
[INFO] [stdout]     = help: the following other types implement trait `FromStr`:
[INFO] [stdout]               AtomKind
[INFO] [stdout]               CString
[INFO] [stdout]               CompilerSpecIoStage
[INFO] [stdout]               DateTime<FixedOffset>
[INFO] [stdout]               DateTime<Utc>
[INFO] [stdout]               DateTime<chrono::Local>
[INFO] [stdout]               ExpectedKwargShape
[INFO] [stdout]               FixedOffset
[INFO] [stdout]             and 137 others
[INFO] [stdout] note: required by a bound in `core::str::<impl str>::parse`
[INFO] [stdout]    --> /rustc/e3feeb59cd1bdd011a2bfcc0747b55125d9b8527/library/core/src/str/mod.rs:2776:4
[INFO] [stdout] 
[INFO] [stdout] 
[INFO] [stdout] Some errors have detailed explanations: E0277, E0432, E0433.
[INFO] [stdout] 
[INFO] [stdout] For more information about an error, try `rustc --explain E0277`.
[INFO] [stdout] 
[INFO] [stderr] error: could not compile `tatara-process` (lib) due to 75 previous errors
[INFO] running `Command { std: "docker" "inspect" "36fddc93f08f56ca1000c055b109ce01713dc56e5821b77f8468f563a44ff9a1", kill_on_drop: false }`
[INFO] running `Command { std: "docker" "rm" "-f" "36fddc93f08f56ca1000c055b109ce01713dc56e5821b77f8468f563a44ff9a1", kill_on_drop: false }`
[INFO] [stdout] 36fddc93f08f56ca1000c055b109ce01713dc56e5821b77f8468f563a44ff9a1
