[INFO] fetching crate sz-orm-macros 9.0.0...
[INFO] testing sz-orm-macros-9.0.0 against 1.100.0-beta.1 for beta-1.100-2
[INFO] extracting crate sz-orm-macros 9.0.0 into /workspace/builds/worker-3-tc2/source
[INFO] started tweaking crates.io crate sz-orm-macros 9.0.0
[INFO] removed 0 missing tests
[INFO] finished tweaking crates.io crate sz-orm-macros 9.0.0
[INFO] tweaked toml for crates.io crate sz-orm-macros 9.0.0 written to /workspace/builds/worker-3-tc2/source/Cargo.toml
[INFO] validating manifest of crates.io crate sz-orm-macros 9.0.0 on toolchain 1.100.0-beta.1
[INFO] running `Command { std: CARGO_HOME="/workspace/cargo-home" RUSTUP_HOME="/workspace/rustup-home" "/workspace/cargo-home/bin/cargo" "+1.100.0-beta.1" "metadata" "--manifest-path" "Cargo.toml" "--no-deps", kill_on_drop: false }`
[INFO] crate crates.io crate sz-orm-macros 9.0.0 already has a lockfile, it will not be regenerated
[INFO] running `Command { std: CARGO_HOME="/workspace/cargo-home" RUSTUP_HOME="/workspace/rustup-home" "/workspace/cargo-home/bin/cargo" "+1.100.0-beta.1" "fetch" "--manifest-path" "Cargo.toml", kill_on_drop: false }`
[INFO] [stderr] warning: `package.homepage` is redundant with `package.repository`
[INFO] [stderr]   --> Cargo.toml:80:12
[INFO] [stderr]    |
[INFO] [stderr] 80 | homepage = "https://github.com/ljclz/sz-orm"
[INFO] [stderr]    |            ^^^^^^^^^^^^^^^^^^^^^^^^^^^^^^^^^
[INFO] [stderr] ...
[INFO] [stderr] 85 | repository = "https://github.com/ljclz/sz-orm"
[INFO] [stderr]    |              ---------------------------------
[INFO] [stderr]    |
[INFO] [stderr]    = note: `cargo::redundant_homepage` is set to `warn` by default
[INFO] [stderr] help: consider removing `package.homepage`
[INFO] [stderr] warning: `sz-orm-macros` (manifest) generated 1 warning
[INFO] running `Command { std: "docker" "create" "-v" "/var/lib/crater-agent-workspace/builds/worker-3-tc2/source:/opt/rustwide/workdir:ro,Z" "-v" "/var/lib/crater-agent-workspace/builds/worker-3-tc2/target:/opt/rustwide/target:rw,Z" "-v" "/var/lib/crater-agent-workspace/cargo-home:/opt/rustwide/cargo-home:ro,Z" "-v" "/var/lib/crater-agent-workspace/rustup-home:/opt/rustwide/rustup-home:ro,Z" "-m" "1610612736" "--network" "none" "ghcr.io/rust-lang/crates-build-env/linux@sha256:3111399a4047eeb3a02b7a90e478d715f38a8c6669b5c4b49d30a17385265909" "sleep" "infinity", kill_on_drop: false }`
[INFO] [stdout] 4b4f5eee8bfae9034641418007e4d65893f826e38d0a514912f9fed121479915
[INFO] running `Command { std: "docker" "start" "4b4f5eee8bfae9034641418007e4d65893f826e38d0a514912f9fed121479915", kill_on_drop: false }`
[INFO] running `Command { std: "docker" "inspect" "4b4f5eee8bfae9034641418007e4d65893f826e38d0a514912f9fed121479915", kill_on_drop: false }`
[INFO] running `Command { std: "docker" "exec" "-e" "SOURCE_DIR=/opt/rustwide/workdir" "-e" "CARGO_HOME=/opt/rustwide/cargo-home" "-e" "RUSTUP_HOME=/opt/rustwide/rustup-home" "-e" "CARGO_TARGET_DIR=/opt/rustwide/target" "-w" "/opt/rustwide/workdir" "--user" "0:0" "4b4f5eee8bfae9034641418007e4d65893f826e38d0a514912f9fed121479915" "/opt/rustwide/cargo-home/bin/cargo" "+1.100.0-beta.1" "metadata" "--no-deps" "--format-version=1", kill_on_drop: false }`
[INFO] running `Command { std: "docker" "inspect" "4b4f5eee8bfae9034641418007e4d65893f826e38d0a514912f9fed121479915", kill_on_drop: false }`
[INFO] running `Command { std: "docker" "exec" "-e" "SOURCE_DIR=/opt/rustwide/workdir" "-e" "CARGO_HOME=/opt/rustwide/cargo-home" "-e" "RUSTUP_HOME=/opt/rustwide/rustup-home" "-e" "CARGO_TARGET_DIR=/opt/rustwide/target" "-e" "CARGO_INCREMENTAL=0" "-e" "RUST_BACKTRACE=full" "-e" "RUSTFLAGS=--cap-lints=warn" "-e" "RUSTDOCFLAGS=--cap-lints=warn" "-w" "/opt/rustwide/workdir" "--user" "0:0" "4b4f5eee8bfae9034641418007e4d65893f826e38d0a514912f9fed121479915" "/opt/rustwide/cargo-home/bin/cargo" "+1.100.0-beta.1" "build" "--frozen" "--message-format=json", kill_on_drop: false }`
[INFO] [stderr] warning: `package.homepage` is redundant with `package.repository`
[INFO] [stderr]   --> Cargo.toml:80:12
[INFO] [stderr]    |
[INFO] [stderr] 80 | homepage = "https://github.com/ljclz/sz-orm"
[INFO] [stderr]    |            ^^^^^^^^^^^^^^^^^^^^^^^^^^^^^^^^^
[INFO] [stderr] ...
[INFO] [stderr] 85 | repository = "https://github.com/ljclz/sz-orm"
[INFO] [stderr]    |              ---------------------------------
[INFO] [stderr]    |
[INFO] [stderr]    = note: `cargo::redundant_homepage` is set to `warn` by default
[INFO] [stderr] help: consider removing `package.homepage`
[INFO] [stderr] warning: `sz-orm-macros` (manifest) generated 1 warning
[INFO] [stderr]    Compiling proc-macro2 v1.0.107
[INFO] [stderr]    Compiling quote v1.0.47
[INFO] [stderr]    Compiling syn v2.0.119
[INFO] [stderr]    Compiling sz-orm-macros v9.0.0 (/opt/rustwide/workdir)
[INFO] [stderr]     Finished `dev` profile [unoptimized + debuginfo] target(s) in 6.70s
[INFO] running `Command { std: "docker" "inspect" "4b4f5eee8bfae9034641418007e4d65893f826e38d0a514912f9fed121479915", kill_on_drop: false }`
[INFO] running `Command { std: "docker" "exec" "-e" "SOURCE_DIR=/opt/rustwide/workdir" "-e" "CARGO_HOME=/opt/rustwide/cargo-home" "-e" "RUSTUP_HOME=/opt/rustwide/rustup-home" "-e" "CARGO_TARGET_DIR=/opt/rustwide/target" "-e" "CARGO_INCREMENTAL=0" "-e" "RUST_BACKTRACE=full" "-e" "RUSTFLAGS=--cap-lints=warn" "-e" "RUSTDOCFLAGS=--cap-lints=warn" "-w" "/opt/rustwide/workdir" "--user" "0:0" "4b4f5eee8bfae9034641418007e4d65893f826e38d0a514912f9fed121479915" "/opt/rustwide/cargo-home/bin/cargo" "+1.100.0-beta.1" "test" "--frozen" "--no-run" "--message-format=json", kill_on_drop: false }`
[INFO] [stderr] warning: `package.homepage` is redundant with `package.repository`
[INFO] [stderr]   --> Cargo.toml:80:12
[INFO] [stderr]    |
[INFO] [stderr] 80 | homepage = "https://github.com/ljclz/sz-orm"
[INFO] [stderr]    |            ^^^^^^^^^^^^^^^^^^^^^^^^^^^^^^^^^
[INFO] [stderr] ...
[INFO] [stderr] 85 | repository = "https://github.com/ljclz/sz-orm"
[INFO] [stderr]    |              ---------------------------------
[INFO] [stderr]    |
[INFO] [stderr]    = note: `cargo::redundant_homepage` is set to `warn` by default
[INFO] [stderr] help: consider removing `package.homepage`
[INFO] [stderr] warning: `sz-orm-macros` (manifest) generated 1 warning
[INFO] [stderr]    Compiling proc-macro2 v1.0.107
[INFO] [stderr]    Compiling winnow v1.0.4
[INFO] [stderr]    Compiling serde v1.0.229
[INFO] [stderr]    Compiling target-triple v1.0.1
[INFO] [stderr]    Compiling toml_writer v1.1.2+spec-1.1.0
[INFO] [stderr]    Compiling glob v0.3.4
[INFO] [stderr]    Compiling termcolor v1.4.1
[INFO] [stderr]    Compiling quote v1.0.47
[INFO] [stderr]    Compiling toml_datetime v1.1.1+spec-1.1.0
[INFO] [stderr]    Compiling serde_spanned v1.1.1
[INFO] [stderr]    Compiling serde_json v1.0.151
[INFO] [stderr]    Compiling toml_parser v1.1.2+spec-1.1.0
[INFO] [stderr]    Compiling toml v1.1.3+spec-1.1.0
[INFO] [stderr]    Compiling syn v3.0.3
[INFO] [stderr]    Compiling syn v2.0.119
[INFO] [stderr]    Compiling serde_derive v1.0.229
[INFO] [stderr]    Compiling trybuild v1.0.120
[INFO] [stderr]    Compiling sz-orm-macros v9.0.0 (/opt/rustwide/workdir)
[INFO] [stdout] error[E0433]: cannot find module or crate `sz_orm_core` in this scope
[INFO] [stdout]  --> tests/migrate_macro_test.rs:1:5
[INFO] [stdout]   |
[INFO] [stdout] 1 | use sz_orm_core::migration::{MigrationContext, Migrator};
[INFO] [stdout]   |     ^^^^^^^^^^^ use of unresolved module or unlinked crate `sz_orm_core`
[INFO] [stdout]   |
[INFO] [stdout]   = help: if you wanted to use a crate named `sz_orm_core`, use `cargo add sz_orm_core` to add it to your `Cargo.toml`
[INFO] [stdout] 
[INFO] [stdout] 
[INFO] [stdout] error[E0433]: cannot find `sz_orm_core` in the list of imported crates
[INFO] [stdout]   --> tests/migrate_macro_test.rs:6:13
[INFO] [stdout]    |
[INFO] [stdout]  6 |       let m = migrate!(
[INFO] [stdout]    |  _____________^
[INFO] [stdout]  7 | |         "001",
[INFO] [stdout]  8 | |         "create_users",
[INFO] [stdout]  9 | |         "CREATE TABLE users (id INTEGER PRIMARY KEY, name TEXT NOT NULL)",
[INFO] [stdout] 10 | |         "DROP TABLE users"
[INFO] [stdout] 11 | |     );
[INFO] [stdout]    | |_____^ could not find `sz_orm_core` in the list of imported crates
[INFO] [stdout]    |
[INFO] [stdout]    = note: this error originates in the macro `migrate` (in Nightly builds, run with -Z macro-backtrace for more info)
[INFO] [stdout] 
[INFO] [stdout] 
[INFO] [stdout] error[E0433]: cannot find `sz_orm_core` in the list of imported crates
[INFO] [stdout]   --> tests/migrate_macro_test.rs:23:14
[INFO] [stdout]    |
[INFO] [stdout] 23 |       let m1 = migrate!(
[INFO] [stdout]    |  ______________^
[INFO] [stdout] 24 | |         "001",
[INFO] [stdout] 25 | |         "create_users",
[INFO] [stdout] 26 | |         "CREATE TABLE users (id INTEGER PRIMARY KEY, name TEXT NOT NULL)",
[INFO] [stdout] 27 | |         "DROP TABLE users"
[INFO] [stdout] 28 | |     );
[INFO] [stdout]    | |_____^ could not find `sz_orm_core` in the list of imported crates
[INFO] [stdout]    |
[INFO] [stdout]    = note: this error originates in the macro `migrate` (in Nightly builds, run with -Z macro-backtrace for more info)
[INFO] [stdout] 
[INFO] [stdout] 
[INFO] [stdout] error[E0433]: cannot find module or crate `sz_orm_core` in this scope
[INFO] [stdout]   --> tests/query_test.rs:43:13
[INFO] [stdout]    |
[INFO] [stdout] 43 |     let q = sz_orm_core::query!(crate::User, "SELECT id, name FROM users");
[INFO] [stdout]    |             ^^^^^^^^^^^ use of unresolved module or unlinked crate `sz_orm_core`
[INFO] [stdout] 
[INFO] [stdout] 
[INFO] [stdout] error[E0433]: cannot find module or crate `sz_orm_core` in this scope
[INFO] [stdout]   --> tests/query_test.rs:36:13
[INFO] [stdout]    |
[INFO] [stdout] 36 |     let q = sz_orm_core::query!(User, "SELECT id, name FROM users WHERE id = 1");
[INFO] [stdout]    |             ^^^^^^^^^^^ use of unresolved module or unlinked crate `sz_orm_core`
[INFO] [stdout] 
[INFO] [stdout] 
[INFO] [stdout] error[E0433]: cannot find module or crate `sz_orm_core` in this scope
[INFO] [stdout]   --> tests/query_test.rs:27:13
[INFO] [stdout]    |
[INFO] [stdout] 27 |     let q = sz_orm_core::query!("SELECT id FROM users");
[INFO] [stdout]    |             ^^^^^^^^^^^ use of unresolved module or unlinked crate `sz_orm_core`
[INFO] [stdout] 
[INFO] [stdout] 
[INFO] [stdout] error[E0433]: cannot find module or crate `sz_orm_core` in this scope
[INFO] [stdout]   --> tests/query_test.rs:20:13
[INFO] [stdout]    |
[INFO] [stdout] 20 |     let q = sz_orm_core::query!("SELECT * FROM users WHERE id = ? AND name = ?");
[INFO] [stdout]    |             ^^^^^^^^^^^ use of unresolved module or unlinked crate `sz_orm_core`
[INFO] [stdout] 
[INFO] [stdout] 
[INFO] [stdout] error[E0433]: cannot find module or crate `sz_orm_core` in this scope
[INFO] [stdout]   --> tests/query_test.rs:14:13
[INFO] [stdout]    |
[INFO] [stdout] 14 |     let q = sz_orm_core::query!("SELECT id, name FROM users WHERE id = 1");
[INFO] [stdout]    |             ^^^^^^^^^^^ use of unresolved module or unlinked crate `sz_orm_core`
[INFO] [stdout] 
[INFO] [stdout] 
[INFO] [stdout] error[E0433]: cannot find `sz_orm_core` in the list of imported crates
[INFO] [stdout]   --> tests/migrate_macro_test.rs:29:14
[INFO] [stdout]    |
[INFO] [stdout] 29 |       let m2 = migrate!(
[INFO] [stdout]    |  ______________^
[INFO] [stdout] 30 | |         "002",
[INFO] [stdout] 31 | |         "add_email_column",
[INFO] [stdout] 32 | |         "ALTER TABLE users ADD COLUMN email TEXT",
[INFO] [stdout] 33 | |         "ALTER TABLE users DROP COLUMN email"
[INFO] [stdout] 34 | |     );
[INFO] [stdout]    | |_____^ could not find `sz_orm_core` in the list of imported crates
[INFO] [stdout]    |
[INFO] [stdout]    = note: this error originates in the macro `migrate` (in Nightly builds, run with -Z macro-backtrace for more info)
[INFO] [stdout] 
[INFO] [stdout] 
[INFO] [stdout] error[E0433]: cannot find module or crate `sz_orm_core` in this scope
[INFO] [stdout]   --> tests/query_as_test.rs:20:13
[INFO] [stdout]    |
[INFO] [stdout] 20 |     let q = sz_orm_core::query_as!(crate::User, "SELECT id, name FROM users");
[INFO] [stdout]    |             ^^^^^^^^^^^ use of unresolved module or unlinked crate `sz_orm_core`
[INFO] [stdout] 
[INFO] [stdout] 
[INFO] [stdout] error[E0433]: cannot find module or crate `sz_orm_core` in this scope
[INFO] [stdout]   --> tests/query_as_test.rs:14:13
[INFO] [stdout]    |
[INFO] [stdout] 14 |     let q = sz_orm_core::query_as!(User, "SELECT id, name FROM users WHERE id = 1");
[INFO] [stdout]    |             ^^^^^^^^^^^ use of unresolved module or unlinked crate `sz_orm_core`
[INFO] [stdout] 
[INFO] [stdout] 
[INFO] [stdout] error[E0433]: cannot find `sz_orm_core` in the list of imported crates
[INFO] [stdout]   --> tests/migrate_macro_test.rs:35:14
[INFO] [stdout]    |
[INFO] [stdout] 35 |       let m3 = migrate!(
[INFO] [stdout]    |  ______________^
[INFO] [stdout] 36 | |         "003",
[INFO] [stdout] 37 | |         "create_orders",
[INFO] [stdout] 38 | |         "CREATE TABLE orders (id INTEGER PRIMARY KEY, user_id INTEGER REFERENCES users(id))",
[INFO] [stdout] 39 | |         "DROP TABLE orders"
[INFO] [stdout] 40 | |     );
[INFO] [stdout]    | |_____^ could not find `sz_orm_core` in the list of imported crates
[INFO] [stdout]    |
[INFO] [stdout]    = note: this error originates in the macro `migrate` (in Nightly builds, run with -Z macro-backtrace for more info)
[INFO] [stdout] 
[INFO] [stdout] 
[INFO] [stdout] error[E0433]: cannot find `sz_orm_core` in the list of imported crates
[INFO] [stdout]  --> tests/query_test.rs:5:10
[INFO] [stdout]   |
[INFO] [stdout] 5 | #[derive(FromQueryResult)]
[INFO] [stdout]   |          ^^^^^^^^^^^^^^^ could not find `sz_orm_core` in the list of imported crates
[INFO] [stdout]   |
[INFO] [stdout]   = note: this error originates in the derive macro `FromQueryResult` (in Nightly builds, run with -Z macro-backtrace for more info)
[INFO] [stdout] 
[INFO] [stdout] 
[INFO] [stdout] error[E0433]: cannot find `sz_orm_core` in the list of imported crates
[INFO] [stdout]  --> tests/query_as_test.rs:5:10
[INFO] [stdout]   |
[INFO] [stdout] 5 | #[derive(FromQueryResult)]
[INFO] [stdout]   |          ^^^^^^^^^^^^^^^ could not find `sz_orm_core` in the list of imported crates
[INFO] [stdout]   |
[INFO] [stdout]   = note: this error originates in the derive macro `FromQueryResult` (in Nightly builds, run with -Z macro-backtrace for more info)
[INFO] [stdout] 
[INFO] [stdout] 
[INFO] [stdout] error[E0433]: cannot find `sz_orm_core` in the list of imported crates
[INFO] [stdout]   --> tests/migrate_macro_test.rs:61:9
[INFO] [stdout]    |
[INFO] [stdout] 61 |         migrate!("001", "init", "CREATE TABLE t1 (id INT)", "DROP TABLE t1"),
[INFO] [stdout]    |         ^^^^^^^^^^^^^^^^^^^^^^^^^^^^^^^^^^^^^^^^^^^^^^^^^^^^^^^^^^^^^^^^^^^^ could not find `sz_orm_core` in the list of imported crates
[INFO] [stdout]    |
[INFO] [stdout]    = note: this error originates in the macro `migrate` (in Nightly builds, run with -Z macro-backtrace for more info)
[INFO] [stdout] 
[INFO] [stdout] 
[INFO] [stdout] error[E0433]: cannot find `sz_orm_core` in the list of imported crates
[INFO] [stdout]   --> tests/migrate_macro_test.rs:62:9
[INFO] [stdout]    |
[INFO] [stdout] 62 |         migrate!("002", "add_t2", "CREATE TABLE t2 (id INT)", "DROP TABLE t2"),
[INFO] [stdout]    |         ^^^^^^^^^^^^^^^^^^^^^^^^^^^^^^^^^^^^^^^^^^^^^^^^^^^^^^^^^^^^^^^^^^^^^^ could not find `sz_orm_core` in the list of imported crates
[INFO] [stdout]    |
[INFO] [stdout]    = note: this error originates in the macro `migrate` (in Nightly builds, run with -Z macro-backtrace for more info)
[INFO] [stdout] 
[INFO] [stdout] 
[INFO] [stdout] error[E0433]: cannot find `sz_orm_core` in the list of imported crates
[INFO] [stdout]   --> tests/migrate_macro_test.rs:77:13
[INFO] [stdout]    |
[INFO] [stdout] 77 |       let m = migrate!(
[INFO] [stdout]    |  _____________^
[INFO] [stdout] 78 | |         "20240101",
[INFO] [stdout] 79 | |         "create_products_with_index",
[INFO] [stdout] 80 | |         "CREATE TABLE products (id BIGINT PRIMARY KEY, name VARCHAR(255) NOT NULL, price DECIMAL(10,2)); CREATE INDEX idx_products...
[INFO] [stdout] 81 | |         "DROP INDEX idx_products_name; DROP TABLE products"
[INFO] [stdout] 82 | |     );
[INFO] [stdout]    | |_____^ could not find `sz_orm_core` in the list of imported crates
[INFO] [stdout]    |
[INFO] [stdout]    = note: this error originates in the macro `migrate` (in Nightly builds, run with -Z macro-backtrace for more info)
[INFO] [stdout] 
[INFO] [stdout] 
[INFO] [stdout] For more information about this error, try `rustc --explain E0433`.
[INFO] [stdout] 
[INFO] [stdout] For more information about this error, try `rustc --explain E0433`.
[INFO] [stdout] 
[INFO] [stderr] error: could not compile `sz-orm-macros` (test "query_test") due to 6 previous errors
[INFO] [stderr] warning: build failed, waiting for other jobs to finish...
[INFO] [stderr] error: could not compile `sz-orm-macros` (test "migrate_macro_test") due to 8 previous errors
[INFO] [stdout] error[E0432]: unresolved import `sz_orm_core`
[INFO] [stdout]  --> tests/column_enum_test.rs:8:5
[INFO] [stdout]   |
[INFO] [stdout] 8 | use sz_orm_core::ColumnTrait;
[INFO] [stdout]   |     ^^^^^^^^^^^ use of unresolved module or unlinked crate `sz_orm_core`
[INFO] [stdout]   |
[INFO] [stdout]   = help: if you wanted to use a crate named `sz_orm_core`, use `cargo add sz_orm_core` to add it to your `Cargo.toml`
[INFO] [stdout] 
[INFO] [stdout] 
[INFO] [stdout] error[E0433]: cannot find `sz_orm_core` in the list of imported crates
[INFO] [stdout]   --> tests/column_enum_test.rs:11:10
[INFO] [stdout]    |
[INFO] [stdout] 11 | #[derive(ColumnEnum)]
[INFO] [stdout]    |          ^^^^^^^^^^ could not find `sz_orm_core` in the list of imported crates
[INFO] [stdout]    |
[INFO] [stdout]    = note: this error originates in the derive macro `ColumnEnum` (in Nightly builds, run with -Z macro-backtrace for more info)
[INFO] [stdout] 
[INFO] [stdout] 
[INFO] [stdout] error[E0433]: cannot find `sz_orm_core` in the list of imported crates
[INFO] [stdout]   --> tests/query_as_test.rs:51:10
[INFO] [stdout]    |
[INFO] [stdout] 51 | #[derive(FromQueryResult)]
[INFO] [stdout]    |          ^^^^^^^^^^^^^^^ could not find `sz_orm_core` in the list of imported crates
[INFO] [stdout]    |
[INFO] [stdout]    = note: this error originates in the derive macro `FromQueryResult` (in Nightly builds, run with -Z macro-backtrace for more info)
[INFO] [stdout] 
[INFO] [stdout] 
[INFO] [stdout] error[E0433]: cannot find `sz_orm_core` in the list of imported crates
[INFO] [stdout]   --> tests/column_enum_test.rs:48:10
[INFO] [stdout]    |
[INFO] [stdout] 48 | #[derive(ColumnEnum, Debug, PartialEq, Clone, Copy)]
[INFO] [stdout]    |          ^^^^^^^^^^ could not find `sz_orm_core` in the list of imported crates
[INFO] [stdout]    |
[INFO] [stdout]    = note: this error originates in the derive macro `ColumnEnum` (in Nightly builds, run with -Z macro-backtrace for more info)
[INFO] [stdout] 
[INFO] [stdout] 
[INFO] [stdout] Some errors have detailed explanations: E0432, E0433.
[INFO] [stdout] 
[INFO] [stdout] For more information about an error, try `rustc --explain E0432`.
[INFO] [stdout] 
[INFO] [stderr] error: could not compile `sz-orm-macros` (test "column_enum_test") due to 3 previous errors
[INFO] [stdout] error[E0433]: cannot find `sz_orm_core` in the list of imported crates
[INFO] [stdout]   --> tests/query_as_test.rs:73:10
[INFO] [stdout]    |
[INFO] [stdout] 73 | #[derive(FromQueryResult)]
[INFO] [stdout]    |          ^^^^^^^^^^^^^^^ could not find `sz_orm_core` in the list of imported crates
[INFO] [stdout]    |
[INFO] [stdout]    = note: this error originates in the derive macro `FromQueryResult` (in Nightly builds, run with -Z macro-backtrace for more info)
[INFO] [stdout] 
[INFO] [stdout] 
[INFO] [stderr] error: could not compile `sz-orm-macros` (test "query_as_test") due to 11 previous errors
[INFO] [stdout] error[E0433]: cannot find module or crate `sz_orm_core` in this scope
[INFO] [stdout]   --> tests/query_as_test.rs:27:25
[INFO] [stdout]    |
[INFO] [stdout] 27 |     let desc = <User as sz_orm_core::FromQueryResult>::row_desc();
[INFO] [stdout]    |                         ^^^^^^^^^^^ use of unresolved module or unlinked crate `sz_orm_core`
[INFO] [stdout]    |
[INFO] [stdout]    = help: if you wanted to use a crate named `sz_orm_core`, use `cargo add sz_orm_core` to add it to your `Cargo.toml`
[INFO] [stdout] 
[INFO] [stdout] 
[INFO] [stdout] error[E0433]: cannot find module or crate `sz_orm_core` in this scope
[INFO] [stdout]   --> tests/query_as_test.rs:34:26
[INFO] [stdout]    |
[INFO] [stdout] 34 |     let types = <User as sz_orm_core::FromQueryResult>::column_types();
[INFO] [stdout]    |                          ^^^^^^^^^^^ use of unresolved module or unlinked crate `sz_orm_core`
[INFO] [stdout]    |
[INFO] [stdout]    = help: if you wanted to use a crate named `sz_orm_core`, use `cargo add sz_orm_core` to add it to your `Cargo.toml`
[INFO] [stdout] 
[INFO] [stdout] 
[INFO] [stdout] error[E0433]: cannot find module or crate `sz_orm_core` in this scope
[INFO] [stdout]   --> tests/query_as_test.rs:47:18
[INFO] [stdout]    |
[INFO] [stdout] 47 |         <User as sz_orm_core::FromQueryResult>::column_types()
[INFO] [stdout]    |                  ^^^^^^^^^^^ use of unresolved module or unlinked crate `sz_orm_core`
[INFO] [stdout]    |
[INFO] [stdout]    = help: if you wanted to use a crate named `sz_orm_core`, use `cargo add sz_orm_core` to add it to your `Cargo.toml`
[INFO] [stdout] 
[INFO] [stdout] 
[INFO] [stdout] error[E0433]: cannot find module or crate `sz_orm_core` in this scope
[INFO] [stdout]   --> tests/query_as_test.rs:62:41
[INFO] [stdout]    |
[INFO] [stdout] 62 |     let desc = <UserWithColumnRename as sz_orm_core::FromQueryResult>::row_desc();
[INFO] [stdout]    |                                         ^^^^^^^^^^^ use of unresolved module or unlinked crate `sz_orm_core`
[INFO] [stdout]    |
[INFO] [stdout]    = help: if you wanted to use a crate named `sz_orm_core`, use `cargo add sz_orm_core` to add it to your `Cargo.toml`
[INFO] [stdout] 
[INFO] [stdout] 
[INFO] [stdout] error[E0433]: cannot find module or crate `sz_orm_core` in this scope
[INFO] [stdout]   --> tests/query_as_test.rs:69:42
[INFO] [stdout]    |
[INFO] [stdout] 69 |     let types = <UserWithColumnRename as sz_orm_core::FromQueryResult>::column_types();
[INFO] [stdout]    |                                          ^^^^^^^^^^^ use of unresolved module or unlinked crate `sz_orm_core`
[INFO] [stdout]    |
[INFO] [stdout]    = help: if you wanted to use a crate named `sz_orm_core`, use `cargo add sz_orm_core` to add it to your `Cargo.toml`
[INFO] [stdout] 
[INFO] [stdout] 
[INFO] [stdout] error[E0433]: cannot find module or crate `sz_orm_core` in this scope
[INFO] [stdout]   --> tests/query_as_test.rs:84:36
[INFO] [stdout]    |
[INFO] [stdout] 84 |     let types = <UserWithOption as sz_orm_core::FromQueryResult>::column_types();
[INFO] [stdout]    |                                    ^^^^^^^^^^^ use of unresolved module or unlinked crate `sz_orm_core`
[INFO] [stdout]    |
[INFO] [stdout]    = help: if you wanted to use a crate named `sz_orm_core`, use `cargo add sz_orm_core` to add it to your `Cargo.toml`
[INFO] [stdout] 
[INFO] [stdout] 
[INFO] [stdout] For more information about this error, try `rustc --explain E0433`.
[INFO] [stdout] 
[INFO] running `Command { std: "docker" "inspect" "4b4f5eee8bfae9034641418007e4d65893f826e38d0a514912f9fed121479915", kill_on_drop: false }`
[INFO] running `Command { std: "docker" "rm" "-f" "4b4f5eee8bfae9034641418007e4d65893f826e38d0a514912f9fed121479915", kill_on_drop: false }`
[INFO] [stdout] 4b4f5eee8bfae9034641418007e4d65893f826e38d0a514912f9fed121479915
