[INFO] fetching crate systemprompt-storage 0.62.0...
[INFO] testing systemprompt-storage-0.62.0 against 1.100.0-beta.1 for beta-1.100-2
[INFO] extracting crate systemprompt-storage 0.62.0 into /workspace/builds/worker-2-tc2/source
[INFO] started tweaking crates.io crate systemprompt-storage 0.62.0
[INFO] finished tweaking crates.io crate systemprompt-storage 0.62.0
[INFO] tweaked toml for crates.io crate systemprompt-storage 0.62.0 written to /workspace/builds/worker-2-tc2/source/Cargo.toml
[INFO] validating manifest of crates.io crate systemprompt-storage 0.62.0 on toolchain 1.100.0-beta.1
[INFO] running `Command { std: CARGO_HOME="/workspace/cargo-home" RUSTUP_HOME="/workspace/rustup-home" "/workspace/cargo-home/bin/cargo" "+1.100.0-beta.1" "metadata" "--manifest-path" "Cargo.toml" "--no-deps", kill_on_drop: false }`
[INFO] crate crates.io crate systemprompt-storage 0.62.0 already has a lockfile, it will not be regenerated
[INFO] running `Command { std: CARGO_HOME="/workspace/cargo-home" RUSTUP_HOME="/workspace/rustup-home" "/workspace/cargo-home/bin/cargo" "+1.100.0-beta.1" "fetch" "--manifest-path" "Cargo.toml", kill_on_drop: false }`
[INFO] running `Command { std: "docker" "create" "-v" "/var/lib/crater-agent-workspace/builds/worker-2-tc2/source:/opt/rustwide/workdir:ro,Z" "-v" "/var/lib/crater-agent-workspace/builds/worker-2-tc2/target:/opt/rustwide/target:rw,Z" "-v" "/var/lib/crater-agent-workspace/cargo-home:/opt/rustwide/cargo-home:ro,Z" "-v" "/var/lib/crater-agent-workspace/rustup-home:/opt/rustwide/rustup-home:ro,Z" "-m" "1610612736" "--network" "none" "ghcr.io/rust-lang/crates-build-env/linux@sha256:3111399a4047eeb3a02b7a90e478d715f38a8c6669b5c4b49d30a17385265909" "sleep" "infinity", kill_on_drop: false }`
[INFO] [stdout] 11b9ee07bacfdfc31f972a9495af0c36da355daad55274c8398ae789c74ded44
[INFO] running `Command { std: "docker" "start" "11b9ee07bacfdfc31f972a9495af0c36da355daad55274c8398ae789c74ded44", kill_on_drop: false }`
[INFO] running `Command { std: "docker" "inspect" "11b9ee07bacfdfc31f972a9495af0c36da355daad55274c8398ae789c74ded44", kill_on_drop: false }`
[INFO] running `Command { std: "docker" "exec" "-e" "SOURCE_DIR=/opt/rustwide/workdir" "-e" "CARGO_HOME=/opt/rustwide/cargo-home" "-e" "RUSTUP_HOME=/opt/rustwide/rustup-home" "-e" "CARGO_TARGET_DIR=/opt/rustwide/target" "-w" "/opt/rustwide/workdir" "--user" "0:0" "11b9ee07bacfdfc31f972a9495af0c36da355daad55274c8398ae789c74ded44" "/opt/rustwide/cargo-home/bin/cargo" "+1.100.0-beta.1" "metadata" "--no-deps" "--format-version=1", kill_on_drop: false }`
[INFO] running `Command { std: "docker" "inspect" "11b9ee07bacfdfc31f972a9495af0c36da355daad55274c8398ae789c74ded44", kill_on_drop: false }`
[INFO] running `Command { std: "docker" "exec" "-e" "SOURCE_DIR=/opt/rustwide/workdir" "-e" "CARGO_HOME=/opt/rustwide/cargo-home" "-e" "RUSTUP_HOME=/opt/rustwide/rustup-home" "-e" "CARGO_TARGET_DIR=/opt/rustwide/target" "-e" "CARGO_INCREMENTAL=0" "-e" "RUST_BACKTRACE=full" "-e" "RUSTFLAGS=--cap-lints=warn" "-e" "RUSTDOCFLAGS=--cap-lints=warn" "-w" "/opt/rustwide/workdir" "--user" "0:0" "11b9ee07bacfdfc31f972a9495af0c36da355daad55274c8398ae789c74ded44" "/opt/rustwide/cargo-home/bin/cargo" "+1.100.0-beta.1" "build" "--frozen" "--message-format=json", kill_on_drop: false }`
[INFO] [stderr]    Compiling serde_json v1.0.151
[INFO] [stderr]    Compiling ref-cast v1.0.26
[INFO] [stderr]    Compiling num-traits v0.2.19
[INFO] [stderr]    Compiling thiserror v2.0.19
[INFO] [stderr]    Compiling log v0.4.34
[INFO] [stderr]    Compiling syn v2.0.119
[INFO] [stderr]    Compiling syn v3.0.5
[INFO] [stderr]    Compiling indexmap v2.14.2
[INFO] [stderr]    Compiling getrandom v0.4.3
[INFO] [stderr]    Compiling sha1_smol v1.0.1
[INFO] [stderr]    Compiling serde_core v1.0.229
[INFO] [stderr]    Compiling hybrid-array v0.4.13
[INFO] [stderr]    Compiling unsafe-libyaml v0.2.11
[INFO] [stderr]    Compiling sync_wrapper v1.0.2
[INFO] [stderr]    Compiling memchr v2.8.3
[INFO] [stderr]    Compiling inventory v0.3.24
[INFO] [stderr]    Compiling xxhash-rust v0.8.18
[INFO] [stderr]    Compiling const-oid v0.10.2
[INFO] [stderr]    Compiling rmcp v3.3.0
[INFO] [stderr]    Compiling ryu-js v0.2.2
[INFO] [stderr]    Compiling uuid v1.26.1
[INFO] [stderr]    Compiling base64 v0.23.0
[INFO] [stderr]    Compiling pastey v0.2.3
[INFO] [stderr]    Compiling semver v1.0.28
[INFO] [stderr]    Compiling crypto-common v0.2.2
[INFO] [stderr]    Compiling block-buffer v0.12.1
[INFO] [stderr]    Compiling digest v0.11.3
[INFO] [stderr]    Compiling sha2 v0.11.0
[INFO] [stderr]    Compiling darling_core v0.24.0
[INFO] [stderr]    Compiling synstructure v0.13.2
[INFO] [stderr]    Compiling serde_derive_internals v0.29.1
[INFO] [stderr]    Compiling serde_derive v1.0.229
[INFO] [stderr]    Compiling futures-macro v0.3.34
[INFO] [stderr]    Compiling ref-cast-impl v1.0.26
[INFO] [stderr]    Compiling thiserror-impl v2.0.19
[INFO] [stderr]    Compiling async-trait v0.1.91
[INFO] [stderr]    Compiling zerofrom-derive v0.1.7
[INFO] [stderr]    Compiling yoke-derive v0.8.2
[INFO] [stderr]    Compiling zerovec-derive v0.11.3
[INFO] [stderr]    Compiling displaydoc v0.2.6
[INFO] [stderr]    Compiling tokio-macros v2.7.1
[INFO] [stderr]    Compiling futures-util v0.3.34
[INFO] [stderr]    Compiling tracing-attributes v0.1.31
[INFO] [stderr]    Compiling zeroize_derive v1.5.0
[INFO] [stderr]    Compiling schemars_derive v1.2.1
[INFO] [stderr]    Compiling tokio v1.53.1
[INFO] [stderr]    Compiling zeroize v1.9.0
[INFO] [stderr]    Compiling zerofrom v0.1.8
[INFO] [stderr]    Compiling yoke v0.8.3
[INFO] [stderr]    Compiling tracing v0.1.44
[INFO] [stderr]    Compiling zerovec v0.11.6
[INFO] [stderr]    Compiling zerotrie v0.2.4
[INFO] [stderr]    Compiling axum-core v0.5.6
[INFO] [stderr]    Compiling tinystr v0.8.3
[INFO] [stderr]    Compiling potential_utf v0.1.5
[INFO] [stderr]    Compiling icu_collections v2.2.0
[INFO] [stderr]    Compiling darling_macro v0.24.0
[INFO] [stderr]    Compiling icu_locale_core v2.2.0
[INFO] [stderr]    Compiling darling v0.24.0
[INFO] [stderr]    Compiling rmcp-macros v3.3.0
[INFO] [stderr]    Compiling serde v1.0.229
[INFO] [stderr]    Compiling chrono v0.4.45
[INFO] [stderr]    Compiling serde_yaml_ng v0.10.0
[INFO] [stderr]    Compiling serde_urlencoded v0.7.1
[INFO] [stderr]    Compiling serde_jcs v0.2.0
[INFO] [stderr]    Compiling icu_provider v2.2.0
[INFO] [stderr]    Compiling icu_properties v2.2.0
[INFO] [stderr]    Compiling icu_normalizer v2.2.0
[INFO] [stderr]    Compiling futures-executor v0.3.33
[INFO] [stderr]    Compiling futures v0.3.33
[INFO] [stderr]    Compiling idna_adapter v1.2.2
[INFO] [stderr]    Compiling schemars v1.2.1
[INFO] [stderr]    Compiling idna v1.1.0
[INFO] [stderr]    Compiling url v2.5.8
[INFO] [stderr]    Compiling systemprompt-identifiers v0.62.0
[INFO] [stderr]    Compiling hyper v1.11.0
[INFO] [stderr]    Compiling tower v0.5.3
[INFO] [stderr]    Compiling tokio-util v0.7.18
[INFO] [stderr]    Compiling hyper-util v0.1.20
[INFO] [stderr]    Compiling axum v0.8.9
[INFO] [stderr]    Compiling systemprompt-provider-contracts v0.62.0
[INFO] [stderr]    Compiling systemprompt-traits v0.62.0
[INFO] [stderr]    Compiling systemprompt-extension v0.62.0
[INFO] [stderr]    Compiling systemprompt-models v0.62.0
[INFO] [stderr]    Compiling systemprompt-storage v0.62.0 (/opt/rustwide/workdir)
[INFO] [stdout] error[E0432]: unresolved import `tokio::fs`
[INFO] [stdout]    --> src/local.rs:12:5
[INFO] [stdout]     |
[INFO] [stdout]  12 | use tokio::fs;
[INFO] [stdout]     |     ^^^^^^^--
[INFO] [stdout]     |            |
[INFO] [stdout]     |            no `fs` in the root
[INFO] [stdout]     |
[INFO] [stdout] note: found an item that was configured out
[INFO] [stdout]    --> /opt/rustwide/cargo-home/registry/src/index.crates.io-1949cf8c6b5b557f/tokio-1.53.1/src/lib.rs:523:13
[INFO] [stdout]     |
[INFO] [stdout] 523 |     pub mod fs;
[INFO] [stdout]     |             ^^
[INFO] [stdout]     |
[INFO] [stdout]    ::: /opt/rustwide/cargo-home/registry/src/index.crates.io-1949cf8c6b5b557f/tokio-1.53.1/src/macros/cfg.rs:132:19
[INFO] [stdout]     |
[INFO] [stdout] 132 |             #[cfg(feature = "fs")]
[INFO] [stdout]     |                   -------------- the item is gated behind the `fs` feature
[INFO] [stdout] help: a similar name exists in the module
[INFO] [stdout]     |
[INFO] [stdout]  12 - use tokio::fs;
[INFO] [stdout]  12 + use tokio::os;
[INFO] [stdout]     |
[INFO] [stdout] help: consider importing one of these modules instead
[INFO] [stdout]     |
[INFO] [stdout]  12 - use tokio::fs;
[INFO] [stdout]  12 + use std::fs;
[INFO] [stdout]     |
[INFO] [stdout]  12 - use tokio::fs;
[INFO] [stdout]  12 + use std::os::linux::fs;
[INFO] [stdout]     |
[INFO] [stdout]  12 - use tokio::fs;
[INFO] [stdout]  12 + use std::os::unix::fs;
[INFO] [stdout]     |
[INFO] [stdout] 
[INFO] [stdout] 
[INFO] [stdout] error[E0432]: unresolved import `tokio::fs`
[INFO] [stdout]    --> src/probe.rs:15:5
[INFO] [stdout]     |
[INFO] [stdout]  15 | use tokio::fs;
[INFO] [stdout]     |     ^^^^^^^--
[INFO] [stdout]     |            |
[INFO] [stdout]     |            no `fs` in the root
[INFO] [stdout]     |
[INFO] [stdout] note: found an item that was configured out
[INFO] [stdout]    --> /opt/rustwide/cargo-home/registry/src/index.crates.io-1949cf8c6b5b557f/tokio-1.53.1/src/lib.rs:523:13
[INFO] [stdout]     |
[INFO] [stdout] 523 |     pub mod fs;
[INFO] [stdout]     |             ^^
[INFO] [stdout]     |
[INFO] [stdout]    ::: /opt/rustwide/cargo-home/registry/src/index.crates.io-1949cf8c6b5b557f/tokio-1.53.1/src/macros/cfg.rs:132:19
[INFO] [stdout]     |
[INFO] [stdout] 132 |             #[cfg(feature = "fs")]
[INFO] [stdout]     |                   -------------- the item is gated behind the `fs` feature
[INFO] [stdout] help: a similar name exists in the module
[INFO] [stdout]     |
[INFO] [stdout]  15 - use tokio::fs;
[INFO] [stdout]  15 + use tokio::os;
[INFO] [stdout]     |
[INFO] [stdout] help: consider importing one of these modules instead
[INFO] [stdout]     |
[INFO] [stdout]  15 - use tokio::fs;
[INFO] [stdout]  15 + use std::fs;
[INFO] [stdout]     |
[INFO] [stdout]  15 - use tokio::fs;
[INFO] [stdout]  15 + use std::os::linux::fs;
[INFO] [stdout]     |
[INFO] [stdout]  15 - use tokio::fs;
[INFO] [stdout]  15 + use std::os::unix::fs;
[INFO] [stdout]     |
[INFO] [stdout] 
[INFO] [stdout] 
[INFO] [stdout] warning: method call on a diverging inference variable
[INFO] [stdout]   --> src/probe.rs:48:37
[INFO] [stdout]    |
[INFO] [stdout] 48 |     while let Some(entry) = entries.next_entry().await? {
[INFO] [stdout]    |                                     ^^^^^^^^^^
[INFO] [stdout]    |
[INFO] [stdout]    = help: consider providing a type annotation
[INFO] [stdout]    = warning: this was previously accepted by the compiler but is being phased out; it will become a hard error in a future release!
[INFO] [stdout]    = note: for more information, see issue #156047 <https://github.com/rust-lang/rust/issues/156047>
[INFO] [stdout]    = note: `#[warn(method_call_on_diverging_infer_var)]` (part of `#[warn(future_incompatible)]`) on by default
[INFO] [stdout] 
[INFO] [stdout] 
[INFO] [stdout] error[E0599]: no method named `next_entry` found for type `!` in the current scope
[INFO] [stdout]   --> src/probe.rs:48:37
[INFO] [stdout]    |
[INFO] [stdout] 48 |     while let Some(entry) = entries.next_entry().await? {
[INFO] [stdout]    |                                     ^^^^^^^^^^ method not found in `!`
[INFO] [stdout] 
[INFO] [stdout] 
[INFO] [stdout] warning: method call on a diverging inference variable
[INFO] [stdout]    --> src/local.rs:122:14
[INFO] [stdout]     |
[INFO] [stdout] 122 |         file.write_all(content).await?;
[INFO] [stdout]     |              ^^^^^^^^^
[INFO] [stdout]     |
[INFO] [stdout]     = help: consider providing a type annotation
[INFO] [stdout]     = warning: this was previously accepted by the compiler but is being phased out; it will become a hard error in a future release!
[INFO] [stdout]     = note: for more information, see issue #156047 <https://github.com/rust-lang/rust/issues/156047>
[INFO] [stdout] 
[INFO] [stdout] 
[INFO] [stdout] error[E0599]: the method `write_all` exists for type `!`, but its trait bounds were not satisfied
[INFO] [stdout]    --> src/local.rs:122:14
[INFO] [stdout]     |
[INFO] [stdout] 122 |         file.write_all(content).await?;
[INFO] [stdout]     |              ^^^^^^^^^ method cannot be called on `!` due to unsatisfied trait bounds
[INFO] [stdout]     |
[INFO] [stdout]     = note: the following trait bounds were not satisfied:
[INFO] [stdout]             `!: AsyncWrite`
[INFO] [stdout]             which is required by `!: AsyncWriteExt`
[INFO] [stdout] 
[INFO] [stdout] 
[INFO] [stdout] error[E0599]: no method named `sync_all` found for type `!` in the current scope
[INFO] [stdout]    --> src/local.rs:123:14
[INFO] [stdout]     |
[INFO] [stdout] 123 |         file.sync_all().await?;
[INFO] [stdout]     |              ^^^^^^^^
[INFO] [stdout]     |
[INFO] [stdout] help: there is a method `call` with a similar name, but with different arguments
[INFO] [stdout]    --> /opt/rustwide/cargo-home/registry/src/index.crates.io-1949cf8c6b5b557f/axum-0.8.9/src/handler/mod.rs:153:5
[INFO] [stdout]     |
[INFO] [stdout] 153 |     fn call(self, req: Request, state: S) -> Self::Future;
[INFO] [stdout]     |     ^^^^^^^^^^^^^^^^^^^^^^^^^^^^^^^^^^^^^^^^^^^^^^^^^^^^^^
[INFO] [stdout] 
[INFO] [stdout] 
[INFO] [stdout] warning: unreachable call
[INFO] [stdout]    --> src/local.rs:123:14
[INFO] [stdout]     |
[INFO] [stdout] 123 |         file.sync_all().await?;
[INFO] [stdout]     |         ---- ^^^^^^^^ unreachable call
[INFO] [stdout]     |         |
[INFO] [stdout]     |         any code following this expression is unreachable
[INFO] [stdout]     |
[INFO] [stdout]     = note: `#[warn(unreachable_code)]` (part of `#[warn(unused)]`) on by default
[INFO] [stdout] 
[INFO] [stdout] 
[INFO] [stdout] warning: unreachable call
[INFO] [stdout]    --> src/local.rs:124:9
[INFO] [stdout]     |
[INFO] [stdout] 124 |         drop(file);
[INFO] [stdout]     |         ^^^^ ---- any code following this expression is unreachable
[INFO] [stdout]     |         |
[INFO] [stdout]     |         unreachable call
[INFO] [stdout] 
[INFO] [stdout] 
[INFO] [stdout] Some errors have detailed explanations: E0432, E0599.
[INFO] [stdout] 
[INFO] [stdout] For more information about an error, try `rustc --explain E0432`.
[INFO] [stdout] 
[INFO] [stderr] error: could not compile `systemprompt-storage` (lib) due to 5 previous errors; 6 warnings emitted
[INFO] [stderr] warning: build failed, waiting for other jobs to finish...
[INFO] running `Command { std: "docker" "inspect" "11b9ee07bacfdfc31f972a9495af0c36da355daad55274c8398ae789c74ded44", kill_on_drop: false }`
[INFO] running `Command { std: "docker" "rm" "-f" "11b9ee07bacfdfc31f972a9495af0c36da355daad55274c8398ae789c74ded44", kill_on_drop: false }`
[INFO] [stdout] 11b9ee07bacfdfc31f972a9495af0c36da355daad55274c8398ae789c74ded44
