[INFO] fetching crate swls-lang-turtle 0.2.1...
[INFO] testing swls-lang-turtle-0.2.1 against 1.99.0-beta.8 for beta-1.100-2
[INFO] extracting crate swls-lang-turtle 0.2.1 into /workspace/builds/worker-1-tc1/source
[INFO] started tweaking crates.io crate swls-lang-turtle 0.2.1
[INFO] finished tweaking crates.io crate swls-lang-turtle 0.2.1
[INFO] tweaked toml for crates.io crate swls-lang-turtle 0.2.1 written to /workspace/builds/worker-1-tc1/source/Cargo.toml
[INFO] validating manifest of crates.io crate swls-lang-turtle 0.2.1 on toolchain 1.99.0-beta.8
[INFO] running `Command { std: CARGO_HOME="/workspace/cargo-home" RUSTUP_HOME="/workspace/rustup-home" "/workspace/cargo-home/bin/cargo" "+1.99.0-beta.8" "metadata" "--manifest-path" "Cargo.toml" "--no-deps", kill_on_drop: false }`
[INFO] crate crates.io crate swls-lang-turtle 0.2.1 already has a lockfile, it will not be regenerated
[INFO] running `Command { std: CARGO_HOME="/workspace/cargo-home" RUSTUP_HOME="/workspace/rustup-home" "/workspace/cargo-home/bin/cargo" "+1.99.0-beta.8" "fetch" "--manifest-path" "Cargo.toml", kill_on_drop: false }`
[INFO] [stderr]     Updating crates.io index
[INFO] [stderr]  Downloading crates ...
[INFO] [stderr]   Downloaded test-log-core v0.2.20
[INFO] [stderr]   Downloaded test-log v0.2.20
[INFO] [stderr]   Downloaded test-log-macros v0.2.20
[INFO] [stderr]   Downloaded swls-lov v0.1.2
[INFO] [stderr]   Downloaded downcast-rs v2.0.2
[INFO] [stderr]   Downloaded bevy_macro_utils v0.18.1
[INFO] [stderr]   Downloaded bevy_utils v0.18.1
[INFO] [stderr]   Downloaded wasm-bindgen-futures v0.4.70
[INFO] [stderr]   Downloaded disqualified v1.0.0
[INFO] [stderr]   Downloaded variadics_please v1.1.0
[INFO] [stderr]   Downloaded bevy_tasks v0.18.1
[INFO] [stderr]   Downloaded tabled_derive v0.11.0
[INFO] [stderr]   Downloaded bevy_platform v0.18.1
[INFO] [stderr]   Downloaded bevy_reflect_derive v0.18.1
[INFO] [stderr]   Downloaded testing_table v0.3.0
[INFO] [stderr]   Downloaded bevy_ecs_macros v0.18.1
[INFO] [stderr]   Downloaded bevy_ptr v0.18.1
[INFO] [stderr]   Downloaded assert_type_match v0.1.1
[INFO] [stderr]   Downloaded swls-lang-rdf-base v0.2.1
[INFO] [stderr]   Downloaded sparql_service v0.2.9
[INFO] [stderr]   Downloaded ansitok v0.3.0
[INFO] [stderr]   Downloaded prefixmap v0.2.9
[INFO] [stderr]   Downloaded iri_s v0.2.9
[INFO] [stderr]   Downloaded wgpu-types v27.0.1
[INFO] [stderr]   Downloaded toml_edit v0.23.10+spec-1.0.0
[INFO] [stderr]   Downloaded papergrid v0.17.0
[INFO] [stderr]   Downloaded ansi-str v0.9.0
[INFO] [stderr]   Downloaded heapless v0.9.3
[INFO] [stderr]   Downloaded rudof_rdf v0.2.9
[INFO] [stderr]   Downloaded rust_decimal v1.41.0
[INFO] [stderr]   Downloaded bevy_reflect v0.18.1
[INFO] [stderr]   Downloaded swls-core v0.2.1
[INFO] [stderr]   Downloaded tabled v0.20.0
[INFO] [stderr]   Downloaded oxsdatatypes v0.2.2
[INFO] [stderr]   Downloaded oxrdf v0.3.3
[INFO] [stderr]   Downloaded bevy_ecs v0.18.1
[INFO] [stderr]   Downloaded oxrdfio v0.2.5
[INFO] [stderr]   Downloaded mie v0.2.9
[INFO] [stderr]   Downloaded oxrdfxml v0.2.3
[INFO] [stderr]   Downloaded oxjsonld v0.2.5
[INFO] [stderr]   Downloaded ryu-js v1.0.2
[INFO] [stderr]   Downloaded json-event-parser v0.2.3
[INFO] [stderr]   Downloaded yaml-rust2 v0.10.4
[INFO] [stderr]   Downloaded web-sys v0.3.97
[INFO] [stderr]   Downloaded glam v0.30.10
[INFO] [stderr]   Downloaded oxttl v0.2.3
[INFO] [stderr]   Downloaded shacl_rdf v0.2.9
[INFO] [stderr]   Downloaded sophia_api v0.9.0
[INFO] [stderr]   Downloaded sophia_iri v0.9.0
[INFO] [stderr]   Downloaded resiter v0.5.0
[INFO] [stderr]   Downloaded shacl_ast v0.2.9
[INFO] [stderr]   Downloaded shacl_ir v0.2.9
[INFO] [stderr]   Downloaded spargebra v0.4.6
[INFO] [stderr]   Downloaded shacl_validation v0.2.9
[INFO] [stderr]   Downloaded sparopt v0.3.6
[INFO] [stderr]   Downloaded sparesults v0.3.3
[INFO] [stderr]   Downloaded oxigraph v0.5.8
[INFO] [stderr]   Downloaded rdf-parsers v0.1.16
[INFO] [stderr]   Downloaded spareval v0.2.6
[INFO] running `Command { std: "docker" "create" "-v" "/var/lib/crater-agent-workspace/builds/worker-1-tc1/source:/opt/rustwide/workdir:ro,Z" "-v" "/var/lib/crater-agent-workspace/builds/worker-1-tc1/target:/opt/rustwide/target:rw,Z" "-v" "/var/lib/crater-agent-workspace/cargo-home:/opt/rustwide/cargo-home:ro,Z" "-v" "/var/lib/crater-agent-workspace/rustup-home:/opt/rustwide/rustup-home:ro,Z" "-m" "1610612736" "--network" "none" "ghcr.io/rust-lang/crates-build-env/linux@sha256:3111399a4047eeb3a02b7a90e478d715f38a8c6669b5c4b49d30a17385265909" "sleep" "infinity", kill_on_drop: false }`
[INFO] [stdout] 3ca7be66f96b0720ac8d44e9a753c2298d2b8849992b35528d6b2eb9c520f295
[INFO] running `Command { std: "docker" "start" "3ca7be66f96b0720ac8d44e9a753c2298d2b8849992b35528d6b2eb9c520f295", kill_on_drop: false }`
[INFO] running `Command { std: "docker" "inspect" "3ca7be66f96b0720ac8d44e9a753c2298d2b8849992b35528d6b2eb9c520f295", kill_on_drop: false }`
[INFO] running `Command { std: "docker" "exec" "-e" "SOURCE_DIR=/opt/rustwide/workdir" "-e" "CARGO_HOME=/opt/rustwide/cargo-home" "-e" "RUSTUP_HOME=/opt/rustwide/rustup-home" "-e" "CARGO_TARGET_DIR=/opt/rustwide/target" "-w" "/opt/rustwide/workdir" "--user" "0:0" "3ca7be66f96b0720ac8d44e9a753c2298d2b8849992b35528d6b2eb9c520f295" "/opt/rustwide/cargo-home/bin/cargo" "+1.99.0-beta.8" "metadata" "--no-deps" "--format-version=1", kill_on_drop: false }`
[INFO] running `Command { std: "docker" "inspect" "3ca7be66f96b0720ac8d44e9a753c2298d2b8849992b35528d6b2eb9c520f295", kill_on_drop: false }`
[INFO] running `Command { std: "docker" "exec" "-e" "SOURCE_DIR=/opt/rustwide/workdir" "-e" "CARGO_HOME=/opt/rustwide/cargo-home" "-e" "RUSTUP_HOME=/opt/rustwide/rustup-home" "-e" "CARGO_TARGET_DIR=/opt/rustwide/target" "-e" "CARGO_INCREMENTAL=0" "-e" "RUST_BACKTRACE=full" "-e" "RUSTFLAGS=--cap-lints=warn" "-e" "RUSTDOCFLAGS=--cap-lints=warn" "-w" "/opt/rustwide/workdir" "--user" "0:0" "3ca7be66f96b0720ac8d44e9a753c2298d2b8849992b35528d6b2eb9c520f295" "/opt/rustwide/cargo-home/bin/cargo" "+1.99.0-beta.8" "build" "--frozen" "--message-format=json", kill_on_drop: false }`
[INFO] [stderr]    Compiling typenum v1.20.0
[INFO] [stderr]    Compiling getrandom v0.3.4
[INFO] [stderr]    Compiling smallvec v1.15.1
[INFO] [stderr]    Compiling futures-io v0.3.32
[INFO] [stderr]    Compiling bytes v1.11.1
[INFO] [stderr]    Compiling cc v1.2.61
[INFO] [stderr]    Compiling mio v1.2.0
[INFO] [stderr]    Compiling socket2 v0.6.3
[INFO] [stderr]    Compiling futures-channel v0.3.32
[INFO] [stderr]    Compiling zeroize v1.8.2
[INFO] [stderr]    Compiling serde v1.0.228
[INFO] [stderr]    Compiling zerofrom v0.1.7
[INFO] [stderr]    Compiling oxsdatatypes v0.2.2
[INFO] [stderr]    Compiling winnow v1.0.2
[INFO] [stderr]    Compiling num-traits v0.2.19
[INFO] [stderr]    Compiling aho-corasick v1.1.4
[INFO] [stderr]    Compiling rustls v0.23.40
[INFO] [stderr]    Compiling log v0.4.29
[INFO] [stderr]    Compiling yoke v0.8.2
[INFO] [stderr]    Compiling rustls-pki-types v1.14.1
[INFO] [stderr]    Compiling futures-util v0.3.32
[INFO] [stderr]    Compiling rand_core v0.9.5
[INFO] [stderr]    Compiling tracing v0.1.44
[INFO] [stderr]    Compiling nom v7.1.3
[INFO] [stderr]    Compiling rand_chacha v0.9.0
[INFO] [stderr]    Compiling zerovec v0.11.6
[INFO] [stderr]    Compiling oxilangtag v0.1.5
[INFO] [stderr]    Compiling zerotrie v0.2.4
[INFO] [stderr]    Compiling generic-array v0.14.7
[INFO] [stderr]    Compiling rand v0.9.4
[INFO] [stderr]    Compiling rustls-native-certs v0.8.3
[INFO] [stderr]    Compiling webpki-roots v1.0.7
[INFO] [stderr]    Compiling serde_json v1.0.149
[INFO] [stderr]    Compiling tempfile v3.27.0
[INFO] [stderr]    Compiling vte v0.14.1
[INFO] [stderr]    Compiling tinystr v0.8.3
[INFO] [stderr]    Compiling potential_utf v0.1.5
[INFO] [stderr]    Compiling indexmap v2.14.0
[INFO] [stderr]    Compiling http v1.4.0
[INFO] [stderr]    Compiling tokio v1.52.1
[INFO] [stderr]    Compiling icu_locale_core v2.2.0
[INFO] [stderr]    Compiling icu_collections v2.2.0
[INFO] [stderr]    Compiling quick-xml v0.37.5
[INFO] [stderr]    Compiling regex-automata v0.4.14
[INFO] [stderr]    Compiling ring v0.17.14
[INFO] [stderr]    Compiling iri-string v0.7.12
[INFO] [stderr]    Compiling block-buffer v0.10.4
[INFO] [stderr]    Compiling crypto-common v0.1.7
[INFO] [stderr]    Compiling json-event-parser v0.2.3
[INFO] [stderr]    Compiling rusty-fork v0.3.1
[INFO] [stderr]    Compiling digest v0.10.7
[INFO] [stderr]    Compiling sha2 v0.10.9
[INFO] [stderr]    Compiling serde_urlencoded v0.7.1
[INFO] [stderr]    Compiling rand_xorshift v0.4.0
[INFO] [stderr]    Compiling proptest v1.11.0
[INFO] [stderr]    Compiling oxrdf v0.3.3
[INFO] [stderr]    Compiling http-body v1.0.1
[INFO] [stderr]    Compiling ryu-js v1.0.2
[INFO] [stderr]    Compiling rust_decimal v1.41.0
[INFO] [stderr]    Compiling http-body-util v0.1.3
[INFO] [stderr]    Compiling konst_macro_rules v0.2.19
[INFO] [stderr]    Compiling parking v2.2.1
[INFO] [stderr]    Compiling bytecount v0.6.9
[INFO] [stderr]    Compiling tabled_derive v0.11.0
[INFO] [stderr]    Compiling concurrent-queue v2.5.0
[INFO] [stderr]    Compiling toml_parser v1.1.2+spec-1.1.0
[INFO] [stderr]    Compiling oxrdfxml v0.2.3
[INFO] [stderr]    Compiling ansitok v0.3.0
[INFO] [stderr]    Compiling oxjsonld v0.2.5
[INFO] [stderr]    Compiling oxttl v0.2.3
[INFO] [stderr]    Compiling konst v0.2.20
[INFO] [stderr]    Compiling icu_provider v2.2.0
[INFO] [stderr]    Compiling ansi-str v0.9.0
[INFO] [stderr]    Compiling icu_properties v2.2.0
[INFO] [stderr]    Compiling icu_normalizer v2.2.0
[INFO] [stderr]    Compiling testing_table v0.3.0
[INFO] [stderr]    Compiling const_format_proc_macros v0.2.34
[INFO] [stderr]    Compiling papergrid v0.17.0
[INFO] [stderr]    Compiling oxrdfio v0.2.5
[INFO] [stderr]    Compiling toml_datetime v0.7.5+spec-1.1.0
[INFO] [stderr]    Compiling winnow v0.7.15
[INFO] [stderr]    Compiling idna_adapter v1.2.2
[INFO] [stderr]    Compiling idna v1.1.0
[INFO] [stderr]    Compiling const_format v0.2.36
[INFO] [stderr]    Compiling url v2.5.8
[INFO] [stderr]    Compiling either v1.15.0
[INFO] [stderr]    Compiling hashbrown v0.16.1
[INFO] [stderr]    Compiling memchr v2.8.0
[INFO] [stderr]    Compiling hyper v1.9.0
[INFO] [stderr]    Compiling tower v0.5.3
[INFO] [stderr]    Compiling typeid v1.0.3
[INFO] [stderr]    Compiling spin v0.10.0
[INFO] [stderr]    Compiling itertools v0.14.0
[INFO] [stderr]    Compiling regex v1.12.3
[INFO] [stderr]    Compiling tower-http v0.6.8
[INFO] [stderr]    Compiling tabled v0.20.0
[INFO] [stderr]    Compiling bevy_platform v0.18.1
[INFO] [stderr]    Compiling peg-macros v0.8.5
[INFO] [stderr]    Compiling derive_more-impl v2.1.1
[INFO] [stderr]    Compiling hyper-util v0.1.20
[INFO] [stderr]    Compiling toml_edit v0.23.10+spec-1.0.0
[INFO] [stderr]    Compiling rustls-webpki v0.103.13
[INFO] [stderr]    Compiling toml v0.9.12+spec-1.1.0
[INFO] [stderr]    Compiling event-listener v5.4.1
[INFO] [stderr]    Compiling erased-serde v0.4.10
[INFO] [stderr]    Compiling fixedbitset v0.5.7
[INFO] [stderr]    Compiling event-listener-strategy v0.5.4
[INFO] [stderr]    Compiling bevy_macro_utils v0.18.1
[INFO] [stderr]    Compiling hashlink v0.10.0
[INFO] [stderr]    Compiling peg v0.8.5
[INFO] [stderr]    Compiling futures-lite v2.6.1
[INFO] [stderr]    Compiling slotmap v1.1.1
[INFO] [stderr]    Compiling async-task v4.7.1
[INFO] [stderr]    Compiling hashbrown v0.14.5
[INFO] [stderr]    Compiling disqualified v1.0.0
[INFO] [stderr]    Compiling spargebra v0.4.6
[INFO] [stderr]    Compiling bevy_utils v0.18.1
[INFO] [stderr]    Compiling yaml-rust2 v0.10.4
[INFO] [stderr]    Compiling async-channel v2.5.0
[INFO] [stderr]    Compiling bevy_reflect_derive v0.18.1
[INFO] [stderr]    Compiling crossbeam-queue v0.3.12
[INFO] [stderr]    Compiling assert_type_match v0.1.1
[INFO] [stderr]    Compiling variadics_please v1.1.0
[INFO] [stderr]    Compiling bevy_ptr v0.18.1
[INFO] [stderr]    Compiling async-executor v1.14.0
[INFO] [stderr]    Compiling downcast-rs v2.0.2
[INFO] [stderr]    Compiling bevy_ecs_macros v0.18.1
[INFO] [stderr]    Compiling parking_lot_core v0.9.12
[INFO] [stderr]    Compiling petgraph v0.8.3
[INFO] [stderr]    Compiling matchers v0.2.0
[INFO] [stderr]    Compiling sparesults v0.3.3
[INFO] [stderr]    Compiling clap_derive v4.6.1
[INFO] [stderr]    Compiling sha1 v0.10.6
[INFO] [stderr]    Compiling md-5 v0.10.6
[INFO] [stderr]    Compiling tracing-log v0.2.0
[INFO] [stderr]    Compiling bumpalo v3.20.2
[INFO] [stderr]    Compiling rustc-hash v2.1.2
[INFO] [stderr]    Compiling nonmax v0.5.5
[INFO] [stderr]    Compiling tracing-subscriber v0.3.23
[INFO] [stderr]    Compiling rowan v0.16.1
[INFO] [stderr]    Compiling dirs-sys v0.5.0
[INFO] [stderr]    Compiling dashmap v6.1.0
[INFO] [stderr]    Compiling sophia_iri v0.9.0
[INFO] [stderr]    Compiling futures-executor v0.3.32
[INFO] [stderr]    Compiling serde_repr v0.1.20
[INFO] [stderr]    Compiling similar v2.7.0
[INFO] [stderr]    Compiling mownstr v0.3.1
[INFO] [stderr]    Compiling sparopt v0.3.6
[INFO] [stderr]    Compiling resiter v0.5.0
[INFO] [stderr]    Compiling indoc v2.0.7
[INFO] [stderr]    Compiling siphasher v1.0.2
[INFO] [stderr]    Compiling lsp-types v0.94.1
[INFO] [stderr]    Compiling sophia_api v0.9.0
[INFO] [stderr]    Compiling futures v0.3.32
[INFO] [stderr]    Compiling dirs v6.0.0
[INFO] [stderr]    Compiling chrono v0.4.44
[INFO] [stderr]    Compiling derive_more v2.1.1
[INFO] [stderr]    Compiling bevy_tasks v0.18.1
[INFO] [stderr]    Compiling spareval v0.2.6
[INFO] [stderr]    Compiling clap v4.6.1
[INFO] [stderr]    Compiling bevy_reflect v0.18.1
[INFO] [stderr]    Compiling tokio-rustls v0.26.4
[INFO] [stderr]    Compiling hyper-rustls v0.27.9
[INFO] [stderr]    Compiling reqwest v0.12.28
[INFO] [stderr]    Compiling logos-codegen v0.16.1
[INFO] [stderr]    Compiling logos-derive v0.16.1
[INFO] [stderr]    Compiling logos v0.16.1
[INFO] [stderr]    Compiling rdf-parsers v0.1.16
[INFO] [stderr]    Compiling oxigraph v0.5.8
[INFO] [stderr]    Compiling iri_s v0.2.9
[INFO] [stderr]    Compiling prefixmap v0.2.9
[INFO] [stderr]    Compiling mie v0.2.9
[INFO] [stderr]    Compiling rudof_rdf v0.2.9
[INFO] [stderr]    Compiling bevy_ecs v0.18.1
[INFO] [stderr]    Compiling shacl_ast v0.2.9
[INFO] [stderr]    Compiling sparql_service v0.2.9
[INFO] [stderr]    Compiling shacl_rdf v0.2.9
[INFO] [stderr]    Compiling shacl_ir v0.2.9
[INFO] [stderr]    Compiling shacl_validation v0.2.9
[INFO] [stderr]    Compiling swls-lov v0.1.2
[INFO] [stderr]    Compiling swls-core v0.2.1
[INFO] [stderr]    Compiling swls-lang-rdf-base v0.2.1
[INFO] [stderr]    Compiling swls-lang-turtle v0.2.1 (/opt/rustwide/workdir)
[INFO] [stderr]     Finished `dev` profile [unoptimized + debuginfo] target(s) in 2m 01s
[INFO] [stderr] warning: the following packages contain code that will be rejected by a future version of Rust: proc-macro-error2 v2.0.1
[INFO] [stderr] note: to see what the problems were, use the option `--future-incompat-report`, or run `cargo report future-incompatibilities --id 1`
[INFO] running `Command { std: "docker" "inspect" "3ca7be66f96b0720ac8d44e9a753c2298d2b8849992b35528d6b2eb9c520f295", kill_on_drop: false }`
[INFO] running `Command { std: "docker" "exec" "-e" "SOURCE_DIR=/opt/rustwide/workdir" "-e" "CARGO_HOME=/opt/rustwide/cargo-home" "-e" "RUSTUP_HOME=/opt/rustwide/rustup-home" "-e" "CARGO_TARGET_DIR=/opt/rustwide/target" "-e" "CARGO_INCREMENTAL=0" "-e" "RUST_BACKTRACE=full" "-e" "RUSTFLAGS=--cap-lints=warn" "-e" "RUSTDOCFLAGS=--cap-lints=warn" "-w" "/opt/rustwide/workdir" "--user" "0:0" "3ca7be66f96b0720ac8d44e9a753c2298d2b8849992b35528d6b2eb9c520f295" "/opt/rustwide/cargo-home/bin/cargo" "+1.99.0-beta.8" "test" "--frozen" "--no-run" "--message-format=json", kill_on_drop: false }`
[INFO] [stderr]    Compiling env_filter v1.0.1
[INFO] [stderr]    Compiling test-log-core v0.2.20
[INFO] [stderr]    Compiling test-log-macros v0.2.20
[INFO] [stderr]    Compiling env_logger v0.11.10
[INFO] [stderr]    Compiling test-log v0.2.20
[INFO] [stderr]    Compiling swls-lang-turtle v0.2.1 (/opt/rustwide/workdir)
[INFO] [stdout] error: couldn't read `src/lang/../../../lov/prefixes/owl.ttl`: No such file or directory (os error 2)
[INFO] [stdout]    --> src/lang/model.rs:100:19
[INFO] [stdout]     |
[INFO] [stdout] 100 |         let txt = include_str!("../../../lov/prefixes/owl.ttl");
[INFO] [stdout]     |                   ^^^^^^^^^^^^^^^^^^^^^^^^^^^^^^^^^^^^^^^^^^^^^
[INFO] [stdout] 
[INFO] [stdout] 
[INFO] [stdout] error[E0432]: unresolved import `swls_test_utils`
[INFO] [stdout]   --> src/ecs/code_action.rs:95:9
[INFO] [stdout]    |
[INFO] [stdout] 95 |     use swls_test_utils::{create_file, setup_world, TestClient};
[INFO] [stdout]    |         ^^^^^^^^^^^^^^^ use of unresolved module or unlinked crate `swls_test_utils`
[INFO] [stdout]    |
[INFO] [stdout]    = help: if you wanted to use a crate named `swls_test_utils`, use `cargo add swls_test_utils` to add it to your `Cargo.toml`
[INFO] [stdout] 
[INFO] [stdout] 
[INFO] [stdout] error[E0432]: unresolved import `swls_test_utils`
[INFO] [stdout]    --> src/ecs/completion.rs:195:9
[INFO] [stdout]     |
[INFO] [stdout] 195 |     use swls_test_utils::{create_file, setup_world, TestClient};
[INFO] [stdout]     |         ^^^^^^^^^^^^^^^ use of unresolved module or unlinked crate `swls_test_utils`
[INFO] [stdout]     |
[INFO] [stdout]     = help: if you wanted to use a crate named `swls_test_utils`, use `cargo add swls_test_utils` to add it to your `Cargo.toml`
[INFO] [stdout] 
[INFO] [stdout] 
[INFO] [stdout] error[E0432]: unresolved import `swls_test_utils`
[INFO] [stdout]   --> src/ecs/format.rs:72:9
[INFO] [stdout]    |
[INFO] [stdout] 72 |     use swls_test_utils::{create_file, setup_world, TestClient};
[INFO] [stdout]    |         ^^^^^^^^^^^^^^^ use of unresolved module or unlinked crate `swls_test_utils`
[INFO] [stdout]    |
[INFO] [stdout]    = help: if you wanted to use a crate named `swls_test_utils`, use `cargo add swls_test_utils` to add it to your `Cargo.toml`
[INFO] [stdout] 
[INFO] [stdout] 
[INFO] [stdout] error[E0432]: unresolved import `swls_test_utils`
[INFO] [stdout]   --> src/ecs/mod.rs:59:9
[INFO] [stdout]    |
[INFO] [stdout] 59 |     use swls_test_utils::{create_file, setup_world, TestClient};
[INFO] [stdout]    |         ^^^^^^^^^^^^^^^ use of unresolved module or unlinked crate `swls_test_utils`
[INFO] [stdout]    |
[INFO] [stdout]    = help: if you wanted to use a crate named `swls_test_utils`, use `cargo add swls_test_utils` to add it to your `Cargo.toml`
[INFO] [stdout] 
[INFO] [stdout] 
[INFO] [stdout] warning: unused import: `prelude::*`
[INFO] [stdout]   --> src/ecs/code_action.rs:94:69
[INFO] [stdout]    |
[INFO] [stdout] 94 |     use swls_core::{feature::code_action::Label as CodeActionLabel, prelude::*};
[INFO] [stdout]    |                                                                     ^^^^^^^^^^
[INFO] [stdout]    |
[INFO] [stdout]    = note: `#[warn(unused_imports)]` (part of `#[warn(unused)]`) on by default
[INFO] [stdout] 
[INFO] [stdout] 
[INFO] [stdout] For more information about this error, try `rustc --explain E0432`.
[INFO] [stdout] 
[INFO] [stderr] error: could not compile `swls-lang-turtle` (lib test) due to 5 previous errors; 1 warning emitted
[INFO] running `Command { std: "docker" "inspect" "3ca7be66f96b0720ac8d44e9a753c2298d2b8849992b35528d6b2eb9c520f295", kill_on_drop: false }`
[INFO] running `Command { std: "docker" "rm" "-f" "3ca7be66f96b0720ac8d44e9a753c2298d2b8849992b35528d6b2eb9c520f295", kill_on_drop: false }`
[INFO] [stdout] 3ca7be66f96b0720ac8d44e9a753c2298d2b8849992b35528d6b2eb9c520f295
