[INFO] fetching crate switchy_mdns 0.4.0...
[INFO] testing switchy_mdns-0.4.0 against 1.99.0-beta.8 for beta-1.100-2
[INFO] extracting crate switchy_mdns 0.4.0 into /workspace/builds/worker-4-tc1/source
[INFO] started tweaking crates.io crate switchy_mdns 0.4.0
[INFO] finished tweaking crates.io crate switchy_mdns 0.4.0
[INFO] tweaked toml for crates.io crate switchy_mdns 0.4.0 written to /workspace/builds/worker-4-tc1/source/Cargo.toml
[INFO] validating manifest of crates.io crate switchy_mdns 0.4.0 on toolchain 1.99.0-beta.8
[INFO] running `Command { std: CARGO_HOME="/workspace/cargo-home" RUSTUP_HOME="/workspace/rustup-home" "/workspace/cargo-home/bin/cargo" "+1.99.0-beta.8" "metadata" "--manifest-path" "Cargo.toml" "--no-deps", kill_on_drop: false }`
[INFO] crate crates.io crate switchy_mdns 0.4.0 already has a lockfile, it will not be regenerated
[INFO] running `Command { std: CARGO_HOME="/workspace/cargo-home" RUSTUP_HOME="/workspace/rustup-home" "/workspace/cargo-home/bin/cargo" "+1.99.0-beta.8" "fetch" "--manifest-path" "Cargo.toml", kill_on_drop: false }`
[INFO] [stderr]     Updating crates.io index
[INFO] [stderr]  Downloading crates ...
[INFO] [stderr]   Downloaded mdns-sd v0.18.2
[INFO] [stderr]   Downloaded moosicbox_assert v0.4.0
[INFO] [stderr]   Downloaded socket-pktinfo v0.3.2
[INFO] [stderr]   Downloaded if-addrs v0.15.0
[INFO] [stderr]   Downloaded moosicbox_env_utils v0.4.0
[INFO] running `Command { std: "docker" "create" "-v" "/var/lib/crater-agent-workspace/builds/worker-4-tc1/source:/opt/rustwide/workdir:ro,Z" "-v" "/var/lib/crater-agent-workspace/builds/worker-4-tc1/target:/opt/rustwide/target:rw,Z" "-v" "/var/lib/crater-agent-workspace/cargo-home:/opt/rustwide/cargo-home:ro,Z" "-v" "/var/lib/crater-agent-workspace/rustup-home:/opt/rustwide/rustup-home:ro,Z" "-m" "1610612736" "--network" "none" "ghcr.io/rust-lang/crates-build-env/linux@sha256:3111399a4047eeb3a02b7a90e478d715f38a8c6669b5c4b49d30a17385265909" "sleep" "infinity", kill_on_drop: false }`
[INFO] [stdout] fc79232bd681249bd58ab392f36faa6d6d55108758386b58ee2a1b7b56a20b30
[INFO] running `Command { std: "docker" "start" "fc79232bd681249bd58ab392f36faa6d6d55108758386b58ee2a1b7b56a20b30", kill_on_drop: false }`
[INFO] running `Command { std: "docker" "inspect" "fc79232bd681249bd58ab392f36faa6d6d55108758386b58ee2a1b7b56a20b30", kill_on_drop: false }`
[INFO] running `Command { std: "docker" "exec" "-e" "SOURCE_DIR=/opt/rustwide/workdir" "-e" "CARGO_HOME=/opt/rustwide/cargo-home" "-e" "RUSTUP_HOME=/opt/rustwide/rustup-home" "-e" "CARGO_TARGET_DIR=/opt/rustwide/target" "-w" "/opt/rustwide/workdir" "--user" "0:0" "fc79232bd681249bd58ab392f36faa6d6d55108758386b58ee2a1b7b56a20b30" "/opt/rustwide/cargo-home/bin/cargo" "+1.99.0-beta.8" "metadata" "--no-deps" "--format-version=1", kill_on_drop: false }`
[INFO] running `Command { std: "docker" "inspect" "fc79232bd681249bd58ab392f36faa6d6d55108758386b58ee2a1b7b56a20b30", kill_on_drop: false }`
[INFO] running `Command { std: "docker" "exec" "-e" "SOURCE_DIR=/opt/rustwide/workdir" "-e" "CARGO_HOME=/opt/rustwide/cargo-home" "-e" "RUSTUP_HOME=/opt/rustwide/rustup-home" "-e" "CARGO_TARGET_DIR=/opt/rustwide/target" "-e" "CARGO_INCREMENTAL=0" "-e" "RUST_BACKTRACE=full" "-e" "RUSTFLAGS=--cap-lints=warn" "-e" "RUSTDOCFLAGS=--cap-lints=warn" "-w" "/opt/rustwide/workdir" "--user" "0:0" "fc79232bd681249bd58ab392f36faa6d6d55108758386b58ee2a1b7b56a20b30" "/opt/rustwide/cargo-home/bin/cargo" "+1.99.0-beta.8" "build" "--frozen" "--message-format=json", kill_on_drop: false }`
[INFO] [stderr]    Compiling libc v0.2.186
[INFO] [stderr]    Compiling quote v1.0.46
[INFO] [stderr]    Compiling futures-core v0.3.32
[INFO] [stderr]    Compiling log v0.4.33
[INFO] [stderr]    Compiling futures-sink v0.3.32
[INFO] [stderr]    Compiling spin v0.9.8
[INFO] [stderr]    Compiling moosicbox_env_utils v0.4.0
[INFO] [stderr]    Compiling colored v3.1.1
[INFO] [stderr]    Compiling fastrand v2.4.1
[INFO] [stderr]    Compiling flume v0.11.1
[INFO] [stderr]    Compiling moosicbox_assert v0.4.0
[INFO] [stderr]    Compiling syn v2.0.118
[INFO] [stderr]    Compiling socket2 v0.6.4
[INFO] [stderr]    Compiling if-addrs v0.15.0
[INFO] [stderr]    Compiling mio v1.2.1
[INFO] [stderr]    Compiling hostname v0.4.2
[INFO] [stderr]    Compiling socket-pktinfo v0.3.2
[INFO] [stderr]    Compiling mdns-sd v0.18.2
[INFO] [stderr]    Compiling thiserror-impl v2.0.18
[INFO] [stderr]    Compiling async-trait v0.1.89
[INFO] [stderr]    Compiling thiserror v2.0.18
[INFO] [stderr]    Compiling switchy_mdns v0.4.0 (/opt/rustwide/workdir)
[INFO] [stderr]     Finished `dev` profile [unoptimized + debuginfo] target(s) in 17.86s
[INFO] running `Command { std: "docker" "inspect" "fc79232bd681249bd58ab392f36faa6d6d55108758386b58ee2a1b7b56a20b30", kill_on_drop: false }`
[INFO] running `Command { std: "docker" "exec" "-e" "SOURCE_DIR=/opt/rustwide/workdir" "-e" "CARGO_HOME=/opt/rustwide/cargo-home" "-e" "RUSTUP_HOME=/opt/rustwide/rustup-home" "-e" "CARGO_TARGET_DIR=/opt/rustwide/target" "-e" "CARGO_INCREMENTAL=0" "-e" "RUST_BACKTRACE=full" "-e" "RUSTFLAGS=--cap-lints=warn" "-e" "RUSTDOCFLAGS=--cap-lints=warn" "-w" "/opt/rustwide/workdir" "--user" "0:0" "fc79232bd681249bd58ab392f36faa6d6d55108758386b58ee2a1b7b56a20b30" "/opt/rustwide/cargo-home/bin/cargo" "+1.99.0-beta.8" "test" "--frozen" "--no-run" "--message-format=json", kill_on_drop: false }`
[INFO] [stderr]    Compiling switchy_mdns v0.4.0 (/opt/rustwide/workdir)
[INFO] [stdout] error[E0433]: cannot find module or crate `test_log` in this scope
[INFO] [stdout]   --> src/service.rs:78:11
[INFO] [stdout]    |
[INFO] [stdout] 78 |         #[test_log::test(switchy_async::test)]
[INFO] [stdout]    |           ^^^^^^^^ use of unresolved module or unlinked crate `test_log`
[INFO] [stdout] 
[INFO] [stdout] 
[INFO] [stdout] error[E0433]: cannot find module or crate `test_log` in this scope
[INFO] [stdout]   --> src/service.rs:98:11
[INFO] [stdout]    |
[INFO] [stdout] 98 |         #[test_log::test(switchy_async::test)]
[INFO] [stdout]    |           ^^^^^^^^ use of unresolved module or unlinked crate `test_log`
[INFO] [stdout] 
[INFO] [stdout] 
[INFO] [stdout] error[E0433]: cannot find module or crate `test_log` in this scope
[INFO] [stdout]    --> src/lib.rs:121:7
[INFO] [stdout]     |
[INFO] [stdout] 121 |     #[test_log::test(switchy_async::test)]
[INFO] [stdout]     |       ^^^^^^^^ use of unresolved module or unlinked crate `test_log`
[INFO] [stdout] 
[INFO] [stdout] 
[INFO] [stdout] error[E0433]: cannot find module or crate `test_log` in this scope
[INFO] [stdout]    --> src/lib.rs:130:7
[INFO] [stdout]     |
[INFO] [stdout] 130 |     #[test_log::test(switchy_async::test)]
[INFO] [stdout]     |       ^^^^^^^^ use of unresolved module or unlinked crate `test_log`
[INFO] [stdout] 
[INFO] [stdout] 
[INFO] [stdout] error[E0433]: cannot find module or crate `test_log` in this scope
[INFO] [stdout]    --> src/lib.rs:151:7
[INFO] [stdout]     |
[INFO] [stdout] 151 |     #[test_log::test(switchy_async::test)]
[INFO] [stdout]     |       ^^^^^^^^ use of unresolved module or unlinked crate `test_log`
[INFO] [stdout] 
[INFO] [stdout] 
[INFO] [stdout] error[E0433]: cannot find module or crate `test_log` in this scope
[INFO] [stdout]    --> src/lib.rs:172:7
[INFO] [stdout]     |
[INFO] [stdout] 172 |     #[test_log::test(switchy_async::test)]
[INFO] [stdout]     |       ^^^^^^^^ use of unresolved module or unlinked crate `test_log`
[INFO] [stdout] 
[INFO] [stdout] 
[INFO] [stdout] error[E0433]: cannot find module or crate `test_log` in this scope
[INFO] [stdout]    --> src/lib.rs:193:7
[INFO] [stdout]     |
[INFO] [stdout] 193 |     #[test_log::test(switchy_async::test)]
[INFO] [stdout]     |       ^^^^^^^^ use of unresolved module or unlinked crate `test_log`
[INFO] [stdout] 
[INFO] [stdout] 
[INFO] [stdout] For more information about this error, try `rustc --explain E0433`.
[INFO] [stdout] 
[INFO] [stderr] error: could not compile `switchy_mdns` (lib test) due to 7 previous errors
[INFO] running `Command { std: "docker" "inspect" "fc79232bd681249bd58ab392f36faa6d6d55108758386b58ee2a1b7b56a20b30", kill_on_drop: false }`
[INFO] running `Command { std: "docker" "rm" "-f" "fc79232bd681249bd58ab392f36faa6d6d55108758386b58ee2a1b7b56a20b30", kill_on_drop: false }`
[INFO] [stdout] fc79232bd681249bd58ab392f36faa6d6d55108758386b58ee2a1b7b56a20b30
