[INFO] fetching crate switchback-mdbook 0.0.1-0.dev.5...
[INFO] testing switchback-mdbook-0.0.1-0.dev.5 against 1.99.0-beta.8 for beta-1.100-2
[INFO] extracting crate switchback-mdbook 0.0.1-0.dev.5 into /workspace/builds/worker-0-tc1/source
[INFO] started tweaking crates.io crate switchback-mdbook 0.0.1-0.dev.5
[INFO] removed 0 missing tests
[INFO] finished tweaking crates.io crate switchback-mdbook 0.0.1-0.dev.5
[INFO] tweaked toml for crates.io crate switchback-mdbook 0.0.1-0.dev.5 written to /workspace/builds/worker-0-tc1/source/Cargo.toml
[INFO] validating manifest of crates.io crate switchback-mdbook 0.0.1-0.dev.5 on toolchain 1.99.0-beta.8
[INFO] running `Command { std: CARGO_HOME="/workspace/cargo-home" RUSTUP_HOME="/workspace/rustup-home" "/workspace/cargo-home/bin/cargo" "+1.99.0-beta.8" "metadata" "--manifest-path" "Cargo.toml" "--no-deps", kill_on_drop: false }`
[INFO] crate crates.io crate switchback-mdbook 0.0.1-0.dev.5 already has a lockfile, it will not be regenerated
[INFO] running `Command { std: CARGO_HOME="/workspace/cargo-home" RUSTUP_HOME="/workspace/rustup-home" "/workspace/cargo-home/bin/cargo" "+1.99.0-beta.8" "fetch" "--manifest-path" "Cargo.toml", kill_on_drop: false }`
[INFO] [stderr]     Updating crates.io index
[INFO] [stderr]  Downloading crates ...
[INFO] [stderr]   Downloaded protoc-bin-vendored v3.2.0
[INFO] [stderr]   Downloaded switchback-protocols v0.0.1-0.dev.5
[INFO] [stderr]   Downloaded toml_edit v0.25.12+spec-1.1.0
[INFO] [stderr]   Downloaded switchback-traits v0.0.1-0.dev.5
[INFO] [stderr]   Downloaded switchback-codec-pb v0.0.1-0.dev.5
[INFO] [stderr]   Downloaded switchback-avro v0.0.1-0.dev.5
[INFO] [stderr]   Downloaded nohash-hasher v0.2.0
[INFO] [stderr]   Downloaded encoding_rs_io v0.1.7
[INFO] [stderr]   Downloaded annotate-snippets v0.12.16
[INFO] [stderr]   Downloaded derive_builder_macro v0.20.2
[INFO] [stderr]   Downloaded phf_generator v0.13.1
[INFO] [stderr]   Downloaded arraydeque v0.5.1
[INFO] [stderr]   Downloaded mdbook-core v0.5.3
[INFO] [stderr]   Downloaded mdbook-preprocessor v0.5.3
[INFO] [stderr]   Downloaded string_cache_codegen v0.6.1
[INFO] [stderr]   Downloaded phf_codegen v0.13.1
[INFO] [stderr]   Downloaded strsim v0.11.1
[INFO] [stderr]   Downloaded anstyle-query v1.1.5
[INFO] [stderr]   Downloaded mdbook-renderer v0.5.3
[INFO] [stderr]   Downloaded num-order v1.2.0
[INFO] [stderr]   Downloaded anstyle-parse v1.0.0
[INFO] [stderr]   Downloaded topological-sort v0.2.2
[INFO] [stderr]   Downloaded mdbook-markdown v0.5.3
[INFO] [stderr]   Downloaded phf_shared v0.13.1
[INFO] [stderr]   Downloaded darling_macro v0.20.11
[INFO] [stderr]   Downloaded clap_lex v1.1.0
[INFO] [stderr]   Downloaded anstream v1.0.0
[INFO] [stderr]   Downloaded is_terminal_polyfill v1.70.2
[INFO] [stderr]   Downloaded colorchoice v1.0.5
[INFO] [stderr]   Downloaded anstyle-wincon v3.0.11
[INFO] [stderr]   Downloaded once_cell_polyfill v1.70.2
[INFO] [stderr]   Downloaded buffa-build v0.6.0
[INFO] [stderr]   Downloaded anstyle v1.0.14
[INFO] [stderr]   Downloaded mdbook-summary v0.5.3
[INFO] [stderr]   Downloaded mdbook-driver v0.5.3
[INFO] [stderr]   Downloaded markup5ever v0.39.0
[INFO] [stderr]   Downloaded web_atoms v0.2.5
[INFO] [stderr]   Downloaded string_cache v0.9.0
[INFO] [stderr]   Downloaded phf v0.13.1
[INFO] [stderr]   Downloaded tendril v0.5.0
[INFO] [stderr]   Downloaded ucd-trie v0.1.7
[INFO] [stderr]   Downloaded derive_builder_core v0.20.2
[INFO] [stderr]   Downloaded darling v0.20.11
[INFO] [stderr]   Downloaded ego-tree v0.11.0
[INFO] [stderr]   Downloaded clap_derive v4.6.1
[INFO] [stderr]   Downloaded bytes v1.12.0
[INFO] [stderr]   Downloaded log v0.4.33
[INFO] [stderr]   Downloaded pest_derive v2.8.6
[INFO] [stderr]   Downloaded pest_generator v2.8.6
[INFO] [stderr]   Downloaded num-modular v0.6.4
[INFO] [stderr]   Downloaded derive_builder v0.20.2
[INFO] [stderr]   Downloaded clap v4.6.1
[INFO] [stderr]   Downloaded html5ever v0.39.0
[INFO] [stderr]   Downloaded pest_meta v2.8.6
[INFO] [stderr]   Downloaded darling_core v0.20.11
[INFO] [stderr]   Downloaded handlebars v6.4.1
[INFO] [stderr]   Downloaded buffa-descriptor v0.6.0
[INFO] [stderr]   Downloaded granit-parser v0.0.3
[INFO] [stderr]   Downloaded pest v2.8.6
[INFO] [stderr]   Downloaded buffa v0.6.0
[INFO] [stderr]   Downloaded pulldown-cmark v0.13.4
[INFO] [stderr]   Downloaded clap_builder v4.6.0
[INFO] [stderr]   Downloaded buffa-codegen v0.6.0
[INFO] [stderr]   Downloaded serde-saphyr v0.0.27
[INFO] [stderr]   Downloaded font-awesome-as-a-crate v0.3.1
[INFO] [stderr]   Downloaded mdbook-html v0.5.3
[INFO] [stderr]   Downloaded protoc-bin-vendored-macos-x86_64 v3.2.0
[INFO] [stderr]   Downloaded protoc-bin-vendored-macos-aarch_64 v3.2.0
[INFO] [stderr]   Downloaded protoc-bin-vendored-linux-aarch_64 v3.2.0
[INFO] [stderr]   Downloaded protoc-bin-vendored-linux-x86_64 v3.2.0
[INFO] [stderr]   Downloaded protoc-bin-vendored-win32 v3.2.0
[INFO] [stderr]   Downloaded protoc-bin-vendored-linux-x86_32 v3.2.0
[INFO] [stderr]   Downloaded protoc-bin-vendored-linux-ppcle_64 v3.2.0
[INFO] [stderr]   Downloaded protoc-bin-vendored-linux-s390_64 v3.2.0
[INFO] running `Command { std: "docker" "create" "-v" "/var/lib/crater-agent-workspace/builds/worker-0-tc1/source:/opt/rustwide/workdir:ro,Z" "-v" "/var/lib/crater-agent-workspace/builds/worker-0-tc1/target:/opt/rustwide/target:rw,Z" "-v" "/var/lib/crater-agent-workspace/cargo-home:/opt/rustwide/cargo-home:ro,Z" "-v" "/var/lib/crater-agent-workspace/rustup-home:/opt/rustwide/rustup-home:ro,Z" "-m" "1610612736" "--network" "none" "ghcr.io/rust-lang/crates-build-env/linux@sha256:3111399a4047eeb3a02b7a90e478d715f38a8c6669b5c4b49d30a17385265909" "sleep" "infinity", kill_on_drop: false }`
[INFO] [stdout] 33890ca3ce389ead2f910bc417e469a21db18ddac144d69a8822766601b2a619
[INFO] running `Command { std: "docker" "start" "33890ca3ce389ead2f910bc417e469a21db18ddac144d69a8822766601b2a619", kill_on_drop: false }`
[INFO] running `Command { std: "docker" "inspect" "33890ca3ce389ead2f910bc417e469a21db18ddac144d69a8822766601b2a619", kill_on_drop: false }`
[INFO] running `Command { std: "docker" "exec" "-e" "SOURCE_DIR=/opt/rustwide/workdir" "-e" "CARGO_HOME=/opt/rustwide/cargo-home" "-e" "RUSTUP_HOME=/opt/rustwide/rustup-home" "-e" "CARGO_TARGET_DIR=/opt/rustwide/target" "-w" "/opt/rustwide/workdir" "--user" "0:0" "33890ca3ce389ead2f910bc417e469a21db18ddac144d69a8822766601b2a619" "/opt/rustwide/cargo-home/bin/cargo" "+1.99.0-beta.8" "metadata" "--no-deps" "--format-version=1", kill_on_drop: false }`
[INFO] running `Command { std: "docker" "inspect" "33890ca3ce389ead2f910bc417e469a21db18ddac144d69a8822766601b2a619", kill_on_drop: false }`
[INFO] running `Command { std: "docker" "exec" "-e" "SOURCE_DIR=/opt/rustwide/workdir" "-e" "CARGO_HOME=/opt/rustwide/cargo-home" "-e" "RUSTUP_HOME=/opt/rustwide/rustup-home" "-e" "CARGO_TARGET_DIR=/opt/rustwide/target" "-e" "CARGO_INCREMENTAL=0" "-e" "RUST_BACKTRACE=full" "-e" "RUSTFLAGS=--cap-lints=warn" "-e" "RUSTDOCFLAGS=--cap-lints=warn" "-w" "/opt/rustwide/workdir" "--user" "0:0" "33890ca3ce389ead2f910bc417e469a21db18ddac144d69a8822766601b2a619" "/opt/rustwide/cargo-home/bin/cargo" "+1.99.0-beta.8" "build" "--frozen" "--message-format=json", kill_on_drop: false }`
[INFO] [stderr]    Compiling cfg-if v1.0.4
[INFO] [stderr]    Compiling memchr v2.8.2
[INFO] [stderr]    Compiling fastrand v2.4.1
[INFO] [stderr]    Compiling once_cell v1.21.4
[INFO] [stderr]    Compiling libc v0.2.186
[INFO] [stderr]    Compiling siphasher v1.0.3
[INFO] [stderr]    Compiling syn v2.0.118
[INFO] [stderr]    Compiling bitflags v2.13.0
[INFO] [stderr]    Compiling getrandom v0.4.3
[INFO] [stderr]    Compiling serde v1.0.228
[INFO] [stderr]    Compiling strsim v0.11.1
[INFO] [stderr]    Compiling phf_shared v0.13.1
[INFO] [stderr]    Compiling serde_json v1.0.150
[INFO] [stderr]    Compiling thiserror v2.0.18
[INFO] [stderr]    Compiling smallvec v1.15.2
[INFO] [stderr]    Compiling rustix v1.1.4
[INFO] [stderr]    Compiling foldhash v0.1.5
[INFO] [stderr]    Compiling phf_generator v0.13.1
[INFO] [stderr]    Compiling winnow v1.0.3
[INFO] [stderr]    Compiling hashbrown v0.15.5
[INFO] [stderr]    Compiling regex-syntax v0.8.11
[INFO] [stderr]    Compiling ident_case v1.0.1
[INFO] [stderr]    Compiling aho-corasick v1.1.4
[INFO] [stderr]    Compiling fnv v1.0.7
[INFO] [stderr]    Compiling bytes v1.12.0
[INFO] [stderr]    Compiling parking_lot_core v0.9.12
[INFO] [stderr]    Compiling linux-raw-sys v0.12.1
[INFO] [stderr]    Compiling tracing-core v0.1.36
[INFO] [stderr]    Compiling toml_datetime v1.1.1+spec-1.1.0
[INFO] [stderr]    Compiling toml_parser v1.1.2+spec-1.1.0
[INFO] [stderr]    Compiling scopeguard v1.2.0
[INFO] [stderr]    Compiling prettyplease v0.2.37
[INFO] [stderr]    Compiling pin-project-lite v0.2.17
[INFO] [stderr]    Compiling toml_writer v1.1.1+spec-1.1.0
[INFO] [stderr]    Compiling lock_api v0.4.14
[INFO] [stderr]    Compiling phf_codegen v0.13.1
[INFO] [stderr]    Compiling string_cache_codegen v0.6.1
[INFO] [stderr]    Compiling ucd-trie v0.1.7
[INFO] [stderr]    Compiling typenum v1.20.1
[INFO] [stderr]    Compiling regex-automata v0.4.14
[INFO] [stderr]    Compiling new_debug_unreachable v1.0.6
[INFO] [stderr]    Compiling web_atoms v0.2.5
[INFO] [stderr]    Compiling pest v2.8.6
[INFO] [stderr]    Compiling toml v1.1.2+spec-1.1.0
[INFO] [stderr]    Compiling parking_lot v0.12.5
[INFO] [stderr]    Compiling precomputed-hash v0.1.1
[INFO] [stderr]    Compiling hybrid-array v0.4.12
[INFO] [stderr]    Compiling pulldown-cmark v0.13.4
[INFO] [stderr]    Compiling string_cache v0.9.0
[INFO] [stderr]    Compiling tempfile v3.27.0
[INFO] [stderr]    Compiling darling_core v0.20.11
[INFO] [stderr]    Compiling getopts v0.2.24
[INFO] [stderr]    Compiling phf v0.13.1
[INFO] [stderr]    Compiling protoc-bin-vendored-linux-x86_64 v3.2.0
[INFO] [stderr]    Compiling pest_meta v2.8.6
[INFO] [stderr]    Compiling protoc-bin-vendored-linux-s390_64 v3.2.0
[INFO] [stderr]    Compiling log v0.4.33
[INFO] [stderr]    Compiling protoc-bin-vendored-linux-aarch_64 v3.2.0
[INFO] [stderr]    Compiling protoc-bin-vendored-win32 v3.2.0
[INFO] [stderr]    Compiling unicase v2.9.0
[INFO] [stderr]    Compiling protoc-bin-vendored-macos-aarch_64 v3.2.0
[INFO] [stderr]    Compiling utf-8 v0.7.6
[INFO] [stderr]    Compiling pulldown-cmark-escape v0.11.0
[INFO] [stderr]    Compiling protoc-bin-vendored-linux-x86_32 v3.2.0
[INFO] [stderr]    Compiling anstyle v1.0.14
[INFO] [stderr]    Compiling protoc-bin-vendored-linux-ppcle_64 v3.2.0
[INFO] [stderr]    Compiling protoc-bin-vendored-macos-x86_64 v3.2.0
[INFO] [stderr]    Compiling protoc-bin-vendored v3.2.0
[INFO] [stderr]    Compiling tendril v0.5.0
[INFO] [stderr]    Compiling crypto-common v0.2.2
[INFO] [stderr]    Compiling block-buffer v0.12.1
[INFO] [stderr]    Compiling zerocopy v0.8.52
[INFO] [stderr]    Compiling thiserror-impl v2.0.18
[INFO] [stderr]    Compiling serde_derive v1.0.228
[INFO] [stderr]    Compiling tracing-attributes v0.1.31
[INFO] [stderr]    Compiling regex v1.12.4
[INFO] [stderr]    Compiling darling_macro v0.20.11
[INFO] [stderr]    Compiling darling v0.20.11
[INFO] [stderr]    Compiling derive_builder_core v0.20.2
[INFO] [stderr]    Compiling pest_generator v2.8.6
[INFO] [stderr]    Compiling buffa v0.6.0
[INFO] [stderr]    Compiling num-modular v0.6.4
[INFO] [stderr]    Compiling tracing v0.1.44
[INFO] [stderr]    Compiling getrandom v0.3.4
[INFO] [stderr]    Compiling buffa-descriptor v0.6.0
[INFO] [stderr]    Compiling hashbrown v0.17.1
[INFO] [stderr]    Compiling equivalent v1.0.2
[INFO] [stderr]    Compiling const-oid v0.10.2
[INFO] [stderr]    Compiling font-awesome-as-a-crate v0.3.1
[INFO] [stderr]    Compiling ahash v0.8.12
[INFO] [stderr]    Compiling digest v0.11.3
[INFO] [stderr]    Compiling pest_derive v2.8.6
[INFO] [stderr]    Compiling num-order v1.2.0
[INFO] [stderr]    Compiling num-traits v0.2.19
[INFO] [stderr]    Compiling derive_builder_macro v0.20.2
[INFO] [stderr]    Compiling anstyle-parse v1.0.0
[INFO] [stderr]    Compiling switchback-traits v0.0.1-0.dev.5
[INFO] [stderr]    Compiling markup5ever v0.39.0
[INFO] [stderr]    Compiling derive_builder v0.20.2
[INFO] [stderr]    Compiling colorchoice v1.0.5
[INFO] [stderr]    Compiling is_terminal_polyfill v1.70.2
[INFO] [stderr]    Compiling anstyle-query v1.1.5
[INFO] [stderr]    Compiling cpufeatures v0.3.0
[INFO] [stderr]    Compiling sha2 v0.11.0
[INFO] [stderr]    Compiling anstream v1.0.0
[INFO] [stderr]    Compiling indexmap v2.14.0
[INFO] [stderr]    Compiling html5ever v0.39.0
[INFO] [stderr]    Compiling buffa-codegen v0.6.0
[INFO] [stderr]    Compiling mdbook-markdown v0.5.3
[INFO] [stderr]    Compiling encoding_rs v0.8.35
[INFO] [stderr]    Compiling arraydeque v0.5.1
[INFO] [stderr]    Compiling ego-tree v0.11.0
[INFO] [stderr]    Compiling hex v0.4.3
[INFO] [stderr]    Compiling heck v0.5.0
[INFO] [stderr]    Compiling mdbook-core v0.5.3
[INFO] [stderr]    Compiling handlebars v6.4.1
[INFO] [stderr]    Compiling clap_lex v1.1.0
[INFO] [stderr]    Compiling clap_derive v4.6.1
[INFO] [stderr]    Compiling clap_builder v4.6.0
[INFO] [stderr]    Compiling mdbook-renderer v0.5.3
[INFO] [stderr]    Compiling mdbook-preprocessor v0.5.3
[INFO] [stderr]    Compiling mdbook-summary v0.5.3
[INFO] [stderr]    Compiling encoding_rs_io v0.1.7
[INFO] [stderr]    Compiling granit-parser v0.0.3
[INFO] [stderr]    Compiling mdbook-html v0.5.3
[INFO] [stderr]    Compiling annotate-snippets v0.12.16
[INFO] [stderr]    Compiling same-file v1.0.6
[INFO] [stderr]    Compiling shlex v1.3.0
[INFO] [stderr]    Compiling base64 v0.22.1
[INFO] [stderr]    Compiling buffa-build v0.6.0
[INFO] [stderr]    Compiling topological-sort v0.2.2
[INFO] [stderr]    Compiling nohash-hasher v0.2.0
[INFO] [stderr]    Compiling serde-saphyr v0.0.27
[INFO] [stderr]    Compiling mdbook-driver v0.5.3
[INFO] [stderr]    Compiling walkdir v2.5.0
[INFO] [stderr]    Compiling clap v4.6.1
[INFO] [stderr]    Compiling switchback-avro v0.0.1-0.dev.5
[INFO] [stderr]    Compiling toml_edit v0.25.12+spec-1.1.0
[INFO] [stderr]    Compiling async-trait v0.1.89
[INFO] [stderr]    Compiling switchback-codec-pb v0.0.1-0.dev.5
[INFO] [stderr]    Compiling switchback-protocols v0.0.1-0.dev.5
[INFO] [stderr]    Compiling switchback-mdbook v0.0.1-0.dev.5 (/opt/rustwide/workdir)
[INFO] [stderr]     Finished `dev` profile [unoptimized + debuginfo] target(s) in 2m 17s
[INFO] running `Command { std: "docker" "inspect" "33890ca3ce389ead2f910bc417e469a21db18ddac144d69a8822766601b2a619", kill_on_drop: false }`
[INFO] running `Command { std: "docker" "exec" "-e" "SOURCE_DIR=/opt/rustwide/workdir" "-e" "CARGO_HOME=/opt/rustwide/cargo-home" "-e" "RUSTUP_HOME=/opt/rustwide/rustup-home" "-e" "CARGO_TARGET_DIR=/opt/rustwide/target" "-e" "CARGO_INCREMENTAL=0" "-e" "RUST_BACKTRACE=full" "-e" "RUSTFLAGS=--cap-lints=warn" "-e" "RUSTDOCFLAGS=--cap-lints=warn" "-w" "/opt/rustwide/workdir" "--user" "0:0" "33890ca3ce389ead2f910bc417e469a21db18ddac144d69a8822766601b2a619" "/opt/rustwide/cargo-home/bin/cargo" "+1.99.0-beta.8" "test" "--frozen" "--no-run" "--message-format=json", kill_on_drop: false }`
[INFO] [stderr]    Compiling switchback-mdbook v0.0.1-0.dev.5 (/opt/rustwide/workdir)
[INFO] [stdout] error[E0433]: cannot find module or crate `switchback_protobuf` in this scope
[INFO] [stdout]   --> tests/common/mod.rs:10:5
[INFO] [stdout]    |
[INFO] [stdout] 10 | use switchback_protobuf::examples::{EXAMPLE_PROTO_INPUTS, fixtures_proto_dir};
[INFO] [stdout]    |     ^^^^^^^^^^^^^^^^^^^ use of unresolved module or unlinked crate `switchback_protobuf`
[INFO] [stdout]    |
[INFO] [stdout] help: there is a crate or module with a similar name
[INFO] [stdout]    |
[INFO] [stdout] 10 - use switchback_protobuf::examples::{EXAMPLE_PROTO_INPUTS, fixtures_proto_dir};
[INFO] [stdout] 10 + use switchback_protocols::examples::{EXAMPLE_PROTO_INPUTS, fixtures_proto_dir};
[INFO] [stdout]    |
[INFO] [stdout] 
[INFO] [stdout] 
[INFO] [stdout] error[E0433]: cannot find module or crate `switchback_protobuf` in this scope
[INFO] [stdout]   --> tests/common/mod.rs:11:5
[INFO] [stdout]    |
[INFO] [stdout] 11 | use switchback_protobuf::load::{LoadArgs, ensure_test_proto_deps, load};
[INFO] [stdout]    |     ^^^^^^^^^^^^^^^^^^^ use of unresolved module or unlinked crate `switchback_protobuf`
[INFO] [stdout]    |
[INFO] [stdout] help: there is a crate or module with a similar name
[INFO] [stdout]    |
[INFO] [stdout] 11 - use switchback_protobuf::load::{LoadArgs, ensure_test_proto_deps, load};
[INFO] [stdout] 11 + use switchback_protocols::load::{LoadArgs, ensure_test_proto_deps, load};
[INFO] [stdout]    |
[INFO] [stdout] 
[INFO] [stdout] 
[INFO] [stdout] error[E0433]: cannot find module or crate `switchback_openapi` in this scope
[INFO] [stdout]   --> tests/common/mod.rs:60:9
[INFO] [stdout]    |
[INFO] [stdout] 60 |     use switchback_openapi::examples::{UPSTREAM_LOW_3_1, example_fixture, load_example};
[INFO] [stdout]    |         ^^^^^^^^^^^^^^^^^^ use of unresolved module or unlinked crate `switchback_openapi`
[INFO] [stdout]    |
[INFO] [stdout] help: there is a crate or module with a similar name
[INFO] [stdout]    |
[INFO] [stdout] 60 -     use switchback_openapi::examples::{UPSTREAM_LOW_3_1, example_fixture, load_example};
[INFO] [stdout] 60 +     use switchback_codec_pb::examples::{UPSTREAM_LOW_3_1, example_fixture, load_example};
[INFO] [stdout]    |
[INFO] [stdout] 
[INFO] [stdout] 
[INFO] [stdout] error[E0433]: cannot find module or crate `switchback_asyncapi` in this scope
[INFO] [stdout]   --> tests/common/mod.rs:80:9
[INFO] [stdout]    |
[INFO] [stdout] 80 |     use switchback_asyncapi::examples::{example_fixture, load_example};
[INFO] [stdout]    |         ^^^^^^^^^^^^^^^^^^^ use of unresolved module or unlinked crate `switchback_asyncapi`
[INFO] [stdout]    |
[INFO] [stdout] help: there is a crate or module with a similar name
[INFO] [stdout]    |
[INFO] [stdout] 80 -     use switchback_asyncapi::examples::{example_fixture, load_example};
[INFO] [stdout] 80 +     use switchback_codec_pb::examples::{example_fixture, load_example};
[INFO] [stdout]    |
[INFO] [stdout] 
[INFO] [stdout] 
[INFO] [stdout] error[E0432]: unresolved import `switchback_protobuf`
[INFO] [stdout]  --> tests/common/mod.rs:9:5
[INFO] [stdout]   |
[INFO] [stdout] 9 | use switchback_protobuf::Compiler;
[INFO] [stdout]   |     ^^^^^^^^^^^^^^^^^^^ use of unresolved module or unlinked crate `switchback_protobuf`
[INFO] [stdout]   |
[INFO] [stdout] help: there is a crate or module with a similar name
[INFO] [stdout]   |
[INFO] [stdout] 9 - use switchback_protobuf::Compiler;
[INFO] [stdout] 9 + use switchback_protocols::Compiler;
[INFO] [stdout]   |
[INFO] [stdout] 
[INFO] [stdout] 
[INFO] [stdout] error[E0433]: cannot find module or crate `switchback_openapi` in this scope
[INFO] [stdout]    --> tests/common/mod.rs:129:9
[INFO] [stdout]     |
[INFO] [stdout] 129 |     use switchback_openapi::examples::{EXAMPLE_ACME_INPUTS, MICRO_ACME_ROOT, fixtures_dir};
[INFO] [stdout]     |         ^^^^^^^^^^^^^^^^^^ use of unresolved module or unlinked crate `switchback_openapi`
[INFO] [stdout]     |
[INFO] [stdout] help: there is a crate or module with a similar name
[INFO] [stdout]     |
[INFO] [stdout] 129 -     use switchback_openapi::examples::{EXAMPLE_ACME_INPUTS, MICRO_ACME_ROOT, fixtures_dir};
[INFO] [stdout] 129 +     use switchback_codec_pb::examples::{EXAMPLE_ACME_INPUTS, MICRO_ACME_ROOT, fixtures_dir};
[INFO] [stdout]     |
[INFO] [stdout] 
[INFO] [stdout] 
[INFO] [stdout] error[E0433]: cannot find module or crate `switchback_openapi` in this scope
[INFO] [stdout]    --> tests/common/mod.rs:130:9
[INFO] [stdout]     |
[INFO] [stdout] 130 |     use switchback_openapi::load::LoadArgs as OpenApiLoadArgs;
[INFO] [stdout]     |         ^^^^^^^^^^^^^^^^^^ use of unresolved module or unlinked crate `switchback_openapi`
[INFO] [stdout]     |
[INFO] [stdout] help: there is a crate or module with a similar name
[INFO] [stdout]     |
[INFO] [stdout] 130 -     use switchback_openapi::load::LoadArgs as OpenApiLoadArgs;
[INFO] [stdout] 130 +     use switchback_codec_pb::load::LoadArgs as OpenApiLoadArgs;
[INFO] [stdout]     |
[INFO] [stdout] 
[INFO] [stdout] 
[INFO] [stdout] error[E0433]: cannot find module or crate `switchback_protobuf` in this scope
[INFO] [stdout]    --> tests/common/mod.rs:131:9
[INFO] [stdout]     |
[INFO] [stdout] 131 |     use switchback_protobuf::examples::EXAMPLE_PROTO_INPUTS;
[INFO] [stdout]     |         ^^^^^^^^^^^^^^^^^^^ use of unresolved module or unlinked crate `switchback_protobuf`
[INFO] [stdout]     |
[INFO] [stdout] help: there is a crate or module with a similar name
[INFO] [stdout]     |
[INFO] [stdout] 131 -     use switchback_protobuf::examples::EXAMPLE_PROTO_INPUTS;
[INFO] [stdout] 131 +     use switchback_protocols::examples::EXAMPLE_PROTO_INPUTS;
[INFO] [stdout]     |
[INFO] [stdout] 
[INFO] [stdout] 
[INFO] [stdout] error[E0433]: cannot find module or crate `switchback_protobuf` in this scope
[INFO] [stdout]    --> tests/common/mod.rs:132:9
[INFO] [stdout]     |
[INFO] [stdout] 132 |     use switchback_protobuf::load::LoadArgs as ProtobufLoadArgs;
[INFO] [stdout]     |         ^^^^^^^^^^^^^^^^^^^ use of unresolved module or unlinked crate `switchback_protobuf`
[INFO] [stdout]     |
[INFO] [stdout] help: there is a crate or module with a similar name
[INFO] [stdout]     |
[INFO] [stdout] 132 -     use switchback_protobuf::load::LoadArgs as ProtobufLoadArgs;
[INFO] [stdout] 132 +     use switchback_protocols::load::LoadArgs as ProtobufLoadArgs;
[INFO] [stdout]     |
[INFO] [stdout] 
[INFO] [stdout] 
[INFO] [stdout] error[E0432]: unresolved import `switchback_assemble`
[INFO] [stdout]    --> tests/common/mod.rs:128:9
[INFO] [stdout]     |
[INFO] [stdout] 128 |     use switchback_assemble::{AssembleArgs, GroupPrefixPolicy, assemble_module};
[INFO] [stdout]     |         ^^^^^^^^^^^^^^^^^^^ use of unresolved module or unlinked crate `switchback_assemble`
[INFO] [stdout]     |
[INFO] [stdout]     = help: if you wanted to use a crate named `switchback_assemble`, use `cargo add switchback_assemble` to add it to your `Cargo.toml`
[INFO] [stdout] 
[INFO] [stdout] 
[INFO] [stdout] error[E0433]: cannot find module or crate `switchback_protobuf` in this scope
[INFO] [stdout]   --> tests/common/mod.rs:10:5
[INFO] [stdout]    |
[INFO] [stdout] 10 | use switchback_protobuf::examples::{EXAMPLE_PROTO_INPUTS, fixtures_proto_dir};
[INFO] [stdout]    |     ^^^^^^^^^^^^^^^^^^^ use of unresolved module or unlinked crate `switchback_protobuf`
[INFO] [stdout]    |
[INFO] [stdout] help: there is a crate or module with a similar name
[INFO] [stdout]    |
[INFO] [stdout] 10 - use switchback_protobuf::examples::{EXAMPLE_PROTO_INPUTS, fixtures_proto_dir};
[INFO] [stdout] 10 + use switchback_protocols::examples::{EXAMPLE_PROTO_INPUTS, fixtures_proto_dir};
[INFO] [stdout]    |
[INFO] [stdout] 
[INFO] [stdout] 
[INFO] [stdout] error[E0433]: cannot find module or crate `switchback_protobuf` in this scope
[INFO] [stdout]   --> tests/common/mod.rs:11:5
[INFO] [stdout]    |
[INFO] [stdout] 11 | use switchback_protobuf::load::{LoadArgs, ensure_test_proto_deps, load};
[INFO] [stdout]    |     ^^^^^^^^^^^^^^^^^^^ use of unresolved module or unlinked crate `switchback_protobuf`
[INFO] [stdout]    |
[INFO] [stdout] help: there is a crate or module with a similar name
[INFO] [stdout]    |
[INFO] [stdout] 11 - use switchback_protobuf::load::{LoadArgs, ensure_test_proto_deps, load};
[INFO] [stdout] 11 + use switchback_protocols::load::{LoadArgs, ensure_test_proto_deps, load};
[INFO] [stdout]    |
[INFO] [stdout] 
[INFO] [stdout] 
[INFO] [stdout] error[E0433]: cannot find module or crate `switchback_openapi` in this scope
[INFO] [stdout]   --> tests/common/mod.rs:60:9
[INFO] [stdout]    |
[INFO] [stdout] 60 |     use switchback_openapi::examples::{UPSTREAM_LOW_3_1, example_fixture, load_example};
[INFO] [stdout]    |         ^^^^^^^^^^^^^^^^^^ use of unresolved module or unlinked crate `switchback_openapi`
[INFO] [stdout]    |
[INFO] [stdout] help: there is a crate or module with a similar name
[INFO] [stdout]    |
[INFO] [stdout] 60 -     use switchback_openapi::examples::{UPSTREAM_LOW_3_1, example_fixture, load_example};
[INFO] [stdout] 60 +     use switchback_codec_pb::examples::{UPSTREAM_LOW_3_1, example_fixture, load_example};
[INFO] [stdout]    |
[INFO] [stdout] 
[INFO] [stdout] 
[INFO] [stdout] error[E0433]: cannot find module or crate `switchback_asyncapi` in this scope
[INFO] [stdout]   --> tests/common/mod.rs:80:9
[INFO] [stdout]    |
[INFO] [stdout] 80 |     use switchback_asyncapi::examples::{example_fixture, load_example};
[INFO] [stdout]    |         ^^^^^^^^^^^^^^^^^^^ use of unresolved module or unlinked crate `switchback_asyncapi`
[INFO] [stdout]    |
[INFO] [stdout] help: there is a crate or module with a similar name
[INFO] [stdout]    |
[INFO] [stdout] 80 -     use switchback_asyncapi::examples::{example_fixture, load_example};
[INFO] [stdout] 80 +     use switchback_codec_pb::examples::{example_fixture, load_example};
[INFO] [stdout]    |
[INFO] [stdout] 
[INFO] [stdout] 
[INFO] [stdout] error[E0432]: unresolved import `switchback_protobuf`
[INFO] [stdout]  --> tests/common/mod.rs:9:5
[INFO] [stdout]   |
[INFO] [stdout] 9 | use switchback_protobuf::Compiler;
[INFO] [stdout]   |     ^^^^^^^^^^^^^^^^^^^ use of unresolved module or unlinked crate `switchback_protobuf`
[INFO] [stdout]   |
[INFO] [stdout] help: there is a crate or module with a similar name
[INFO] [stdout]   |
[INFO] [stdout] 9 - use switchback_protobuf::Compiler;
[INFO] [stdout] 9 + use switchback_protocols::Compiler;
[INFO] [stdout]   |
[INFO] [stdout] 
[INFO] [stdout] 
[INFO] [stdout] error[E0433]: cannot find module or crate `switchback_openapi` in this scope
[INFO] [stdout]    --> tests/common/mod.rs:129:9
[INFO] [stdout]     |
[INFO] [stdout] 129 |     use switchback_openapi::examples::{EXAMPLE_ACME_INPUTS, MICRO_ACME_ROOT, fixtures_dir};
[INFO] [stdout]     |         ^^^^^^^^^^^^^^^^^^ use of unresolved module or unlinked crate `switchback_openapi`
[INFO] [stdout]     |
[INFO] [stdout] help: there is a crate or module with a similar name
[INFO] [stdout]     |
[INFO] [stdout] 129 -     use switchback_openapi::examples::{EXAMPLE_ACME_INPUTS, MICRO_ACME_ROOT, fixtures_dir};
[INFO] [stdout] 129 +     use switchback_codec_pb::examples::{EXAMPLE_ACME_INPUTS, MICRO_ACME_ROOT, fixtures_dir};
[INFO] [stdout]     |
[INFO] [stdout] 
[INFO] [stdout] 
[INFO] [stdout] error[E0433]: cannot find module or crate `switchback_openapi` in this scope
[INFO] [stdout]    --> tests/common/mod.rs:130:9
[INFO] [stdout]     |
[INFO] [stdout] 130 |     use switchback_openapi::load::LoadArgs as OpenApiLoadArgs;
[INFO] [stdout]     |         ^^^^^^^^^^^^^^^^^^ use of unresolved module or unlinked crate `switchback_openapi`
[INFO] [stdout]     |
[INFO] [stdout] help: there is a crate or module with a similar name
[INFO] [stdout]     |
[INFO] [stdout] 130 -     use switchback_openapi::load::LoadArgs as OpenApiLoadArgs;
[INFO] [stdout] 130 +     use switchback_codec_pb::load::LoadArgs as OpenApiLoadArgs;
[INFO] [stdout]     |
[INFO] [stdout] 
[INFO] [stdout] 
[INFO] [stdout] error[E0433]: cannot find module or crate `switchback_protobuf` in this scope
[INFO] [stdout]    --> tests/common/mod.rs:131:9
[INFO] [stdout]     |
[INFO] [stdout] 131 |     use switchback_protobuf::examples::EXAMPLE_PROTO_INPUTS;
[INFO] [stdout]     |         ^^^^^^^^^^^^^^^^^^^ use of unresolved module or unlinked crate `switchback_protobuf`
[INFO] [stdout]     |
[INFO] [stdout] help: there is a crate or module with a similar name
[INFO] [stdout]     |
[INFO] [stdout] 131 -     use switchback_protobuf::examples::EXAMPLE_PROTO_INPUTS;
[INFO] [stdout] 131 +     use switchback_protocols::examples::EXAMPLE_PROTO_INPUTS;
[INFO] [stdout]     |
[INFO] [stdout] 
[INFO] [stdout] 
[INFO] [stdout] error[E0433]: cannot find module or crate `switchback_protobuf` in this scope
[INFO] [stdout]    --> tests/common/mod.rs:132:9
[INFO] [stdout]     |
[INFO] [stdout] 132 |     use switchback_protobuf::load::LoadArgs as ProtobufLoadArgs;
[INFO] [stdout]     |         ^^^^^^^^^^^^^^^^^^^ use of unresolved module or unlinked crate `switchback_protobuf`
[INFO] [stdout]     |
[INFO] [stdout] help: there is a crate or module with a similar name
[INFO] [stdout]     |
[INFO] [stdout] 132 -     use switchback_protobuf::load::LoadArgs as ProtobufLoadArgs;
[INFO] [stdout] 132 +     use switchback_protocols::load::LoadArgs as ProtobufLoadArgs;
[INFO] [stdout]     |
[INFO] [stdout] 
[INFO] [stdout] 
[INFO] [stdout] error[E0432]: unresolved import `switchback_assemble`
[INFO] [stdout]    --> tests/common/mod.rs:128:9
[INFO] [stdout]     |
[INFO] [stdout] 128 |     use switchback_assemble::{AssembleArgs, GroupPrefixPolicy, assemble_module};
[INFO] [stdout]     |         ^^^^^^^^^^^^^^^^^^^ use of unresolved module or unlinked crate `switchback_assemble`
[INFO] [stdout]     |
[INFO] [stdout]     = help: if you wanted to use a crate named `switchback_assemble`, use `cargo add switchback_assemble` to add it to your `Cargo.toml`
[INFO] [stdout] 
[INFO] [stdout] 
[INFO] [stdout] error[E0433]: cannot find module or crate `switchback_protobuf` in this scope
[INFO] [stdout]   --> tests/common/mod.rs:10:5
[INFO] [stdout]    |
[INFO] [stdout] 10 | use switchback_protobuf::examples::{EXAMPLE_PROTO_INPUTS, fixtures_proto_dir};
[INFO] [stdout]    |     ^^^^^^^^^^^^^^^^^^^ use of unresolved module or unlinked crate `switchback_protobuf`
[INFO] [stdout]    |
[INFO] [stdout] help: there is a crate or module with a similar name
[INFO] [stdout]    |
[INFO] [stdout] 10 - use switchback_protobuf::examples::{EXAMPLE_PROTO_INPUTS, fixtures_proto_dir};
[INFO] [stdout] 10 + use switchback_protocols::examples::{EXAMPLE_PROTO_INPUTS, fixtures_proto_dir};
[INFO] [stdout]    |
[INFO] [stdout] 
[INFO] [stdout] 
[INFO] [stdout] error[E0433]: cannot find module or crate `switchback_protobuf` in this scope
[INFO] [stdout]   --> tests/common/mod.rs:11:5
[INFO] [stdout]    |
[INFO] [stdout] 11 | use switchback_protobuf::load::{LoadArgs, ensure_test_proto_deps, load};
[INFO] [stdout]    |     ^^^^^^^^^^^^^^^^^^^ use of unresolved module or unlinked crate `switchback_protobuf`
[INFO] [stdout]    |
[INFO] [stdout] help: there is a crate or module with a similar name
[INFO] [stdout]    |
[INFO] [stdout] 11 - use switchback_protobuf::load::{LoadArgs, ensure_test_proto_deps, load};
[INFO] [stdout] 11 + use switchback_protocols::load::{LoadArgs, ensure_test_proto_deps, load};
[INFO] [stdout]    |
[INFO] [stdout] 
[INFO] [stdout] 
[INFO] [stdout] error[E0433]: cannot find module or crate `switchback_openapi` in this scope
[INFO] [stdout]   --> tests/common/mod.rs:60:9
[INFO] [stdout]    |
[INFO] [stdout] 60 |     use switchback_openapi::examples::{UPSTREAM_LOW_3_1, example_fixture, load_example};
[INFO] [stdout]    |         ^^^^^^^^^^^^^^^^^^ use of unresolved module or unlinked crate `switchback_openapi`
[INFO] [stdout]    |
[INFO] [stdout] help: there is a crate or module with a similar name
[INFO] [stdout]    |
[INFO] [stdout] 60 -     use switchback_openapi::examples::{UPSTREAM_LOW_3_1, example_fixture, load_example};
[INFO] [stdout] 60 +     use switchback_codec_pb::examples::{UPSTREAM_LOW_3_1, example_fixture, load_example};
[INFO] [stdout]    |
[INFO] [stdout] 
[INFO] [stdout] 
[INFO] [stdout] error[E0433]: cannot find module or crate `switchback_asyncapi` in this scope
[INFO] [stdout]   --> tests/common/mod.rs:80:9
[INFO] [stdout]    |
[INFO] [stdout] 80 |     use switchback_asyncapi::examples::{example_fixture, load_example};
[INFO] [stdout]    |         ^^^^^^^^^^^^^^^^^^^ use of unresolved module or unlinked crate `switchback_asyncapi`
[INFO] [stdout]    |
[INFO] [stdout] help: there is a crate or module with a similar name
[INFO] [stdout]    |
[INFO] [stdout] 80 -     use switchback_asyncapi::examples::{example_fixture, load_example};
[INFO] [stdout] 80 +     use switchback_codec_pb::examples::{example_fixture, load_example};
[INFO] [stdout]    |
[INFO] [stdout] 
[INFO] [stdout] 
[INFO] [stdout] error[E0432]: unresolved import `switchback_protobuf`
[INFO] [stdout]  --> tests/common/mod.rs:9:5
[INFO] [stdout]   |
[INFO] [stdout] 9 | use switchback_protobuf::Compiler;
[INFO] [stdout]   |     ^^^^^^^^^^^^^^^^^^^ use of unresolved module or unlinked crate `switchback_protobuf`
[INFO] [stdout]   |
[INFO] [stdout] help: there is a crate or module with a similar name
[INFO] [stdout]   |
[INFO] [stdout] 9 - use switchback_protobuf::Compiler;
[INFO] [stdout] 9 + use switchback_protocols::Compiler;
[INFO] [stdout]   |
[INFO] [stdout] 
[INFO] [stdout] 
[INFO] [stdout] error[E0433]: cannot find module or crate `switchback_openapi` in this scope
[INFO] [stdout]    --> tests/common/mod.rs:129:9
[INFO] [stdout]     |
[INFO] [stdout] 129 |     use switchback_openapi::examples::{EXAMPLE_ACME_INPUTS, MICRO_ACME_ROOT, fixtures_dir};
[INFO] [stdout]     |         ^^^^^^^^^^^^^^^^^^ use of unresolved module or unlinked crate `switchback_openapi`
[INFO] [stdout]     |
[INFO] [stdout] help: there is a crate or module with a similar name
[INFO] [stdout]     |
[INFO] [stdout] 129 -     use switchback_openapi::examples::{EXAMPLE_ACME_INPUTS, MICRO_ACME_ROOT, fixtures_dir};
[INFO] [stdout] 129 +     use switchback_codec_pb::examples::{EXAMPLE_ACME_INPUTS, MICRO_ACME_ROOT, fixtures_dir};
[INFO] [stdout]     |
[INFO] [stdout] 
[INFO] [stdout] 
[INFO] [stdout] error[E0433]: cannot find module or crate `switchback_openapi` in this scope
[INFO] [stdout]    --> tests/common/mod.rs:130:9
[INFO] [stdout]     |
[INFO] [stdout] 130 |     use switchback_openapi::load::LoadArgs as OpenApiLoadArgs;
[INFO] [stdout]     |         ^^^^^^^^^^^^^^^^^^ use of unresolved module or unlinked crate `switchback_openapi`
[INFO] [stdout]     |
[INFO] [stdout] help: there is a crate or module with a similar name
[INFO] [stdout]     |
[INFO] [stdout] 130 -     use switchback_openapi::load::LoadArgs as OpenApiLoadArgs;
[INFO] [stdout] 130 +     use switchback_codec_pb::load::LoadArgs as OpenApiLoadArgs;
[INFO] [stdout]     |
[INFO] [stdout] 
[INFO] [stdout] 
[INFO] [stdout] error[E0433]: cannot find module or crate `switchback_protobuf` in this scope
[INFO] [stdout]    --> tests/common/mod.rs:131:9
[INFO] [stdout]     |
[INFO] [stdout] 131 |     use switchback_protobuf::examples::EXAMPLE_PROTO_INPUTS;
[INFO] [stdout]     |         ^^^^^^^^^^^^^^^^^^^ use of unresolved module or unlinked crate `switchback_protobuf`
[INFO] [stdout]     |
[INFO] [stdout] help: there is a crate or module with a similar name
[INFO] [stdout]     |
[INFO] [stdout] 131 -     use switchback_protobuf::examples::EXAMPLE_PROTO_INPUTS;
[INFO] [stdout] 131 +     use switchback_protocols::examples::EXAMPLE_PROTO_INPUTS;
[INFO] [stdout]     |
[INFO] [stdout] 
[INFO] [stdout] 
[INFO] [stdout] error[E0433]: cannot find module or crate `switchback_protobuf` in this scope
[INFO] [stdout]    --> tests/common/mod.rs:132:9
[INFO] [stdout]     |
[INFO] [stdout] 132 |     use switchback_protobuf::load::LoadArgs as ProtobufLoadArgs;
[INFO] [stdout]     |         ^^^^^^^^^^^^^^^^^^^ use of unresolved module or unlinked crate `switchback_protobuf`
[INFO] [stdout]     |
[INFO] [stdout] help: there is a crate or module with a similar name
[INFO] [stdout]     |
[INFO] [stdout] 132 -     use switchback_protobuf::load::LoadArgs as ProtobufLoadArgs;
[INFO] [stdout] 132 +     use switchback_protocols::load::LoadArgs as ProtobufLoadArgs;
[INFO] [stdout]     |
[INFO] [stdout] 
[INFO] [stdout] 
[INFO] [stdout] error[E0432]: unresolved import `switchback_assemble`
[INFO] [stdout]    --> tests/common/mod.rs:128:9
[INFO] [stdout]     |
[INFO] [stdout] 128 |     use switchback_assemble::{AssembleArgs, GroupPrefixPolicy, assemble_module};
[INFO] [stdout]     |         ^^^^^^^^^^^^^^^^^^^ use of unresolved module or unlinked crate `switchback_assemble`
[INFO] [stdout]     |
[INFO] [stdout]     = help: if you wanted to use a crate named `switchback_assemble`, use `cargo add switchback_assemble` to add it to your `Cargo.toml`
[INFO] [stdout] 
[INFO] [stdout] 
[INFO] [stdout] error[E0433]: cannot find module or crate `switchback_openapi` in this scope
[INFO] [stdout]   --> tests/common/mod.rs:68:5
[INFO] [stdout]    |
[INFO] [stdout] 68 |     switchback_openapi::load_acme_example().expect("load acme-api")
[INFO] [stdout]    |     ^^^^^^^^^^^^^^^^^^ use of unresolved module or unlinked crate `switchback_openapi`
[INFO] [stdout]    |
[INFO] [stdout] help: there is a crate or module with a similar name
[INFO] [stdout]    |
[INFO] [stdout] 68 -     switchback_openapi::load_acme_example().expect("load acme-api")
[INFO] [stdout] 68 +     switchback_codec_pb::load_acme_example().expect("load acme-api")
[INFO] [stdout]    |
[INFO] [stdout] 
[INFO] [stdout] 
[INFO] [stdout] error[E0433]: cannot find module or crate `switchback_asyncapi` in this scope
[INFO] [stdout]   --> tests/common/mod.rs:72:5
[INFO] [stdout]    |
[INFO] [stdout] 72 |     switchback_asyncapi::load_acme_example().expect("load acme events")
[INFO] [stdout]    |     ^^^^^^^^^^^^^^^^^^^ use of unresolved module or unlinked crate `switchback_asyncapi`
[INFO] [stdout]    |
[INFO] [stdout] help: there is a crate or module with a similar name
[INFO] [stdout]    |
[INFO] [stdout] 72 -     switchback_asyncapi::load_acme_example().expect("load acme events")
[INFO] [stdout] 72 +     switchback_codec_pb::load_acme_example().expect("load acme events")
[INFO] [stdout]    |
[INFO] [stdout] 
[INFO] [stdout] 
[INFO] [stdout] error[E0433]: cannot find module or crate `switchback_openrpc` in this scope
[INFO] [stdout]   --> tests/common/mod.rs:76:5
[INFO] [stdout]    |
[INFO] [stdout] 76 |     switchback_openrpc::load_acme_example().expect("load acme json-rpc")
[INFO] [stdout]    |     ^^^^^^^^^^^^^^^^^^ use of unresolved module or unlinked crate `switchback_openrpc`
[INFO] [stdout]    |
[INFO] [stdout] help: there is a crate or module with a similar name
[INFO] [stdout]    |
[INFO] [stdout] 76 -     switchback_openrpc::load_acme_example().expect("load acme json-rpc")
[INFO] [stdout] 76 +     switchback_codec_pb::load_acme_example().expect("load acme json-rpc")
[INFO] [stdout]    |
[INFO] [stdout] 
[INFO] [stdout] 
[INFO] [stdout] error[E0433]: cannot find module or crate `switchback_protobuf` in this scope
[INFO] [stdout]   --> tests/common/mod.rs:10:5
[INFO] [stdout]    |
[INFO] [stdout] 10 | use switchback_protobuf::examples::{EXAMPLE_PROTO_INPUTS, fixtures_proto_dir};
[INFO] [stdout]    |     ^^^^^^^^^^^^^^^^^^^ use of unresolved module or unlinked crate `switchback_protobuf`
[INFO] [stdout]    |
[INFO] [stdout] help: there is a crate or module with a similar name
[INFO] [stdout]    |
[INFO] [stdout] 10 - use switchback_protobuf::examples::{EXAMPLE_PROTO_INPUTS, fixtures_proto_dir};
[INFO] [stdout] 10 + use switchback_protocols::examples::{EXAMPLE_PROTO_INPUTS, fixtures_proto_dir};
[INFO] [stdout]    |
[INFO] [stdout] 
[INFO] [stdout] 
[INFO] [stdout] error[E0433]: cannot find module or crate `switchback_protobuf` in this scope
[INFO] [stdout]   --> tests/common/mod.rs:11:5
[INFO] [stdout]    |
[INFO] [stdout] 11 | use switchback_protobuf::load::{LoadArgs, ensure_test_proto_deps, load};
[INFO] [stdout]    |     ^^^^^^^^^^^^^^^^^^^ use of unresolved module or unlinked crate `switchback_protobuf`
[INFO] [stdout]    |
[INFO] [stdout] help: there is a crate or module with a similar name
[INFO] [stdout]    |
[INFO] [stdout] 11 - use switchback_protobuf::load::{LoadArgs, ensure_test_proto_deps, load};
[INFO] [stdout] 11 + use switchback_protocols::load::{LoadArgs, ensure_test_proto_deps, load};
[INFO] [stdout]    |
[INFO] [stdout] 
[INFO] [stdout] 
[INFO] [stdout] error[E0433]: cannot find module or crate `switchback_openapi` in this scope
[INFO] [stdout]   --> tests/common/mod.rs:60:9
[INFO] [stdout]    |
[INFO] [stdout] 60 |     use switchback_openapi::examples::{UPSTREAM_LOW_3_1, example_fixture, load_example};
[INFO] [stdout]    |         ^^^^^^^^^^^^^^^^^^ use of unresolved module or unlinked crate `switchback_openapi`
[INFO] [stdout]    |
[INFO] [stdout] help: there is a crate or module with a similar name
[INFO] [stdout]    |
[INFO] [stdout] 60 -     use switchback_openapi::examples::{UPSTREAM_LOW_3_1, example_fixture, load_example};
[INFO] [stdout] 60 +     use switchback_codec_pb::examples::{UPSTREAM_LOW_3_1, example_fixture, load_example};
[INFO] [stdout]    |
[INFO] [stdout] 
[INFO] [stdout] 
[INFO] [stdout] error[E0433]: cannot find module or crate `switchback_asyncapi` in this scope
[INFO] [stdout]   --> tests/common/mod.rs:80:9
[INFO] [stdout]    |
[INFO] [stdout] 80 |     use switchback_asyncapi::examples::{example_fixture, load_example};
[INFO] [stdout]    |         ^^^^^^^^^^^^^^^^^^^ use of unresolved module or unlinked crate `switchback_asyncapi`
[INFO] [stdout]    |
[INFO] [stdout] help: there is a crate or module with a similar name
[INFO] [stdout]    |
[INFO] [stdout] 80 -     use switchback_asyncapi::examples::{example_fixture, load_example};
[INFO] [stdout] 80 +     use switchback_codec_pb::examples::{example_fixture, load_example};
[INFO] [stdout]    |
[INFO] [stdout] 
[INFO] [stdout] 
[INFO] [stdout] error[E0432]: unresolved import `switchback_protobuf`
[INFO] [stdout]  --> tests/common/mod.rs:9:5
[INFO] [stdout]   |
[INFO] [stdout] 9 | use switchback_protobuf::Compiler;
[INFO] [stdout]   |     ^^^^^^^^^^^^^^^^^^^ use of unresolved module or unlinked crate `switchback_protobuf`
[INFO] [stdout]   |
[INFO] [stdout] help: there is a crate or module with a similar name
[INFO] [stdout]   |
[INFO] [stdout] 9 - use switchback_protobuf::Compiler;
[INFO] [stdout] 9 + use switchback_protocols::Compiler;
[INFO] [stdout]   |
[INFO] [stdout] 
[INFO] [stdout] 
[INFO] [stdout] error[E0433]: cannot find module or crate `switchback_openapi` in this scope
[INFO] [stdout]    --> tests/common/mod.rs:129:9
[INFO] [stdout]     |
[INFO] [stdout] 129 |     use switchback_openapi::examples::{EXAMPLE_ACME_INPUTS, MICRO_ACME_ROOT, fixtures_dir};
[INFO] [stdout]     |         ^^^^^^^^^^^^^^^^^^ use of unresolved module or unlinked crate `switchback_openapi`
[INFO] [stdout]     |
[INFO] [stdout] help: there is a crate or module with a similar name
[INFO] [stdout]     |
[INFO] [stdout] 129 -     use switchback_openapi::examples::{EXAMPLE_ACME_INPUTS, MICRO_ACME_ROOT, fixtures_dir};
[INFO] [stdout] 129 +     use switchback_codec_pb::examples::{EXAMPLE_ACME_INPUTS, MICRO_ACME_ROOT, fixtures_dir};
[INFO] [stdout]     |
[INFO] [stdout] 
[INFO] [stdout] 
[INFO] [stdout] error[E0433]: cannot find module or crate `switchback_openapi` in this scope
[INFO] [stdout]    --> tests/common/mod.rs:130:9
[INFO] [stdout]     |
[INFO] [stdout] 130 |     use switchback_openapi::load::LoadArgs as OpenApiLoadArgs;
[INFO] [stdout]     |         ^^^^^^^^^^^^^^^^^^ use of unresolved module or unlinked crate `switchback_openapi`
[INFO] [stdout]     |
[INFO] [stdout] help: there is a crate or module with a similar name
[INFO] [stdout]     |
[INFO] [stdout] 130 -     use switchback_openapi::load::LoadArgs as OpenApiLoadArgs;
[INFO] [stdout] 130 +     use switchback_codec_pb::load::LoadArgs as OpenApiLoadArgs;
[INFO] [stdout]     |
[INFO] [stdout] 
[INFO] [stdout] 
[INFO] [stdout] error[E0433]: cannot find module or crate `switchback_protobuf` in this scope
[INFO] [stdout]    --> tests/common/mod.rs:131:9
[INFO] [stdout]     |
[INFO] [stdout] 131 |     use switchback_protobuf::examples::EXAMPLE_PROTO_INPUTS;
[INFO] [stdout]     |         ^^^^^^^^^^^^^^^^^^^ use of unresolved module or unlinked crate `switchback_protobuf`
[INFO] [stdout]     |
[INFO] [stdout] help: there is a crate or module with a similar name
[INFO] [stdout]     |
[INFO] [stdout] 131 -     use switchback_protobuf::examples::EXAMPLE_PROTO_INPUTS;
[INFO] [stdout] 131 +     use switchback_protocols::examples::EXAMPLE_PROTO_INPUTS;
[INFO] [stdout]     |
[INFO] [stdout] 
[INFO] [stdout] 
[INFO] [stdout] error[E0433]: cannot find module or crate `switchback_protobuf` in this scope
[INFO] [stdout]    --> tests/common/mod.rs:132:9
[INFO] [stdout]     |
[INFO] [stdout] 132 |     use switchback_protobuf::load::LoadArgs as ProtobufLoadArgs;
[INFO] [stdout]     |         ^^^^^^^^^^^^^^^^^^^ use of unresolved module or unlinked crate `switchback_protobuf`
[INFO] [stdout]     |
[INFO] [stdout] help: there is a crate or module with a similar name
[INFO] [stdout]     |
[INFO] [stdout] 132 -     use switchback_protobuf::load::LoadArgs as ProtobufLoadArgs;
[INFO] [stdout] 132 +     use switchback_protocols::load::LoadArgs as ProtobufLoadArgs;
[INFO] [stdout]     |
[INFO] [stdout] 
[INFO] [stdout] 
[INFO] [stdout] error[E0432]: unresolved import `switchback_assemble`
[INFO] [stdout]    --> tests/common/mod.rs:128:9
[INFO] [stdout]     |
[INFO] [stdout] 128 |     use switchback_assemble::{AssembleArgs, GroupPrefixPolicy, assemble_module};
[INFO] [stdout]     |         ^^^^^^^^^^^^^^^^^^^ use of unresolved module or unlinked crate `switchback_assemble`
[INFO] [stdout]     |
[INFO] [stdout]     = help: if you wanted to use a crate named `switchback_assemble`, use `cargo add switchback_assemble` to add it to your `Cargo.toml`
[INFO] [stdout] 
[INFO] [stdout] 
[INFO] [stdout] error[E0433]: cannot find module or crate `switchback_protobuf` in this scope
[INFO] [stdout]   --> tests/common/mod.rs:10:5
[INFO] [stdout]    |
[INFO] [stdout] 10 | use switchback_protobuf::examples::{EXAMPLE_PROTO_INPUTS, fixtures_proto_dir};
[INFO] [stdout]    |     ^^^^^^^^^^^^^^^^^^^ use of unresolved module or unlinked crate `switchback_protobuf`
[INFO] [stdout]    |
[INFO] [stdout] help: there is a crate or module with a similar name
[INFO] [stdout]    |
[INFO] [stdout] 10 - use switchback_protobuf::examples::{EXAMPLE_PROTO_INPUTS, fixtures_proto_dir};
[INFO] [stdout] 10 + use switchback_protocols::examples::{EXAMPLE_PROTO_INPUTS, fixtures_proto_dir};
[INFO] [stdout]    |
[INFO] [stdout] 
[INFO] [stdout] 
[INFO] [stdout] error[E0433]: cannot find module or crate `switchback_protobuf` in this scope
[INFO] [stdout]   --> tests/common/mod.rs:11:5
[INFO] [stdout]    |
[INFO] [stdout] 11 | use switchback_protobuf::load::{LoadArgs, ensure_test_proto_deps, load};
[INFO] [stdout]    |     ^^^^^^^^^^^^^^^^^^^ use of unresolved module or unlinked crate `switchback_protobuf`
[INFO] [stdout]    |
[INFO] [stdout] help: there is a crate or module with a similar name
[INFO] [stdout]    |
[INFO] [stdout] 11 - use switchback_protobuf::load::{LoadArgs, ensure_test_proto_deps, load};
[INFO] [stdout] 11 + use switchback_protocols::load::{LoadArgs, ensure_test_proto_deps, load};
[INFO] [stdout]    |
[INFO] [stdout] 
[INFO] [stdout] 
[INFO] [stdout] error[E0433]: cannot find module or crate `switchback_openapi` in this scope
[INFO] [stdout]   --> tests/common/mod.rs:60:9
[INFO] [stdout]    |
[INFO] [stdout] 60 |     use switchback_openapi::examples::{UPSTREAM_LOW_3_1, example_fixture, load_example};
[INFO] [stdout]    |         ^^^^^^^^^^^^^^^^^^ use of unresolved module or unlinked crate `switchback_openapi`
[INFO] [stdout]    |
[INFO] [stdout] help: there is a crate or module with a similar name
[INFO] [stdout]    |
[INFO] [stdout] 60 -     use switchback_openapi::examples::{UPSTREAM_LOW_3_1, example_fixture, load_example};
[INFO] [stdout] 60 +     use switchback_codec_pb::examples::{UPSTREAM_LOW_3_1, example_fixture, load_example};
[INFO] [stdout]    |
[INFO] [stdout] 
[INFO] [stdout] 
[INFO] [stdout] error[E0433]: cannot find module or crate `switchback_asyncapi` in this scope
[INFO] [stdout]   --> tests/common/mod.rs:80:9
[INFO] [stdout]    |
[INFO] [stdout] 80 |     use switchback_asyncapi::examples::{example_fixture, load_example};
[INFO] [stdout]    |         ^^^^^^^^^^^^^^^^^^^ use of unresolved module or unlinked crate `switchback_asyncapi`
[INFO] [stdout]    |
[INFO] [stdout] help: there is a crate or module with a similar name
[INFO] [stdout]    |
[INFO] [stdout] 80 -     use switchback_asyncapi::examples::{example_fixture, load_example};
[INFO] [stdout] 80 +     use switchback_codec_pb::examples::{example_fixture, load_example};
[INFO] [stdout]    |
[INFO] [stdout] 
[INFO] [stdout] 
[INFO] [stdout] error[E0432]: unresolved import `switchback_protobuf`
[INFO] [stdout]  --> tests/common/mod.rs:9:5
[INFO] [stdout]   |
[INFO] [stdout] 9 | use switchback_protobuf::Compiler;
[INFO] [stdout]   |     ^^^^^^^^^^^^^^^^^^^ use of unresolved module or unlinked crate `switchback_protobuf`
[INFO] [stdout]   |
[INFO] [stdout] help: there is a crate or module with a similar name
[INFO] [stdout]   |
[INFO] [stdout] 9 - use switchback_protobuf::Compiler;
[INFO] [stdout] 9 + use switchback_protocols::Compiler;
[INFO] [stdout]   |
[INFO] [stdout] 
[INFO] [stdout] 
[INFO] [stdout] error[E0433]: cannot find module or crate `switchback_openapi` in this scope
[INFO] [stdout]    --> tests/common/mod.rs:129:9
[INFO] [stdout]     |
[INFO] [stdout] 129 |     use switchback_openapi::examples::{EXAMPLE_ACME_INPUTS, MICRO_ACME_ROOT, fixtures_dir};
[INFO] [stdout]     |         ^^^^^^^^^^^^^^^^^^ use of unresolved module or unlinked crate `switchback_openapi`
[INFO] [stdout]     |
[INFO] [stdout] help: there is a crate or module with a similar name
[INFO] [stdout]     |
[INFO] [stdout] 129 -     use switchback_openapi::examples::{EXAMPLE_ACME_INPUTS, MICRO_ACME_ROOT, fixtures_dir};
[INFO] [stdout] 129 +     use switchback_codec_pb::examples::{EXAMPLE_ACME_INPUTS, MICRO_ACME_ROOT, fixtures_dir};
[INFO] [stdout]     |
[INFO] [stdout] 
[INFO] [stdout] 
[INFO] [stdout] error[E0433]: cannot find module or crate `switchback_openapi` in this scope
[INFO] [stdout]    --> tests/common/mod.rs:130:9
[INFO] [stdout]     |
[INFO] [stdout] 130 |     use switchback_openapi::load::LoadArgs as OpenApiLoadArgs;
[INFO] [stdout]     |         ^^^^^^^^^^^^^^^^^^ use of unresolved module or unlinked crate `switchback_openapi`
[INFO] [stdout]     |
[INFO] [stdout] help: there is a crate or module with a similar name
[INFO] [stdout]     |
[INFO] [stdout] 130 -     use switchback_openapi::load::LoadArgs as OpenApiLoadArgs;
[INFO] [stdout] 130 +     use switchback_codec_pb::load::LoadArgs as OpenApiLoadArgs;
[INFO] [stdout]     |
[INFO] [stdout] 
[INFO] [stdout] 
[INFO] [stdout] error[E0433]: cannot find module or crate `switchback_protobuf` in this scope
[INFO] [stdout]    --> tests/common/mod.rs:131:9
[INFO] [stdout]     |
[INFO] [stdout] 131 |     use switchback_protobuf::examples::EXAMPLE_PROTO_INPUTS;
[INFO] [stdout]     |         ^^^^^^^^^^^^^^^^^^^ use of unresolved module or unlinked crate `switchback_protobuf`
[INFO] [stdout]     |
[INFO] [stdout] help: there is a crate or module with a similar name
[INFO] [stdout]     |
[INFO] [stdout] 131 -     use switchback_protobuf::examples::EXAMPLE_PROTO_INPUTS;
[INFO] [stdout] 131 +     use switchback_protocols::examples::EXAMPLE_PROTO_INPUTS;
[INFO] [stdout]     |
[INFO] [stdout] 
[INFO] [stdout] 
[INFO] [stdout] error[E0433]: cannot find module or crate `switchback_protobuf` in this scope
[INFO] [stdout]    --> tests/common/mod.rs:132:9
[INFO] [stdout]     |
[INFO] [stdout] 132 |     use switchback_protobuf::load::LoadArgs as ProtobufLoadArgs;
[INFO] [stdout]     |         ^^^^^^^^^^^^^^^^^^^ use of unresolved module or unlinked crate `switchback_protobuf`
[INFO] [stdout]     |
[INFO] [stdout] help: there is a crate or module with a similar name
[INFO] [stdout]     |
[INFO] [stdout] 132 -     use switchback_protobuf::load::LoadArgs as ProtobufLoadArgs;
[INFO] [stdout] 132 +     use switchback_protocols::load::LoadArgs as ProtobufLoadArgs;
[INFO] [stdout]     |
[INFO] [stdout] 
[INFO] [stdout] 
[INFO] [stdout] error[E0432]: unresolved import `switchback_assemble`
[INFO] [stdout]    --> tests/common/mod.rs:128:9
[INFO] [stdout]     |
[INFO] [stdout] 128 |     use switchback_assemble::{AssembleArgs, GroupPrefixPolicy, assemble_module};
[INFO] [stdout]     |         ^^^^^^^^^^^^^^^^^^^ use of unresolved module or unlinked crate `switchback_assemble`
[INFO] [stdout]     |
[INFO] [stdout]     = help: if you wanted to use a crate named `switchback_assemble`, use `cargo add switchback_assemble` to add it to your `Cargo.toml`
[INFO] [stdout] 
[INFO] [stdout] 
[INFO] [stdout] error[E0433]: cannot find module or crate `switchback_protobuf` in this scope
[INFO] [stdout]   --> tests/common/mod.rs:10:5
[INFO] [stdout]    |
[INFO] [stdout] 10 | use switchback_protobuf::examples::{EXAMPLE_PROTO_INPUTS, fixtures_proto_dir};
[INFO] [stdout]    |     ^^^^^^^^^^^^^^^^^^^ use of unresolved module or unlinked crate `switchback_protobuf`
[INFO] [stdout]    |
[INFO] [stdout] help: there is a crate or module with a similar name
[INFO] [stdout]    |
[INFO] [stdout] 10 - use switchback_protobuf::examples::{EXAMPLE_PROTO_INPUTS, fixtures_proto_dir};
[INFO] [stdout] 10 + use switchback_protocols::examples::{EXAMPLE_PROTO_INPUTS, fixtures_proto_dir};
[INFO] [stdout]    |
[INFO] [stdout] 
[INFO] [stdout] 
[INFO] [stdout] error[E0433]: cannot find module or crate `switchback_protobuf` in this scope
[INFO] [stdout]   --> tests/common/mod.rs:11:5
[INFO] [stdout]    |
[INFO] [stdout] 11 | use switchback_protobuf::load::{LoadArgs, ensure_test_proto_deps, load};
[INFO] [stdout]    |     ^^^^^^^^^^^^^^^^^^^ use of unresolved module or unlinked crate `switchback_protobuf`
[INFO] [stdout]    |
[INFO] [stdout] help: there is a crate or module with a similar name
[INFO] [stdout]    |
[INFO] [stdout] 11 - use switchback_protobuf::load::{LoadArgs, ensure_test_proto_deps, load};
[INFO] [stdout] 11 + use switchback_protocols::load::{LoadArgs, ensure_test_proto_deps, load};
[INFO] [stdout]    |
[INFO] [stdout] 
[INFO] [stdout] 
[INFO] [stdout] error[E0433]: cannot find module or crate `switchback_openapi` in this scope
[INFO] [stdout]   --> tests/common/mod.rs:60:9
[INFO] [stdout]    |
[INFO] [stdout] 60 |     use switchback_openapi::examples::{UPSTREAM_LOW_3_1, example_fixture, load_example};
[INFO] [stdout]    |         ^^^^^^^^^^^^^^^^^^ use of unresolved module or unlinked crate `switchback_openapi`
[INFO] [stdout]    |
[INFO] [stdout] help: there is a crate or module with a similar name
[INFO] [stdout]    |
[INFO] [stdout] 60 -     use switchback_openapi::examples::{UPSTREAM_LOW_3_1, example_fixture, load_example};
[INFO] [stdout] 60 +     use switchback_codec_pb::examples::{UPSTREAM_LOW_3_1, example_fixture, load_example};
[INFO] [stdout]    |
[INFO] [stdout] 
[INFO] [stdout] 
[INFO] [stdout] error[E0433]: cannot find module or crate `switchback_asyncapi` in this scope
[INFO] [stdout]   --> tests/common/mod.rs:80:9
[INFO] [stdout]    |
[INFO] [stdout] 80 |     use switchback_asyncapi::examples::{example_fixture, load_example};
[INFO] [stdout]    |         ^^^^^^^^^^^^^^^^^^^ use of unresolved module or unlinked crate `switchback_asyncapi`
[INFO] [stdout]    |
[INFO] [stdout] help: there is a crate or module with a similar name
[INFO] [stdout]    |
[INFO] [stdout] 80 -     use switchback_asyncapi::examples::{example_fixture, load_example};
[INFO] [stdout] 80 +     use switchback_codec_pb::examples::{example_fixture, load_example};
[INFO] [stdout]    |
[INFO] [stdout] 
[INFO] [stdout] 
[INFO] [stdout] error[E0432]: unresolved import `switchback_protobuf`
[INFO] [stdout]  --> tests/common/mod.rs:9:5
[INFO] [stdout]   |
[INFO] [stdout] 9 | use switchback_protobuf::Compiler;
[INFO] [stdout]   |     ^^^^^^^^^^^^^^^^^^^ use of unresolved module or unlinked crate `switchback_protobuf`
[INFO] [stdout]   |
[INFO] [stdout] help: there is a crate or module with a similar name
[INFO] [stdout]   |
[INFO] [stdout] 9 - use switchback_protobuf::Compiler;
[INFO] [stdout] 9 + use switchback_protocols::Compiler;
[INFO] [stdout]   |
[INFO] [stdout] 
[INFO] [stdout] 
[INFO] [stdout] error[E0433]: cannot find module or crate `switchback_openapi` in this scope
[INFO] [stdout]    --> tests/common/mod.rs:129:9
[INFO] [stdout]     |
[INFO] [stdout] 129 |     use switchback_openapi::examples::{EXAMPLE_ACME_INPUTS, MICRO_ACME_ROOT, fixtures_dir};
[INFO] [stdout]     |         ^^^^^^^^^^^^^^^^^^ use of unresolved module or unlinked crate `switchback_openapi`
[INFO] [stdout]     |
[INFO] [stdout] help: there is a crate or module with a similar name
[INFO] [stdout]     |
[INFO] [stdout] 129 -     use switchback_openapi::examples::{EXAMPLE_ACME_INPUTS, MICRO_ACME_ROOT, fixtures_dir};
[INFO] [stdout] 129 +     use switchback_codec_pb::examples::{EXAMPLE_ACME_INPUTS, MICRO_ACME_ROOT, fixtures_dir};
[INFO] [stdout]     |
[INFO] [stdout] 
[INFO] [stdout] 
[INFO] [stdout] error[E0433]: cannot find module or crate `switchback_openapi` in this scope
[INFO] [stdout]    --> tests/common/mod.rs:130:9
[INFO] [stdout]     |
[INFO] [stdout] 130 |     use switchback_openapi::load::LoadArgs as OpenApiLoadArgs;
[INFO] [stdout]     |         ^^^^^^^^^^^^^^^^^^ use of unresolved module or unlinked crate `switchback_openapi`
[INFO] [stdout]     |
[INFO] [stdout] help: there is a crate or module with a similar name
[INFO] [stdout]     |
[INFO] [stdout] 130 -     use switchback_openapi::load::LoadArgs as OpenApiLoadArgs;
[INFO] [stdout] 130 +     use switchback_codec_pb::load::LoadArgs as OpenApiLoadArgs;
[INFO] [stdout]     |
[INFO] [stdout] 
[INFO] [stdout] 
[INFO] [stdout] error[E0433]: cannot find module or crate `switchback_protobuf` in this scope
[INFO] [stdout]    --> tests/common/mod.rs:131:9
[INFO] [stdout]     |
[INFO] [stdout] 131 |     use switchback_protobuf::examples::EXAMPLE_PROTO_INPUTS;
[INFO] [stdout]     |         ^^^^^^^^^^^^^^^^^^^ use of unresolved module or unlinked crate `switchback_protobuf`
[INFO] [stdout]     |
[INFO] [stdout] help: there is a crate or module with a similar name
[INFO] [stdout]     |
[INFO] [stdout] 131 -     use switchback_protobuf::examples::EXAMPLE_PROTO_INPUTS;
[INFO] [stdout] 131 +     use switchback_protocols::examples::EXAMPLE_PROTO_INPUTS;
[INFO] [stdout]     |
[INFO] [stdout] 
[INFO] [stdout] 
[INFO] [stdout] error[E0433]: cannot find module or crate `switchback_protobuf` in this scope
[INFO] [stdout]    --> tests/common/mod.rs:132:9
[INFO] [stdout]     |
[INFO] [stdout] 132 |     use switchback_protobuf::load::LoadArgs as ProtobufLoadArgs;
[INFO] [stdout]     |         ^^^^^^^^^^^^^^^^^^^ use of unresolved module or unlinked crate `switchback_protobuf`
[INFO] [stdout]     |
[INFO] [stdout] help: there is a crate or module with a similar name
[INFO] [stdout]     |
[INFO] [stdout] 132 -     use switchback_protobuf::load::LoadArgs as ProtobufLoadArgs;
[INFO] [stdout] 132 +     use switchback_protocols::load::LoadArgs as ProtobufLoadArgs;
[INFO] [stdout]     |
[INFO] [stdout] 
[INFO] [stdout] 
[INFO] [stdout] error[E0432]: unresolved import `switchback_assemble`
[INFO] [stdout]    --> tests/common/mod.rs:128:9
[INFO] [stdout]     |
[INFO] [stdout] 128 |     use switchback_assemble::{AssembleArgs, GroupPrefixPolicy, assemble_module};
[INFO] [stdout]     |         ^^^^^^^^^^^^^^^^^^^ use of unresolved module or unlinked crate `switchback_assemble`
[INFO] [stdout]     |
[INFO] [stdout]     = help: if you wanted to use a crate named `switchback_assemble`, use `cargo add switchback_assemble` to add it to your `Cargo.toml`
[INFO] [stdout] 
[INFO] [stdout] 
[INFO] [stdout] Some errors have detailed explanations: E0432, E0433.
[INFO] [stdout] 
[INFO] [stdout] For more information about an error, try `rustc --explain E0432`.
[INFO] [stdout] 
[INFO] [stderr] error: could not compile `switchback-mdbook` (test "asyncapi_acme_link_check") due to 13 previous errors
[INFO] [stderr] warning: build failed, waiting for other jobs to finish...
[INFO] [stdout] error[E0433]: cannot find module or crate `switchback_openapi` in this scope
[INFO] [stdout]   --> tests/common/mod.rs:68:5
[INFO] [stdout]    |
[INFO] [stdout] 68 |     switchback_openapi::load_acme_example().expect("load acme-api")
[INFO] [stdout]    |     ^^^^^^^^^^^^^^^^^^ use of unresolved module or unlinked crate `switchback_openapi`
[INFO] [stdout]    |
[INFO] [stdout] help: there is a crate or module with a similar name
[INFO] [stdout]    |
[INFO] [stdout] 68 -     switchback_openapi::load_acme_example().expect("load acme-api")
[INFO] [stdout] 68 +     switchback_codec_pb::load_acme_example().expect("load acme-api")
[INFO] [stdout]    |
[INFO] [stdout] 
[INFO] [stdout] 
[INFO] [stdout] error[E0433]: cannot find module or crate `switchback_asyncapi` in this scope
[INFO] [stdout]   --> tests/common/mod.rs:72:5
[INFO] [stdout]    |
[INFO] [stdout] 72 |     switchback_asyncapi::load_acme_example().expect("load acme events")
[INFO] [stdout]    |     ^^^^^^^^^^^^^^^^^^^ use of unresolved module or unlinked crate `switchback_asyncapi`
[INFO] [stdout]    |
[INFO] [stdout] help: there is a crate or module with a similar name
[INFO] [stdout]    |
[INFO] [stdout] 72 -     switchback_asyncapi::load_acme_example().expect("load acme events")
[INFO] [stdout] 72 +     switchback_codec_pb::load_acme_example().expect("load acme events")
[INFO] [stdout]    |
[INFO] [stdout] 
[INFO] [stdout] 
[INFO] [stdout] error[E0433]: cannot find module or crate `switchback_openrpc` in this scope
[INFO] [stdout]   --> tests/common/mod.rs:76:5
[INFO] [stdout]    |
[INFO] [stdout] 76 |     switchback_openrpc::load_acme_example().expect("load acme json-rpc")
[INFO] [stdout]    |     ^^^^^^^^^^^^^^^^^^ use of unresolved module or unlinked crate `switchback_openrpc`
[INFO] [stdout]    |
[INFO] [stdout] help: there is a crate or module with a similar name
[INFO] [stdout]    |
[INFO] [stdout] 76 -     switchback_openrpc::load_acme_example().expect("load acme json-rpc")
[INFO] [stdout] 76 +     switchback_codec_pb::load_acme_example().expect("load acme json-rpc")
[INFO] [stdout]    |
[INFO] [stdout] 
[INFO] [stdout] 
[INFO] [stdout] error[E0433]: cannot find module or crate `switchback_protobuf` in this scope
[INFO] [stdout]   --> tests/common/mod.rs:10:5
[INFO] [stdout]    |
[INFO] [stdout] 10 | use switchback_protobuf::examples::{EXAMPLE_PROTO_INPUTS, fixtures_proto_dir};
[INFO] [stdout]    |     ^^^^^^^^^^^^^^^^^^^ use of unresolved module or unlinked crate `switchback_protobuf`
[INFO] [stdout]    |
[INFO] [stdout] help: there is a crate or module with a similar name
[INFO] [stdout]    |
[INFO] [stdout] 10 - use switchback_protobuf::examples::{EXAMPLE_PROTO_INPUTS, fixtures_proto_dir};
[INFO] [stdout] 10 + use switchback_protocols::examples::{EXAMPLE_PROTO_INPUTS, fixtures_proto_dir};
[INFO] [stdout]    |
[INFO] [stdout] 
[INFO] [stdout] 
[INFO] [stdout] error[E0433]: cannot find module or crate `switchback_protobuf` in this scope
[INFO] [stdout]   --> tests/common/mod.rs:11:5
[INFO] [stdout]    |
[INFO] [stdout] 11 | use switchback_protobuf::load::{LoadArgs, ensure_test_proto_deps, load};
[INFO] [stdout]    |     ^^^^^^^^^^^^^^^^^^^ use of unresolved module or unlinked crate `switchback_protobuf`
[INFO] [stdout]    |
[INFO] [stdout] help: there is a crate or module with a similar name
[INFO] [stdout]    |
[INFO] [stdout] 11 - use switchback_protobuf::load::{LoadArgs, ensure_test_proto_deps, load};
[INFO] [stdout] 11 + use switchback_protocols::load::{LoadArgs, ensure_test_proto_deps, load};
[INFO] [stdout]    |
[INFO] [stdout] 
[INFO] [stdout] 
[INFO] [stdout] error[E0433]: cannot find module or crate `switchback_openapi` in this scope
[INFO] [stdout]   --> tests/common/mod.rs:60:9
[INFO] [stdout]    |
[INFO] [stdout] 60 |     use switchback_openapi::examples::{UPSTREAM_LOW_3_1, example_fixture, load_example};
[INFO] [stdout]    |         ^^^^^^^^^^^^^^^^^^ use of unresolved module or unlinked crate `switchback_openapi`
[INFO] [stdout]    |
[INFO] [stdout] help: there is a crate or module with a similar name
[INFO] [stdout]    |
[INFO] [stdout] 60 -     use switchback_openapi::examples::{UPSTREAM_LOW_3_1, example_fixture, load_example};
[INFO] [stdout] 60 +     use switchback_codec_pb::examples::{UPSTREAM_LOW_3_1, example_fixture, load_example};
[INFO] [stdout]    |
[INFO] [stdout] 
[INFO] [stdout] 
[INFO] [stdout] error[E0433]: cannot find module or crate `switchback_asyncapi` in this scope
[INFO] [stdout]   --> tests/common/mod.rs:80:9
[INFO] [stdout]    |
[INFO] [stdout] 80 |     use switchback_asyncapi::examples::{example_fixture, load_example};
[INFO] [stdout]    |         ^^^^^^^^^^^^^^^^^^^ use of unresolved module or unlinked crate `switchback_asyncapi`
[INFO] [stdout]    |
[INFO] [stdout] help: there is a crate or module with a similar name
[INFO] [stdout]    |
[INFO] [stdout] 80 -     use switchback_asyncapi::examples::{example_fixture, load_example};
[INFO] [stdout] 80 +     use switchback_codec_pb::examples::{example_fixture, load_example};
[INFO] [stdout]    |
[INFO] [stdout] 
[INFO] [stdout] 
[INFO] [stdout] error[E0432]: unresolved import `switchback_protobuf`
[INFO] [stdout]  --> tests/common/mod.rs:9:5
[INFO] [stdout]   |
[INFO] [stdout] 9 | use switchback_protobuf::Compiler;
[INFO] [stdout]   |     ^^^^^^^^^^^^^^^^^^^ use of unresolved module or unlinked crate `switchback_protobuf`
[INFO] [stdout]   |
[INFO] [stdout] help: there is a crate or module with a similar name
[INFO] [stdout]   |
[INFO] [stdout] 9 - use switchback_protobuf::Compiler;
[INFO] [stdout] 9 + use switchback_protocols::Compiler;
[INFO] [stdout]   |
[INFO] [stdout] 
[INFO] [stdout] 
[INFO] [stdout] error[E0433]: cannot find module or crate `switchback_openapi` in this scope
[INFO] [stdout]    --> tests/common/mod.rs:129:9
[INFO] [stdout]     |
[INFO] [stdout] 129 |     use switchback_openapi::examples::{EXAMPLE_ACME_INPUTS, MICRO_ACME_ROOT, fixtures_dir};
[INFO] [stdout]     |         ^^^^^^^^^^^^^^^^^^ use of unresolved module or unlinked crate `switchback_openapi`
[INFO] [stdout]     |
[INFO] [stdout] help: there is a crate or module with a similar name
[INFO] [stdout]     |
[INFO] [stdout] 129 -     use switchback_openapi::examples::{EXAMPLE_ACME_INPUTS, MICRO_ACME_ROOT, fixtures_dir};
[INFO] [stdout] 129 +     use switchback_codec_pb::examples::{EXAMPLE_ACME_INPUTS, MICRO_ACME_ROOT, fixtures_dir};
[INFO] [stdout]     |
[INFO] [stdout] 
[INFO] [stdout] 
[INFO] [stdout] error[E0433]: cannot find module or crate `switchback_openapi` in this scope
[INFO] [stdout]    --> tests/common/mod.rs:130:9
[INFO] [stdout]     |
[INFO] [stdout] 130 |     use switchback_openapi::load::LoadArgs as OpenApiLoadArgs;
[INFO] [stdout]     |         ^^^^^^^^^^^^^^^^^^ use of unresolved module or unlinked crate `switchback_openapi`
[INFO] [stdout]     |
[INFO] [stdout] help: there is a crate or module with a similar name
[INFO] [stdout]     |
[INFO] [stdout] 130 -     use switchback_openapi::load::LoadArgs as OpenApiLoadArgs;
[INFO] [stdout] 130 +     use switchback_codec_pb::load::LoadArgs as OpenApiLoadArgs;
[INFO] [stdout]     |
[INFO] [stdout] 
[INFO] [stdout] 
[INFO] [stdout] error[E0433]: cannot find module or crate `switchback_protobuf` in this scope
[INFO] [stdout]    --> tests/common/mod.rs:131:9
[INFO] [stdout]     |
[INFO] [stdout] 131 |     use switchback_protobuf::examples::EXAMPLE_PROTO_INPUTS;
[INFO] [stdout]     |         ^^^^^^^^^^^^^^^^^^^ use of unresolved module or unlinked crate `switchback_protobuf`
[INFO] [stdout]     |
[INFO] [stdout] help: there is a crate or module with a similar name
[INFO] [stdout]     |
[INFO] [stdout] 131 -     use switchback_protobuf::examples::EXAMPLE_PROTO_INPUTS;
[INFO] [stdout] 131 +     use switchback_protocols::examples::EXAMPLE_PROTO_INPUTS;
[INFO] [stdout]     |
[INFO] [stdout] 
[INFO] [stdout] 
[INFO] [stdout] error[E0433]: cannot find module or crate `switchback_protobuf` in this scope
[INFO] [stdout]    --> tests/common/mod.rs:132:9
[INFO] [stdout]     |
[INFO] [stdout] 132 |     use switchback_protobuf::load::LoadArgs as ProtobufLoadArgs;
[INFO] [stdout]     |         ^^^^^^^^^^^^^^^^^^^ use of unresolved module or unlinked crate `switchback_protobuf`
[INFO] [stdout]     |
[INFO] [stdout] help: there is a crate or module with a similar name
[INFO] [stdout]     |
[INFO] [stdout] 132 -     use switchback_protobuf::load::LoadArgs as ProtobufLoadArgs;
[INFO] [stdout] 132 +     use switchback_protocols::load::LoadArgs as ProtobufLoadArgs;
[INFO] [stdout]     |
[INFO] [stdout] 
[INFO] [stdout] 
[INFO] [stdout] error[E0432]: unresolved import `switchback_assemble`
[INFO] [stdout]    --> tests/common/mod.rs:128:9
[INFO] [stdout]     |
[INFO] [stdout] 128 |     use switchback_assemble::{AssembleArgs, GroupPrefixPolicy, assemble_module};
[INFO] [stdout]     |         ^^^^^^^^^^^^^^^^^^^ use of unresolved module or unlinked crate `switchback_assemble`
[INFO] [stdout]     |
[INFO] [stdout]     = help: if you wanted to use a crate named `switchback_assemble`, use `cargo add switchback_assemble` to add it to your `Cargo.toml`
[INFO] [stdout] 
[INFO] [stdout] 
[INFO] [stdout] error[E0433]: cannot find module or crate `switchback_openapi` in this scope
[INFO] [stdout]   --> tests/common/mod.rs:68:5
[INFO] [stdout]    |
[INFO] [stdout] 68 |     switchback_openapi::load_acme_example().expect("load acme-api")
[INFO] [stdout]    |     ^^^^^^^^^^^^^^^^^^ use of unresolved module or unlinked crate `switchback_openapi`
[INFO] [stdout]    |
[INFO] [stdout] help: there is a crate or module with a similar name
[INFO] [stdout]    |
[INFO] [stdout] 68 -     switchback_openapi::load_acme_example().expect("load acme-api")
[INFO] [stdout] 68 +     switchback_codec_pb::load_acme_example().expect("load acme-api")
[INFO] [stdout]    |
[INFO] [stdout] 
[INFO] [stdout] 
[INFO] [stdout] error[E0433]: cannot find module or crate `switchback_asyncapi` in this scope
[INFO] [stdout]   --> tests/common/mod.rs:72:5
[INFO] [stdout]    |
[INFO] [stdout] 72 |     switchback_asyncapi::load_acme_example().expect("load acme events")
[INFO] [stdout]    |     ^^^^^^^^^^^^^^^^^^^ use of unresolved module or unlinked crate `switchback_asyncapi`
[INFO] [stdout]    |
[INFO] [stdout] help: there is a crate or module with a similar name
[INFO] [stdout]    |
[INFO] [stdout] 72 -     switchback_asyncapi::load_acme_example().expect("load acme events")
[INFO] [stdout] 72 +     switchback_codec_pb::load_acme_example().expect("load acme events")
[INFO] [stdout]    |
[INFO] [stdout] 
[INFO] [stdout] 
[INFO] [stdout] error[E0433]: cannot find module or crate `switchback_openrpc` in this scope
[INFO] [stdout]   --> tests/common/mod.rs:76:5
[INFO] [stdout]    |
[INFO] [stdout] 76 |     switchback_openrpc::load_acme_example().expect("load acme json-rpc")
[INFO] [stdout]    |     ^^^^^^^^^^^^^^^^^^ use of unresolved module or unlinked crate `switchback_openrpc`
[INFO] [stdout]    |
[INFO] [stdout] help: there is a crate or module with a similar name
[INFO] [stdout]    |
[INFO] [stdout] 76 -     switchback_openrpc::load_acme_example().expect("load acme json-rpc")
[INFO] [stdout] 76 +     switchback_codec_pb::load_acme_example().expect("load acme json-rpc")
[INFO] [stdout]    |
[INFO] [stdout] 
[INFO] [stdout] 
[INFO] [stdout] error[E0433]: cannot find module or crate `switchback_openapi` in this scope
[INFO] [stdout]   --> tests/common/mod.rs:68:5
[INFO] [stdout]    |
[INFO] [stdout] 68 |     switchback_openapi::load_acme_example().expect("load acme-api")
[INFO] [stdout]    |     ^^^^^^^^^^^^^^^^^^ use of unresolved module or unlinked crate `switchback_openapi`
[INFO] [stdout]    |
[INFO] [stdout] help: there is a crate or module with a similar name
[INFO] [stdout]    |
[INFO] [stdout] 68 -     switchback_openapi::load_acme_example().expect("load acme-api")
[INFO] [stdout] 68 +     switchback_codec_pb::load_acme_example().expect("load acme-api")
[INFO] [stdout]    |
[INFO] [stdout] 
[INFO] [stdout] 
[INFO] [stdout] error[E0433]: cannot find module or crate `switchback_asyncapi` in this scope
[INFO] [stdout]   --> tests/common/mod.rs:72:5
[INFO] [stdout]    |
[INFO] [stdout] 72 |     switchback_asyncapi::load_acme_example().expect("load acme events")
[INFO] [stdout]    |     ^^^^^^^^^^^^^^^^^^^ use of unresolved module or unlinked crate `switchback_asyncapi`
[INFO] [stdout]    |
[INFO] [stdout] help: there is a crate or module with a similar name
[INFO] [stdout]    |
[INFO] [stdout] 72 -     switchback_asyncapi::load_acme_example().expect("load acme events")
[INFO] [stdout] 72 +     switchback_codec_pb::load_acme_example().expect("load acme events")
[INFO] [stdout]    |
[INFO] [stdout] 
[INFO] [stdout] 
[INFO] [stdout] error[E0433]: cannot find module or crate `switchback_openrpc` in this scope
[INFO] [stdout]   --> tests/common/mod.rs:76:5
[INFO] [stdout]    |
[INFO] [stdout] 76 |     switchback_openrpc::load_acme_example().expect("load acme json-rpc")
[INFO] [stdout]    |     ^^^^^^^^^^^^^^^^^^ use of unresolved module or unlinked crate `switchback_openrpc`
[INFO] [stdout]    |
[INFO] [stdout] help: there is a crate or module with a similar name
[INFO] [stdout]    |
[INFO] [stdout] 76 -     switchback_openrpc::load_acme_example().expect("load acme json-rpc")
[INFO] [stdout] 76 +     switchback_codec_pb::load_acme_example().expect("load acme json-rpc")
[INFO] [stdout]    |
[INFO] [stdout] 
[INFO] [stdout] 
[INFO] [stdout] Some errors have detailed explanations: E0432, E0433.
[INFO] [stdout] 
[INFO] [stdout] For more information about an error, try `rustc --explain E0432`.
[INFO] [stdout] 
[INFO] [stderr] error: could not compile `switchback-mdbook` (test "openrpc_regression") due to 13 previous errors
[INFO] [stdout] error[E0433]: cannot find module or crate `switchback_openapi` in this scope
[INFO] [stdout]   --> tests/common/mod.rs:68:5
[INFO] [stdout]    |
[INFO] [stdout] 68 |     switchback_openapi::load_acme_example().expect("load acme-api")
[INFO] [stdout]    |     ^^^^^^^^^^^^^^^^^^ use of unresolved module or unlinked crate `switchback_openapi`
[INFO] [stdout]    |
[INFO] [stdout] help: there is a crate or module with a similar name
[INFO] [stdout]    |
[INFO] [stdout] 68 -     switchback_openapi::load_acme_example().expect("load acme-api")
[INFO] [stdout] 68 +     switchback_codec_pb::load_acme_example().expect("load acme-api")
[INFO] [stdout]    |
[INFO] [stdout] 
[INFO] [stdout] 
[INFO] [stdout] error[E0433]: cannot find module or crate `switchback_asyncapi` in this scope
[INFO] [stdout]   --> tests/common/mod.rs:72:5
[INFO] [stdout]    |
[INFO] [stdout] 72 |     switchback_asyncapi::load_acme_example().expect("load acme events")
[INFO] [stdout]    |     ^^^^^^^^^^^^^^^^^^^ use of unresolved module or unlinked crate `switchback_asyncapi`
[INFO] [stdout]    |
[INFO] [stdout] help: there is a crate or module with a similar name
[INFO] [stdout]    |
[INFO] [stdout] 72 -     switchback_asyncapi::load_acme_example().expect("load acme events")
[INFO] [stdout] 72 +     switchback_codec_pb::load_acme_example().expect("load acme events")
[INFO] [stdout]    |
[INFO] [stdout] 
[INFO] [stdout] 
[INFO] [stdout] error[E0433]: cannot find module or crate `switchback_openrpc` in this scope
[INFO] [stdout]   --> tests/common/mod.rs:76:5
[INFO] [stdout]    |
[INFO] [stdout] 76 |     switchback_openrpc::load_acme_example().expect("load acme json-rpc")
[INFO] [stdout]    |     ^^^^^^^^^^^^^^^^^^ use of unresolved module or unlinked crate `switchback_openrpc`
[INFO] [stdout]    |
[INFO] [stdout] help: there is a crate or module with a similar name
[INFO] [stdout]    |
[INFO] [stdout] 76 -     switchback_openrpc::load_acme_example().expect("load acme json-rpc")
[INFO] [stdout] 76 +     switchback_codec_pb::load_acme_example().expect("load acme json-rpc")
[INFO] [stdout]    |
[INFO] [stdout] 
[INFO] [stdout] 
[INFO] [stdout] error[E0433]: cannot find module or crate `switchback_openapi` in this scope
[INFO] [stdout]   --> tests/common/mod.rs:68:5
[INFO] [stdout]    |
[INFO] [stdout] 68 |     switchback_openapi::load_acme_example().expect("load acme-api")
[INFO] [stdout]    |     ^^^^^^^^^^^^^^^^^^ use of unresolved module or unlinked crate `switchback_openapi`
[INFO] [stdout]    |
[INFO] [stdout] help: there is a crate or module with a similar name
[INFO] [stdout]    |
[INFO] [stdout] 68 -     switchback_openapi::load_acme_example().expect("load acme-api")
[INFO] [stdout] 68 +     switchback_codec_pb::load_acme_example().expect("load acme-api")
[INFO] [stdout]    |
[INFO] [stdout] 
[INFO] [stdout] 
[INFO] [stdout] error[E0433]: cannot find module or crate `switchback_asyncapi` in this scope
[INFO] [stdout]   --> tests/common/mod.rs:72:5
[INFO] [stdout]    |
[INFO] [stdout] 72 |     switchback_asyncapi::load_acme_example().expect("load acme events")
[INFO] [stdout]    |     ^^^^^^^^^^^^^^^^^^^ use of unresolved module or unlinked crate `switchback_asyncapi`
[INFO] [stdout]    |
[INFO] [stdout] help: there is a crate or module with a similar name
[INFO] [stdout]    |
[INFO] [stdout] 72 -     switchback_asyncapi::load_acme_example().expect("load acme events")
[INFO] [stdout] 72 +     switchback_codec_pb::load_acme_example().expect("load acme events")
[INFO] [stdout]    |
[INFO] [stdout] 
[INFO] [stdout] 
[INFO] [stdout] error[E0433]: cannot find module or crate `switchback_openrpc` in this scope
[INFO] [stdout]   --> tests/common/mod.rs:76:5
[INFO] [stdout]    |
[INFO] [stdout] 76 |     switchback_openrpc::load_acme_example().expect("load acme json-rpc")
[INFO] [stdout]    |     ^^^^^^^^^^^^^^^^^^ use of unresolved module or unlinked crate `switchback_openrpc`
[INFO] [stdout]    |
[INFO] [stdout] help: there is a crate or module with a similar name
[INFO] [stdout]    |
[INFO] [stdout] 76 -     switchback_openrpc::load_acme_example().expect("load acme json-rpc")
[INFO] [stdout] 76 +     switchback_codec_pb::load_acme_example().expect("load acme json-rpc")
[INFO] [stdout]    |
[INFO] [stdout] 
[INFO] [stdout] 
[INFO] [stdout] error[E0433]: cannot find module or crate `switchback_openapi` in this scope
[INFO] [stdout]   --> tests/common/mod.rs:68:5
[INFO] [stdout]    |
[INFO] [stdout] 68 |     switchback_openapi::load_acme_example().expect("load acme-api")
[INFO] [stdout]    |     ^^^^^^^^^^^^^^^^^^ use of unresolved module or unlinked crate `switchback_openapi`
[INFO] [stdout]    |
[INFO] [stdout] help: there is a crate or module with a similar name
[INFO] [stdout]    |
[INFO] [stdout] 68 -     switchback_openapi::load_acme_example().expect("load acme-api")
[INFO] [stdout] 68 +     switchback_codec_pb::load_acme_example().expect("load acme-api")
[INFO] [stdout]    |
[INFO] [stdout] 
[INFO] [stdout] 
[INFO] [stdout] error[E0433]: cannot find module or crate `switchback_asyncapi` in this scope
[INFO] [stdout]   --> tests/common/mod.rs:72:5
[INFO] [stdout]    |
[INFO] [stdout] 72 |     switchback_asyncapi::load_acme_example().expect("load acme events")
[INFO] [stdout]    |     ^^^^^^^^^^^^^^^^^^^ use of unresolved module or unlinked crate `switchback_asyncapi`
[INFO] [stdout]    |
[INFO] [stdout] help: there is a crate or module with a similar name
[INFO] [stdout]    |
[INFO] [stdout] 72 -     switchback_asyncapi::load_acme_example().expect("load acme events")
[INFO] [stdout] 72 +     switchback_codec_pb::load_acme_example().expect("load acme events")
[INFO] [stdout]    |
[INFO] [stdout] 
[INFO] [stdout] 
[INFO] [stdout] error[E0433]: cannot find module or crate `switchback_openrpc` in this scope
[INFO] [stdout]   --> tests/common/mod.rs:76:5
[INFO] [stdout]    |
[INFO] [stdout] 76 |     switchback_openrpc::load_acme_example().expect("load acme json-rpc")
[INFO] [stdout]    |     ^^^^^^^^^^^^^^^^^^ use of unresolved module or unlinked crate `switchback_openrpc`
[INFO] [stdout]    |
[INFO] [stdout] help: there is a crate or module with a similar name
[INFO] [stdout]    |
[INFO] [stdout] 76 -     switchback_openrpc::load_acme_example().expect("load acme json-rpc")
[INFO] [stdout] 76 +     switchback_codec_pb::load_acme_example().expect("load acme json-rpc")
[INFO] [stdout]    |
[INFO] [stdout] 
[INFO] [stdout] 
[INFO] [stdout] Some errors have detailed explanations: E0432, E0433.
[INFO] [stdout] 
[INFO] [stdout] For more information about an error, try `rustc --explain E0432`.
[INFO] [stdout] 
[INFO] [stderr] error: could not compile `switchback-mdbook` (test "openapi_link_check") due to 13 previous errors
[INFO] [stdout] Some errors have detailed explanations: E0432, E0433.
[INFO] [stdout] 
[INFO] [stdout] For more information about an error, try `rustc --explain E0432`.
[INFO] [stdout] 
[INFO] [stderr] error: could not compile `switchback-mdbook` (test "openapi_regression") due to 13 previous errors
[INFO] [stdout] Some errors have detailed explanations: E0432, E0433.
[INFO] [stdout] 
[INFO] [stderr] error: could not compile `switchback-mdbook` (test "asyncapi_regression") due to 13 previous errors
[INFO] [stdout] For more information about an error, try `rustc --explain E0432`.
[INFO] [stdout] 
[INFO] [stdout] Some errors have detailed explanations: E0432, E0433.
[INFO] [stdout] 
[INFO] [stdout] For more information about an error, try `rustc --explain E0432`.
[INFO] [stdout] 
[INFO] [stderr] error: could not compile `switchback-mdbook` (test "output_regression") due to 13 previous errors
[INFO] [stdout] Some errors have detailed explanations: E0432, E0433.
[INFO] [stdout] 
[INFO] [stdout] For more information about an error, try `rustc --explain E0432`.
[INFO] [stdout] 
[INFO] [stderr] error: could not compile `switchback-mdbook` (test "link_check") due to 13 previous errors
[INFO] running `Command { std: "docker" "inspect" "33890ca3ce389ead2f910bc417e469a21db18ddac144d69a8822766601b2a619", kill_on_drop: false }`
[INFO] running `Command { std: "docker" "rm" "-f" "33890ca3ce389ead2f910bc417e469a21db18ddac144d69a8822766601b2a619", kill_on_drop: false }`
[INFO] [stdout] 33890ca3ce389ead2f910bc417e469a21db18ddac144d69a8822766601b2a619
