[INFO] fetching crate swc_next_ecma_semantic 0.2.3...
[INFO] testing swc_next_ecma_semantic-0.2.3 against 1.100.0-beta.1 for beta-1.100-2
[INFO] extracting crate swc_next_ecma_semantic 0.2.3 into /workspace/builds/worker-5-tc2/source
[INFO] started tweaking crates.io crate swc_next_ecma_semantic 0.2.3
[INFO] removed 0 missing examples
[INFO] finished tweaking crates.io crate swc_next_ecma_semantic 0.2.3
[INFO] tweaked toml for crates.io crate swc_next_ecma_semantic 0.2.3 written to /workspace/builds/worker-5-tc2/source/Cargo.toml
[INFO] validating manifest of crates.io crate swc_next_ecma_semantic 0.2.3 on toolchain 1.100.0-beta.1
[INFO] running `Command { std: CARGO_HOME="/workspace/cargo-home" RUSTUP_HOME="/workspace/rustup-home" "/workspace/cargo-home/bin/cargo" "+1.100.0-beta.1" "metadata" "--manifest-path" "Cargo.toml" "--no-deps", kill_on_drop: false }`
[INFO] crate crates.io crate swc_next_ecma_semantic 0.2.3 already has a lockfile, it will not be regenerated
[INFO] running `Command { std: CARGO_HOME="/workspace/cargo-home" RUSTUP_HOME="/workspace/rustup-home" "/workspace/cargo-home/bin/cargo" "+1.100.0-beta.1" "fetch" "--manifest-path" "Cargo.toml", kill_on_drop: false }`
[INFO] running `Command { std: "docker" "create" "-v" "/var/lib/crater-agent-workspace/builds/worker-5-tc2/source:/opt/rustwide/workdir:ro,Z" "-v" "/var/lib/crater-agent-workspace/builds/worker-5-tc2/target:/opt/rustwide/target:rw,Z" "-v" "/var/lib/crater-agent-workspace/cargo-home:/opt/rustwide/cargo-home:ro,Z" "-v" "/var/lib/crater-agent-workspace/rustup-home:/opt/rustwide/rustup-home:ro,Z" "-m" "1610612736" "--network" "none" "ghcr.io/rust-lang/crates-build-env/linux@sha256:3111399a4047eeb3a02b7a90e478d715f38a8c6669b5c4b49d30a17385265909" "sleep" "infinity", kill_on_drop: false }`
[INFO] [stdout] fdf021b5376f32aeac4f19bff25d9cafde8ee0fb2ca0cff19dae27947e23267f
[INFO] running `Command { std: "docker" "start" "fdf021b5376f32aeac4f19bff25d9cafde8ee0fb2ca0cff19dae27947e23267f", kill_on_drop: false }`
[INFO] running `Command { std: "docker" "inspect" "fdf021b5376f32aeac4f19bff25d9cafde8ee0fb2ca0cff19dae27947e23267f", kill_on_drop: false }`
[INFO] running `Command { std: "docker" "exec" "-e" "SOURCE_DIR=/opt/rustwide/workdir" "-e" "CARGO_HOME=/opt/rustwide/cargo-home" "-e" "RUSTUP_HOME=/opt/rustwide/rustup-home" "-e" "CARGO_TARGET_DIR=/opt/rustwide/target" "-w" "/opt/rustwide/workdir" "--user" "0:0" "fdf021b5376f32aeac4f19bff25d9cafde8ee0fb2ca0cff19dae27947e23267f" "/opt/rustwide/cargo-home/bin/cargo" "+1.100.0-beta.1" "metadata" "--no-deps" "--format-version=1", kill_on_drop: false }`
[INFO] running `Command { std: "docker" "inspect" "fdf021b5376f32aeac4f19bff25d9cafde8ee0fb2ca0cff19dae27947e23267f", kill_on_drop: false }`
[INFO] running `Command { std: "docker" "exec" "-e" "SOURCE_DIR=/opt/rustwide/workdir" "-e" "CARGO_HOME=/opt/rustwide/cargo-home" "-e" "RUSTUP_HOME=/opt/rustwide/rustup-home" "-e" "CARGO_TARGET_DIR=/opt/rustwide/target" "-e" "CARGO_INCREMENTAL=0" "-e" "RUST_BACKTRACE=full" "-e" "RUSTFLAGS=--cap-lints=warn" "-e" "RUSTDOCFLAGS=--cap-lints=warn" "-w" "/opt/rustwide/workdir" "--user" "0:0" "fdf021b5376f32aeac4f19bff25d9cafde8ee0fb2ca0cff19dae27947e23267f" "/opt/rustwide/cargo-home/bin/cargo" "+1.100.0-beta.1" "build" "--frozen" "--message-format=json", kill_on_drop: false }`
[INFO] [stderr]    Compiling unicode-ident v1.0.20
[INFO] [stderr]    Compiling rustc-hash v2.1.2
[INFO] [stderr]    Compiling unicode-id-start v1.4.0
[INFO] [stderr]    Compiling zmij_ecma v1.0.23
[INFO] [stderr]    Compiling phf_shared v0.14.0
[INFO] [stderr]    Compiling hashbrown v0.17.1
[INFO] [stderr]    Compiling bumpalo v3.20.3
[INFO] [stderr]    Compiling oxc_index v5.0.0
[INFO] [stderr]    Compiling proc-macro2 v1.0.106
[INFO] [stderr]    Compiling phf_generator v0.14.0
[INFO] [stderr]    Compiling quote v1.0.46
[INFO] [stderr]    Compiling syn v2.0.118
[INFO] [stderr]    Compiling swc_next_allocator v0.2.3
[INFO] [stderr]    Compiling phf_macros v0.14.0
[INFO] [stderr]    Compiling swc_next_ast_macros v0.2.3
[INFO] [stderr]    Compiling swc_next_ecma_ast v0.2.3
[INFO] [stderr]    Compiling phf v0.14.0
[INFO] [stderr]    Compiling swc_next_regular_expression v0.2.3
[INFO] [stderr]    Compiling swc_next_ecma_semantic v0.2.3 (/opt/rustwide/workdir)
[INFO] [stderr]     Finished `dev` profile [unoptimized + debuginfo] target(s) in 15.44s
[INFO] running `Command { std: "docker" "inspect" "fdf021b5376f32aeac4f19bff25d9cafde8ee0fb2ca0cff19dae27947e23267f", kill_on_drop: false }`
[INFO] running `Command { std: "docker" "exec" "-e" "SOURCE_DIR=/opt/rustwide/workdir" "-e" "CARGO_HOME=/opt/rustwide/cargo-home" "-e" "RUSTUP_HOME=/opt/rustwide/rustup-home" "-e" "CARGO_TARGET_DIR=/opt/rustwide/target" "-e" "CARGO_INCREMENTAL=0" "-e" "RUST_BACKTRACE=full" "-e" "RUSTFLAGS=--cap-lints=warn" "-e" "RUSTDOCFLAGS=--cap-lints=warn" "-w" "/opt/rustwide/workdir" "--user" "0:0" "fdf021b5376f32aeac4f19bff25d9cafde8ee0fb2ca0cff19dae27947e23267f" "/opt/rustwide/cargo-home/bin/cargo" "+1.100.0-beta.1" "test" "--frozen" "--no-run" "--message-format=json", kill_on_drop: false }`
[INFO] [stderr]    Compiling swc_next_ecma_semantic v0.2.3 (/opt/rustwide/workdir)
[INFO] [stdout] error[E0432]: unresolved import `clap`
[INFO] [stdout]  --> examples/semantic.rs:8:5
[INFO] [stdout]   |
[INFO] [stdout] 8 | use clap::Parser;
[INFO] [stdout]   |     ^^^^ use of unresolved module or unlinked crate `clap`
[INFO] [stdout]   |
[INFO] [stdout]   = help: if you wanted to use a crate named `clap`, use `cargo add clap` to add it to your `Cargo.toml`
[INFO] [stdout] 
[INFO] [stdout] 
[INFO] [stdout] error[E0432]: unresolved import `swc_next_ecma_parser`
[INFO] [stdout]   --> examples/semantic.rs:12:5
[INFO] [stdout]    |
[INFO] [stdout] 12 | use swc_next_ecma_parser::{NoTokenParserConfig, Options as ParserOptions, Parser as EcmaParser};
[INFO] [stdout]    |     ^^^^^^^^^^^^^^^^^^^^ use of unresolved module or unlinked crate `swc_next_ecma_parser`
[INFO] [stdout]    |
[INFO] [stdout] help: there is a crate or module with a similar name
[INFO] [stdout]    |
[INFO] [stdout] 12 - use swc_next_ecma_parser::{NoTokenParserConfig, Options as ParserOptions, Parser as EcmaParser};
[INFO] [stdout] 12 + use swc_next_ecma_ast::{NoTokenParserConfig, Options as ParserOptions, Parser as EcmaParser};
[INFO] [stdout]    |
[INFO] [stdout] 
[INFO] [stdout] 
[INFO] [stdout] error: cannot find attribute `command` in this scope
[INFO] [stdout]   --> examples/semantic.rs:19:3
[INFO] [stdout]    |
[INFO] [stdout] 19 | #[command(about = "Print the scope tree for a JavaScript or TypeScript file")]
[INFO] [stdout]    |   ^^^^^^^
[INFO] [stdout] 
[INFO] [stdout] 
[INFO] [stdout] error: cannot find attribute `arg` in this scope
[INFO] [stdout]   --> examples/semantic.rs:21:7
[INFO] [stdout]    |
[INFO] [stdout] 21 |     #[arg(default_value = "input.js")]
[INFO] [stdout]    |       ^^^
[INFO] [stdout] 
[INFO] [stdout] 
[INFO] [stdout] error[E0599]: no associated function or constant named `parse` found for struct `Args` in the current scope
[INFO] [stdout]    --> examples/semantic.rs:156:22
[INFO] [stdout]     |
[INFO] [stdout]  20 | struct Args {
[INFO] [stdout]     | ----------- associated function or constant `parse` not found for this struct
[INFO] [stdout] ...
[INFO] [stdout] 156 |     let args = Args::parse();
[INFO] [stdout]     |                      ^^^^^ associated function or constant not found in `Args`
[INFO] [stdout] 
[INFO] [stdout] 
[INFO] [stdout] Some errors have detailed explanations: E0432, E0599.
[INFO] [stdout] 
[INFO] [stdout] For more information about an error, try `rustc --explain E0432`.
[INFO] [stdout] 
[INFO] [stderr] error: could not compile `swc_next_ecma_semantic` (example "semantic") due to 5 previous errors
[INFO] [stderr] warning: build failed, waiting for other jobs to finish...
[INFO] [stdout] error[E0432]: unresolved import `swc_next_ecma_parser`
[INFO] [stdout]   --> src/tests/mod.rs:14:5
[INFO] [stdout]    |
[INFO] [stdout] 14 | use swc_next_ecma_parser::{NoTokenParserConfig, Options, Parser};
[INFO] [stdout]    |     ^^^^^^^^^^^^^^^^^^^^ use of unresolved module or unlinked crate `swc_next_ecma_parser`
[INFO] [stdout]    |
[INFO] [stdout] help: there is a crate or module with a similar name
[INFO] [stdout]    |
[INFO] [stdout] 14 - use swc_next_ecma_parser::{NoTokenParserConfig, Options, Parser};
[INFO] [stdout] 14 + use swc_next_ecma_ast::{NoTokenParserConfig, Options, Parser};
[INFO] [stdout]    |
[INFO] [stdout] 
[INFO] [stdout] 
[INFO] [stdout] For more information about this error, try `rustc --explain E0432`.
[INFO] [stdout] 
[INFO] [stderr] error: could not compile `swc_next_ecma_semantic` (lib test) due to 1 previous error
[INFO] running `Command { std: "docker" "inspect" "fdf021b5376f32aeac4f19bff25d9cafde8ee0fb2ca0cff19dae27947e23267f", kill_on_drop: false }`
[INFO] running `Command { std: "docker" "rm" "-f" "fdf021b5376f32aeac4f19bff25d9cafde8ee0fb2ca0cff19dae27947e23267f", kill_on_drop: false }`
[INFO] [stdout] fdf021b5376f32aeac4f19bff25d9cafde8ee0fb2ca0cff19dae27947e23267f
