[INFO] fetching crate svastha-node 0.16.0...
[INFO] testing svastha-node-0.16.0 against 1.100.0-beta.1 for beta-1.100-2
[INFO] extracting crate svastha-node 0.16.0 into /workspace/builds/worker-4-tc2/source
[INFO] started tweaking crates.io crate svastha-node 0.16.0
[INFO] removed 0 missing tests
[INFO] finished tweaking crates.io crate svastha-node 0.16.0
[INFO] tweaked toml for crates.io crate svastha-node 0.16.0 written to /workspace/builds/worker-4-tc2/source/Cargo.toml
[INFO] validating manifest of crates.io crate svastha-node 0.16.0 on toolchain 1.100.0-beta.1
[INFO] running `Command { std: CARGO_HOME="/workspace/cargo-home" RUSTUP_HOME="/workspace/rustup-home" "/workspace/cargo-home/bin/cargo" "+1.100.0-beta.1" "metadata" "--manifest-path" "Cargo.toml" "--no-deps", kill_on_drop: false }`
[INFO] crate crates.io crate svastha-node 0.16.0 already has a lockfile, it will not be regenerated
[INFO] running `Command { std: CARGO_HOME="/workspace/cargo-home" RUSTUP_HOME="/workspace/rustup-home" "/workspace/cargo-home/bin/cargo" "+1.100.0-beta.1" "fetch" "--manifest-path" "Cargo.toml", kill_on_drop: false }`
[INFO] running `Command { std: "docker" "create" "-v" "/var/lib/crater-agent-workspace/builds/worker-4-tc2/source:/opt/rustwide/workdir:ro,Z" "-v" "/var/lib/crater-agent-workspace/builds/worker-4-tc2/target:/opt/rustwide/target:rw,Z" "-v" "/var/lib/crater-agent-workspace/cargo-home:/opt/rustwide/cargo-home:ro,Z" "-v" "/var/lib/crater-agent-workspace/rustup-home:/opt/rustwide/rustup-home:ro,Z" "-m" "1610612736" "--network" "none" "ghcr.io/rust-lang/crates-build-env/linux@sha256:3111399a4047eeb3a02b7a90e478d715f38a8c6669b5c4b49d30a17385265909" "sleep" "infinity", kill_on_drop: false }`
[INFO] [stdout] c689c30b958d310e855836919986b8acb7d20e769a15055526337e32401c0d24
[INFO] running `Command { std: "docker" "start" "c689c30b958d310e855836919986b8acb7d20e769a15055526337e32401c0d24", kill_on_drop: false }`
[INFO] running `Command { std: "docker" "inspect" "c689c30b958d310e855836919986b8acb7d20e769a15055526337e32401c0d24", kill_on_drop: false }`
[INFO] running `Command { std: "docker" "exec" "-e" "SOURCE_DIR=/opt/rustwide/workdir" "-e" "CARGO_HOME=/opt/rustwide/cargo-home" "-e" "RUSTUP_HOME=/opt/rustwide/rustup-home" "-e" "CARGO_TARGET_DIR=/opt/rustwide/target" "-w" "/opt/rustwide/workdir" "--user" "0:0" "c689c30b958d310e855836919986b8acb7d20e769a15055526337e32401c0d24" "/opt/rustwide/cargo-home/bin/cargo" "+1.100.0-beta.1" "metadata" "--no-deps" "--format-version=1", kill_on_drop: false }`
[INFO] running `Command { std: "docker" "inspect" "c689c30b958d310e855836919986b8acb7d20e769a15055526337e32401c0d24", kill_on_drop: false }`
[INFO] running `Command { std: "docker" "exec" "-e" "SOURCE_DIR=/opt/rustwide/workdir" "-e" "CARGO_HOME=/opt/rustwide/cargo-home" "-e" "RUSTUP_HOME=/opt/rustwide/rustup-home" "-e" "CARGO_TARGET_DIR=/opt/rustwide/target" "-e" "CARGO_INCREMENTAL=0" "-e" "RUST_BACKTRACE=full" "-e" "RUSTFLAGS=--cap-lints=warn" "-e" "RUSTDOCFLAGS=--cap-lints=warn" "-w" "/opt/rustwide/workdir" "--user" "0:0" "c689c30b958d310e855836919986b8acb7d20e769a15055526337e32401c0d24" "/opt/rustwide/cargo-home/bin/cargo" "+1.100.0-beta.1" "build" "--frozen" "--message-format=json", kill_on_drop: false }`
[INFO] [stderr]    Compiling zeroize_derive v1.5.0
[INFO] [stderr]    Compiling either v1.17.0
[INFO] [stderr]    Compiling typeid v1.0.3
[INFO] [stderr]    Compiling ring v0.17.14
[INFO] [stderr]    Compiling ppv-lite86 v0.2.21
[INFO] [stderr]    Compiling flatbuffers v24.12.23
[INFO] [stderr]    Compiling crypto-common v0.1.7
[INFO] [stderr]    Compiling inout v0.1.4
[INFO] [stderr]    Compiling hex-conservative v0.2.2
[INFO] [stderr]    Compiling serde_json v1.0.150
[INFO] [stderr]    Compiling num-traits v0.2.19
[INFO] [stderr]    Compiling miniz_oxide v0.8.9
[INFO] [stderr]    Compiling unicode-normalization v0.1.25
[INFO] [stderr]    Compiling rten-simd v0.24.0
[INFO] [stderr]    Compiling httparse v1.10.1
[INFO] [stderr]    Compiling rustls v0.23.41
[INFO] [stderr]    Compiling digest v0.10.7
[INFO] [stderr]    Compiling universal-hash v0.5.1
[INFO] [stderr]    Compiling aead v0.5.2
[INFO] [stderr]    Compiling rayon v1.12.0
[INFO] [stderr]    Compiling regex-syntax v0.8.10
[INFO] [stderr]    Compiling anyhow v1.0.104
[INFO] [stderr]    Compiling poly1305 v0.8.0
[INFO] [stderr]    Compiling sha2 v0.10.9
[INFO] [stderr]    Compiling bitcoin_hashes v0.14.100
[INFO] [stderr]    Compiling hmac v0.12.1
[INFO] [stderr]    Compiling hkdf v0.12.4
[INFO] [stderr]    Compiling http v1.4.1
[INFO] [stderr]    Compiling fdeflate v0.3.7
[INFO] [stderr]    Compiling zeroize v1.9.0
[INFO] [stderr]    Compiling num_cpus v1.17.0
[INFO] [stderr]    Compiling cipher v0.4.4
[INFO] [stderr]    Compiling rand_chacha v0.3.1
[INFO] [stderr]    Compiling curve25519-dalek v4.1.3
[INFO] [stderr]    Compiling rustls-pki-types v1.15.0
[INFO] [stderr]    Compiling chacha20 v0.9.1
[INFO] [stderr]    Compiling rand v0.8.6
[INFO] [stderr]    Compiling flate2 v1.1.9
[INFO] [stderr]    Compiling rten-onnx v0.24.0
[INFO] [stderr]    Compiling sharded-slab v0.1.7
[INFO] [stderr]    Compiling chacha20poly1305 v0.10.1
[INFO] [stderr]    Compiling tracing v0.1.44
[INFO] [stderr]    Compiling webpki-roots v1.0.8
[INFO] [stderr]    Compiling tracing-log v0.2.0
[INFO] [stderr]    Compiling png v0.18.1
[INFO] [stderr]    Compiling roxmltree v0.21.1
[INFO] [stderr]    Compiling thread_local v1.1.9
[INFO] [stderr]    Compiling nu-ansi-term v0.50.3
[INFO] [stderr]    Compiling utf8-zero v0.8.1
[INFO] [stderr]    Compiling moxcms v0.8.1
[INFO] [stderr]    Compiling qrcode v0.14.1
[INFO] [stderr]    Compiling ureq-proto v0.6.0
[INFO] [stderr]    Compiling ed25519-dalek v2.2.0
[INFO] [stderr]    Compiling x25519-dalek v2.0.1
[INFO] [stderr]    Compiling bip39 v2.2.2
[INFO] [stderr]    Compiling regex-automata v0.4.14
[INFO] [stderr]    Compiling svastha-core v0.16.0
[INFO] [stderr]    Compiling rten-base v0.24.0
[INFO] [stderr]    Compiling rten-tensor v0.24.0
[INFO] [stderr]    Compiling rten-model-file v0.24.0
[INFO] [stderr]    Compiling rten-vecmath v0.24.0
[INFO] [stderr]    Compiling rten-gemm v0.24.0
[INFO] [stderr]    Compiling rten-shape-inference v0.24.0
[INFO] [stderr]    Compiling rten-imageproc v0.24.0
[INFO] [stderr]    Compiling matchers v0.2.0
[INFO] [stderr]    Compiling rustls-webpki v0.103.13
[INFO] [stderr]    Compiling tracing-subscriber v0.3.23
[INFO] [stderr]    Compiling svastha-import v0.16.0
[INFO] [stderr]    Compiling svastha-retrieval v0.16.0
[INFO] [stderr]    Compiling rten v0.24.0
[INFO] [stderr]    Compiling image v0.25.10
[INFO] [stderr]    Compiling ureq v3.3.0
[INFO] [stderr]    Compiling ocrs v0.12.2
[INFO] [stderr]    Compiling svastha-node v0.16.0 (/opt/rustwide/workdir)
[INFO] [stderr]     Finished `dev` profile [unoptimized + debuginfo] target(s) in 51.33s
[INFO] running `Command { std: "docker" "inspect" "c689c30b958d310e855836919986b8acb7d20e769a15055526337e32401c0d24", kill_on_drop: false }`
[INFO] running `Command { std: "docker" "exec" "-e" "SOURCE_DIR=/opt/rustwide/workdir" "-e" "CARGO_HOME=/opt/rustwide/cargo-home" "-e" "RUSTUP_HOME=/opt/rustwide/rustup-home" "-e" "CARGO_TARGET_DIR=/opt/rustwide/target" "-e" "CARGO_INCREMENTAL=0" "-e" "RUST_BACKTRACE=full" "-e" "RUSTFLAGS=--cap-lints=warn" "-e" "RUSTDOCFLAGS=--cap-lints=warn" "-w" "/opt/rustwide/workdir" "--user" "0:0" "c689c30b958d310e855836919986b8acb7d20e769a15055526337e32401c0d24" "/opt/rustwide/cargo-home/bin/cargo" "+1.100.0-beta.1" "test" "--frozen" "--no-run" "--message-format=json", kill_on_drop: false }`
[INFO] [stderr]    Compiling http v1.4.1
[INFO] [stderr]    Compiling serde_json v1.0.150
[INFO] [stderr]    Compiling serde v1.0.228
[INFO] [stderr]    Compiling tracing v0.1.44
[INFO] [stderr]    Compiling tokio v1.52.3
[INFO] [stderr]    Compiling png v0.18.1
[INFO] [stderr]    Compiling roxmltree v0.21.1
[INFO] [stderr]    Compiling sync_wrapper v1.0.2
[INFO] [stderr]    Compiling slab v0.4.12
[INFO] [stderr]    Compiling rustix v1.1.4
[INFO] [stderr]    Compiling serde_path_to_error v0.1.20
[INFO] [stderr]    Compiling fastrand v2.4.1
[INFO] [stderr]    Compiling matchit v0.8.4
[INFO] [stderr]    Compiling futures-util v0.3.32
[INFO] [stderr]    Compiling tracing-subscriber v0.3.23
[INFO] [stderr]    Compiling bip39 v2.2.2
[INFO] [stderr]    Compiling serde_urlencoded v0.7.1
[INFO] [stderr]    Compiling image v0.25.10
[INFO] [stderr]    Compiling http-body v1.0.1
[INFO] [stderr]    Compiling ureq-proto v0.6.0
[INFO] [stderr]    Compiling http-body-util v0.1.3
[INFO] [stderr]    Compiling axum-core v0.5.6
[INFO] [stderr]    Compiling ureq v3.3.0
[INFO] [stderr]    Compiling svastha-core v0.16.0
[INFO] [stderr]    Compiling tempfile v3.27.0
[INFO] [stderr]    Compiling hyper v1.10.1
[INFO] [stderr]    Compiling tower v0.5.3
[INFO] [stderr]    Compiling svastha-import v0.16.0
[INFO] [stderr]    Compiling svastha-retrieval v0.16.0
[INFO] [stderr]    Compiling svastha-node v0.16.0 (/opt/rustwide/workdir)
[INFO] [stderr]    Compiling hyper-util v0.1.20
[INFO] [stderr]    Compiling axum v0.8.9
[INFO] [stdout] error[E0433]: cannot find module or crate `svastha_relay` in this scope
[INFO] [stdout]   --> tests/ocr.rs:33:5
[INFO] [stdout]    |
[INFO] [stdout] 33 | use svastha_relay::grants::MemoryGrantStore;
[INFO] [stdout]    |     ^^^^^^^^^^^^^ use of unresolved module or unlinked crate `svastha_relay`
[INFO] [stdout]    |
[INFO] [stdout]    = help: if you wanted to use a crate named `svastha_relay`, use `cargo add svastha_relay` to add it to your `Cargo.toml`
[INFO] [stdout] 
[INFO] [stdout] 
[INFO] [stdout] error[E0433]: cannot find module or crate `svastha_relay` in this scope
[INFO] [stdout]   --> tests/ocr.rs:34:5
[INFO] [stdout]    |
[INFO] [stdout] 34 | use svastha_relay::mailbox::MemoryMailboxStore;
[INFO] [stdout]    |     ^^^^^^^^^^^^^ use of unresolved module or unlinked crate `svastha_relay`
[INFO] [stdout]    |
[INFO] [stdout]    = help: if you wanted to use a crate named `svastha_relay`, use `cargo add svastha_relay` to add it to your `Cargo.toml`
[INFO] [stdout] 
[INFO] [stdout] 
[INFO] [stdout] error[E0433]: cannot find module or crate `svastha_relay` in this scope
[INFO] [stdout]   --> tests/ocr.rs:35:5
[INFO] [stdout]    |
[INFO] [stdout] 35 | use svastha_relay::share::MemoryShareStore;
[INFO] [stdout]    |     ^^^^^^^^^^^^^ use of unresolved module or unlinked crate `svastha_relay`
[INFO] [stdout]    |
[INFO] [stdout]    = help: if you wanted to use a crate named `svastha_relay`, use `cargo add svastha_relay` to add it to your `Cargo.toml`
[INFO] [stdout] 
[INFO] [stdout] 
[INFO] [stdout] error[E0433]: cannot find module or crate `svastha_relay` in this scope
[INFO] [stdout]   --> tests/ocr.rs:36:5
[INFO] [stdout]    |
[INFO] [stdout] 36 | use svastha_relay::store::MemoryStore;
[INFO] [stdout]    |     ^^^^^^^^^^^^^ use of unresolved module or unlinked crate `svastha_relay`
[INFO] [stdout]    |
[INFO] [stdout]    = help: if you wanted to use a crate named `svastha_relay`, use `cargo add svastha_relay` to add it to your `Cargo.toml`
[INFO] [stdout] 
[INFO] [stdout] 
[INFO] [stdout] error[E0433]: cannot find module or crate `svastha_relay` in this scope
[INFO] [stdout]   --> tests/substrate.rs:27:5
[INFO] [stdout]    |
[INFO] [stdout] 27 | use svastha_relay::grants::MemoryGrantStore;
[INFO] [stdout]    |     ^^^^^^^^^^^^^ use of unresolved module or unlinked crate `svastha_relay`
[INFO] [stdout]    |
[INFO] [stdout]    = help: if you wanted to use a crate named `svastha_relay`, use `cargo add svastha_relay` to add it to your `Cargo.toml`
[INFO] [stdout] 
[INFO] [stdout] 
[INFO] [stdout] error[E0433]: cannot find module or crate `svastha_relay` in this scope
[INFO] [stdout]   --> tests/substrate.rs:28:5
[INFO] [stdout]    |
[INFO] [stdout] 28 | use svastha_relay::mailbox::MemoryMailboxStore;
[INFO] [stdout]    |     ^^^^^^^^^^^^^ use of unresolved module or unlinked crate `svastha_relay`
[INFO] [stdout]    |
[INFO] [stdout]    = help: if you wanted to use a crate named `svastha_relay`, use `cargo add svastha_relay` to add it to your `Cargo.toml`
[INFO] [stdout] 
[INFO] [stdout] 
[INFO] [stdout] error[E0433]: cannot find module or crate `svastha_relay` in this scope
[INFO] [stdout]   --> tests/substrate.rs:29:5
[INFO] [stdout]    |
[INFO] [stdout] 29 | use svastha_relay::share::MemoryShareStore;
[INFO] [stdout]    |     ^^^^^^^^^^^^^ use of unresolved module or unlinked crate `svastha_relay`
[INFO] [stdout]    |
[INFO] [stdout]    = help: if you wanted to use a crate named `svastha_relay`, use `cargo add svastha_relay` to add it to your `Cargo.toml`
[INFO] [stdout] 
[INFO] [stdout] 
[INFO] [stdout] error[E0433]: cannot find module or crate `svastha_relay` in this scope
[INFO] [stdout]   --> tests/substrate.rs:30:5
[INFO] [stdout]    |
[INFO] [stdout] 30 | use svastha_relay::store::MemoryStore;
[INFO] [stdout]    |     ^^^^^^^^^^^^^ use of unresolved module or unlinked crate `svastha_relay`
[INFO] [stdout]    |
[INFO] [stdout]    = help: if you wanted to use a crate named `svastha_relay`, use `cargo add svastha_relay` to add it to your `Cargo.toml`
[INFO] [stdout] 
[INFO] [stdout] 
[INFO] [stdout] error[E0433]: cannot find module or crate `svastha_relay` in this scope
[INFO] [stdout]   --> tests/rag.rs:38:5
[INFO] [stdout]    |
[INFO] [stdout] 38 | use svastha_relay::grants::MemoryGrantStore;
[INFO] [stdout]    |     ^^^^^^^^^^^^^ use of unresolved module or unlinked crate `svastha_relay`
[INFO] [stdout]    |
[INFO] [stdout]    = help: if you wanted to use a crate named `svastha_relay`, use `cargo add svastha_relay` to add it to your `Cargo.toml`
[INFO] [stdout] 
[INFO] [stdout] 
[INFO] [stdout] error[E0433]: cannot find module or crate `svastha_relay` in this scope
[INFO] [stdout]   --> tests/rag.rs:39:5
[INFO] [stdout]    |
[INFO] [stdout] 39 | use svastha_relay::mailbox::MemoryMailboxStore;
[INFO] [stdout]    |     ^^^^^^^^^^^^^ use of unresolved module or unlinked crate `svastha_relay`
[INFO] [stdout]    |
[INFO] [stdout]    = help: if you wanted to use a crate named `svastha_relay`, use `cargo add svastha_relay` to add it to your `Cargo.toml`
[INFO] [stdout] 
[INFO] [stdout] 
[INFO] [stdout] error[E0433]: cannot find module or crate `svastha_relay` in this scope
[INFO] [stdout]   --> tests/rag.rs:40:5
[INFO] [stdout]    |
[INFO] [stdout] 40 | use svastha_relay::share::MemoryShareStore;
[INFO] [stdout]    |     ^^^^^^^^^^^^^ use of unresolved module or unlinked crate `svastha_relay`
[INFO] [stdout]    |
[INFO] [stdout]    = help: if you wanted to use a crate named `svastha_relay`, use `cargo add svastha_relay` to add it to your `Cargo.toml`
[INFO] [stdout] 
[INFO] [stdout] 
[INFO] [stdout] error[E0433]: cannot find module or crate `svastha_relay` in this scope
[INFO] [stdout]   --> tests/rag.rs:41:5
[INFO] [stdout]    |
[INFO] [stdout] 41 | use svastha_relay::store::MemoryStore;
[INFO] [stdout]    |     ^^^^^^^^^^^^^ use of unresolved module or unlinked crate `svastha_relay`
[INFO] [stdout]    |
[INFO] [stdout]    = help: if you wanted to use a crate named `svastha_relay`, use `cargo add svastha_relay` to add it to your `Cargo.toml`
[INFO] [stdout] 
[INFO] [stdout] 
[INFO] [stdout] error[E0433]: cannot find module or crate `svastha_relay` in this scope
[INFO] [stdout]   --> tests/ocr.rs:50:23
[INFO] [stdout]    |
[INFO] [stdout] 50 |             let app = svastha_relay::app(
[INFO] [stdout]    |                       ^^^^^^^^^^^^^ use of unresolved module or unlinked crate `svastha_relay`
[INFO] [stdout]    |
[INFO] [stdout]    = help: if you wanted to use a crate named `svastha_relay`, use `cargo add svastha_relay` to add it to your `Cargo.toml`
[INFO] [stdout] 
[INFO] [stdout] 
[INFO] [stdout] error[E0433]: cannot find module or crate `svastha_relay` in this scope
[INFO] [stdout]   --> tests/substrate.rs:44:23
[INFO] [stdout]    |
[INFO] [stdout] 44 |             let app = svastha_relay::app(
[INFO] [stdout]    |                       ^^^^^^^^^^^^^ use of unresolved module or unlinked crate `svastha_relay`
[INFO] [stdout]    |
[INFO] [stdout]    = help: if you wanted to use a crate named `svastha_relay`, use `cargo add svastha_relay` to add it to your `Cargo.toml`
[INFO] [stdout] 
[INFO] [stdout] 
[INFO] [stdout] error[E0433]: cannot find module or crate `svastha_relay` in this scope
[INFO] [stdout]   --> tests/rag.rs:55:23
[INFO] [stdout]    |
[INFO] [stdout] 55 |             let app = svastha_relay::app(
[INFO] [stdout]    |                       ^^^^^^^^^^^^^ use of unresolved module or unlinked crate `svastha_relay`
[INFO] [stdout]    |
[INFO] [stdout]    = help: if you wanted to use a crate named `svastha_relay`, use `cargo add svastha_relay` to add it to your `Cargo.toml`
[INFO] [stdout] 
[INFO] [stdout] 
[INFO] [stdout] For more information about this error, try `rustc --explain E0433`.
[INFO] [stdout] 
[INFO] [stdout] For more information about this error, try `rustc --explain E0433`.
[INFO] [stdout] 
[INFO] [stderr] error: could not compile `svastha-node` (test "ocr") due to 5 previous errors
[INFO] [stderr] warning: build failed, waiting for other jobs to finish...
[INFO] [stderr] error: could not compile `svastha-node` (test "substrate") due to 5 previous errors
[INFO] [stdout] For more information about this error, try `rustc --explain E0433`.
[INFO] [stdout] 
[INFO] [stderr] error: could not compile `svastha-node` (test "rag") due to 5 previous errors
[INFO] [stdout] error[E0433]: cannot find module or crate `svastha_wasm` in this scope
[INFO] [stdout]    --> src/retrieval.rs:308:14
[INFO] [stdout]     |
[INFO] [stdout] 308 |             &svastha_wasm::rank_context(&browser_input, "peanut allergy", 10).unwrap(),
[INFO] [stdout]     |              ^^^^^^^^^^^^ use of unresolved module or unlinked crate `svastha_wasm`
[INFO] [stdout]     |
[INFO] [stdout] help: there is a crate or module with a similar name
[INFO] [stdout]     |
[INFO] [stdout] 308 -             &svastha_wasm::rank_context(&browser_input, "peanut allergy", 10).unwrap(),
[INFO] [stdout] 308 +             &svastha_core::rank_context(&browser_input, "peanut allergy", 10).unwrap(),
[INFO] [stdout]     |
[INFO] [stdout] 
[INFO] [stdout] 
[INFO] [stdout] For more information about this error, try `rustc --explain E0433`.
[INFO] [stdout] 
[INFO] [stderr] error: could not compile `svastha-node` (lib test) due to 1 previous error
[INFO] running `Command { std: "docker" "inspect" "c689c30b958d310e855836919986b8acb7d20e769a15055526337e32401c0d24", kill_on_drop: false }`
[INFO] running `Command { std: "docker" "rm" "-f" "c689c30b958d310e855836919986b8acb7d20e769a15055526337e32401c0d24", kill_on_drop: false }`
[INFO] [stdout] c689c30b958d310e855836919986b8acb7d20e769a15055526337e32401c0d24
