[INFO] fetching crate sui-sdk-types 0.4.0...
[INFO] testing sui-sdk-types-0.4.0 against 1.100.0-beta.1 for beta-1.100-2
[INFO] extracting crate sui-sdk-types 0.4.0 into /workspace/builds/worker-7-tc2/source
[INFO] started tweaking crates.io crate sui-sdk-types 0.4.0
[INFO] removed 0 missing tests
[INFO] finished tweaking crates.io crate sui-sdk-types 0.4.0
[INFO] tweaked toml for crates.io crate sui-sdk-types 0.4.0 written to /workspace/builds/worker-7-tc2/source/Cargo.toml
[INFO] validating manifest of crates.io crate sui-sdk-types 0.4.0 on toolchain 1.100.0-beta.1
[INFO] running `Command { std: CARGO_HOME="/workspace/cargo-home" RUSTUP_HOME="/workspace/rustup-home" "/workspace/cargo-home/bin/cargo" "+1.100.0-beta.1" "metadata" "--manifest-path" "Cargo.toml" "--no-deps", kill_on_drop: false }`
[INFO] crate crates.io crate sui-sdk-types 0.4.0 already has a lockfile, it will not be regenerated
[INFO] running `Command { std: CARGO_HOME="/workspace/cargo-home" RUSTUP_HOME="/workspace/rustup-home" "/workspace/cargo-home/bin/cargo" "+1.100.0-beta.1" "fetch" "--manifest-path" "Cargo.toml", kill_on_drop: false }`
[INFO] running `Command { std: "docker" "create" "-v" "/var/lib/crater-agent-workspace/builds/worker-7-tc2/source:/opt/rustwide/workdir:ro,Z" "-v" "/var/lib/crater-agent-workspace/builds/worker-7-tc2/target:/opt/rustwide/target:rw,Z" "-v" "/var/lib/crater-agent-workspace/cargo-home:/opt/rustwide/cargo-home:ro,Z" "-v" "/var/lib/crater-agent-workspace/rustup-home:/opt/rustwide/rustup-home:ro,Z" "-m" "1610612736" "--network" "none" "ghcr.io/rust-lang/crates-build-env/linux@sha256:3111399a4047eeb3a02b7a90e478d715f38a8c6669b5c4b49d30a17385265909" "sleep" "infinity", kill_on_drop: false }`
[INFO] [stdout] 1db3ca109ec215506085816b8664d5a50be418dfdad619880ab2a76e73eaa79d
[INFO] running `Command { std: "docker" "start" "1db3ca109ec215506085816b8664d5a50be418dfdad619880ab2a76e73eaa79d", kill_on_drop: false }`
[INFO] running `Command { std: "docker" "inspect" "1db3ca109ec215506085816b8664d5a50be418dfdad619880ab2a76e73eaa79d", kill_on_drop: false }`
[INFO] running `Command { std: "docker" "exec" "-e" "SOURCE_DIR=/opt/rustwide/workdir" "-e" "CARGO_HOME=/opt/rustwide/cargo-home" "-e" "RUSTUP_HOME=/opt/rustwide/rustup-home" "-e" "CARGO_TARGET_DIR=/opt/rustwide/target" "-w" "/opt/rustwide/workdir" "--user" "0:0" "1db3ca109ec215506085816b8664d5a50be418dfdad619880ab2a76e73eaa79d" "/opt/rustwide/cargo-home/bin/cargo" "+1.100.0-beta.1" "metadata" "--no-deps" "--format-version=1", kill_on_drop: false }`
[INFO] running `Command { std: "docker" "inspect" "1db3ca109ec215506085816b8664d5a50be418dfdad619880ab2a76e73eaa79d", kill_on_drop: false }`
[INFO] running `Command { std: "docker" "exec" "-e" "SOURCE_DIR=/opt/rustwide/workdir" "-e" "CARGO_HOME=/opt/rustwide/cargo-home" "-e" "RUSTUP_HOME=/opt/rustwide/rustup-home" "-e" "CARGO_TARGET_DIR=/opt/rustwide/target" "-e" "CARGO_INCREMENTAL=0" "-e" "RUST_BACKTRACE=full" "-e" "RUSTFLAGS=--cap-lints=warn" "-e" "RUSTDOCFLAGS=--cap-lints=warn" "-w" "/opt/rustwide/workdir" "--user" "0:0" "1db3ca109ec215506085816b8664d5a50be418dfdad619880ab2a76e73eaa79d" "/opt/rustwide/cargo-home/bin/cargo" "+1.100.0-beta.1" "build" "--frozen" "--message-format=json", kill_on_drop: false }`
[INFO] [stderr]    Compiling bytes v1.11.1
[INFO] [stderr]    Compiling roaring v0.11.4
[INFO] [stderr]    Compiling winnow v0.7.15
[INFO] [stderr]    Compiling base64ct v1.8.3
[INFO] [stderr]    Compiling bnum v0.13.0
[INFO] [stderr]    Compiling bs58 v0.5.1
[INFO] [stderr]    Compiling bytestring v1.5.1
[INFO] [stderr]    Compiling sui-sdk-types v0.4.0 (/opt/rustwide/workdir)
[INFO] [stderr]     Finished `dev` profile [unoptimized + debuginfo] target(s) in 9.64s
[INFO] running `Command { std: "docker" "inspect" "1db3ca109ec215506085816b8664d5a50be418dfdad619880ab2a76e73eaa79d", kill_on_drop: false }`
[INFO] running `Command { std: "docker" "exec" "-e" "SOURCE_DIR=/opt/rustwide/workdir" "-e" "CARGO_HOME=/opt/rustwide/cargo-home" "-e" "RUSTUP_HOME=/opt/rustwide/rustup-home" "-e" "CARGO_TARGET_DIR=/opt/rustwide/target" "-e" "CARGO_INCREMENTAL=0" "-e" "RUST_BACKTRACE=full" "-e" "RUSTFLAGS=--cap-lints=warn" "-e" "RUSTDOCFLAGS=--cap-lints=warn" "-w" "/opt/rustwide/workdir" "--user" "0:0" "1db3ca109ec215506085816b8664d5a50be418dfdad619880ab2a76e73eaa79d" "/opt/rustwide/cargo-home/bin/cargo" "+1.100.0-beta.1" "test" "--frozen" "--no-run" "--message-format=json", kill_on_drop: false }`
[INFO] [stderr]    Compiling proc-macro2 v1.0.106
[INFO] [stderr]    Compiling unicode-ident v1.0.24
[INFO] [stderr]    Compiling quote v1.0.45
[INFO] [stderr]    Compiling serde_core v1.0.228
[INFO] [stderr]    Compiling serde v1.0.228
[INFO] [stderr]    Compiling memchr v2.8.1
[INFO] [stderr]    Compiling num-bigint v0.4.6
[INFO] [stderr]    Compiling syn v2.0.117
[INFO] [stderr]    Compiling serde_json v1.0.150
[INFO] [stderr]    Compiling thiserror-impl v1.0.69
[INFO] [stderr]    Compiling serde_derive v1.0.228
[INFO] [stderr]    Compiling thiserror v1.0.69
[INFO] [stderr]    Compiling bcs v0.1.6
[INFO] [stderr]    Compiling sui-sdk-types v0.4.0 (/opt/rustwide/workdir)
[INFO] [stdout] error[E0432]: unresolved import `crate::bcs`
[INFO] [stdout]    --> src/serialization_proptests.rs:33:16
[INFO] [stdout]     |
[INFO] [stdout]  33 |     use crate::bcs::FromBcs;
[INFO] [stdout]     |                ^^^ could not find `bcs` in the crate root
[INFO] [stdout]     |
[INFO] [stdout] note: found an item that was configured out
[INFO] [stdout]    --> src/lib.rs:107:9
[INFO] [stdout]     |
[INFO] [stdout] 105 | #[cfg(feature = "serde")]
[INFO] [stdout]     |       ----------------- the item is gated behind the `serde` feature
[INFO] [stdout] 106 | #[cfg_attr(doc_cfg, doc(cfg(feature = "serde")))]
[INFO] [stdout] 107 | pub mod bcs;
[INFO] [stdout]     |         ^^^
[INFO] [stdout] 
[INFO] [stdout] 
[INFO] [stdout] error[E0432]: unresolved import `crate::bcs`
[INFO] [stdout]    --> src/serialization_proptests.rs:34:16
[INFO] [stdout]     |
[INFO] [stdout]  34 |     use crate::bcs::ToBcs;
[INFO] [stdout]     |                ^^^ could not find `bcs` in the crate root
[INFO] [stdout]     |
[INFO] [stdout] note: found an item that was configured out
[INFO] [stdout]    --> src/lib.rs:107:9
[INFO] [stdout]     |
[INFO] [stdout] 105 | #[cfg(feature = "serde")]
[INFO] [stdout]     |       ----------------- the item is gated behind the `serde` feature
[INFO] [stdout] 106 | #[cfg_attr(doc_cfg, doc(cfg(feature = "serde")))]
[INFO] [stdout] 107 | pub mod bcs;
[INFO] [stdout]     |         ^^^
[INFO] [stdout] 
[INFO] [stdout] 
[INFO] [stdout] error[E0432]: unresolved import `test_strategy`
[INFO] [stdout]    --> src/address.rs:363:9
[INFO] [stdout]     |
[INFO] [stdout] 363 |     use test_strategy::proptest;
[INFO] [stdout]     |         ^^^^^^^^^^^^^ use of unresolved module or unlinked crate `test_strategy`
[INFO] [stdout]     |
[INFO] [stdout]     = help: if you wanted to use a crate named `test_strategy`, use `cargo add test_strategy` to add it to your `Cargo.toml`
[INFO] [stdout] 
[INFO] [stdout] 
[INFO] [stdout] error[E0432]: unresolved import `test_strategy`
[INFO] [stdout]    --> src/digest.rs:233:9
[INFO] [stdout]     |
[INFO] [stdout] 233 |     use test_strategy::proptest;
[INFO] [stdout]     |         ^^^^^^^^^^^^^ use of unresolved module or unlinked crate `test_strategy`
[INFO] [stdout]     |
[INFO] [stdout]     = help: if you wanted to use a crate named `test_strategy`, use `cargo add test_strategy` to add it to your `Cargo.toml`
[INFO] [stdout] 
[INFO] [stdout] 
[INFO] [stdout] error[E0432]: unresolved import `test_strategy`
[INFO] [stdout]  --> src/serialization_proptests.rs:2:5
[INFO] [stdout]   |
[INFO] [stdout] 2 | use test_strategy::proptest;
[INFO] [stdout]   |     ^^^^^^^^^^^^^ use of unresolved module or unlinked crate `test_strategy`
[INFO] [stdout]   |
[INFO] [stdout]   = help: if you wanted to use a crate named `test_strategy`, use `cargo add test_strategy` to add it to your `Cargo.toml`
[INFO] [stdout] 
[INFO] [stdout] 
[INFO] [stdout] error[E0432]: unresolved import `test_strategy`
[INFO] [stdout]    --> src/crypto/mod.rs:136:17
[INFO] [stdout]     |
[INFO] [stdout]  64 | macro_rules! impl_base64_helper {
[INFO] [stdout] ...
[INFO] [stdout] 136 |             use test_strategy::proptest;
[INFO] [stdout]     |                 ^^^^^^^^^^^^^ use of unresolved module or unlinked crate `test_strategy`
[INFO] [stdout] ...
[INFO] [stdout] 166 | impl_base64_helper!(Base64Array32, Base64Display32, Base64FromStr32, test32, 32);
[INFO] [stdout]     | -------------------------------------------------------------------------------- in this macro invocation
[INFO] [stdout]     |
[INFO] [stdout]     = help: if you wanted to use a crate named `test_strategy`, use `cargo add test_strategy` to add it to your `Cargo.toml`
[INFO] [stdout] 
[INFO] [stdout] 
[INFO] [stdout] error[E0432]: unresolved import `test_strategy`
[INFO] [stdout]    --> src/crypto/mod.rs:136:17
[INFO] [stdout]     |
[INFO] [stdout]  64 | macro_rules! impl_base64_helper {
[INFO] [stdout] ...
[INFO] [stdout] 136 |             use test_strategy::proptest;
[INFO] [stdout]     |                 ^^^^^^^^^^^^^ use of unresolved module or unlinked crate `test_strategy`
[INFO] [stdout] ...
[INFO] [stdout] 167 | impl_base64_helper!(Base64Array33, Base64Display33, Base64FromStr33, test33, 33);
[INFO] [stdout]     | -------------------------------------------------------------------------------- in this macro invocation
[INFO] [stdout]     |
[INFO] [stdout]     = help: if you wanted to use a crate named `test_strategy`, use `cargo add test_strategy` to add it to your `Cargo.toml`
[INFO] [stdout] 
[INFO] [stdout] 
[INFO] [stdout] error[E0432]: unresolved import `test_strategy`
[INFO] [stdout]    --> src/crypto/mod.rs:136:17
[INFO] [stdout]     |
[INFO] [stdout]  64 | macro_rules! impl_base64_helper {
[INFO] [stdout] ...
[INFO] [stdout] 136 |             use test_strategy::proptest;
[INFO] [stdout]     |                 ^^^^^^^^^^^^^ use of unresolved module or unlinked crate `test_strategy`
[INFO] [stdout] ...
[INFO] [stdout] 168 | impl_base64_helper!(Base64Array34, Base64Display34, Base64FromStr34, test34, 34);
[INFO] [stdout]     | -------------------------------------------------------------------------------- in this macro invocation
[INFO] [stdout]     |
[INFO] [stdout]     = help: if you wanted to use a crate named `test_strategy`, use `cargo add test_strategy` to add it to your `Cargo.toml`
[INFO] [stdout] 
[INFO] [stdout] 
[INFO] [stdout] error[E0432]: unresolved import `test_strategy`
[INFO] [stdout]    --> src/crypto/mod.rs:136:17
[INFO] [stdout]     |
[INFO] [stdout]  64 | macro_rules! impl_base64_helper {
[INFO] [stdout] ...
[INFO] [stdout] 136 |             use test_strategy::proptest;
[INFO] [stdout]     |                 ^^^^^^^^^^^^^ use of unresolved module or unlinked crate `test_strategy`
[INFO] [stdout] ...
[INFO] [stdout] 169 | impl_base64_helper!(Base64Array48, Base64Display48, Base64FromStr48, test48, 48);
[INFO] [stdout]     | -------------------------------------------------------------------------------- in this macro invocation
[INFO] [stdout]     |
[INFO] [stdout]     = help: if you wanted to use a crate named `test_strategy`, use `cargo add test_strategy` to add it to your `Cargo.toml`
[INFO] [stdout] 
[INFO] [stdout] 
[INFO] [stdout] error[E0432]: unresolved import `test_strategy`
[INFO] [stdout]    --> src/crypto/mod.rs:136:17
[INFO] [stdout]     |
[INFO] [stdout]  64 | macro_rules! impl_base64_helper {
[INFO] [stdout] ...
[INFO] [stdout] 136 |             use test_strategy::proptest;
[INFO] [stdout]     |                 ^^^^^^^^^^^^^ use of unresolved module or unlinked crate `test_strategy`
[INFO] [stdout] ...
[INFO] [stdout] 170 | impl_base64_helper!(Base64Array64, Base64Display64, Base64FromStr64, test64, 64);
[INFO] [stdout]     | -------------------------------------------------------------------------------- in this macro invocation
[INFO] [stdout]     |
[INFO] [stdout]     = help: if you wanted to use a crate named `test_strategy`, use `cargo add test_strategy` to add it to your `Cargo.toml`
[INFO] [stdout] 
[INFO] [stdout] 
[INFO] [stdout] error[E0433]: cannot find module or crate `proptest` in this scope
[INFO] [stdout]    --> src/crypto/zklogin.rs:633:9
[INFO] [stdout]     |
[INFO] [stdout] 633 |     use proptest::prelude::*;
[INFO] [stdout]     |         ^^^^^^^^ use of unresolved module or unlinked crate `proptest`
[INFO] [stdout]     |
[INFO] [stdout]     = help: if you wanted to use a crate named `proptest`, use `cargo add proptest` to add it to your `Cargo.toml`
[INFO] [stdout] 
[INFO] [stdout] 
[INFO] [stdout] error[E0432]: unresolved import `test_strategy`
[INFO] [stdout]    --> src/crypto/mod.rs:136:17
[INFO] [stdout]     |
[INFO] [stdout]  64 | macro_rules! impl_base64_helper {
[INFO] [stdout] ...
[INFO] [stdout] 136 |             use test_strategy::proptest;
[INFO] [stdout]     |                 ^^^^^^^^^^^^^ use of unresolved module or unlinked crate `test_strategy`
[INFO] [stdout] ...
[INFO] [stdout] 171 | impl_base64_helper!(Base64Array96, Base64Display96, Base64FromStr96, test96, 96);
[INFO] [stdout]     | -------------------------------------------------------------------------------- in this macro invocation
[INFO] [stdout]     |
[INFO] [stdout]     = help: if you wanted to use a crate named `test_strategy`, use `cargo add test_strategy` to add it to your `Cargo.toml`
[INFO] [stdout] 
[INFO] [stdout] 
[INFO] [stdout] error[E0433]: cannot find module or crate `proptest` in this scope
[INFO] [stdout]    --> src/type_tag/parse.rs:240:9
[INFO] [stdout]     |
[INFO] [stdout] 240 |     use proptest::prelude::*;
[INFO] [stdout]     |         ^^^^^^^^ use of unresolved module or unlinked crate `proptest`
[INFO] [stdout]     |
[INFO] [stdout]     = help: if you wanted to use a crate named `proptest`, use `cargo add proptest` to add it to your `Cargo.toml`
[INFO] [stdout] 
[INFO] [stdout] 
[INFO] [stdout] error[E0432]: unresolved import `test_strategy`
[INFO] [stdout]    --> src/crypto/zklogin.rs:635:9
[INFO] [stdout]     |
[INFO] [stdout] 635 |     use test_strategy::proptest;
[INFO] [stdout]     |         ^^^^^^^^^^^^^ use of unresolved module or unlinked crate `test_strategy`
[INFO] [stdout]     |
[INFO] [stdout]     = help: if you wanted to use a crate named `test_strategy`, use `cargo add test_strategy` to add it to your `Cargo.toml`
[INFO] [stdout] 
[INFO] [stdout] 
[INFO] [stdout] error[E0433]: cannot find module or crate `proptest` in this scope
[INFO] [stdout]    --> src/u256.rs:204:9
[INFO] [stdout]     |
[INFO] [stdout] 204 |     use proptest::prelude::*;
[INFO] [stdout]     |         ^^^^^^^^ use of unresolved module or unlinked crate `proptest`
[INFO] [stdout]     |
[INFO] [stdout]     = help: if you wanted to use a crate named `proptest`, use `cargo add proptest` to add it to your `Cargo.toml`
[INFO] [stdout] 
[INFO] [stdout] 
[INFO] [stdout] error[E0432]: unresolved import `test_strategy`
[INFO] [stdout]    --> src/type_tag/parse.rs:241:9
[INFO] [stdout]     |
[INFO] [stdout] 241 |     use test_strategy::proptest;
[INFO] [stdout]     |         ^^^^^^^^^^^^^ use of unresolved module or unlinked crate `test_strategy`
[INFO] [stdout]     |
[INFO] [stdout]     = help: if you wanted to use a crate named `test_strategy`, use `cargo add test_strategy` to add it to your `Cargo.toml`
[INFO] [stdout] 
[INFO] [stdout] 
[INFO] [stdout] error[E0432]: unresolved import `test_strategy`
[INFO] [stdout]    --> src/u256.rs:206:9
[INFO] [stdout]     |
[INFO] [stdout] 206 |     use test_strategy::proptest;
[INFO] [stdout]     |         ^^^^^^^^^^^^^ use of unresolved module or unlinked crate `test_strategy`
[INFO] [stdout]     |
[INFO] [stdout]     = help: if you wanted to use a crate named `test_strategy`, use `cargo add test_strategy` to add it to your `Cargo.toml`
[INFO] [stdout] 
[INFO] [stdout] 
[INFO] [stdout] error: cannot find attribute `strategy` in this scope
[INFO] [stdout]    --> src/crypto/zklogin.rs:653:11
[INFO] [stdout]     |
[INFO] [stdout] 653 |         #[strategy(proptest::collection::vec(any::<u8>(), 33..1024))] bytes: Vec<u8>,
[INFO] [stdout]     |           ^^^^^^^^
[INFO] [stdout] 
[INFO] [stdout] 
[INFO] [stdout] error: cannot find attribute `strategy` in this scope
[INFO] [stdout]    --> src/crypto/zklogin.rs:664:11
[INFO] [stdout]     |
[INFO] [stdout] 664 |         #[strategy(proptest::collection::vec(any::<u8>(), 1..=32))] bytes: Vec<u8>,
[INFO] [stdout]     |           ^^^^^^^^
[INFO] [stdout] 
[INFO] [stdout] 
[INFO] [stdout] error: cannot find attribute `strategy` in this scope
[INFO] [stdout]    --> src/crypto/mod.rs:154:41
[INFO] [stdout]     |
[INFO] [stdout]  64 | macro_rules! impl_base64_helper {
[INFO] [stdout] ...
[INFO] [stdout] 154 |             fn fromstr_does_not_panic(#[strategy("[A-Za-z0-9+/=]{0,128}")] s: String) {
[INFO] [stdout]     |                                         ^^^^^^^^
[INFO] [stdout] ...
[INFO] [stdout] 166 | impl_base64_helper!(Base64Array32, Base64Display32, Base64FromStr32, test32, 32);
[INFO] [stdout]     | -------------------------------------------------------------------------------- in this macro invocation
[INFO] [stdout] 
[INFO] [stdout] 
[INFO] [stdout] error: cannot find attribute `strategy` in this scope
[INFO] [stdout]    --> src/crypto/mod.rs:154:41
[INFO] [stdout]     |
[INFO] [stdout]  64 | macro_rules! impl_base64_helper {
[INFO] [stdout] ...
[INFO] [stdout] 154 |             fn fromstr_does_not_panic(#[strategy("[A-Za-z0-9+/=]{0,128}")] s: String) {
[INFO] [stdout]     |                                         ^^^^^^^^
[INFO] [stdout] ...
[INFO] [stdout] 167 | impl_base64_helper!(Base64Array33, Base64Display33, Base64FromStr33, test33, 33);
[INFO] [stdout]     | -------------------------------------------------------------------------------- in this macro invocation
[INFO] [stdout] 
[INFO] [stdout] 
[INFO] [stdout] error: cannot find attribute `strategy` in this scope
[INFO] [stdout]    --> src/crypto/mod.rs:154:41
[INFO] [stdout]     |
[INFO] [stdout]  64 | macro_rules! impl_base64_helper {
[INFO] [stdout] ...
[INFO] [stdout] 154 |             fn fromstr_does_not_panic(#[strategy("[A-Za-z0-9+/=]{0,128}")] s: String) {
[INFO] [stdout]     |                                         ^^^^^^^^
[INFO] [stdout] ...
[INFO] [stdout] 168 | impl_base64_helper!(Base64Array34, Base64Display34, Base64FromStr34, test34, 34);
[INFO] [stdout]     | -------------------------------------------------------------------------------- in this macro invocation
[INFO] [stdout] 
[INFO] [stdout] 
[INFO] [stdout] error: cannot find attribute `strategy` in this scope
[INFO] [stdout]    --> src/crypto/mod.rs:154:41
[INFO] [stdout]     |
[INFO] [stdout]  64 | macro_rules! impl_base64_helper {
[INFO] [stdout] ...
[INFO] [stdout] 154 |             fn fromstr_does_not_panic(#[strategy("[A-Za-z0-9+/=]{0,128}")] s: String) {
[INFO] [stdout]     |                                         ^^^^^^^^
[INFO] [stdout] ...
[INFO] [stdout] 169 | impl_base64_helper!(Base64Array48, Base64Display48, Base64FromStr48, test48, 48);
[INFO] [stdout]     | -------------------------------------------------------------------------------- in this macro invocation
[INFO] [stdout] 
[INFO] [stdout] 
[INFO] [stdout] error: cannot find attribute `strategy` in this scope
[INFO] [stdout]    --> src/crypto/mod.rs:154:41
[INFO] [stdout]     |
[INFO] [stdout]  64 | macro_rules! impl_base64_helper {
[INFO] [stdout] ...
[INFO] [stdout] 154 |             fn fromstr_does_not_panic(#[strategy("[A-Za-z0-9+/=]{0,128}")] s: String) {
[INFO] [stdout]     |                                         ^^^^^^^^
[INFO] [stdout] ...
[INFO] [stdout] 170 | impl_base64_helper!(Base64Array64, Base64Display64, Base64FromStr64, test64, 64);
[INFO] [stdout]     | -------------------------------------------------------------------------------- in this macro invocation
[INFO] [stdout] 
[INFO] [stdout] 
[INFO] [stdout] error: cannot find attribute `strategy` in this scope
[INFO] [stdout]    --> src/crypto/mod.rs:154:41
[INFO] [stdout]     |
[INFO] [stdout]  64 | macro_rules! impl_base64_helper {
[INFO] [stdout] ...
[INFO] [stdout] 154 |             fn fromstr_does_not_panic(#[strategy("[A-Za-z0-9+/=]{0,128}")] s: String) {
[INFO] [stdout]     |                                         ^^^^^^^^
[INFO] [stdout] ...
[INFO] [stdout] 171 | impl_base64_helper!(Base64Array96, Base64Display96, Base64FromStr96, test96, 96);
[INFO] [stdout]     | -------------------------------------------------------------------------------- in this macro invocation
[INFO] [stdout] 
[INFO] [stdout] 
[INFO] [stdout] error: cannot find macro `prop_oneof` in this scope
[INFO] [stdout]    --> src/type_tag/parse.rs:500:9
[INFO] [stdout]     |
[INFO] [stdout] 500 |         prop_oneof!["[a-zA-Z][a-zA-Z0-9_]{0,127}", "_[a-zA-Z0-9_]{1,127}",]
[INFO] [stdout]     |         ^^^^^^^^^^
[INFO] [stdout] 
[INFO] [stdout] 
[INFO] [stdout] error: cannot find macro `prop_oneof` in this scope
[INFO] [stdout]    --> src/type_tag/parse.rs:513:20
[INFO] [stdout]     |
[INFO] [stdout] 513 |         let leaf = prop_oneof![
[INFO] [stdout]     |                    ^^^^^^^^^^
[INFO] [stdout] 
[INFO] [stdout] 
[INFO] [stdout] error: cannot find macro `prop_oneof` in this scope
[INFO] [stdout]    --> src/type_tag/parse.rs:545:17
[INFO] [stdout]     |
[INFO] [stdout] 545 |                 prop_oneof![vector_strat, struct_no_params, struct_with_params,]
[INFO] [stdout]     |                 ^^^^^^^^^^
[INFO] [stdout] 
[INFO] [stdout] 
[INFO] [stdout] error: cannot find macro `prop_oneof` in this scope
[INFO] [stdout]    --> src/type_tag/parse.rs:552:9
[INFO] [stdout]     |
[INFO] [stdout] 552 |         prop_oneof![Just(TypeTag::U8), Just(TypeTag::U64), Just(TypeTag::Bool)]
[INFO] [stdout]     |         ^^^^^^^^^^
[INFO] [stdout] 
[INFO] [stdout] 
[INFO] [stdout] error: cannot find attribute `strategy` in this scope
[INFO] [stdout]    --> src/type_tag/parse.rs:556:29
[INFO] [stdout]     |
[INFO] [stdout] 556 |     fn type_tag_roundtrip(#[strategy(arb_type_tag())] type_tag: TypeTag) {
[INFO] [stdout]     |                             ^^^^^^^^
[INFO] [stdout] 
[INFO] [stdout] 
[INFO] [stdout] error: cannot find attribute `strategy` in this scope
[INFO] [stdout]    --> src/type_tag/parse.rs:563:31
[INFO] [stdout]     |
[INFO] [stdout] 563 |     fn identifier_roundtrip(#[strategy(arb_identifier())] ident: Identifier) {
[INFO] [stdout]     |                               ^^^^^^^^
[INFO] [stdout] 
[INFO] [stdout] 
[INFO] [stdout] error: cannot find attribute `strategy` in this scope
[INFO] [stdout]    --> src/type_tag/parse.rs:571:11
[INFO] [stdout]     |
[INFO] [stdout] 571 |         #[strategy(0u32..=8)] depth: u32,
[INFO] [stdout]     |           ^^^^^^^^
[INFO] [stdout] 
[INFO] [stdout] 
[INFO] [stdout] error: cannot find attribute `strategy` in this scope
[INFO] [stdout]    --> src/type_tag/parse.rs:572:11
[INFO] [stdout]     |
[INFO] [stdout] 572 |         #[strategy(arb_simple_leaf())] leaf: TypeTag,
[INFO] [stdout]     |           ^^^^^^^^
[INFO] [stdout] 
[INFO] [stdout] 
[INFO] [stdout] error: cannot find attribute `strategy` in this scope
[INFO] [stdout]    --> src/u256.rs:242:11
[INFO] [stdout]     |
[INFO] [stdout] 242 |         #[strategy(proptest::collection::vec(any::<u8>(), 33..1024))] bytes: Vec<u8>,
[INFO] [stdout]     |           ^^^^^^^^
[INFO] [stdout] 
[INFO] [stdout] 
[INFO] [stdout] error: cannot find attribute `strategy` in this scope
[INFO] [stdout]    --> src/u256.rs:253:11
[INFO] [stdout]     |
[INFO] [stdout] 253 |         #[strategy(proptest::collection::vec(any::<u8>(), 1..=32))] bytes: Vec<u8>,
[INFO] [stdout]     |           ^^^^^^^^
[INFO] [stdout] 
[INFO] [stdout] 
[INFO] [stdout] error: cannot find attribute `strategy` in this scope
[INFO] [stdout]   --> src/serialization_proptests.rs:20:19
[INFO] [stdout]    |
[INFO] [stdout]  7 | macro_rules! serialization_test {
[INFO] [stdout] ...
[INFO] [stdout] 20 |                 #[strategy(proptest::collection::vec(proptest::arbitrary::any::<u8>(), 0..=2048))]
[INFO] [stdout]    |                   ^^^^^^^^
[INFO] [stdout] ...
[INFO] [stdout] 46 | serialization_test!(Address);
[INFO] [stdout]    | ---------------------------- in this macro invocation
[INFO] [stdout] 
[INFO] [stdout] 
[INFO] [stdout] error: cannot find attribute `strategy` in this scope
[INFO] [stdout]   --> src/serialization_proptests.rs:20:19
[INFO] [stdout]    |
[INFO] [stdout]  7 | macro_rules! serialization_test {
[INFO] [stdout] ...
[INFO] [stdout] 20 |                 #[strategy(proptest::collection::vec(proptest::arbitrary::any::<u8>(), 0..=2048))]
[INFO] [stdout]    |                   ^^^^^^^^
[INFO] [stdout] ...
[INFO] [stdout] 47 | serialization_test!(CheckpointCommitment);
[INFO] [stdout]    | ----------------------------------------- in this macro invocation
[INFO] [stdout] 
[INFO] [stdout] 
[INFO] [stdout] error: cannot find attribute `strategy` in this scope
[INFO] [stdout]   --> src/serialization_proptests.rs:20:19
[INFO] [stdout]    |
[INFO] [stdout]  7 | macro_rules! serialization_test {
[INFO] [stdout] ...
[INFO] [stdout] 20 |                 #[strategy(proptest::collection::vec(proptest::arbitrary::any::<u8>(), 0..=2048))]
[INFO] [stdout]    |                   ^^^^^^^^
[INFO] [stdout] ...
[INFO] [stdout] 48 | serialization_test!(CheckpointContents);
[INFO] [stdout]    | --------------------------------------- in this macro invocation
[INFO] [stdout] 
[INFO] [stdout] 
[INFO] [stdout] error: cannot find attribute `strategy` in this scope
[INFO] [stdout]   --> src/serialization_proptests.rs:20:19
[INFO] [stdout]    |
[INFO] [stdout]  7 | macro_rules! serialization_test {
[INFO] [stdout] ...
[INFO] [stdout] 20 |                 #[strategy(proptest::collection::vec(proptest::arbitrary::any::<u8>(), 0..=2048))]
[INFO] [stdout]    |                   ^^^^^^^^
[INFO] [stdout] ...
[INFO] [stdout] 49 | serialization_test!(CheckpointData);
[INFO] [stdout]    | ----------------------------------- in this macro invocation
[INFO] [stdout] 
[INFO] [stdout] 
[INFO] [stdout] error: cannot find attribute `strategy` in this scope
[INFO] [stdout]   --> src/serialization_proptests.rs:20:19
[INFO] [stdout]    |
[INFO] [stdout]  7 | macro_rules! serialization_test {
[INFO] [stdout] ...
[INFO] [stdout] 20 |                 #[strategy(proptest::collection::vec(proptest::arbitrary::any::<u8>(), 0..=2048))]
[INFO] [stdout]    |                   ^^^^^^^^
[INFO] [stdout] ...
[INFO] [stdout] 50 | serialization_test!(CheckpointSequenceNumber);
[INFO] [stdout]    | --------------------------------------------- in this macro invocation
[INFO] [stdout] 
[INFO] [stdout] 
[INFO] [stdout] error: cannot find attribute `strategy` in this scope
[INFO] [stdout]   --> src/serialization_proptests.rs:20:19
[INFO] [stdout]    |
[INFO] [stdout]  7 | macro_rules! serialization_test {
[INFO] [stdout] ...
[INFO] [stdout] 20 |                 #[strategy(proptest::collection::vec(proptest::arbitrary::any::<u8>(), 0..=2048))]
[INFO] [stdout]    |                   ^^^^^^^^
[INFO] [stdout] ...
[INFO] [stdout] 51 | serialization_test!(CheckpointSummary);
[INFO] [stdout]    | -------------------------------------- in this macro invocation
[INFO] [stdout] 
[INFO] [stdout] 
[INFO] [stdout] error: cannot find attribute `strategy` in this scope
[INFO] [stdout]   --> src/serialization_proptests.rs:20:19
[INFO] [stdout]    |
[INFO] [stdout]  7 | macro_rules! serialization_test {
[INFO] [stdout] ...
[INFO] [stdout] 20 |                 #[strategy(proptest::collection::vec(proptest::arbitrary::any::<u8>(), 0..=2048))]
[INFO] [stdout]    |                   ^^^^^^^^
[INFO] [stdout] ...
[INFO] [stdout] 52 | serialization_test!(CheckpointTimestamp);
[INFO] [stdout]    | ---------------------------------------- in this macro invocation
[INFO] [stdout] 
[INFO] [stdout] 
[INFO] [stdout] error: cannot find attribute `strategy` in this scope
[INFO] [stdout]   --> src/serialization_proptests.rs:20:19
[INFO] [stdout]    |
[INFO] [stdout]  7 | macro_rules! serialization_test {
[INFO] [stdout] ...
[INFO] [stdout] 20 |                 #[strategy(proptest::collection::vec(proptest::arbitrary::any::<u8>(), 0..=2048))]
[INFO] [stdout]    |                   ^^^^^^^^
[INFO] [stdout] ...
[INFO] [stdout] 53 | serialization_test!(CheckpointTransaction);
[INFO] [stdout]    | ------------------------------------------ in this macro invocation
[INFO] [stdout] 
[INFO] [stdout] 
[INFO] [stdout] error: cannot find attribute `strategy` in this scope
[INFO] [stdout]   --> src/serialization_proptests.rs:20:19
[INFO] [stdout]    |
[INFO] [stdout]  7 | macro_rules! serialization_test {
[INFO] [stdout] ...
[INFO] [stdout] 20 |                 #[strategy(proptest::collection::vec(proptest::arbitrary::any::<u8>(), 0..=2048))]
[INFO] [stdout]    |                   ^^^^^^^^
[INFO] [stdout] ...
[INFO] [stdout] 54 | serialization_test!(EndOfEpochData);
[INFO] [stdout]    | ----------------------------------- in this macro invocation
[INFO] [stdout] 
[INFO] [stdout] 
[INFO] [stdout] error: cannot find attribute `strategy` in this scope
[INFO] [stdout]   --> src/serialization_proptests.rs:20:19
[INFO] [stdout]    |
[INFO] [stdout]  7 | macro_rules! serialization_test {
[INFO] [stdout] ...
[INFO] [stdout] 20 |                 #[strategy(proptest::collection::vec(proptest::arbitrary::any::<u8>(), 0..=2048))]
[INFO] [stdout]    |                   ^^^^^^^^
[INFO] [stdout] ...
[INFO] [stdout] 55 | serialization_test!(SignedCheckpointSummary);
[INFO] [stdout]    | -------------------------------------------- in this macro invocation
[INFO] [stdout] 
[INFO] [stdout] 
[INFO] [stdout] error: cannot find attribute `strategy` in this scope
[INFO] [stdout]   --> src/serialization_proptests.rs:20:19
[INFO] [stdout]    |
[INFO] [stdout]  7 | macro_rules! serialization_test {
[INFO] [stdout] ...
[INFO] [stdout] 20 |                 #[strategy(proptest::collection::vec(proptest::arbitrary::any::<u8>(), 0..=2048))]
[INFO] [stdout]    |                   ^^^^^^^^
[INFO] [stdout] ...
[INFO] [stdout] 56 | serialization_test!(Bls12381PublicKey);
[INFO] [stdout]    | -------------------------------------- in this macro invocation
[INFO] [stdout] 
[INFO] [stdout] 
[INFO] [stdout] error: cannot find attribute `strategy` in this scope
[INFO] [stdout]   --> src/serialization_proptests.rs:20:19
[INFO] [stdout]    |
[INFO] [stdout]  7 | macro_rules! serialization_test {
[INFO] [stdout] ...
[INFO] [stdout] 20 |                 #[strategy(proptest::collection::vec(proptest::arbitrary::any::<u8>(), 0..=2048))]
[INFO] [stdout]    |                   ^^^^^^^^
[INFO] [stdout] ...
[INFO] [stdout] 57 | serialization_test!(Bls12381Signature);
[INFO] [stdout]    | -------------------------------------- in this macro invocation
[INFO] [stdout] 
[INFO] [stdout] 
[INFO] [stdout] error: cannot find attribute `strategy` in this scope
[INFO] [stdout]   --> src/serialization_proptests.rs:20:19
[INFO] [stdout]    |
[INFO] [stdout]  7 | macro_rules! serialization_test {
[INFO] [stdout] ...
[INFO] [stdout] 20 |                 #[strategy(proptest::collection::vec(proptest::arbitrary::any::<u8>(), 0..=2048))]
[INFO] [stdout]    |                   ^^^^^^^^
[INFO] [stdout] ...
[INFO] [stdout] 58 | serialization_test!(Bn254FieldElement);
[INFO] [stdout]    | -------------------------------------- in this macro invocation
[INFO] [stdout] 
[INFO] [stdout] 
[INFO] [stdout] error: cannot find attribute `strategy` in this scope
[INFO] [stdout]   --> src/serialization_proptests.rs:20:19
[INFO] [stdout]    |
[INFO] [stdout]  7 | macro_rules! serialization_test {
[INFO] [stdout] ...
[INFO] [stdout] 20 |                 #[strategy(proptest::collection::vec(proptest::arbitrary::any::<u8>(), 0..=2048))]
[INFO] [stdout]    |                   ^^^^^^^^
[INFO] [stdout] ...
[INFO] [stdout] 59 | serialization_test!(ZkLoginClaim);
[INFO] [stdout]    | --------------------------------- in this macro invocation
[INFO] [stdout] 
[INFO] [stdout] 
[INFO] [stdout] error: cannot find attribute `strategy` in this scope
[INFO] [stdout]   --> src/serialization_proptests.rs:20:19
[INFO] [stdout]    |
[INFO] [stdout]  7 | macro_rules! serialization_test {
[INFO] [stdout] ...
[INFO] [stdout] 20 |                 #[strategy(proptest::collection::vec(proptest::arbitrary::any::<u8>(), 0..=2048))]
[INFO] [stdout]    |                   ^^^^^^^^
[INFO] [stdout] ...
[INFO] [stdout] 60 | serialization_test!(Ed25519PublicKey);
[INFO] [stdout]    | ------------------------------------- in this macro invocation
[INFO] [stdout] 
[INFO] [stdout] 
[INFO] [stdout] error: cannot find attribute `strategy` in this scope
[INFO] [stdout]   --> src/serialization_proptests.rs:20:19
[INFO] [stdout]    |
[INFO] [stdout]  7 | macro_rules! serialization_test {
[INFO] [stdout] ...
[INFO] [stdout] 20 |                 #[strategy(proptest::collection::vec(proptest::arbitrary::any::<u8>(), 0..=2048))]
[INFO] [stdout]    |                   ^^^^^^^^
[INFO] [stdout] ...
[INFO] [stdout] 61 | serialization_test!(Ed25519Signature);
[INFO] [stdout]    | ------------------------------------- in this macro invocation
[INFO] [stdout] 
[INFO] [stdout] 
[INFO] [stdout] error: cannot find attribute `strategy` in this scope
[INFO] [stdout]   --> src/serialization_proptests.rs:20:19
[INFO] [stdout]    |
[INFO] [stdout]  7 | macro_rules! serialization_test {
[INFO] [stdout] ...
[INFO] [stdout] 20 |                 #[strategy(proptest::collection::vec(proptest::arbitrary::any::<u8>(), 0..=2048))]
[INFO] [stdout]    |                   ^^^^^^^^
[INFO] [stdout] ...
[INFO] [stdout] 62 | serialization_test!(Jwk);
[INFO] [stdout]    | ------------------------ in this macro invocation
[INFO] [stdout] 
[INFO] [stdout] 
[INFO] [stdout] error: cannot find attribute `strategy` in this scope
[INFO] [stdout]   --> src/serialization_proptests.rs:20:19
[INFO] [stdout]    |
[INFO] [stdout]  7 | macro_rules! serialization_test {
[INFO] [stdout] ...
[INFO] [stdout] 20 |                 #[strategy(proptest::collection::vec(proptest::arbitrary::any::<u8>(), 0..=2048))]
[INFO] [stdout]    |                   ^^^^^^^^
[INFO] [stdout] ...
[INFO] [stdout] 63 | serialization_test!(JwkId);
[INFO] [stdout]    | -------------------------- in this macro invocation
[INFO] [stdout] 
[INFO] [stdout] 
[INFO] [stdout] error: cannot find attribute `strategy` in this scope
[INFO] [stdout]   --> src/serialization_proptests.rs:20:19
[INFO] [stdout]    |
[INFO] [stdout]  7 | macro_rules! serialization_test {
[INFO] [stdout] ...
[INFO] [stdout] 20 |                 #[strategy(proptest::collection::vec(proptest::arbitrary::any::<u8>(), 0..=2048))]
[INFO] [stdout]    |                   ^^^^^^^^
[INFO] [stdout] ...
[INFO] [stdout] 64 | serialization_test!(MultisigAggregatedSignature);
[INFO] [stdout]    | ------------------------------------------------ in this macro invocation
[INFO] [stdout] 
[INFO] [stdout] 
[INFO] [stdout] error: cannot find attribute `strategy` in this scope
[INFO] [stdout]   --> src/serialization_proptests.rs:20:19
[INFO] [stdout]    |
[INFO] [stdout]  7 | macro_rules! serialization_test {
[INFO] [stdout] ...
[INFO] [stdout] 20 |                 #[strategy(proptest::collection::vec(proptest::arbitrary::any::<u8>(), 0..=2048))]
[INFO] [stdout]    |                   ^^^^^^^^
[INFO] [stdout] ...
[INFO] [stdout] 65 | serialization_test!(MultisigCommittee);
[INFO] [stdout]    | -------------------------------------- in this macro invocation
[INFO] [stdout] 
[INFO] [stdout] 
[INFO] [stdout] error: cannot find attribute `strategy` in this scope
[INFO] [stdout]   --> src/serialization_proptests.rs:20:19
[INFO] [stdout]    |
[INFO] [stdout]  7 | macro_rules! serialization_test {
[INFO] [stdout] ...
[INFO] [stdout] 20 |                 #[strategy(proptest::collection::vec(proptest::arbitrary::any::<u8>(), 0..=2048))]
[INFO] [stdout]    |                   ^^^^^^^^
[INFO] [stdout] ...
[INFO] [stdout] 66 | serialization_test!(MultisigMember);
[INFO] [stdout]    | ----------------------------------- in this macro invocation
[INFO] [stdout] 
[INFO] [stdout] 
[INFO] [stdout] error: cannot find attribute `strategy` in this scope
[INFO] [stdout]   --> src/serialization_proptests.rs:20:19
[INFO] [stdout]    |
[INFO] [stdout]  7 | macro_rules! serialization_test {
[INFO] [stdout] ...
[INFO] [stdout] 20 |                 #[strategy(proptest::collection::vec(proptest::arbitrary::any::<u8>(), 0..=2048))]
[INFO] [stdout]    |                   ^^^^^^^^
[INFO] [stdout] ...
[INFO] [stdout] 67 | serialization_test!(MultisigMemberPublicKey);
[INFO] [stdout]    | -------------------------------------------- in this macro invocation
[INFO] [stdout] 
[INFO] [stdout] 
[INFO] [stdout] error: cannot find attribute `strategy` in this scope
[INFO] [stdout]   --> src/serialization_proptests.rs:20:19
[INFO] [stdout]    |
[INFO] [stdout]  7 | macro_rules! serialization_test {
[INFO] [stdout] ...
[INFO] [stdout] 20 |                 #[strategy(proptest::collection::vec(proptest::arbitrary::any::<u8>(), 0..=2048))]
[INFO] [stdout]    |                   ^^^^^^^^
[INFO] [stdout] ...
[INFO] [stdout] 68 | serialization_test!(MultisigMemberSignature);
[INFO] [stdout]    | -------------------------------------------- in this macro invocation
[INFO] [stdout] 
[INFO] [stdout] 
[INFO] [stdout] error: cannot find attribute `strategy` in this scope
[INFO] [stdout]   --> src/serialization_proptests.rs:20:19
[INFO] [stdout]    |
[INFO] [stdout]  7 | macro_rules! serialization_test {
[INFO] [stdout] ...
[INFO] [stdout] 20 |                 #[strategy(proptest::collection::vec(proptest::arbitrary::any::<u8>(), 0..=2048))]
[INFO] [stdout]    |                   ^^^^^^^^
[INFO] [stdout] ...
[INFO] [stdout] 69 | serialization_test!(Secp256k1PublicKey);
[INFO] [stdout]    | --------------------------------------- in this macro invocation
[INFO] [stdout] 
[INFO] [stdout] 
[INFO] [stdout] error: cannot find attribute `strategy` in this scope
[INFO] [stdout]   --> src/serialization_proptests.rs:20:19
[INFO] [stdout]    |
[INFO] [stdout]  7 | macro_rules! serialization_test {
[INFO] [stdout] ...
[INFO] [stdout] 20 |                 #[strategy(proptest::collection::vec(proptest::arbitrary::any::<u8>(), 0..=2048))]
[INFO] [stdout]    |                   ^^^^^^^^
[INFO] [stdout] ...
[INFO] [stdout] 70 | serialization_test!(Secp256k1Signature);
[INFO] [stdout]    | --------------------------------------- in this macro invocation
[INFO] [stdout] 
[INFO] [stdout] 
[INFO] [stdout] error: cannot find attribute `strategy` in this scope
[INFO] [stdout]   --> src/serialization_proptests.rs:20:19
[INFO] [stdout]    |
[INFO] [stdout]  7 | macro_rules! serialization_test {
[INFO] [stdout] ...
[INFO] [stdout] 20 |                 #[strategy(proptest::collection::vec(proptest::arbitrary::any::<u8>(), 0..=2048))]
[INFO] [stdout]    |                   ^^^^^^^^
[INFO] [stdout] ...
[INFO] [stdout] 71 | serialization_test!(Secp256r1PublicKey);
[INFO] [stdout]    | --------------------------------------- in this macro invocation
[INFO] [stdout] 
[INFO] [stdout] 
[INFO] [stdout] error: cannot find attribute `strategy` in this scope
[INFO] [stdout]   --> src/serialization_proptests.rs:20:19
[INFO] [stdout]    |
[INFO] [stdout]  7 | macro_rules! serialization_test {
[INFO] [stdout] ...
[INFO] [stdout] 20 |                 #[strategy(proptest::collection::vec(proptest::arbitrary::any::<u8>(), 0..=2048))]
[INFO] [stdout]    |                   ^^^^^^^^
[INFO] [stdout] ...
[INFO] [stdout] 72 | serialization_test!(Secp256r1Signature);
[INFO] [stdout]    | --------------------------------------- in this macro invocation
[INFO] [stdout] 
[INFO] [stdout] 
[INFO] [stdout] error: cannot find attribute `strategy` in this scope
[INFO] [stdout]   --> src/serialization_proptests.rs:20:19
[INFO] [stdout]    |
[INFO] [stdout]  7 | macro_rules! serialization_test {
[INFO] [stdout] ...
[INFO] [stdout] 20 |                 #[strategy(proptest::collection::vec(proptest::arbitrary::any::<u8>(), 0..=2048))]
[INFO] [stdout]    |                   ^^^^^^^^
[INFO] [stdout] ...
[INFO] [stdout] 73 | serialization_test!(SimpleSignature);
[INFO] [stdout]    | ------------------------------------ in this macro invocation
[INFO] [stdout] 
[INFO] [stdout] 
[INFO] [stdout] error: cannot find attribute `strategy` in this scope
[INFO] [stdout]   --> src/serialization_proptests.rs:20:19
[INFO] [stdout]    |
[INFO] [stdout]  7 | macro_rules! serialization_test {
[INFO] [stdout] ...
[INFO] [stdout] 20 |                 #[strategy(proptest::collection::vec(proptest::arbitrary::any::<u8>(), 0..=2048))]
[INFO] [stdout]    |                   ^^^^^^^^
[INFO] [stdout] ...
[INFO] [stdout] 74 | serialization_test!(UserSignature);
[INFO] [stdout]    | ---------------------------------- in this macro invocation
[INFO] [stdout] 
[INFO] [stdout] 
[INFO] [stdout] error: cannot find attribute `strategy` in this scope
[INFO] [stdout]   --> src/serialization_proptests.rs:20:19
[INFO] [stdout]    |
[INFO] [stdout]  7 | macro_rules! serialization_test {
[INFO] [stdout] ...
[INFO] [stdout] 20 |                 #[strategy(proptest::collection::vec(proptest::arbitrary::any::<u8>(), 0..=2048))]
[INFO] [stdout]    |                   ^^^^^^^^
[INFO] [stdout] ...
[INFO] [stdout] 75 | serialization_test!(ValidatorAggregatedSignature);
[INFO] [stdout]    | ------------------------------------------------- in this macro invocation
[INFO] [stdout] 
[INFO] [stdout] 
[INFO] [stdout] error: cannot find attribute `strategy` in this scope
[INFO] [stdout]   --> src/serialization_proptests.rs:20:19
[INFO] [stdout]    |
[INFO] [stdout]  7 | macro_rules! serialization_test {
[INFO] [stdout] ...
[INFO] [stdout] 20 |                 #[strategy(proptest::collection::vec(proptest::arbitrary::any::<u8>(), 0..=2048))]
[INFO] [stdout]    |                   ^^^^^^^^
[INFO] [stdout] ...
[INFO] [stdout] 76 | serialization_test!(ValidatorCommittee);
[INFO] [stdout]    | --------------------------------------- in this macro invocation
[INFO] [stdout] 
[INFO] [stdout] 
[INFO] [stdout] error: cannot find attribute `strategy` in this scope
[INFO] [stdout]   --> src/serialization_proptests.rs:20:19
[INFO] [stdout]    |
[INFO] [stdout]  7 | macro_rules! serialization_test {
[INFO] [stdout] ...
[INFO] [stdout] 20 |                 #[strategy(proptest::collection::vec(proptest::arbitrary::any::<u8>(), 0..=2048))]
[INFO] [stdout]    |                   ^^^^^^^^
[INFO] [stdout] ...
[INFO] [stdout] 77 | serialization_test!(ValidatorCommitteeMember);
[INFO] [stdout]    | --------------------------------------------- in this macro invocation
[INFO] [stdout] 
[INFO] [stdout] 
[INFO] [stdout] error: cannot find attribute `strategy` in this scope
[INFO] [stdout]   --> src/serialization_proptests.rs:20:19
[INFO] [stdout]    |
[INFO] [stdout]  7 | macro_rules! serialization_test {
[INFO] [stdout] ...
[INFO] [stdout] 20 |                 #[strategy(proptest::collection::vec(proptest::arbitrary::any::<u8>(), 0..=2048))]
[INFO] [stdout]    |                   ^^^^^^^^
[INFO] [stdout] ...
[INFO] [stdout] 78 | serialization_test!(ValidatorSignature);
[INFO] [stdout]    | --------------------------------------- in this macro invocation
[INFO] [stdout] 
[INFO] [stdout] 
[INFO] [stdout] error: cannot find attribute `strategy` in this scope
[INFO] [stdout]   --> src/serialization_proptests.rs:20:19
[INFO] [stdout]    |
[INFO] [stdout]  7 | macro_rules! serialization_test {
[INFO] [stdout] ...
[INFO] [stdout] 20 |                 #[strategy(proptest::collection::vec(proptest::arbitrary::any::<u8>(), 0..=2048))]
[INFO] [stdout]    |                   ^^^^^^^^
[INFO] [stdout] ...
[INFO] [stdout] 79 | serialization_test!(ZkLoginAuthenticator);
[INFO] [stdout]    | ----------------------------------------- in this macro invocation
[INFO] [stdout] 
[INFO] [stdout] 
[INFO] [stdout] error: cannot find attribute `strategy` in this scope
[INFO] [stdout]   --> src/serialization_proptests.rs:20:19
[INFO] [stdout]    |
[INFO] [stdout]  7 | macro_rules! serialization_test {
[INFO] [stdout] ...
[INFO] [stdout] 20 |                 #[strategy(proptest::collection::vec(proptest::arbitrary::any::<u8>(), 0..=2048))]
[INFO] [stdout]    |                   ^^^^^^^^
[INFO] [stdout] ...
[INFO] [stdout] 80 | serialization_test!(ZkLoginInputs);
[INFO] [stdout]    | ---------------------------------- in this macro invocation
[INFO] [stdout] 
[INFO] [stdout] 
[INFO] [stdout] error: cannot find attribute `strategy` in this scope
[INFO] [stdout]   --> src/serialization_proptests.rs:20:19
[INFO] [stdout]    |
[INFO] [stdout]  7 | macro_rules! serialization_test {
[INFO] [stdout] ...
[INFO] [stdout] 20 |                 #[strategy(proptest::collection::vec(proptest::arbitrary::any::<u8>(), 0..=2048))]
[INFO] [stdout]    |                   ^^^^^^^^
[INFO] [stdout] ...
[INFO] [stdout] 81 | serialization_test!(ZkLoginProof);
[INFO] [stdout]    | --------------------------------- in this macro invocation
[INFO] [stdout] 
[INFO] [stdout] 
[INFO] [stdout] error: cannot find attribute `strategy` in this scope
[INFO] [stdout]   --> src/serialization_proptests.rs:20:19
[INFO] [stdout]    |
[INFO] [stdout]  7 | macro_rules! serialization_test {
[INFO] [stdout] ...
[INFO] [stdout] 20 |                 #[strategy(proptest::collection::vec(proptest::arbitrary::any::<u8>(), 0..=2048))]
[INFO] [stdout]    |                   ^^^^^^^^
[INFO] [stdout] ...
[INFO] [stdout] 82 | serialization_test!(ZkLoginPublicIdentifier);
[INFO] [stdout]    | -------------------------------------------- in this macro invocation
[INFO] [stdout] 
[INFO] [stdout] 
[INFO] [stdout] error: cannot find attribute `strategy` in this scope
[INFO] [stdout]   --> src/serialization_proptests.rs:20:19
[INFO] [stdout]    |
[INFO] [stdout]  7 | macro_rules! serialization_test {
[INFO] [stdout] ...
[INFO] [stdout] 20 |                 #[strategy(proptest::collection::vec(proptest::arbitrary::any::<u8>(), 0..=2048))]
[INFO] [stdout]    |                   ^^^^^^^^
[INFO] [stdout] ...
[INFO] [stdout] 83 | serialization_test!(CircomG1);
[INFO] [stdout]    | ----------------------------- in this macro invocation
[INFO] [stdout] 
[INFO] [stdout] 
[INFO] [stdout] error: cannot find attribute `strategy` in this scope
[INFO] [stdout]   --> src/serialization_proptests.rs:20:19
[INFO] [stdout]    |
[INFO] [stdout]  7 | macro_rules! serialization_test {
[INFO] [stdout] ...
[INFO] [stdout] 20 |                 #[strategy(proptest::collection::vec(proptest::arbitrary::any::<u8>(), 0..=2048))]
[INFO] [stdout]    |                   ^^^^^^^^
[INFO] [stdout] ...
[INFO] [stdout] 84 | serialization_test!(CircomG2);
[INFO] [stdout]    | ----------------------------- in this macro invocation
[INFO] [stdout] 
[INFO] [stdout] 
[INFO] [stdout] error: cannot find attribute `strategy` in this scope
[INFO] [stdout]   --> src/serialization_proptests.rs:20:19
[INFO] [stdout]    |
[INFO] [stdout]  7 | macro_rules! serialization_test {
[INFO] [stdout] ...
[INFO] [stdout] 20 |                 #[strategy(proptest::collection::vec(proptest::arbitrary::any::<u8>(), 0..=2048))]
[INFO] [stdout]    |                   ^^^^^^^^
[INFO] [stdout] ...
[INFO] [stdout] 85 | serialization_test!(PasskeyAuthenticator);
[INFO] [stdout]    | ----------------------------------------- in this macro invocation
[INFO] [stdout] 
[INFO] [stdout] 
[INFO] [stdout] error: cannot find attribute `strategy` in this scope
[INFO] [stdout]   --> src/serialization_proptests.rs:20:19
[INFO] [stdout]    |
[INFO] [stdout]  7 | macro_rules! serialization_test {
[INFO] [stdout] ...
[INFO] [stdout] 20 |                 #[strategy(proptest::collection::vec(proptest::arbitrary::any::<u8>(), 0..=2048))]
[INFO] [stdout]    |                   ^^^^^^^^
[INFO] [stdout] ...
[INFO] [stdout] 86 | serialization_test!(Digest);
[INFO] [stdout]    | --------------------------- in this macro invocation
[INFO] [stdout] 
[INFO] [stdout] 
[INFO] [stdout] error: cannot find attribute `strategy` in this scope
[INFO] [stdout]   --> src/serialization_proptests.rs:20:19
[INFO] [stdout]    |
[INFO] [stdout]  7 | macro_rules! serialization_test {
[INFO] [stdout] ...
[INFO] [stdout] 20 |                 #[strategy(proptest::collection::vec(proptest::arbitrary::any::<u8>(), 0..=2048))]
[INFO] [stdout]    |                   ^^^^^^^^
[INFO] [stdout] ...
[INFO] [stdout] 87 | serialization_test!(ChangedObject);
[INFO] [stdout]    | ---------------------------------- in this macro invocation
[INFO] [stdout] 
[INFO] [stdout] 
[INFO] [stdout] error: cannot find attribute `strategy` in this scope
[INFO] [stdout]   --> src/serialization_proptests.rs:20:19
[INFO] [stdout]    |
[INFO] [stdout]  7 | macro_rules! serialization_test {
[INFO] [stdout] ...
[INFO] [stdout] 20 |                 #[strategy(proptest::collection::vec(proptest::arbitrary::any::<u8>(), 0..=2048))]
[INFO] [stdout]    |                   ^^^^^^^^
[INFO] [stdout] ...
[INFO] [stdout] 88 | serialization_test!(IdOperation);
[INFO] [stdout]    | -------------------------------- in this macro invocation
[INFO] [stdout] 
[INFO] [stdout] 
[INFO] [stdout] error: cannot find attribute `strategy` in this scope
[INFO] [stdout]   --> src/serialization_proptests.rs:20:19
[INFO] [stdout]    |
[INFO] [stdout]  7 | macro_rules! serialization_test {
[INFO] [stdout] ...
[INFO] [stdout] 20 |                 #[strategy(proptest::collection::vec(proptest::arbitrary::any::<u8>(), 0..=2048))]
[INFO] [stdout]    |                   ^^^^^^^^
[INFO] [stdout] ...
[INFO] [stdout] 89 | serialization_test!(ModifiedAtVersion);
[INFO] [stdout]    | -------------------------------------- in this macro invocation
[INFO] [stdout] 
[INFO] [stdout] 
[INFO] [stdout] error: cannot find attribute `strategy` in this scope
[INFO] [stdout]   --> src/serialization_proptests.rs:20:19
[INFO] [stdout]    |
[INFO] [stdout]  7 | macro_rules! serialization_test {
[INFO] [stdout] ...
[INFO] [stdout] 20 |                 #[strategy(proptest::collection::vec(proptest::arbitrary::any::<u8>(), 0..=2048))]
[INFO] [stdout]    |                   ^^^^^^^^
[INFO] [stdout] ...
[INFO] [stdout] 90 | serialization_test!(ObjectIn);
[INFO] [stdout]    | ----------------------------- in this macro invocation
[INFO] [stdout] 
[INFO] [stdout] 
[INFO] [stdout] error: cannot find attribute `strategy` in this scope
[INFO] [stdout]   --> src/serialization_proptests.rs:20:19
[INFO] [stdout]    |
[INFO] [stdout]  7 | macro_rules! serialization_test {
[INFO] [stdout] ...
[INFO] [stdout] 20 |                 #[strategy(proptest::collection::vec(proptest::arbitrary::any::<u8>(), 0..=2048))]
[INFO] [stdout]    |                   ^^^^^^^^
[INFO] [stdout] ...
[INFO] [stdout] 91 | serialization_test!(ObjectOut);
[INFO] [stdout]    | ------------------------------ in this macro invocation
[INFO] [stdout] 
[INFO] [stdout] 
[INFO] [stdout] error: cannot find attribute `strategy` in this scope
[INFO] [stdout]   --> src/serialization_proptests.rs:20:19
[INFO] [stdout]    |
[INFO] [stdout]  7 | macro_rules! serialization_test {
[INFO] [stdout] ...
[INFO] [stdout] 20 |                 #[strategy(proptest::collection::vec(proptest::arbitrary::any::<u8>(), 0..=2048))]
[INFO] [stdout]    |                   ^^^^^^^^
[INFO] [stdout] ...
[INFO] [stdout] 92 | serialization_test!(ObjectReferenceWithOwner);
[INFO] [stdout]    | --------------------------------------------- in this macro invocation
[INFO] [stdout] 
[INFO] [stdout] 
[INFO] [stdout] error: cannot find attribute `strategy` in this scope
[INFO] [stdout]   --> src/serialization_proptests.rs:20:19
[INFO] [stdout]    |
[INFO] [stdout]  7 | macro_rules! serialization_test {
[INFO] [stdout] ...
[INFO] [stdout] 20 |                 #[strategy(proptest::collection::vec(proptest::arbitrary::any::<u8>(), 0..=2048))]
[INFO] [stdout]    |                   ^^^^^^^^
[INFO] [stdout] ...
[INFO] [stdout] 93 | serialization_test!(TransactionEffects);
[INFO] [stdout]    | --------------------------------------- in this macro invocation
[INFO] [stdout] 
[INFO] [stdout] 
[INFO] [stdout] error: cannot find attribute `strategy` in this scope
[INFO] [stdout]   --> src/serialization_proptests.rs:20:19
[INFO] [stdout]    |
[INFO] [stdout]  7 | macro_rules! serialization_test {
[INFO] [stdout] ...
[INFO] [stdout] 20 |                 #[strategy(proptest::collection::vec(proptest::arbitrary::any::<u8>(), 0..=2048))]
[INFO] [stdout]    |                   ^^^^^^^^
[INFO] [stdout] ...
[INFO] [stdout] 94 | serialization_test!(TransactionEffectsV1);
[INFO] [stdout]    | ----------------------------------------- in this macro invocation
[INFO] [stdout] 
[INFO] [stdout] 
[INFO] [stdout] error: cannot find attribute `strategy` in this scope
[INFO] [stdout]   --> src/serialization_proptests.rs:20:19
[INFO] [stdout]    |
[INFO] [stdout]  7 | macro_rules! serialization_test {
[INFO] [stdout] ...
[INFO] [stdout] 20 |                 #[strategy(proptest::collection::vec(proptest::arbitrary::any::<u8>(), 0..=2048))]
[INFO] [stdout]    |                   ^^^^^^^^
[INFO] [stdout] ...
[INFO] [stdout] 95 | serialization_test!(TransactionEffectsV2);
[INFO] [stdout]    | ----------------------------------------- in this macro invocation
[INFO] [stdout] 
[INFO] [stdout] 
[INFO] [stdout] error: cannot find attribute `strategy` in this scope
[INFO] [stdout]   --> src/serialization_proptests.rs:20:19
[INFO] [stdout]    |
[INFO] [stdout]  7 | macro_rules! serialization_test {
[INFO] [stdout] ...
[INFO] [stdout] 20 |                 #[strategy(proptest::collection::vec(proptest::arbitrary::any::<u8>(), 0..=2048))]
[INFO] [stdout]    |                   ^^^^^^^^
[INFO] [stdout] ...
[INFO] [stdout] 96 | serialization_test!(UnchangedConsensusKind);
[INFO] [stdout]    | ------------------------------------------- in this macro invocation
[INFO] [stdout] 
[INFO] [stdout] 
[INFO] [stdout] error: cannot find attribute `strategy` in this scope
[INFO] [stdout]   --> src/serialization_proptests.rs:20:19
[INFO] [stdout]    |
[INFO] [stdout]  7 | macro_rules! serialization_test {
[INFO] [stdout] ...
[INFO] [stdout] 20 |                 #[strategy(proptest::collection::vec(proptest::arbitrary::any::<u8>(), 0..=2048))]
[INFO] [stdout]    |                   ^^^^^^^^
[INFO] [stdout] ...
[INFO] [stdout] 97 | serialization_test!(UnchangedConsensusObject);
[INFO] [stdout]    | --------------------------------------------- in this macro invocation
[INFO] [stdout] 
[INFO] [stdout] 
[INFO] [stdout] error: cannot find attribute `strategy` in this scope
[INFO] [stdout]   --> src/serialization_proptests.rs:20:19
[INFO] [stdout]    |
[INFO] [stdout]  7 | macro_rules! serialization_test {
[INFO] [stdout] ...
[INFO] [stdout] 20 |                 #[strategy(proptest::collection::vec(proptest::arbitrary::any::<u8>(), 0..=2048))]
[INFO] [stdout]    |                   ^^^^^^^^
[INFO] [stdout] ...
[INFO] [stdout] 98 | serialization_test!(BalanceChange);
[INFO] [stdout]    | ---------------------------------- in this macro invocation
[INFO] [stdout] 
[INFO] [stdout] 
[INFO] [stdout] error: cannot find attribute `strategy` in this scope
[INFO] [stdout]   --> src/serialization_proptests.rs:20:19
[INFO] [stdout]    |
[INFO] [stdout]  7 | macro_rules! serialization_test {
[INFO] [stdout] ...
[INFO] [stdout] 20 |                 #[strategy(proptest::collection::vec(proptest::arbitrary::any::<u8>(), 0..=2048))]
[INFO] [stdout]    |                   ^^^^^^^^
[INFO] [stdout] ...
[INFO] [stdout] 99 | serialization_test!(Event);
[INFO] [stdout]    | -------------------------- in this macro invocation
[INFO] [stdout] 
[INFO] [stdout] 
[INFO] [stdout] error: cannot find attribute `strategy` in this scope
[INFO] [stdout]    --> src/serialization_proptests.rs:20:19
[INFO] [stdout]     |
[INFO] [stdout]   7 | macro_rules! serialization_test {
[INFO] [stdout] ...
[INFO] [stdout]  20 |                 #[strategy(proptest::collection::vec(proptest::arbitrary::any::<u8>(), 0..=2048))]
[INFO] [stdout]     |                   ^^^^^^^^
[INFO] [stdout] ...
[INFO] [stdout] 100 | serialization_test!(TransactionEvents);
[INFO] [stdout]     | -------------------------------------- in this macro invocation
[INFO] [stdout] 
[INFO] [stdout] 
[INFO] [stdout] error: cannot find attribute `strategy` in this scope
[INFO] [stdout]    --> src/serialization_proptests.rs:20:19
[INFO] [stdout]     |
[INFO] [stdout]   7 | macro_rules! serialization_test {
[INFO] [stdout] ...
[INFO] [stdout]  20 |                 #[strategy(proptest::collection::vec(proptest::arbitrary::any::<u8>(), 0..=2048))]
[INFO] [stdout]     |                   ^^^^^^^^
[INFO] [stdout] ...
[INFO] [stdout] 101 | serialization_test!(CommandArgumentError);
[INFO] [stdout]     | ----------------------------------------- in this macro invocation
[INFO] [stdout] 
[INFO] [stdout] 
[INFO] [stdout] error: cannot find attribute `strategy` in this scope
[INFO] [stdout]    --> src/serialization_proptests.rs:20:19
[INFO] [stdout]     |
[INFO] [stdout]   7 | macro_rules! serialization_test {
[INFO] [stdout] ...
[INFO] [stdout]  20 |                 #[strategy(proptest::collection::vec(proptest::arbitrary::any::<u8>(), 0..=2048))]
[INFO] [stdout]     |                   ^^^^^^^^
[INFO] [stdout] ...
[INFO] [stdout] 102 | serialization_test!(ExecutionError);
[INFO] [stdout]     | ----------------------------------- in this macro invocation
[INFO] [stdout] 
[INFO] [stdout] 
[INFO] [stdout] error: cannot find attribute `strategy` in this scope
[INFO] [stdout]    --> src/serialization_proptests.rs:20:19
[INFO] [stdout]     |
[INFO] [stdout]   7 | macro_rules! serialization_test {
[INFO] [stdout] ...
[INFO] [stdout]  20 |                 #[strategy(proptest::collection::vec(proptest::arbitrary::any::<u8>(), 0..=2048))]
[INFO] [stdout]     |                   ^^^^^^^^
[INFO] [stdout] ...
[INFO] [stdout] 103 | serialization_test!(ExecutionStatus);
[INFO] [stdout]     | ------------------------------------ in this macro invocation
[INFO] [stdout] 
[INFO] [stdout] 
[INFO] [stdout] error: cannot find attribute `strategy` in this scope
[INFO] [stdout]    --> src/serialization_proptests.rs:20:19
[INFO] [stdout]     |
[INFO] [stdout]   7 | macro_rules! serialization_test {
[INFO] [stdout] ...
[INFO] [stdout]  20 |                 #[strategy(proptest::collection::vec(proptest::arbitrary::any::<u8>(), 0..=2048))]
[INFO] [stdout]     |                   ^^^^^^^^
[INFO] [stdout] ...
[INFO] [stdout] 104 | serialization_test!(MoveLocation);
[INFO] [stdout]     | --------------------------------- in this macro invocation
[INFO] [stdout] 
[INFO] [stdout] 
[INFO] [stdout] error: cannot find attribute `strategy` in this scope
[INFO] [stdout]    --> src/serialization_proptests.rs:20:19
[INFO] [stdout]     |
[INFO] [stdout]   7 | macro_rules! serialization_test {
[INFO] [stdout] ...
[INFO] [stdout]  20 |                 #[strategy(proptest::collection::vec(proptest::arbitrary::any::<u8>(), 0..=2048))]
[INFO] [stdout]     |                   ^^^^^^^^
[INFO] [stdout] ...
[INFO] [stdout] 105 | serialization_test!(PackageUpgradeError);
[INFO] [stdout]     | ---------------------------------------- in this macro invocation
[INFO] [stdout] 
[INFO] [stdout] 
[INFO] [stdout] error: cannot find attribute `strategy` in this scope
[INFO] [stdout]    --> src/serialization_proptests.rs:20:19
[INFO] [stdout]     |
[INFO] [stdout]   7 | macro_rules! serialization_test {
[INFO] [stdout] ...
[INFO] [stdout]  20 |                 #[strategy(proptest::collection::vec(proptest::arbitrary::any::<u8>(), 0..=2048))]
[INFO] [stdout]     |                   ^^^^^^^^
[INFO] [stdout] ...
[INFO] [stdout] 106 | serialization_test!(TypeArgumentError);
[INFO] [stdout]     | -------------------------------------- in this macro invocation
[INFO] [stdout] 
[INFO] [stdout] 
[INFO] [stdout] error: cannot find attribute `strategy` in this scope
[INFO] [stdout]    --> src/serialization_proptests.rs:20:19
[INFO] [stdout]     |
[INFO] [stdout]   7 | macro_rules! serialization_test {
[INFO] [stdout] ...
[INFO] [stdout]  20 |                 #[strategy(proptest::collection::vec(proptest::arbitrary::any::<u8>(), 0..=2048))]
[INFO] [stdout]     |                   ^^^^^^^^
[INFO] [stdout] ...
[INFO] [stdout] 107 | serialization_test!(GasCostSummary);
[INFO] [stdout]     | ----------------------------------- in this macro invocation
[INFO] [stdout] 
[INFO] [stdout] 
[INFO] [stdout] error: cannot find attribute `strategy` in this scope
[INFO] [stdout]    --> src/serialization_proptests.rs:20:19
[INFO] [stdout]     |
[INFO] [stdout]   7 | macro_rules! serialization_test {
[INFO] [stdout] ...
[INFO] [stdout]  20 |                 #[strategy(proptest::collection::vec(proptest::arbitrary::any::<u8>(), 0..=2048))]
[INFO] [stdout]     |                   ^^^^^^^^
[INFO] [stdout] ...
[INFO] [stdout] 108 | serialization_test!(GenesisObject);
[INFO] [stdout]     | ---------------------------------- in this macro invocation
[INFO] [stdout] 
[INFO] [stdout] 
[INFO] [stdout] error: cannot find attribute `strategy` in this scope
[INFO] [stdout]    --> src/serialization_proptests.rs:20:19
[INFO] [stdout]     |
[INFO] [stdout]   7 | macro_rules! serialization_test {
[INFO] [stdout] ...
[INFO] [stdout]  20 |                 #[strategy(proptest::collection::vec(proptest::arbitrary::any::<u8>(), 0..=2048))]
[INFO] [stdout]     |                   ^^^^^^^^
[INFO] [stdout] ...
[INFO] [stdout] 109 | serialization_test!(Object);
[INFO] [stdout]     | --------------------------- in this macro invocation
[INFO] [stdout] 
[INFO] [stdout] 
[INFO] [stdout] error: cannot find attribute `strategy` in this scope
[INFO] [stdout]    --> src/serialization_proptests.rs:20:19
[INFO] [stdout]     |
[INFO] [stdout]   7 | macro_rules! serialization_test {
[INFO] [stdout] ...
[INFO] [stdout]  20 |                 #[strategy(proptest::collection::vec(proptest::arbitrary::any::<u8>(), 0..=2048))]
[INFO] [stdout]     |                   ^^^^^^^^
[INFO] [stdout] ...
[INFO] [stdout] 110 | serialization_test!(ObjectReference);
[INFO] [stdout]     | ------------------------------------ in this macro invocation
[INFO] [stdout] 
[INFO] [stdout] 
[INFO] [stdout] error: cannot find attribute `strategy` in this scope
[INFO] [stdout]    --> src/serialization_proptests.rs:20:19
[INFO] [stdout]     |
[INFO] [stdout]   7 | macro_rules! serialization_test {
[INFO] [stdout] ...
[INFO] [stdout]  20 |                 #[strategy(proptest::collection::vec(proptest::arbitrary::any::<u8>(), 0..=2048))]
[INFO] [stdout]     |                   ^^^^^^^^
[INFO] [stdout] ...
[INFO] [stdout] 111 | serialization_test!(Owner);
[INFO] [stdout]     | -------------------------- in this macro invocation
[INFO] [stdout] 
[INFO] [stdout] 
[INFO] [stdout] error: cannot find attribute `strategy` in this scope
[INFO] [stdout]    --> src/serialization_proptests.rs:20:19
[INFO] [stdout]     |
[INFO] [stdout]   7 | macro_rules! serialization_test {
[INFO] [stdout] ...
[INFO] [stdout]  20 |                 #[strategy(proptest::collection::vec(proptest::arbitrary::any::<u8>(), 0..=2048))]
[INFO] [stdout]     |                   ^^^^^^^^
[INFO] [stdout] ...
[INFO] [stdout] 112 | serialization_test!(TypeOrigin);
[INFO] [stdout]     | ------------------------------- in this macro invocation
[INFO] [stdout] 
[INFO] [stdout] 
[INFO] [stdout] error: cannot find attribute `strategy` in this scope
[INFO] [stdout]    --> src/serialization_proptests.rs:20:19
[INFO] [stdout]     |
[INFO] [stdout]   7 | macro_rules! serialization_test {
[INFO] [stdout] ...
[INFO] [stdout]  20 |                 #[strategy(proptest::collection::vec(proptest::arbitrary::any::<u8>(), 0..=2048))]
[INFO] [stdout]     |                   ^^^^^^^^
[INFO] [stdout] ...
[INFO] [stdout] 113 | serialization_test!(UpgradeInfo);
[INFO] [stdout]     | -------------------------------- in this macro invocation
[INFO] [stdout] 
[INFO] [stdout] 
[INFO] [stdout] error: cannot find attribute `strategy` in this scope
[INFO] [stdout]    --> src/serialization_proptests.rs:20:19
[INFO] [stdout]     |
[INFO] [stdout]   7 | macro_rules! serialization_test {
[INFO] [stdout] ...
[INFO] [stdout]  20 |                 #[strategy(proptest::collection::vec(proptest::arbitrary::any::<u8>(), 0..=2048))]
[INFO] [stdout]     |                   ^^^^^^^^
[INFO] [stdout] ...
[INFO] [stdout] 114 | serialization_test!(ActiveJwk);
[INFO] [stdout]     | ------------------------------ in this macro invocation
[INFO] [stdout] 
[INFO] [stdout] 
[INFO] [stdout] error: cannot find attribute `strategy` in this scope
[INFO] [stdout]    --> src/serialization_proptests.rs:20:19
[INFO] [stdout]     |
[INFO] [stdout]   7 | macro_rules! serialization_test {
[INFO] [stdout] ...
[INFO] [stdout]  20 |                 #[strategy(proptest::collection::vec(proptest::arbitrary::any::<u8>(), 0..=2048))]
[INFO] [stdout]     |                   ^^^^^^^^
[INFO] [stdout] ...
[INFO] [stdout] 115 | serialization_test!(Argument);
[INFO] [stdout]     | ----------------------------- in this macro invocation
[INFO] [stdout] 
[INFO] [stdout] 
[INFO] [stdout] error: cannot find attribute `strategy` in this scope
[INFO] [stdout]    --> src/serialization_proptests.rs:20:19
[INFO] [stdout]     |
[INFO] [stdout]   7 | macro_rules! serialization_test {
[INFO] [stdout] ...
[INFO] [stdout]  20 |                 #[strategy(proptest::collection::vec(proptest::arbitrary::any::<u8>(), 0..=2048))]
[INFO] [stdout]     |                   ^^^^^^^^
[INFO] [stdout] ...
[INFO] [stdout] 116 | serialization_test!(AuthenticatorStateExpire);
[INFO] [stdout]     | --------------------------------------------- in this macro invocation
[INFO] [stdout] 
[INFO] [stdout] 
[INFO] [stdout] error: cannot find attribute `strategy` in this scope
[INFO] [stdout]    --> src/serialization_proptests.rs:20:19
[INFO] [stdout]     |
[INFO] [stdout]   7 | macro_rules! serialization_test {
[INFO] [stdout] ...
[INFO] [stdout]  20 |                 #[strategy(proptest::collection::vec(proptest::arbitrary::any::<u8>(), 0..=2048))]
[INFO] [stdout]     |                   ^^^^^^^^
[INFO] [stdout] ...
[INFO] [stdout] 117 | serialization_test!(AuthenticatorStateUpdate);
[INFO] [stdout]     | --------------------------------------------- in this macro invocation
[INFO] [stdout] 
[INFO] [stdout] 
[INFO] [stdout] error: cannot find attribute `strategy` in this scope
[INFO] [stdout]    --> src/serialization_proptests.rs:20:19
[INFO] [stdout]     |
[INFO] [stdout]   7 | macro_rules! serialization_test {
[INFO] [stdout] ...
[INFO] [stdout]  20 |                 #[strategy(proptest::collection::vec(proptest::arbitrary::any::<u8>(), 0..=2048))]
[INFO] [stdout]     |                   ^^^^^^^^
[INFO] [stdout] ...
[INFO] [stdout] 118 | serialization_test!(ChangeEpoch);
[INFO] [stdout]     | -------------------------------- in this macro invocation
[INFO] [stdout] 
[INFO] [stdout] 
[INFO] [stdout] error: cannot find attribute `strategy` in this scope
[INFO] [stdout]    --> src/serialization_proptests.rs:20:19
[INFO] [stdout]     |
[INFO] [stdout]   7 | macro_rules! serialization_test {
[INFO] [stdout] ...
[INFO] [stdout]  20 |                 #[strategy(proptest::collection::vec(proptest::arbitrary::any::<u8>(), 0..=2048))]
[INFO] [stdout]     |                   ^^^^^^^^
[INFO] [stdout] ...
[INFO] [stdout] 119 | serialization_test!(Command);
[INFO] [stdout]     | ---------------------------- in this macro invocation
[INFO] [stdout] 
[INFO] [stdout] 
[INFO] [stdout] error: cannot find attribute `strategy` in this scope
[INFO] [stdout]    --> src/serialization_proptests.rs:20:19
[INFO] [stdout]     |
[INFO] [stdout]   7 | macro_rules! serialization_test {
[INFO] [stdout] ...
[INFO] [stdout]  20 |                 #[strategy(proptest::collection::vec(proptest::arbitrary::any::<u8>(), 0..=2048))]
[INFO] [stdout]     |                   ^^^^^^^^
[INFO] [stdout] ...
[INFO] [stdout] 120 | serialization_test!(ConsensusCommitPrologue);
[INFO] [stdout]     | -------------------------------------------- in this macro invocation
[INFO] [stdout] 
[INFO] [stdout] 
[INFO] [stdout] error: cannot find attribute `strategy` in this scope
[INFO] [stdout]    --> src/serialization_proptests.rs:20:19
[INFO] [stdout]     |
[INFO] [stdout]   7 | macro_rules! serialization_test {
[INFO] [stdout] ...
[INFO] [stdout]  20 |                 #[strategy(proptest::collection::vec(proptest::arbitrary::any::<u8>(), 0..=2048))]
[INFO] [stdout]     |                   ^^^^^^^^
[INFO] [stdout] ...
[INFO] [stdout] 121 | serialization_test!(ConsensusCommitPrologueV2);
[INFO] [stdout]     | ---------------------------------------------- in this macro invocation
[INFO] [stdout] 
[INFO] [stdout] 
[INFO] [stdout] error: cannot find attribute `strategy` in this scope
[INFO] [stdout]    --> src/serialization_proptests.rs:20:19
[INFO] [stdout]     |
[INFO] [stdout]   7 | macro_rules! serialization_test {
[INFO] [stdout] ...
[INFO] [stdout]  20 |                 #[strategy(proptest::collection::vec(proptest::arbitrary::any::<u8>(), 0..=2048))]
[INFO] [stdout]     |                   ^^^^^^^^
[INFO] [stdout] ...
[INFO] [stdout] 122 | serialization_test!(ConsensusCommitPrologueV3);
[INFO] [stdout]     | ---------------------------------------------- in this macro invocation
[INFO] [stdout] 
[INFO] [stdout] 
[INFO] [stdout] error: cannot find attribute `strategy` in this scope
[INFO] [stdout]    --> src/serialization_proptests.rs:20:19
[INFO] [stdout]     |
[INFO] [stdout]   7 | macro_rules! serialization_test {
[INFO] [stdout] ...
[INFO] [stdout]  20 |                 #[strategy(proptest::collection::vec(proptest::arbitrary::any::<u8>(), 0..=2048))]
[INFO] [stdout]     |                   ^^^^^^^^
[INFO] [stdout] ...
[INFO] [stdout] 123 | serialization_test!(ConsensusCommitPrologueV4);
[INFO] [stdout]     | ---------------------------------------------- in this macro invocation
[INFO] [stdout] 
[INFO] [stdout] 
[INFO] [stdout] error: cannot find attribute `strategy` in this scope
[INFO] [stdout]    --> src/serialization_proptests.rs:20:19
[INFO] [stdout]     |
[INFO] [stdout]   7 | macro_rules! serialization_test {
[INFO] [stdout] ...
[INFO] [stdout]  20 |                 #[strategy(proptest::collection::vec(proptest::arbitrary::any::<u8>(), 0..=2048))]
[INFO] [stdout]     |                   ^^^^^^^^
[INFO] [stdout] ...
[INFO] [stdout] 124 | serialization_test!(CanceledTransaction);
[INFO] [stdout]     | ---------------------------------------- in this macro invocation
[INFO] [stdout] 
[INFO] [stdout] 
[INFO] [stdout] error: cannot find attribute `strategy` in this scope
[INFO] [stdout]    --> src/serialization_proptests.rs:20:19
[INFO] [stdout]     |
[INFO] [stdout]   7 | macro_rules! serialization_test {
[INFO] [stdout] ...
[INFO] [stdout]  20 |                 #[strategy(proptest::collection::vec(proptest::arbitrary::any::<u8>(), 0..=2048))]
[INFO] [stdout]     |                   ^^^^^^^^
[INFO] [stdout] ...
[INFO] [stdout] 125 | serialization_test!(ConsensusDeterminedVersionAssignments);
[INFO] [stdout]     | ---------------------------------------------------------- in this macro invocation
[INFO] [stdout] 
[INFO] [stdout] 
[INFO] [stdout] error: cannot find attribute `strategy` in this scope
[INFO] [stdout]    --> src/serialization_proptests.rs:20:19
[INFO] [stdout]     |
[INFO] [stdout]   7 | macro_rules! serialization_test {
[INFO] [stdout] ...
[INFO] [stdout]  20 |                 #[strategy(proptest::collection::vec(proptest::arbitrary::any::<u8>(), 0..=2048))]
[INFO] [stdout]     |                   ^^^^^^^^
[INFO] [stdout] ...
[INFO] [stdout] 126 | serialization_test!(VersionAssignment);
[INFO] [stdout]     | -------------------------------------- in this macro invocation
[INFO] [stdout] 
[INFO] [stdout] 
[INFO] [stdout] error: cannot find attribute `strategy` in this scope
[INFO] [stdout]    --> src/serialization_proptests.rs:20:19
[INFO] [stdout]     |
[INFO] [stdout]   7 | macro_rules! serialization_test {
[INFO] [stdout] ...
[INFO] [stdout]  20 |                 #[strategy(proptest::collection::vec(proptest::arbitrary::any::<u8>(), 0..=2048))]
[INFO] [stdout]     |                   ^^^^^^^^
[INFO] [stdout] ...
[INFO] [stdout] 127 | serialization_test!(EndOfEpochTransactionKind);
[INFO] [stdout]     | ---------------------------------------------- in this macro invocation
[INFO] [stdout] 
[INFO] [stdout] 
[INFO] [stdout] error: cannot find attribute `strategy` in this scope
[INFO] [stdout]    --> src/serialization_proptests.rs:20:19
[INFO] [stdout]     |
[INFO] [stdout]   7 | macro_rules! serialization_test {
[INFO] [stdout] ...
[INFO] [stdout]  20 |                 #[strategy(proptest::collection::vec(proptest::arbitrary::any::<u8>(), 0..=2048))]
[INFO] [stdout]     |                   ^^^^^^^^
[INFO] [stdout] ...
[INFO] [stdout] 128 | serialization_test!(GasPayment);
[INFO] [stdout]     | ------------------------------- in this macro invocation
[INFO] [stdout] 
[INFO] [stdout] 
[INFO] [stdout] error: cannot find attribute `strategy` in this scope
[INFO] [stdout]    --> src/serialization_proptests.rs:20:19
[INFO] [stdout]     |
[INFO] [stdout]   7 | macro_rules! serialization_test {
[INFO] [stdout] ...
[INFO] [stdout]  20 |                 #[strategy(proptest::collection::vec(proptest::arbitrary::any::<u8>(), 0..=2048))]
[INFO] [stdout]     |                   ^^^^^^^^
[INFO] [stdout] ...
[INFO] [stdout] 129 | serialization_test!(GenesisTransaction);
[INFO] [stdout]     | --------------------------------------- in this macro invocation
[INFO] [stdout] 
[INFO] [stdout] 
[INFO] [stdout] error: cannot find attribute `strategy` in this scope
[INFO] [stdout]    --> src/serialization_proptests.rs:20:19
[INFO] [stdout]     |
[INFO] [stdout]   7 | macro_rules! serialization_test {
[INFO] [stdout] ...
[INFO] [stdout]  20 |                 #[strategy(proptest::collection::vec(proptest::arbitrary::any::<u8>(), 0..=2048))]
[INFO] [stdout]     |                   ^^^^^^^^
[INFO] [stdout] ...
[INFO] [stdout] 130 | serialization_test!(Input);
[INFO] [stdout]     | -------------------------- in this macro invocation
[INFO] [stdout] 
[INFO] [stdout] 
[INFO] [stdout] error: cannot find attribute `strategy` in this scope
[INFO] [stdout]    --> src/serialization_proptests.rs:20:19
[INFO] [stdout]     |
[INFO] [stdout]   7 | macro_rules! serialization_test {
[INFO] [stdout] ...
[INFO] [stdout]  20 |                 #[strategy(proptest::collection::vec(proptest::arbitrary::any::<u8>(), 0..=2048))]
[INFO] [stdout]     |                   ^^^^^^^^
[INFO] [stdout] ...
[INFO] [stdout] 131 | serialization_test!(MakeMoveVector);
[INFO] [stdout]     | ----------------------------------- in this macro invocation
[INFO] [stdout] 
[INFO] [stdout] 
[INFO] [stdout] error: cannot find attribute `strategy` in this scope
[INFO] [stdout]    --> src/serialization_proptests.rs:20:19
[INFO] [stdout]     |
[INFO] [stdout]   7 | macro_rules! serialization_test {
[INFO] [stdout] ...
[INFO] [stdout]  20 |                 #[strategy(proptest::collection::vec(proptest::arbitrary::any::<u8>(), 0..=2048))]
[INFO] [stdout]     |                   ^^^^^^^^
[INFO] [stdout] ...
[INFO] [stdout] 132 | serialization_test!(MergeCoins);
[INFO] [stdout]     | ------------------------------- in this macro invocation
[INFO] [stdout] 
[INFO] [stdout] 
[INFO] [stdout] error: cannot find attribute `strategy` in this scope
[INFO] [stdout]    --> src/serialization_proptests.rs:20:19
[INFO] [stdout]     |
[INFO] [stdout]   7 | macro_rules! serialization_test {
[INFO] [stdout] ...
[INFO] [stdout]  20 |                 #[strategy(proptest::collection::vec(proptest::arbitrary::any::<u8>(), 0..=2048))]
[INFO] [stdout]     |                   ^^^^^^^^
[INFO] [stdout] ...
[INFO] [stdout] 133 | serialization_test!(MoveCall);
[INFO] [stdout]     | ----------------------------- in this macro invocation
[INFO] [stdout] 
[INFO] [stdout] 
[INFO] [stdout] error: cannot find attribute `strategy` in this scope
[INFO] [stdout]    --> src/serialization_proptests.rs:20:19
[INFO] [stdout]     |
[INFO] [stdout]   7 | macro_rules! serialization_test {
[INFO] [stdout] ...
[INFO] [stdout]  20 |                 #[strategy(proptest::collection::vec(proptest::arbitrary::any::<u8>(), 0..=2048))]
[INFO] [stdout]     |                   ^^^^^^^^
[INFO] [stdout] ...
[INFO] [stdout] 134 | serialization_test!(ProgrammableTransaction);
[INFO] [stdout]     | -------------------------------------------- in this macro invocation
[INFO] [stdout] 
[INFO] [stdout] 
[INFO] [stdout] error: cannot find attribute `strategy` in this scope
[INFO] [stdout]    --> src/serialization_proptests.rs:20:19
[INFO] [stdout]     |
[INFO] [stdout]   7 | macro_rules! serialization_test {
[INFO] [stdout] ...
[INFO] [stdout]  20 |                 #[strategy(proptest::collection::vec(proptest::arbitrary::any::<u8>(), 0..=2048))]
[INFO] [stdout]     |                   ^^^^^^^^
[INFO] [stdout] ...
[INFO] [stdout] 135 | serialization_test!(Publish);
[INFO] [stdout]     | ---------------------------- in this macro invocation
[INFO] [stdout] 
[INFO] [stdout] 
[INFO] [stdout] error: cannot find attribute `strategy` in this scope
[INFO] [stdout]    --> src/serialization_proptests.rs:20:19
[INFO] [stdout]     |
[INFO] [stdout]   7 | macro_rules! serialization_test {
[INFO] [stdout] ...
[INFO] [stdout]  20 |                 #[strategy(proptest::collection::vec(proptest::arbitrary::any::<u8>(), 0..=2048))]
[INFO] [stdout]     |                   ^^^^^^^^
[INFO] [stdout] ...
[INFO] [stdout] 136 | serialization_test!(RandomnessStateUpdate);
[INFO] [stdout]     | ------------------------------------------ in this macro invocation
[INFO] [stdout] 
[INFO] [stdout] 
[INFO] [stdout] error: cannot find attribute `strategy` in this scope
[INFO] [stdout]    --> src/serialization_proptests.rs:20:19
[INFO] [stdout]     |
[INFO] [stdout]   7 | macro_rules! serialization_test {
[INFO] [stdout] ...
[INFO] [stdout]  20 |                 #[strategy(proptest::collection::vec(proptest::arbitrary::any::<u8>(), 0..=2048))]
[INFO] [stdout]     |                   ^^^^^^^^
[INFO] [stdout] ...
[INFO] [stdout] 137 | serialization_test!(SignedTransaction);
[INFO] [stdout]     | -------------------------------------- in this macro invocation
[INFO] [stdout] 
[INFO] [stdout] 
[INFO] [stdout] error: cannot find attribute `strategy` in this scope
[INFO] [stdout]    --> src/serialization_proptests.rs:20:19
[INFO] [stdout]     |
[INFO] [stdout]   7 | macro_rules! serialization_test {
[INFO] [stdout] ...
[INFO] [stdout]  20 |                 #[strategy(proptest::collection::vec(proptest::arbitrary::any::<u8>(), 0..=2048))]
[INFO] [stdout]     |                   ^^^^^^^^
[INFO] [stdout] ...
[INFO] [stdout] 138 | serialization_test!(SplitCoins);
[INFO] [stdout]     | ------------------------------- in this macro invocation
[INFO] [stdout] 
[INFO] [stdout] 
[INFO] [stdout] error: cannot find attribute `strategy` in this scope
[INFO] [stdout]    --> src/serialization_proptests.rs:20:19
[INFO] [stdout]     |
[INFO] [stdout]   7 | macro_rules! serialization_test {
[INFO] [stdout] ...
[INFO] [stdout]  20 |                 #[strategy(proptest::collection::vec(proptest::arbitrary::any::<u8>(), 0..=2048))]
[INFO] [stdout]     |                   ^^^^^^^^
[INFO] [stdout] ...
[INFO] [stdout] 139 | serialization_test!(SystemPackage);
[INFO] [stdout]     | ---------------------------------- in this macro invocation
[INFO] [stdout] 
[INFO] [stdout] 
[INFO] [stdout] error: cannot find attribute `strategy` in this scope
[INFO] [stdout]    --> src/serialization_proptests.rs:20:19
[INFO] [stdout]     |
[INFO] [stdout]   7 | macro_rules! serialization_test {
[INFO] [stdout] ...
[INFO] [stdout]  20 |                 #[strategy(proptest::collection::vec(proptest::arbitrary::any::<u8>(), 0..=2048))]
[INFO] [stdout]     |                   ^^^^^^^^
[INFO] [stdout] ...
[INFO] [stdout] 140 | serialization_test!(Transaction);
[INFO] [stdout]     | -------------------------------- in this macro invocation
[INFO] [stdout] 
[INFO] [stdout] 
[INFO] [stdout] error: cannot find attribute `strategy` in this scope
[INFO] [stdout]    --> src/serialization_proptests.rs:20:19
[INFO] [stdout]     |
[INFO] [stdout]   7 | macro_rules! serialization_test {
[INFO] [stdout] ...
[INFO] [stdout]  20 |                 #[strategy(proptest::collection::vec(proptest::arbitrary::any::<u8>(), 0..=2048))]
[INFO] [stdout]     |                   ^^^^^^^^
[INFO] [stdout] ...
[INFO] [stdout] 141 | serialization_test!(TransactionExpiration);
[INFO] [stdout]     | ------------------------------------------ in this macro invocation
[INFO] [stdout] 
[INFO] [stdout] 
[INFO] [stdout] error: cannot find attribute `strategy` in this scope
[INFO] [stdout]    --> src/serialization_proptests.rs:20:19
[INFO] [stdout]     |
[INFO] [stdout]   7 | macro_rules! serialization_test {
[INFO] [stdout] ...
[INFO] [stdout]  20 |                 #[strategy(proptest::collection::vec(proptest::arbitrary::any::<u8>(), 0..=2048))]
[INFO] [stdout]     |                   ^^^^^^^^
[INFO] [stdout] ...
[INFO] [stdout] 142 | serialization_test!(TransactionKind);
[INFO] [stdout]     | ------------------------------------ in this macro invocation
[INFO] [stdout] 
[INFO] [stdout] 
[INFO] [stdout] error: cannot find attribute `strategy` in this scope
[INFO] [stdout]    --> src/serialization_proptests.rs:20:19
[INFO] [stdout]     |
[INFO] [stdout]   7 | macro_rules! serialization_test {
[INFO] [stdout] ...
[INFO] [stdout]  20 |                 #[strategy(proptest::collection::vec(proptest::arbitrary::any::<u8>(), 0..=2048))]
[INFO] [stdout]     |                   ^^^^^^^^
[INFO] [stdout] ...
[INFO] [stdout] 143 | serialization_test!(TransferObjects);
[INFO] [stdout]     | ------------------------------------ in this macro invocation
[INFO] [stdout] 
[INFO] [stdout] 
[INFO] [stdout] error: cannot find attribute `strategy` in this scope
[INFO] [stdout]    --> src/serialization_proptests.rs:20:19
[INFO] [stdout]     |
[INFO] [stdout]   7 | macro_rules! serialization_test {
[INFO] [stdout] ...
[INFO] [stdout]  20 |                 #[strategy(proptest::collection::vec(proptest::arbitrary::any::<u8>(), 0..=2048))]
[INFO] [stdout]     |                   ^^^^^^^^
[INFO] [stdout] ...
[INFO] [stdout] 144 | serialization_test!(Upgrade);
[INFO] [stdout]     | ---------------------------- in this macro invocation
[INFO] [stdout] 
[INFO] [stdout] 
[INFO] [stdout] error: cannot find attribute `strategy` in this scope
[INFO] [stdout]    --> src/serialization_proptests.rs:20:19
[INFO] [stdout]     |
[INFO] [stdout]   7 | macro_rules! serialization_test {
[INFO] [stdout] ...
[INFO] [stdout]  20 |                 #[strategy(proptest::collection::vec(proptest::arbitrary::any::<u8>(), 0..=2048))]
[INFO] [stdout]     |                   ^^^^^^^^
[INFO] [stdout] ...
[INFO] [stdout] 145 | serialization_test!(Identifier);
[INFO] [stdout]     | ------------------------------- in this macro invocation
[INFO] [stdout] 
[INFO] [stdout] 
[INFO] [stdout] error: cannot find attribute `strategy` in this scope
[INFO] [stdout]    --> src/serialization_proptests.rs:20:19
[INFO] [stdout]     |
[INFO] [stdout]   7 | macro_rules! serialization_test {
[INFO] [stdout] ...
[INFO] [stdout]  20 |                 #[strategy(proptest::collection::vec(proptest::arbitrary::any::<u8>(), 0..=2048))]
[INFO] [stdout]     |                   ^^^^^^^^
[INFO] [stdout] ...
[INFO] [stdout] 146 | serialization_test!(StructTag);
[INFO] [stdout]     | ------------------------------ in this macro invocation
[INFO] [stdout] 
[INFO] [stdout] 
[INFO] [stdout] error: cannot find attribute `strategy` in this scope
[INFO] [stdout]    --> src/serialization_proptests.rs:20:19
[INFO] [stdout]     |
[INFO] [stdout]   7 | macro_rules! serialization_test {
[INFO] [stdout] ...
[INFO] [stdout]  20 |                 #[strategy(proptest::collection::vec(proptest::arbitrary::any::<u8>(), 0..=2048))]
[INFO] [stdout]     |                   ^^^^^^^^
[INFO] [stdout] ...
[INFO] [stdout] 147 | serialization_test!(TypeTag);
[INFO] [stdout]     | ---------------------------- in this macro invocation
[INFO] [stdout] 
[INFO] [stdout] 
[INFO] [stdout] error[E0405]: cannot find trait `Strategy` in this scope
[INFO] [stdout]    --> src/type_tag/parse.rs:499:33
[INFO] [stdout]     |
[INFO] [stdout] 499 |     fn arb_identifier() -> impl Strategy<Value = Identifier> {
[INFO] [stdout]     |                                 ^^^^^^^^ not found in this scope
[INFO] [stdout] 
[INFO] [stdout] 
[INFO] [stdout] error[E0405]: cannot find trait `Strategy` in this scope
[INFO] [stdout]    --> src/type_tag/parse.rs:505:38
[INFO] [stdout]     |
[INFO] [stdout] 505 |     fn arb_struct_tag_base() -> impl Strategy<Value = StructTag> {
[INFO] [stdout]     |                                      ^^^^^^^^ not found in this scope
[INFO] [stdout] 
[INFO] [stdout] 
[INFO] [stdout] error[E0405]: cannot find trait `Strategy` in this scope
[INFO] [stdout]    --> src/type_tag/parse.rs:512:31
[INFO] [stdout]     |
[INFO] [stdout] 512 |     fn arb_type_tag() -> impl Strategy<Value = TypeTag> {
[INFO] [stdout]     |                               ^^^^^^^^ not found in this scope
[INFO] [stdout] 
[INFO] [stdout] 
[INFO] [stdout] error[E0405]: cannot find trait `Strategy` in this scope
[INFO] [stdout]    --> src/type_tag/parse.rs:551:34
[INFO] [stdout]     |
[INFO] [stdout] 551 |     fn arb_simple_leaf() -> impl Strategy<Value = TypeTag> {
[INFO] [stdout]     |                                  ^^^^^^^^ not found in this scope
[INFO] [stdout] 
[INFO] [stdout] 
[INFO] [stdout] warning: unused import: `super::*`
[INFO] [stdout]    --> src/crypto/validator.rs:102:9
[INFO] [stdout]     |
[INFO] [stdout] 102 |     use super::*;
[INFO] [stdout]     |         ^^^^^^^^
[INFO] [stdout]     |
[INFO] [stdout]     = note: `#[warn(unused_imports)]` (part of `#[warn(unused)]`) on by default
[INFO] [stdout] 
[INFO] [stdout] 
[INFO] [stdout] warning: unused import: `super::*`
[INFO] [stdout]    --> src/gas.rs:106:9
[INFO] [stdout]     |
[INFO] [stdout] 106 |     use super::*;
[INFO] [stdout]     |         ^^^^^^^^
[INFO] [stdout] 
[INFO] [stdout] 
[INFO] [stdout] error[E0433]: cannot find module or crate `serde` in this scope
[INFO] [stdout]   --> src/serialization_proptests.rs:31:8
[INFO] [stdout]    |
[INFO] [stdout] 31 |     T: serde::Serialize + for<'de> serde::Deserialize<'de> + PartialEq + std::fmt::Debug,
[INFO] [stdout]    |        ^^^^^ use of unresolved module or unlinked crate `serde`
[INFO] [stdout]    |
[INFO] [stdout]    = help: if you wanted to use a crate named `serde`, use `cargo add serde` to add it to your `Cargo.toml`
[INFO] [stdout] 
[INFO] [stdout] 
[INFO] [stdout] error[E0433]: cannot find module or crate `serde` in this scope
[INFO] [stdout]   --> src/serialization_proptests.rs:31:36
[INFO] [stdout]    |
[INFO] [stdout] 31 |     T: serde::Serialize + for<'de> serde::Deserialize<'de> + PartialEq + std::fmt::Debug,
[INFO] [stdout]    |                                    ^^^^^ use of unresolved module or unlinked crate `serde`
[INFO] [stdout]    |
[INFO] [stdout]    = help: if you wanted to use a crate named `serde`, use `cargo add serde` to add it to your `Cargo.toml`
[INFO] [stdout] 
[INFO] [stdout] 
[INFO] [stdout] error[E0425]: cannot find function `any` in this scope
[INFO] [stdout]    --> src/type_tag/parse.rs:506:10
[INFO] [stdout]     |
[INFO] [stdout] 506 |         (any::<Address>(), arb_identifier(), arb_identifier())
[INFO] [stdout]     |          ^^^ not found in this scope
[INFO] [stdout] 
[INFO] [stdout] 
[INFO] [stdout] error[E0425]: cannot find function `any` in this scope
[INFO] [stdout]    --> src/type_tag/parse.rs:536:21
[INFO] [stdout]     |
[INFO] [stdout] 536 |                     any::<Address>(),
[INFO] [stdout]     |                     ^^^ not found in this scope
[INFO] [stdout] 
[INFO] [stdout] 
[INFO] [stdout] Some errors have detailed explanations: E0405, E0425, E0432, E0433.
[INFO] [stdout] 
[INFO] [stdout] For more information about an error, try `rustc --explain E0405`.
[INFO] [stdout] 
[INFO] [stderr] error: could not compile `sui-sdk-types` (lib test) due to 145 previous errors; 2 warnings emitted
[INFO] running `Command { std: "docker" "inspect" "1db3ca109ec215506085816b8664d5a50be418dfdad619880ab2a76e73eaa79d", kill_on_drop: false }`
[INFO] running `Command { std: "docker" "rm" "-f" "1db3ca109ec215506085816b8664d5a50be418dfdad619880ab2a76e73eaa79d", kill_on_drop: false }`
[INFO] [stdout] 1db3ca109ec215506085816b8664d5a50be418dfdad619880ab2a76e73eaa79d
