[INFO] fetching crate subduction_core 0.18.2...
[INFO] testing subduction_core-0.18.2 against 1.100.0-beta.1 for beta-1.100-2
[INFO] extracting crate subduction_core 0.18.2 into /workspace/builds/worker-4-tc2/source
[INFO] started tweaking crates.io crate subduction_core 0.18.2
[INFO] removed 0 missing tests
[INFO] finished tweaking crates.io crate subduction_core 0.18.2
[INFO] tweaked toml for crates.io crate subduction_core 0.18.2 written to /workspace/builds/worker-4-tc2/source/Cargo.toml
[INFO] validating manifest of crates.io crate subduction_core 0.18.2 on toolchain 1.100.0-beta.1
[INFO] running `Command { std: CARGO_HOME="/workspace/cargo-home" RUSTUP_HOME="/workspace/rustup-home" "/workspace/cargo-home/bin/cargo" "+1.100.0-beta.1" "metadata" "--manifest-path" "Cargo.toml" "--no-deps", kill_on_drop: false }`
[INFO] crate crates.io crate subduction_core 0.18.2 already has a lockfile, it will not be regenerated
[INFO] running `Command { std: CARGO_HOME="/workspace/cargo-home" RUSTUP_HOME="/workspace/rustup-home" "/workspace/cargo-home/bin/cargo" "+1.100.0-beta.1" "fetch" "--manifest-path" "Cargo.toml", kill_on_drop: false }`
[INFO] running `Command { std: "docker" "create" "-v" "/var/lib/crater-agent-workspace/builds/worker-4-tc2/source:/opt/rustwide/workdir:ro,Z" "-v" "/var/lib/crater-agent-workspace/builds/worker-4-tc2/target:/opt/rustwide/target:rw,Z" "-v" "/var/lib/crater-agent-workspace/cargo-home:/opt/rustwide/cargo-home:ro,Z" "-v" "/var/lib/crater-agent-workspace/rustup-home:/opt/rustwide/rustup-home:ro,Z" "-m" "1610612736" "--network" "none" "ghcr.io/rust-lang/crates-build-env/linux@sha256:3111399a4047eeb3a02b7a90e478d715f38a8c6669b5c4b49d30a17385265909" "sleep" "infinity", kill_on_drop: false }`
[INFO] [stdout] 6e8befde571887a52556b68db1022ed43907f9177960f7ef33d8c14441e65b0f
[INFO] running `Command { std: "docker" "start" "6e8befde571887a52556b68db1022ed43907f9177960f7ef33d8c14441e65b0f", kill_on_drop: false }`
[INFO] running `Command { std: "docker" "inspect" "6e8befde571887a52556b68db1022ed43907f9177960f7ef33d8c14441e65b0f", kill_on_drop: false }`
[INFO] running `Command { std: "docker" "exec" "-e" "SOURCE_DIR=/opt/rustwide/workdir" "-e" "CARGO_HOME=/opt/rustwide/cargo-home" "-e" "RUSTUP_HOME=/opt/rustwide/rustup-home" "-e" "CARGO_TARGET_DIR=/opt/rustwide/target" "-w" "/opt/rustwide/workdir" "--user" "0:0" "6e8befde571887a52556b68db1022ed43907f9177960f7ef33d8c14441e65b0f" "/opt/rustwide/cargo-home/bin/cargo" "+1.100.0-beta.1" "metadata" "--no-deps" "--format-version=1", kill_on_drop: false }`
[INFO] running `Command { std: "docker" "inspect" "6e8befde571887a52556b68db1022ed43907f9177960f7ef33d8c14441e65b0f", kill_on_drop: false }`
[INFO] running `Command { std: "docker" "exec" "-e" "SOURCE_DIR=/opt/rustwide/workdir" "-e" "CARGO_HOME=/opt/rustwide/cargo-home" "-e" "RUSTUP_HOME=/opt/rustwide/rustup-home" "-e" "CARGO_TARGET_DIR=/opt/rustwide/target" "-e" "CARGO_INCREMENTAL=0" "-e" "RUST_BACKTRACE=full" "-e" "RUSTFLAGS=--cap-lints=warn" "-e" "RUSTDOCFLAGS=--cap-lints=warn" "-w" "/opt/rustwide/workdir" "--user" "0:0" "6e8befde571887a52556b68db1022ed43907f9177960f7ef33d8c14441e65b0f" "/opt/rustwide/cargo-home/bin/cargo" "+1.100.0-beta.1" "build" "--frozen" "--message-format=json", kill_on_drop: false }`
[INFO] [stderr]    Compiling syn v2.0.119
[INFO] [stderr]    Compiling syn v3.0.4
[INFO] [stderr]    Compiling futures-core v0.3.34
[INFO] [stderr]    Compiling futures-sink v0.3.34
[INFO] [stderr]    Compiling event-listener v5.4.2
[INFO] [stderr]    Compiling futures-task v0.3.34
[INFO] [stderr]    Compiling slab v0.4.12
[INFO] [stderr]    Compiling libc v0.2.189
[INFO] [stderr]    Compiling num-traits v0.2.19
[INFO] [stderr]    Compiling thiserror v2.0.20
[INFO] [stderr]    Compiling crossbeam-utils v0.8.22
[INFO] [stderr]    Compiling futures-io v0.3.34
[INFO] [stderr]    Compiling curve25519-dalek v4.1.3
[INFO] [stderr]    Compiling blake3 v1.8.7
[INFO] [stderr]    Compiling arrayvec v0.7.8
[INFO] [stderr]    Compiling tracing-core v0.1.36
[INFO] [stderr]    Compiling signature v2.2.0
[INFO] [stderr]    Compiling constant_time_eq v0.4.2
[INFO] [stderr]    Compiling ed25519 v2.2.3
[INFO] [stderr]    Compiling event-listener-strategy v0.5.4
[INFO] [stderr]    Compiling futures-channel v0.3.34
[INFO] [stderr]    Compiling siphasher v1.0.3
[INFO] [stderr]    Compiling nonempty v0.12.0
[INFO] [stderr]    Compiling async-lock v3.4.2
[INFO] [stderr]    Compiling concurrent-queue v2.5.0
[INFO] [stderr]    Compiling async-channel v2.5.0
[INFO] [stderr]    Compiling num-integer v0.1.47
[INFO] [stderr]    Compiling num-bigint v0.4.8
[INFO] [stderr]    Compiling getrandom v0.2.17
[INFO] [stderr]    Compiling futures-macro v0.3.34
[INFO] [stderr]    Compiling thiserror-impl v2.0.20
[INFO] [stderr]    Compiling futures-util v0.3.34
[INFO] [stderr]    Compiling bijoux v0.3.2
[INFO] [stderr]    Compiling curve25519-dalek-derive v0.1.1
[INFO] [stderr]    Compiling future_form_macros v0.3.1
[INFO] [stderr]    Compiling tracing-attributes v0.1.31
[INFO] [stderr]    Compiling tracing v0.1.44
[INFO] [stderr]    Compiling ed25519-dalek v2.2.0
[INFO] [stderr]    Compiling futures v0.3.34
[INFO] [stderr]    Compiling future_form v0.3.1
[INFO] [stderr]    Compiling sedimentree_core v0.14.2
[INFO] [stderr]    Compiling subduction_crypto v0.9.2
[INFO] [stderr]    Compiling subduction_core v0.18.2 (/opt/rustwide/workdir)
[INFO] [stderr]     Finished `dev` profile [unoptimized + debuginfo] target(s) in 20.79s
[INFO] running `Command { std: "docker" "inspect" "6e8befde571887a52556b68db1022ed43907f9177960f7ef33d8c14441e65b0f", kill_on_drop: false }`
[INFO] running `Command { std: "docker" "exec" "-e" "SOURCE_DIR=/opt/rustwide/workdir" "-e" "CARGO_HOME=/opt/rustwide/cargo-home" "-e" "RUSTUP_HOME=/opt/rustwide/rustup-home" "-e" "CARGO_TARGET_DIR=/opt/rustwide/target" "-e" "CARGO_INCREMENTAL=0" "-e" "RUST_BACKTRACE=full" "-e" "RUSTFLAGS=--cap-lints=warn" "-e" "RUSTDOCFLAGS=--cap-lints=warn" "-w" "/opt/rustwide/workdir" "--user" "0:0" "6e8befde571887a52556b68db1022ed43907f9177960f7ef33d8c14441e65b0f" "/opt/rustwide/cargo-home/bin/cargo" "+1.100.0-beta.1" "test" "--frozen" "--no-run" "--message-format=json", kill_on_drop: false }`
[INFO] [stderr]    Compiling libc v0.2.189
[INFO] [stderr]    Compiling zerocopy v0.8.56
[INFO] [stderr]    Compiling indexmap v2.14.1
[INFO] [stderr]    Compiling either v1.18.0
[INFO] [stderr]    Compiling toml_datetime v0.6.3
[INFO] [stderr]    Compiling zerocopy-derive v0.8.56
[INFO] [stderr]    Compiling winnow v0.5.40
[INFO] [stderr]    Compiling futures-util v0.3.34
[INFO] [stderr]    Compiling thiserror v2.0.20
[INFO] [stderr]    Compiling serde_derive v1.0.229
[INFO] [stderr]    Compiling num-integer v0.1.47
[INFO] [stderr]    Compiling ahash v0.8.12
[INFO] [stderr]    Compiling plotters-backend v0.3.7
[INFO] [stderr]    Compiling ciborium-io v0.2.2
[INFO] [stderr]    Compiling uuid v1.26.0
[INFO] [stderr]    Compiling clap_builder v4.6.6
[INFO] [stderr]    Compiling bijoux v0.3.2
[INFO] [stderr]    Compiling regex-automata v0.4.18
[INFO] [stderr]    Compiling serde_json v1.0.151
[INFO] [stderr]    Compiling equator-macro v0.4.2
[INFO] [stderr]    Compiling findshlibs v0.10.2
[INFO] [stderr]    Compiling itertools v0.10.5
[INFO] [stderr]    Compiling plotters-svg v0.3.7
[INFO] [stderr]    Compiling cast v0.3.0
[INFO] [stderr]    Compiling stable_deref_trait v1.2.1
[INFO] [stderr]    Compiling num-bigint v0.4.8
[INFO] [stderr]    Compiling debugid v0.8.0
[INFO] [stderr]    Compiling symbolic-demangle v12.18.3
[INFO] [stderr]    Compiling miniz_oxide v0.8.9
[INFO] [stderr]    Compiling rgb v0.8.53
[INFO] [stderr]    Compiling plotters v0.3.7
[INFO] [stderr]    Compiling rayon v1.12.0
[INFO] [stderr]    Compiling equator v0.4.2
[INFO] [stderr]    Compiling rapidhash v4.5.1
[INFO] [stderr]    Compiling nibble_vec v0.1.0
[INFO] [stderr]    Compiling num-format v0.4.4
[INFO] [stderr]    Compiling raw-cpuid v11.6.0
[INFO] [stderr]    Compiling concurrent-queue v2.5.0
[INFO] [stderr]    Compiling quick-xml v0.26.0
[INFO] [stderr]    Compiling pprof v0.15.0
[INFO] [stderr]    Compiling pretty-hex v0.4.2
[INFO] [stderr]    Compiling str_stack v0.1.1
[INFO] [stderr]    Compiling oorandom v11.1.5
[INFO] [stderr]    Compiling anes v0.1.6
[INFO] [stderr]    Compiling rand_core v0.6.4
[INFO] [stderr]    Compiling endian-type v0.1.2
[INFO] [stderr]    Compiling hashbrown v0.16.1
[INFO] [stderr]    Compiling radix_trie v0.2.1
[INFO] [stderr]    Compiling async-channel v2.5.0
[INFO] [stderr]    Compiling aligned-vec v0.6.4
[INFO] [stderr]    Compiling metrics v0.24.6
[INFO] [stderr]    Compiling spin v0.10.1
[INFO] [stderr]    Compiling ordered-float v5.5.0
[INFO] [stderr]    Compiling clap v4.6.6
[INFO] [stderr]    Compiling criterion-plot v0.5.0
[INFO] [stderr]    Compiling tokio-macros v2.7.2
[INFO] [stderr]    Compiling toml_edit v0.20.2
[INFO] [stderr]    Compiling aho-corasick v1.1.5
[INFO] [stderr]    Compiling sketches-ddsketch v0.3.1
[INFO] [stderr]    Compiling testresult v0.4.1
[INFO] [stderr]    Compiling getrandom v0.3.4
[INFO] [stderr]    Compiling memmap2 v0.9.11
[INFO] [stderr]    Compiling getrandom v0.2.17
[INFO] [stderr]    Compiling is-terminal v0.4.17
[INFO] [stderr]    Compiling regex v1.13.1
[INFO] [stderr]    Compiling getrandom v0.4.3
[INFO] [stderr]    Compiling backtrace v0.3.76
[INFO] [stderr]    Compiling rand_core v0.9.5
[INFO] [stderr]    Compiling symbolic-common v12.18.3
[INFO] [stderr]    Compiling tempfile v3.27.0
[INFO] [stderr]    Compiling mio v1.2.2
[INFO] [stderr]    Compiling socket2 v0.6.5
[INFO] [stderr]    Compiling rand_xoshiro v0.7.0
[INFO] [stderr]    Compiling quanta v0.12.6
[INFO] [stderr]    Compiling futures-executor v0.3.34
[INFO] [stderr]    Compiling nix v0.26.4
[INFO] [stderr]    Compiling tokio v1.53.1
[INFO] [stderr]    Compiling futures v0.3.34
[INFO] [stderr]    Compiling future_form v0.3.1
[INFO] [stderr]    Compiling sedimentree_core v0.14.2
[INFO] [stderr]    Compiling serde v1.0.229
[INFO] [stderr]    Compiling subduction_crypto v0.9.2
[INFO] [stderr]    Compiling proc-macro-crate v2.0.2
[INFO] [stderr]    Compiling subduction_core v0.18.2 (/opt/rustwide/workdir)
[INFO] [stderr]    Compiling tinytemplate v1.2.1
[INFO] [stderr]    Compiling bolero-generator-derive v0.13.4
[INFO] [stderr]    Compiling bolero-generator v0.13.5
[INFO] [stderr]    Compiling ppv-lite86 v0.2.21
[INFO] [stderr]    Compiling half v2.7.1
[INFO] [stderr]    Compiling inferno v0.11.21
[INFO] [stderr]    Compiling ciborium-ll v0.2.2
[INFO] [stderr]    Compiling ciborium v0.2.2
[INFO] [stderr]    Compiling rand_chacha v0.9.0
[INFO] [stderr]    Compiling rand_chacha v0.3.1
[INFO] [stderr]    Compiling rand v0.9.5
[INFO] [stderr]    Compiling rand v0.8.8
[INFO] [stderr]    Compiling criterion v0.5.1
[INFO] [stderr]    Compiling metrics-util v0.20.4
[INFO] [stderr]    Compiling bolero-engine v0.13.4
[INFO] [stderr]    Compiling bolero v0.13.4
[INFO] [stdout] error[E0432]: unresolved import `subduction_core::connection::test_utils`
[INFO] [stdout]   --> tests/closure_burst.rs:19:9
[INFO] [stdout]    |
[INFO] [stdout] 19 |         test_utils::{ChannelMockConnection, InstantTimeout, TokioSpawn, test_signer},
[INFO] [stdout]    |         ^^^^^^^^^^ could not find `test_utils` in `connection`
[INFO] [stdout]    |
[INFO] [stdout] note: found an item that was configured out
[INFO] [stdout]   --> src/connection.rs:14:9
[INFO] [stdout]    |
[INFO] [stdout] 13 | #[cfg(feature = "test_utils")]
[INFO] [stdout]    |       ---------------------- the item is gated behind the `test_utils` feature
[INFO] [stdout] 14 | pub mod test_utils;
[INFO] [stdout]    |         ^^^^^^^^^^
[INFO] [stdout] 
[INFO] [stdout] 
[INFO] [stdout] error[E0432]: unresolved import `subduction_core::connection::test_utils`
[INFO] [stdout]   --> tests/relay_topology_sync.rs:29:9
[INFO] [stdout]    |
[INFO] [stdout] 29 |         test_utils::{
[INFO] [stdout]    |         ^^^^^^^^^^ could not find `test_utils` in `connection`
[INFO] [stdout]    |
[INFO] [stdout] note: found an item that was configured out
[INFO] [stdout]   --> src/connection.rs:14:9
[INFO] [stdout]    |
[INFO] [stdout] 13 | #[cfg(feature = "test_utils")]
[INFO] [stdout]    |       ---------------------- the item is gated behind the `test_utils` feature
[INFO] [stdout] 14 | pub mod test_utils;
[INFO] [stdout]    |         ^^^^^^^^^^
[INFO] [stdout] 
[INFO] [stdout] 
[INFO] [stdout] error[E0432]: unresolved import `subduction_core::connection::test_utils`
[INFO] [stdout]   --> tests/outgoing_claims.rs:15:17
[INFO] [stdout]    |
[INFO] [stdout] 15 |     connection::test_utils::{PausableChannelTransport, TokioSpawn, TokioTimeout},
[INFO] [stdout]    |                 ^^^^^^^^^^ could not find `test_utils` in `connection`
[INFO] [stdout]    |
[INFO] [stdout] note: found an item that was configured out
[INFO] [stdout]   --> src/connection.rs:14:9
[INFO] [stdout]    |
[INFO] [stdout] 13 | #[cfg(feature = "test_utils")]
[INFO] [stdout]    |       ---------------------- the item is gated behind the `test_utils` feature
[INFO] [stdout] 14 | pub mod test_utils;
[INFO] [stdout]    |         ^^^^^^^^^^
[INFO] [stdout] 
[INFO] [stdout] 
[INFO] [stdout] error[E0432]: unresolved import `subduction_core::connection::test_utils`
[INFO] [stdout]   --> tests/remote_heads_observer.rs:17:9
[INFO] [stdout]    |
[INFO] [stdout] 17 |         test_utils::{ChannelMockConnection, InstantTimeout, TokioSpawn, test_signer},
[INFO] [stdout]    |         ^^^^^^^^^^ could not find `test_utils` in `connection`
[INFO] [stdout]    |
[INFO] [stdout] note: found an item that was configured out
[INFO] [stdout]   --> src/connection.rs:14:9
[INFO] [stdout]    |
[INFO] [stdout] 13 | #[cfg(feature = "test_utils")]
[INFO] [stdout]    |       ---------------------- the item is gated behind the `test_utils` feature
[INFO] [stdout] 14 | pub mod test_utils;
[INFO] [stdout]    |         ^^^^^^^^^^
[INFO] [stdout] 
[INFO] [stdout] 
[INFO] [stdout] error[E0432]: unresolved import `subduction_core::connection::test_utils`
[INFO] [stdout]   --> tests/relay_negative_cases.rs:14:17
[INFO] [stdout]    |
[INFO] [stdout] 14 |     connection::test_utils::{CloseableChannelTransport, InstantTimeout, TokioSpawn},
[INFO] [stdout]    |                 ^^^^^^^^^^ could not find `test_utils` in `connection`
[INFO] [stdout]    |
[INFO] [stdout] note: found an item that was configured out
[INFO] [stdout]   --> src/connection.rs:14:9
[INFO] [stdout]    |
[INFO] [stdout] 13 | #[cfg(feature = "test_utils")]
[INFO] [stdout]    |       ---------------------- the item is gated behind the `test_utils` feature
[INFO] [stdout] 14 | pub mod test_utils;
[INFO] [stdout]    |         ^^^^^^^^^^
[INFO] [stdout] 
[INFO] [stdout] 
[INFO] [stdout] error[E0432]: unresolved import `subduction_core::connection::test_utils`
[INFO] [stdout]   --> tests/per_peer_dispatch_limit.rs:26:9
[INFO] [stdout]    |
[INFO] [stdout] 26 |         test_utils::{ChannelMockConnection, InstantTimeout, TokioSpawn, test_signer},
[INFO] [stdout]    |         ^^^^^^^^^^ could not find `test_utils` in `connection`
[INFO] [stdout]    |
[INFO] [stdout] note: found an item that was configured out
[INFO] [stdout]   --> src/connection.rs:14:9
[INFO] [stdout]    |
[INFO] [stdout] 13 | #[cfg(feature = "test_utils")]
[INFO] [stdout]    |       ---------------------- the item is gated behind the `test_utils` feature
[INFO] [stdout] 14 | pub mod test_utils;
[INFO] [stdout]    |         ^^^^^^^^^^
[INFO] [stdout] 
[INFO] [stdout] 
[INFO] [stdout] error[E0432]: unresolved import `subduction_core::connection::test_utils`
[INFO] [stdout]   --> tests/recv_batch_sync_response.rs:31:9
[INFO] [stdout]    |
[INFO] [stdout] 31 |         test_utils::{ChannelMockConnection, InstantTimeout, TokioSpawn, test_signer},
[INFO] [stdout]    |         ^^^^^^^^^^ could not find `test_utils` in `connection`
[INFO] [stdout]    |
[INFO] [stdout] note: found an item that was configured out
[INFO] [stdout]   --> src/connection.rs:14:9
[INFO] [stdout]    |
[INFO] [stdout] 13 | #[cfg(feature = "test_utils")]
[INFO] [stdout]    |       ---------------------- the item is gated behind the `test_utils` feature
[INFO] [stdout] 14 | pub mod test_utils;
[INFO] [stdout]    |         ^^^^^^^^^^
[INFO] [stdout] 
[INFO] [stdout] 
[INFO] [stdout] error[E0432]: unresolved import `subduction_core::connection::test_utils`
[INFO] [stdout]   --> tests/transport.rs:14:9
[INFO] [stdout]    |
[INFO] [stdout] 14 |         test_utils::ChannelTransport,
[INFO] [stdout]    |         ^^^^^^^^^^ could not find `test_utils` in `connection`
[INFO] [stdout]    |
[INFO] [stdout] note: found an item that was configured out
[INFO] [stdout]   --> src/connection.rs:14:9
[INFO] [stdout]    |
[INFO] [stdout] 13 | #[cfg(feature = "test_utils")]
[INFO] [stdout]    |       ---------------------- the item is gated behind the `test_utils` feature
[INFO] [stdout] 14 | pub mod test_utils;
[INFO] [stdout]    |         ^^^^^^^^^^
[INFO] [stdout] 
[INFO] [stdout] 
[INFO] [stdout] error[E0432]: unresolved import `subduction_core::connection::test_utils`
[INFO] [stdout]    --> tests/transport.rs:207:13
[INFO] [stdout]     |
[INFO] [stdout] 207 |             test_utils::ChannelMockConnection,
[INFO] [stdout]     |             ^^^^^^^^^^ could not find `test_utils` in `connection`
[INFO] [stdout]     |
[INFO] [stdout] note: found an item that was configured out
[INFO] [stdout]    --> src/connection.rs:14:9
[INFO] [stdout]     |
[INFO] [stdout]  13 | #[cfg(feature = "test_utils")]
[INFO] [stdout]     |       ---------------------- the item is gated behind the `test_utils` feature
[INFO] [stdout]  14 | pub mod test_utils;
[INFO] [stdout]     |         ^^^^^^^^^^
[INFO] [stdout] 
[INFO] [stdout] 
[INFO] [stdout] error[E0432]: unresolved import `subduction_core::connection::test_utils`
[INFO] [stdout]    --> tests/transport.rs:311:13
[INFO] [stdout]     |
[INFO] [stdout] 311 |             test_utils::ChannelMockConnection,
[INFO] [stdout]     |             ^^^^^^^^^^ could not find `test_utils` in `connection`
[INFO] [stdout]     |
[INFO] [stdout] note: found an item that was configured out
[INFO] [stdout]    --> src/connection.rs:14:9
[INFO] [stdout]     |
[INFO] [stdout]  13 | #[cfg(feature = "test_utils")]
[INFO] [stdout]     |       ---------------------- the item is gated behind the `test_utils` feature
[INFO] [stdout]  14 | pub mod test_utils;
[INFO] [stdout]     |         ^^^^^^^^^^
[INFO] [stdout] 
[INFO] [stdout] 
[INFO] [stdout] error[E0432]: unresolved import `subduction_core::connection::test_utils`
[INFO] [stdout]    --> tests/transport.rs:561:13
[INFO] [stdout]     |
[INFO] [stdout] 561 |             test_utils::ChannelMockConnection,
[INFO] [stdout]     |             ^^^^^^^^^^ could not find `test_utils` in `connection`
[INFO] [stdout]     |
[INFO] [stdout] note: found an item that was configured out
[INFO] [stdout]    --> src/connection.rs:14:9
[INFO] [stdout]     |
[INFO] [stdout]  13 | #[cfg(feature = "test_utils")]
[INFO] [stdout]     |       ---------------------- the item is gated behind the `test_utils` feature
[INFO] [stdout]  14 | pub mod test_utils;
[INFO] [stdout]     |         ^^^^^^^^^^
[INFO] [stdout] 
[INFO] [stdout] 
[INFO] [stdout] error[E0432]: unresolved import `subduction_core::connection::test_utils`
[INFO] [stdout]   --> tests/connection_policy.rs:13:17
[INFO] [stdout]    |
[INFO] [stdout] 13 |     connection::test_utils::{
[INFO] [stdout]    |                 ^^^^^^^^^^ could not find `test_utils` in `connection`
[INFO] [stdout]    |
[INFO] [stdout] note: found an item that was configured out
[INFO] [stdout]   --> src/connection.rs:14:9
[INFO] [stdout]    |
[INFO] [stdout] 13 | #[cfg(feature = "test_utils")]
[INFO] [stdout]    |       ---------------------- the item is gated behind the `test_utils` feature
[INFO] [stdout] 14 | pub mod test_utils;
[INFO] [stdout]    |         ^^^^^^^^^^
[INFO] [stdout] 
[INFO] [stdout] 
[INFO] [stdout] error[E0432]: unresolved import `subduction_core::connection::test_utils`
[INFO] [stdout]   --> tests/concurrent_sync.rs:35:17
[INFO] [stdout]    |
[INFO] [stdout] 35 |     connection::test_utils::{ChannelTransport, InstantTimeout, TokioSpawn},
[INFO] [stdout]    |                 ^^^^^^^^^^ could not find `test_utils` in `connection`
[INFO] [stdout]    |
[INFO] [stdout] note: found an item that was configured out
[INFO] [stdout]   --> src/connection.rs:14:9
[INFO] [stdout]    |
[INFO] [stdout] 13 | #[cfg(feature = "test_utils")]
[INFO] [stdout]    |       ---------------------- the item is gated behind the `test_utils` feature
[INFO] [stdout] 14 | pub mod test_utils;
[INFO] [stdout]    |         ^^^^^^^^^^
[INFO] [stdout] 
[INFO] [stdout] 
[INFO] [stdout] error[E0432]: unresolved import `subduction_core::connection::test_utils`
[INFO] [stdout]   --> tests/convergence.rs:23:17
[INFO] [stdout]    |
[INFO] [stdout] 23 |     connection::test_utils::{ChannelTransport, InstantTimeout, TokioSpawn},
[INFO] [stdout]    |                 ^^^^^^^^^^ could not find `test_utils` in `connection`
[INFO] [stdout]    |
[INFO] [stdout] note: found an item that was configured out
[INFO] [stdout]   --> src/connection.rs:14:9
[INFO] [stdout]    |
[INFO] [stdout] 13 | #[cfg(feature = "test_utils")]
[INFO] [stdout]    |       ---------------------- the item is gated behind the `test_utils` feature
[INFO] [stdout] 14 | pub mod test_utils;
[INFO] [stdout]    |         ^^^^^^^^^^
[INFO] [stdout] 
[INFO] [stdout] 
[INFO] [stdout] error[E0432]: unresolved import `subduction_core::connection::test_utils`
[INFO] [stdout]   --> tests/connection_management.rs:4:17
[INFO] [stdout]    |
[INFO] [stdout]  4 |     connection::test_utils::{MockConnection, new_test_subduction},
[INFO] [stdout]    |                 ^^^^^^^^^^ could not find `test_utils` in `connection`
[INFO] [stdout]    |
[INFO] [stdout] note: found an item that was configured out
[INFO] [stdout]   --> src/connection.rs:14:9
[INFO] [stdout]    |
[INFO] [stdout] 13 | #[cfg(feature = "test_utils")]
[INFO] [stdout]    |       ---------------------- the item is gated behind the `test_utils` feature
[INFO] [stdout] 14 | pub mod test_utils;
[INFO] [stdout]    |         ^^^^^^^^^^
[INFO] [stdout] 
[INFO] [stdout] 
[INFO] [stdout] error[E0599]: no associated function or constant named `new_for_test` found for struct `Authenticated<Conn, Async>` in the current scope
[INFO] [stdout]   --> tests/outgoing_claims.rs:64:24
[INFO] [stdout]    |
[INFO] [stdout] 64 |         Authenticated::new_for_test(MessageTransport::new(transport), peer),
[INFO] [stdout]    |                        ^^^^^^^^^^^^ associated function or constant not found in `Authenticated<_, _>`
[INFO] [stdout] 
[INFO] [stdout] 
[INFO] [stdout] Some errors have detailed explanations: E0432, E0599.
[INFO] [stdout] 
[INFO] [stdout] For more information about an error, try `rustc --explain E0432`.
[INFO] [stdout] 
[INFO] [stderr] error: could not compile `subduction_core` (test "outgoing_claims") due to 2 previous errors
[INFO] [stderr] warning: build failed, waiting for other jobs to finish...
[INFO] [stdout] error[E0433]: cannot find `test_utils` in `connection`
[INFO] [stdout]    --> tests/transport.rs:229:38
[INFO] [stdout]     |
[INFO] [stdout] 229 |         subduction_core::connection::test_utils::ChannelMockConnectionHandle<SyncMessage>;
[INFO] [stdout]     |                                      ^^^^^^^^^^ could not find `test_utils` in `connection`
[INFO] [stdout]     |
[INFO] [stdout] note: found an item that was configured out
[INFO] [stdout]    --> src/connection.rs:14:9
[INFO] [stdout]     |
[INFO] [stdout]  13 | #[cfg(feature = "test_utils")]
[INFO] [stdout]     |       ---------------------- the item is gated behind the `test_utils` feature
[INFO] [stdout]  14 | pub mod test_utils;
[INFO] [stdout]     |         ^^^^^^^^^^
[INFO] [stdout] 
[INFO] [stdout] 
[INFO] [stdout] error[E0432]: unresolved import `subduction_core::connection::test_utils`
[INFO] [stdout]   --> tests/zombie_connection.rs:18:9
[INFO] [stdout]    |
[INFO] [stdout] 18 |         test_utils::{ChannelMockConnection, InstantTimeout, TokioSpawn, test_signer},
[INFO] [stdout]    |         ^^^^^^^^^^ could not find `test_utils` in `connection`
[INFO] [stdout]    |
[INFO] [stdout] note: found an item that was configured out
[INFO] [stdout]   --> src/connection.rs:14:9
[INFO] [stdout]    |
[INFO] [stdout] 13 | #[cfg(feature = "test_utils")]
[INFO] [stdout]    |       ---------------------- the item is gated behind the `test_utils` feature
[INFO] [stdout] 14 | pub mod test_utils;
[INFO] [stdout]    |         ^^^^^^^^^^
[INFO] [stdout] 
[INFO] [stdout] 
[INFO] [stdout] error[E0599]: no associated function or constant named `new_for_test` found for struct `Authenticated<Conn, Async>` in the current scope
[INFO] [stdout]    --> tests/concurrent_sync.rs:334:64
[INFO] [stdout]     |
[INFO] [stdout] 334 |     let auth_a: Authenticated<Conn, Sendable> = Authenticated::new_for_test(conn_a, peer_b);
[INFO] [stdout]     |                                                                ^^^^^^^^^^^^ associated function or constant not found in `Authenticated<_, _>`
[INFO] [stdout] 
[INFO] [stdout] 
[INFO] [stdout] error[E0433]: cannot find `test_utils` in `connection`
[INFO] [stdout]    --> tests/transport.rs:359:38
[INFO] [stdout]     |
[INFO] [stdout] 359 |         subduction_core::connection::test_utils::ChannelMockConnectionHandle<SyncMessage>;
[INFO] [stdout]     |                                      ^^^^^^^^^^ could not find `test_utils` in `connection`
[INFO] [stdout]     |
[INFO] [stdout] note: found an item that was configured out
[INFO] [stdout]    --> src/connection.rs:14:9
[INFO] [stdout]     |
[INFO] [stdout]  13 | #[cfg(feature = "test_utils")]
[INFO] [stdout]     |       ---------------------- the item is gated behind the `test_utils` feature
[INFO] [stdout]  14 | pub mod test_utils;
[INFO] [stdout]     |         ^^^^^^^^^^
[INFO] [stdout] 
[INFO] [stdout] 
[INFO] [stdout] error[E0599]: no associated function or constant named `new_for_test` found for struct `Authenticated<Conn, Async>` in the current scope
[INFO] [stdout]    --> tests/concurrent_sync.rs:335:64
[INFO] [stdout]     |
[INFO] [stdout] 335 |     let auth_b: Authenticated<Conn, Sendable> = Authenticated::new_for_test(conn_b, peer_a);
[INFO] [stdout]     |                                                                ^^^^^^^^^^^^ associated function or constant not found in `Authenticated<_, _>`
[INFO] [stdout] 
[INFO] [stdout] 
[INFO] [stdout] For more information about this error, try `rustc --explain E0432`.
[INFO] [stdout] 
[INFO] [stdout] error[E0433]: cannot find `test_utils` in `connection`
[INFO] [stdout]    --> tests/transport.rs:607:38
[INFO] [stdout]     |
[INFO] [stdout] 607 |         subduction_core::connection::test_utils::ChannelMockConnectionHandle<SyncMessage>;
[INFO] [stdout]     |                                      ^^^^^^^^^^ could not find `test_utils` in `connection`
[INFO] [stdout]     |
[INFO] [stdout] note: found an item that was configured out
[INFO] [stdout]    --> src/connection.rs:14:9
[INFO] [stdout]     |
[INFO] [stdout]  13 | #[cfg(feature = "test_utils")]
[INFO] [stdout]     |       ---------------------- the item is gated behind the `test_utils` feature
[INFO] [stdout]  14 | pub mod test_utils;
[INFO] [stdout]     |         ^^^^^^^^^^
[INFO] [stdout] 
[INFO] [stdout] 
[INFO] [stderr] error: could not compile `subduction_core` (test "closure_burst") due to 1 previous error
[INFO] [stdout] error[E0599]: no associated function or constant named `new_for_test` found for struct `Authenticated<Conn, Async>` in the current scope
[INFO] [stdout]   --> tests/relay_negative_cases.rs:78:64
[INFO] [stdout]    |
[INFO] [stdout] 78 |     let auth_a: Authenticated<Conn, Sendable> = Authenticated::new_for_test(conn_a, peer_b);
[INFO] [stdout]    |                                                                ^^^^^^^^^^^^ associated function or constant not found in `Authenticated<_, _>`
[INFO] [stdout] 
[INFO] [stdout] 
[INFO] [stdout] error[E0599]: no associated function or constant named `new_for_test` found for struct `Authenticated<Conn, Async>` in the current scope
[INFO] [stdout]   --> tests/relay_negative_cases.rs:79:64
[INFO] [stdout]    |
[INFO] [stdout] 79 |     let auth_b: Authenticated<Conn, Sendable> = Authenticated::new_for_test(conn_b, peer_a);
[INFO] [stdout]    |                                                                ^^^^^^^^^^^^ associated function or constant not found in `Authenticated<_, _>`
[INFO] [stdout] 
[INFO] [stdout] 
[INFO] [stdout] error[E0432]: unresolved import `subduction_core::connection::test_utils`
[INFO] [stdout]   --> tests/policy_rejection.rs:20:9
[INFO] [stdout]    |
[INFO] [stdout] 20 |         test_utils::{
[INFO] [stdout]    |         ^^^^^^^^^^ could not find `test_utils` in `connection`
[INFO] [stdout]    |
[INFO] [stdout] note: found an item that was configured out
[INFO] [stdout]   --> src/connection.rs:14:9
[INFO] [stdout]    |
[INFO] [stdout] 13 | #[cfg(feature = "test_utils")]
[INFO] [stdout]    |       ---------------------- the item is gated behind the `test_utils` feature
[INFO] [stdout] 14 | pub mod test_utils;
[INFO] [stdout]    |         ^^^^^^^^^^
[INFO] [stdout] 
[INFO] [stdout] 
[INFO] [stdout] error[E0432]: unresolved import `subduction_core::connection::test_utils`
[INFO] [stdout]    --> tests/policy_rejection.rs:408:13
[INFO] [stdout]     |
[INFO] [stdout] 408 |             test_utils::{ChannelMockConnection, TokioSpawn},
[INFO] [stdout]     |             ^^^^^^^^^^ could not find `test_utils` in `connection`
[INFO] [stdout]     |
[INFO] [stdout] note: found an item that was configured out
[INFO] [stdout]    --> src/connection.rs:14:9
[INFO] [stdout]     |
[INFO] [stdout]  13 | #[cfg(feature = "test_utils")]
[INFO] [stdout]     |       ---------------------- the item is gated behind the `test_utils` feature
[INFO] [stdout]  14 | pub mod test_utils;
[INFO] [stdout]     |         ^^^^^^^^^^
[INFO] [stdout] 
[INFO] [stdout] 
[INFO] [stdout] For more information about this error, try `rustc --explain E0432`.
[INFO] [stdout] 
[INFO] [stdout] error[E0599]: no associated function or constant named `new_for_test` found for struct `Authenticated<Conn, Async>` in the current scope
[INFO] [stdout]    --> tests/relay_topology_sync.rs:144:64
[INFO] [stdout]     |
[INFO] [stdout] 144 |     let auth_a: Authenticated<Conn, Sendable> = Authenticated::new_for_test(conn_a, peer_b);
[INFO] [stdout]     |                                                                ^^^^^^^^^^^^ associated function or constant not found in `Authenticated<_, _>`
[INFO] [stdout] 
[INFO] [stdout] 
[INFO] [stderr] error: could not compile `subduction_core` (test "connection_management") due to 1 previous error
[INFO] [stdout] error[E0599]: no associated function or constant named `new_for_test` found for struct `Authenticated<Conn, Async>` in the current scope
[INFO] [stdout]    --> tests/relay_topology_sync.rs:145:64
[INFO] [stdout]     |
[INFO] [stdout] 145 |     let auth_b: Authenticated<Conn, Sendable> = Authenticated::new_for_test(conn_b, peer_a);
[INFO] [stdout]     |                                                                ^^^^^^^^^^^^ associated function or constant not found in `Authenticated<_, _>`
[INFO] [stdout] 
[INFO] [stdout] 
[INFO] [stdout] error[E0599]: no associated function or constant named `new_for_test` found for struct `Authenticated<Conn, Async>` in the current scope
[INFO] [stdout]   --> tests/convergence.rs:93:64
[INFO] [stdout]    |
[INFO] [stdout] 93 |     let auth_a: Authenticated<Conn, Sendable> = Authenticated::new_for_test(conn_a, peer_b);
[INFO] [stdout]    |                                                                ^^^^^^^^^^^^ associated function or constant not found in `Authenticated<_, _>`
[INFO] [stdout] 
[INFO] [stdout] 
[INFO] [stdout] error[E0599]: no associated function or constant named `new_for_test` found for struct `Authenticated<Conn, Async>` in the current scope
[INFO] [stdout]   --> tests/convergence.rs:94:64
[INFO] [stdout]    |
[INFO] [stdout] 94 |     let auth_b: Authenticated<Conn, Sendable> = Authenticated::new_for_test(conn_b, peer_a);
[INFO] [stdout]    |                                                                ^^^^^^^^^^^^ associated function or constant not found in `Authenticated<_, _>`
[INFO] [stdout] 
[INFO] [stdout] 
[INFO] [stdout] error[E0599]: no associated function or constant named `new_for_test` found for struct `Authenticated<Conn, Async>` in the current scope
[INFO] [stdout]    --> tests/relay_topology_sync.rs:743:66
[INFO] [stdout]     |
[INFO] [stdout] 743 |     let auth: Authenticated<MockConn, Sendable> = Authenticated::new_for_test(conn, peer);
[INFO] [stdout]     |                                                                  ^^^^^^^^^^^^ associated function or constant not found in `Authenticated<_, _>`
[INFO] [stdout] 
[INFO] [stdout] 
[INFO] [stdout] error[E0599]: no associated function or constant named `new_for_test` found for struct `Authenticated<Conn, Async>` in the current scope
[INFO] [stdout]    --> tests/convergence.rs:447:68
[INFO] [stdout]     |
[INFO] [stdout] 447 |     let auth_a: Authenticated<DeepConn, Sendable> = Authenticated::new_for_test(conn_a, peer_b);
[INFO] [stdout]     |                                                                    ^^^^^^^^^^^^ associated function or constant not found in `Authenticated<_, _>`
[INFO] [stdout] 
[INFO] [stdout] 
[INFO] [stdout] Some errors have detailed explanations: E0432, E0599.
[INFO] [stdout] 
[INFO] [stdout] For more information about an error, try `rustc --explain E0432`.
[INFO] [stdout] 
[INFO] [stdout] error[E0599]: no associated function or constant named `new_for_test` found for struct `Authenticated<Conn, Async>` in the current scope
[INFO] [stdout]    --> tests/convergence.rs:448:68
[INFO] [stdout]     |
[INFO] [stdout] 448 |     let auth_b: Authenticated<DeepConn, Sendable> = Authenticated::new_for_test(conn_b, peer_a);
[INFO] [stdout]     |                                                                    ^^^^^^^^^^^^ associated function or constant not found in `Authenticated<_, _>`
[INFO] [stdout] 
[INFO] [stdout] 
[INFO] [stderr] error: could not compile `subduction_core` (test "concurrent_sync") due to 3 previous errors
[INFO] [stdout] For more information about this error, try `rustc --explain E0432`.
[INFO] [stdout] 
[INFO] [stdout] Some errors have detailed explanations: E0432, E0599.
[INFO] [stdout] 
[INFO] [stdout] For more information about an error, try `rustc --explain E0432`.
[INFO] [stdout] 
[INFO] [stdout] For more information about this error, try `rustc --explain E0432`.
[INFO] [stdout] 
[INFO] [stderr] error: could not compile `subduction_core` (test "zombie_connection") due to 1 previous error
[INFO] [stdout] error[E0599]: no associated function or constant named `new_for_test` found for struct `Authenticated<Conn, Async>` in the current scope
[INFO] [stdout]    --> tests/transport.rs:238:35
[INFO] [stdout]     |
[INFO] [stdout] 238 |         let auth = Authenticated::new_for_test(conn, peer_id);
[INFO] [stdout]     |                                   ^^^^^^^^^^^^ associated function or constant not found in `Authenticated<_, _>`
[INFO] [stdout] 
[INFO] [stdout] 
[INFO] [stderr] error: could not compile `subduction_core` (test "per_peer_dispatch_limit") due to 1 previous error
[INFO] [stderr] error: could not compile `subduction_core` (test "relay_negative_cases") due to 3 previous errors
[INFO] [stdout] For more information about this error, try `rustc --explain E0432`.
[INFO] [stdout] 
[INFO] [stdout] error[E0599]: no associated function or constant named `new_for_test` found for struct `Authenticated<Conn, Async>` in the current scope
[INFO] [stdout]    --> tests/transport.rs:373:35
[INFO] [stdout]     |
[INFO] [stdout] 373 |         let auth = Authenticated::new_for_test(conn, peer_id);
[INFO] [stdout]     |                                   ^^^^^^^^^^^^ associated function or constant not found in `Authenticated<_, _>`
[INFO] [stdout] 
[INFO] [stdout] 
[INFO] [stdout] error[E0432]: unresolved import `subduction_core::connection::test_utils`
[INFO] [stdout]   --> tests/built_batch.rs:17:17
[INFO] [stdout]    |
[INFO] [stdout] 17 |     connection::test_utils::new_test_subduction,
[INFO] [stdout]    |                 ^^^^^^^^^^ could not find `test_utils` in `connection`
[INFO] [stdout]    |
[INFO] [stdout] note: found an item that was configured out
[INFO] [stdout]   --> src/connection.rs:14:9
[INFO] [stdout]    |
[INFO] [stdout] 13 | #[cfg(feature = "test_utils")]
[INFO] [stdout]    |       ---------------------- the item is gated behind the `test_utils` feature
[INFO] [stdout] 14 | pub mod test_utils;
[INFO] [stdout]    |         ^^^^^^^^^^
[INFO] [stdout] 
[INFO] [stdout] 
[INFO] [stderr] error: could not compile `subduction_core` (test "connection_policy") due to 1 previous error
[INFO] [stdout] For more information about this error, try `rustc --explain E0432`.
[INFO] [stdout] 
[INFO] [stdout] Some errors have detailed explanations: E0432, E0599.
[INFO] [stdout] 
[INFO] [stdout] For more information about an error, try `rustc --explain E0432`.
[INFO] [stdout] 
[INFO] [stderr] error: could not compile `subduction_core` (test "remote_heads_observer") due to 1 previous error
[INFO] [stderr] error: could not compile `subduction_core` (test "convergence") due to 5 previous errors
[INFO] [stdout] For more information about this error, try `rustc --explain E0432`.
[INFO] [stdout] 
[INFO] [stderr] error: could not compile `subduction_core` (test "built_batch") due to 1 previous error
[INFO] [stdout] error[E0599]: no associated function or constant named `new_for_test` found for struct `Authenticated<Conn, Async>` in the current scope
[INFO] [stdout]    --> tests/transport.rs:618:35
[INFO] [stdout]     |
[INFO] [stdout] 618 |         let auth = Authenticated::new_for_test(conn, peer_id);
[INFO] [stdout]     |                                   ^^^^^^^^^^^^ associated function or constant not found in `Authenticated<_, _>`
[INFO] [stdout] 
[INFO] [stdout] 
[INFO] [stdout] Some errors have detailed explanations: E0432, E0433, E0599.
[INFO] [stdout] 
[INFO] [stdout] For more information about an error, try `rustc --explain E0432`.
[INFO] [stdout] 
[INFO] [stderr] error: could not compile `subduction_core` (test "transport") due to 10 previous errors
[INFO] [stdout] warning: method call on a diverging inference variable
[INFO] [stdout]    --> tests/policy_rejection.rs:565:10
[INFO] [stdout]     |
[INFO] [stdout] 565 |         .map_err(|e| format!("channel closed: {e}"))?;
[INFO] [stdout]     |          ^^^^^^^
[INFO] [stdout]     |
[INFO] [stdout]     = help: consider providing a type annotation
[INFO] [stdout]     = warning: this was previously accepted by the compiler but is being phased out; it will become a hard error in a future release!
[INFO] [stdout]     = note: for more information, see issue #156047 <https://github.com/rust-lang/rust/issues/156047>
[INFO] [stdout]     = note: `-W method-call-on-diverging-infer-var` implied by `-W future-incompatible`
[INFO] [stdout]     = help: to override `-W future-incompatible` add `#[allow(method_call_on_diverging_infer_var)]`
[INFO] [stdout] 
[INFO] [stdout] 
[INFO] [stdout] For more information about this error, try `rustc --explain E0432`.
[INFO] [stdout] 
[INFO] [stdout] error[E0433]: cannot find module or crate `std` in this scope
[INFO] [stdout]    --> src/collections/bounded_sharded_map.rs:717:17
[INFO] [stdout]     |
[INFO] [stdout] 717 |             use std::sync::Arc;
[INFO] [stdout]     |                 ^^^ use of unresolved module or unlinked crate `std`
[INFO] [stdout]     |
[INFO] [stdout]     = help: if you wanted to use a crate named `std`, use `cargo add std` to add it to your `Cargo.toml`
[INFO] [stdout] 
[INFO] [stdout] 
[INFO] [stdout] error[E0432]: unresolved import `crate::connection::test_utils`
[INFO] [stdout]     --> src/subduction.rs:3997:21
[INFO] [stdout]      |
[INFO] [stdout] 3997 |         connection::test_utils::{
[INFO] [stdout]      |                     ^^^^^^^^^^ could not find `test_utils` in `connection`
[INFO] [stdout]      |
[INFO] [stdout] note: found an item that was configured out
[INFO] [stdout]     --> src/connection.rs:14:9
[INFO] [stdout]      |
[INFO] [stdout]   13 | #[cfg(feature = "test_utils")]
[INFO] [stdout]      |       ---------------------- the item is gated behind the `test_utils` feature
[INFO] [stdout]   14 | pub mod test_utils;
[INFO] [stdout]      |         ^^^^^^^^^^
[INFO] [stdout] 
[INFO] [stdout] 
[INFO] [stderr] error: could not compile `subduction_core` (test "recv_batch_sync_response") due to 1 previous error
[INFO] [stdout] Some errors have detailed explanations: E0432, E0599.
[INFO] [stdout] 
[INFO] [stdout] For more information about an error, try `rustc --explain E0432`.
[INFO] [stdout] 
[INFO] [stderr] error: could not compile `subduction_core` (test "relay_topology_sync") due to 4 previous errors
[INFO] [stdout] error: cannot find macro `vec` in this scope
[INFO] [stdout]     --> src/subduction.rs:4030:27
[INFO] [stdout]      |
[INFO] [stdout] 4030 |         let checkpoints = vec![CommitId::new([3u8; 32])];
[INFO] [stdout]      |                           ^^^
[INFO] [stdout]      |
[INFO] [stdout]      = note: macro `crate::connection::message::tests::codec::vec` exists but is inaccessible
[INFO] [stdout] help: consider importing this macro
[INFO] [stdout]      |
[INFO] [stdout] 3994 +     use alloc::vec;
[INFO] [stdout]      |
[INFO] [stdout] 
[INFO] [stdout] 
[INFO] [stdout] error[E0599]: no method named `map_err` found for type `_` in the current scope
[INFO] [stdout]    --> tests/policy_rejection.rs:565:10
[INFO] [stdout]     |
[INFO] [stdout] 563 |     let response = tokio::time::timeout(Duration::from_millis(100), handle.outbound_rx.recv())
[INFO] [stdout] 564 |         .await?
[INFO] [stdout] 565 |         .map_err(|e| format!("channel closed: {e}"))?;
[INFO] [stdout]     |          ^^^^^^^
[INFO] [stdout]     |
[INFO] [stdout]     = help: items from traits can only be used if the trait is in scope
[INFO] [stdout] help: the following traits which provide `map_err` are implemented but not in scope; perhaps you want to import one of them
[INFO] [stdout]     |
[INFO] [stdout]   5 + use futures::TryFutureExt;
[INFO] [stdout]     |
[INFO] [stdout]   5 + use futures::TryStreamExt;
[INFO] [stdout]     |
[INFO] [stdout] help: there is a method `sink_map_err` with a similar name
[INFO] [stdout]     |
[INFO] [stdout] 565 |         .sink_map_err(|e| format!("channel closed: {e}"))?;
[INFO] [stdout]     |          +++++
[INFO] [stdout] 
[INFO] [stdout] 
[INFO] [stdout] error: cannot find macro `vec` in this scope
[INFO] [stdout]     --> src/subduction.rs:4026:24
[INFO] [stdout]      |
[INFO] [stdout] 4026 |         let contents = vec![0u8; 32];
[INFO] [stdout]      |                        ^^^
[INFO] [stdout]      |
[INFO] [stdout]      = note: macro `crate::connection::message::tests::codec::vec` exists but is inaccessible
[INFO] [stdout] help: consider importing this macro
[INFO] [stdout]      |
[INFO] [stdout] 3994 +     use alloc::vec;
[INFO] [stdout]      |
[INFO] [stdout] 
[INFO] [stdout] 
[INFO] [stdout] error: cannot find macro `vec` in this scope
[INFO] [stdout]     --> src/subduction.rs:4019:24
[INFO] [stdout]      |
[INFO] [stdout] 4019 |         let contents = vec![0u8; 32];
[INFO] [stdout]      |                        ^^^
[INFO] [stdout]      |
[INFO] [stdout]      = note: macro `crate::connection::message::tests::codec::vec` exists but is inaccessible
[INFO] [stdout] help: consider importing this macro
[INFO] [stdout]      |
[INFO] [stdout] 3994 +     use alloc::vec;
[INFO] [stdout]      |
[INFO] [stdout] 
[INFO] [stdout] 
[INFO] [stdout] Some errors have detailed explanations: E0432, E0599.
[INFO] [stdout] 
[INFO] [stdout] For more information about an error, try `rustc --explain E0432`.
[INFO] [stdout] 
[INFO] [stdout] error: cannot find macro `vec` in this scope
[INFO] [stdout]     --> src/handshake.rs:1452:28
[INFO] [stdout]      |
[INFO] [stdout] 1452 |             let raw_cbor = vec![0x85, 0x6F, 0x4A, 0x83, 0x00, 0x01, 0x02, 0x03];
[INFO] [stdout]      |                            ^^^
[INFO] [stdout]      |
[INFO] [stdout]      = note: macro `crate::connection::message::tests::codec::vec` exists but is inaccessible
[INFO] [stdout] help: consider importing this macro
[INFO] [stdout]      |
[INFO] [stdout] 1208 +         use alloc::vec;
[INFO] [stdout]      |
[INFO] [stdout] 
[INFO] [stdout] 
[INFO] [stderr] error: could not compile `subduction_core` (test "policy_rejection") due to 3 previous errors; 2 warnings emitted
[INFO] [stdout] error: cannot find macro `vec` in this scope
[INFO] [stdout]     --> src/handshake.rs:1421:29
[INFO] [stdout]      |
[INFO] [stdout] 1421 |             let mut bytes = vec![0u8; 20];
[INFO] [stdout]      |                             ^^^
[INFO] [stdout]      |
[INFO] [stdout]      = note: macro `crate::connection::message::tests::codec::vec` exists but is inaccessible
[INFO] [stdout] help: consider importing this macro
[INFO] [stdout]      |
[INFO] [stdout] 1208 +         use alloc::vec;
[INFO] [stdout]      |
[INFO] [stdout] 
[INFO] [stdout] 
[INFO] [stdout] error: cannot find macro `vec` in this scope
[INFO] [stdout]     --> src/handshake.rs:1392:29
[INFO] [stdout]      |
[INFO] [stdout] 1392 |             let mut bytes = vec![0u8; 20];
[INFO] [stdout]      |                             ^^^
[INFO] [stdout]      |
[INFO] [stdout]      = note: macro `crate::connection::message::tests::codec::vec` exists but is inaccessible
[INFO] [stdout] help: consider importing this macro
[INFO] [stdout]      |
[INFO] [stdout] 1208 +         use alloc::vec;
[INFO] [stdout]      |
[INFO] [stdout] 
[INFO] [stdout] 
[INFO] [stdout] error: cannot find macro `vec` in this scope
[INFO] [stdout]     --> src/handshake.rs:1382:25
[INFO] [stdout]      |
[INFO] [stdout] 1382 |             let bytes = vec![0u8; 3]; // less than 5 bytes (schema + tag)
[INFO] [stdout]      |                         ^^^
[INFO] [stdout]      |
[INFO] [stdout]      = note: macro `crate::connection::message::tests::codec::vec` exists but is inaccessible
[INFO] [stdout] help: consider importing this macro
[INFO] [stdout]      |
[INFO] [stdout] 1208 +         use alloc::vec;
[INFO] [stdout]      |
[INFO] [stdout] 
[INFO] [stdout] 
[INFO] [stdout] error: cannot find macro `vec` in this scope
[INFO] [stdout]     --> src/handshake.rs:1368:29
[INFO] [stdout]      |
[INFO] [stdout] 1368 |             let mut bytes = vec![0u8; 20];
[INFO] [stdout]      |                             ^^^
[INFO] [stdout]      |
[INFO] [stdout]      = note: macro `crate::connection::message::tests::codec::vec` exists but is inaccessible
[INFO] [stdout] help: consider importing this macro
[INFO] [stdout]      |
[INFO] [stdout] 1208 +         use alloc::vec;
[INFO] [stdout]      |
[INFO] [stdout] 
[INFO] [stdout] 
[INFO] [stdout] error: cannot find macro `vec` in this scope
[INFO] [stdout]     --> src/handshake.rs:1349:23
[INFO] [stdout]      |
[INFO] [stdout] 1349 |             let buf = vec![0u8; RESPONSE_FIELDS_SIZE - 1];
[INFO] [stdout]      |                       ^^^
[INFO] [stdout]      |
[INFO] [stdout]      = note: macro `crate::connection::message::tests::codec::vec` exists but is inaccessible
[INFO] [stdout] help: consider importing this macro
[INFO] [stdout]      |
[INFO] [stdout] 1208 +         use alloc::vec;
[INFO] [stdout]      |
[INFO] [stdout] 
[INFO] [stdout] 
[INFO] [stdout] error: cannot find macro `vec` in this scope
[INFO] [stdout]     --> src/handshake.rs:1275:23
[INFO] [stdout]      |
[INFO] [stdout] 1275 |             let buf = vec![0u8; CHALLENGE_FIELDS_SIZE - 1];
[INFO] [stdout]      |                       ^^^
[INFO] [stdout]      |
[INFO] [stdout]      = note: macro `crate::connection::message::tests::codec::vec` exists but is inaccessible
[INFO] [stdout] help: consider importing this macro
[INFO] [stdout]      |
[INFO] [stdout] 1208 +         use alloc::vec;
[INFO] [stdout]      |
[INFO] [stdout] 
[INFO] [stdout] 
[INFO] [stdout] error: cannot find macro `vec` in this scope
[INFO] [stdout]     --> src/handshake.rs:1259:27
[INFO] [stdout]      |
[INFO] [stdout] 1259 |             let mut buf = vec![0u8; CHALLENGE_FIELDS_SIZE];
[INFO] [stdout]      |                           ^^^
[INFO] [stdout]      |
[INFO] [stdout]      = note: macro `crate::connection::message::tests::codec::vec` exists but is inaccessible
[INFO] [stdout] help: consider importing this macro
[INFO] [stdout]      |
[INFO] [stdout] 1208 +         use alloc::vec;
[INFO] [stdout]      |
[INFO] [stdout] 
[INFO] [stdout] 
[INFO] [stdout] error[E0425]: cannot find type `Box` in this scope
[INFO] [stdout]     --> src/connection/message.rs:1548:38
[INFO] [stdout]      |
[INFO] [stdout] 1548 |         type TestResult = Result<(), Box<dyn std::error::Error>>;
[INFO] [stdout]      |                                      ^^^ not found in this scope
[INFO] [stdout]      |
[INFO] [stdout]      = note: struct `crate::storage::memory::tests::Box` exists but is inaccessible
[INFO] [stdout] help: consider importing this struct
[INFO] [stdout]      |
[INFO] [stdout] 1546 +         use alloc::boxed::Box;
[INFO] [stdout]      |
[INFO] [stdout] 
[INFO] [stdout] 
[INFO] [stdout] error[E0433]: cannot find module or crate `std` in this scope
[INFO] [stdout]     --> src/connection/message.rs:1548:46
[INFO] [stdout]      |
[INFO] [stdout] 1548 |         type TestResult = Result<(), Box<dyn std::error::Error>>;
[INFO] [stdout]      |                                              ^^^ use of unresolved module or unlinked crate `std`
[INFO] [stdout]      |
[INFO] [stdout]      = help: if you wanted to use a crate named `std`, use `cargo add std` to add it to your `Cargo.toml`
[INFO] [stdout] help: consider importing one of these modules
[INFO] [stdout]      |
[INFO] [stdout] 1546 +         use crate::subduction::error;
[INFO] [stdout]      |
[INFO] [stdout] 1546 +         use core::error;
[INFO] [stdout]      |
[INFO] [stdout] help: if you import `error`, refer to it directly
[INFO] [stdout]      |
[INFO] [stdout] 1548 -         type TestResult = Result<(), Box<dyn std::error::Error>>;
[INFO] [stdout] 1548 +         type TestResult = Result<(), Box<dyn error::Error>>;
[INFO] [stdout]      |
[INFO] [stdout] 
[INFO] [stdout] 
[INFO] [stdout] error[E0425]: cannot find type `Box` in this scope
[INFO] [stdout]     --> src/handshake.rs:1225:38
[INFO] [stdout]      |
[INFO] [stdout] 1225 |         type TestResult = Result<(), Box<dyn std::error::Error>>;
[INFO] [stdout]      |                                      ^^^ not found in this scope
[INFO] [stdout]      |
[INFO] [stdout]      = note: struct `crate::storage::memory::tests::Box` exists but is inaccessible
[INFO] [stdout] help: consider importing this struct
[INFO] [stdout]      |
[INFO] [stdout] 1208 +         use alloc::boxed::Box;
[INFO] [stdout]      |
[INFO] [stdout] 
[INFO] [stdout] 
[INFO] [stdout] error[E0433]: cannot find module or crate `std` in this scope
[INFO] [stdout]     --> src/handshake.rs:1225:46
[INFO] [stdout]      |
[INFO] [stdout] 1225 |         type TestResult = Result<(), Box<dyn std::error::Error>>;
[INFO] [stdout]      |                                              ^^^ use of unresolved module or unlinked crate `std`
[INFO] [stdout]      |
[INFO] [stdout]      = help: if you wanted to use a crate named `std`, use `cargo add std` to add it to your `Cargo.toml`
[INFO] [stdout] help: consider importing one of these modules
[INFO] [stdout]      |
[INFO] [stdout] 1208 +         use crate::subduction::error;
[INFO] [stdout]      |
[INFO] [stdout] 1208 +         use core::error;
[INFO] [stdout]      |
[INFO] [stdout] help: if you import `error`, refer to it directly
[INFO] [stdout]      |
[INFO] [stdout] 1225 -         type TestResult = Result<(), Box<dyn std::error::Error>>;
[INFO] [stdout] 1225 +         type TestResult = Result<(), Box<dyn error::Error>>;
[INFO] [stdout]      |
[INFO] [stdout] 
[INFO] [stdout] 
[INFO] [stdout] warning: unused import: `collections::BTreeSet`
[INFO] [stdout]    --> src/collections/sharded_map.rs:326:17
[INFO] [stdout]     |
[INFO] [stdout] 326 |     use alloc::{collections::BTreeSet, vec};
[INFO] [stdout]     |                 ^^^^^^^^^^^^^^^^^^^^^
[INFO] [stdout]     |
[INFO] [stdout]     = note: `#[warn(unused_imports)]` (part of `#[warn(unused)]`) on by default
[INFO] [stdout] 
[INFO] [stdout] 
[INFO] [stdout] warning: unused import: `super::*`
[INFO] [stdout]   --> src/peer/id.rs:61:9
[INFO] [stdout]    |
[INFO] [stdout] 61 |     use super::*;
[INFO] [stdout]    |         ^^^^^^^^
[INFO] [stdout] 
[INFO] [stdout] 
[INFO] [stdout] warning: unused import: `alloc::format`
[INFO] [stdout]   --> src/peer/id.rs:62:9
[INFO] [stdout]    |
[INFO] [stdout] 62 |     use alloc::format;
[INFO] [stdout]    |         ^^^^^^^^^^^^^
[INFO] [stdout] 
[INFO] [stdout] 
[INFO] [stdout] error[E0599]: the method `as_dyn_error` exists for reference `&async_channel::SendError<alloc::vec::Vec<u8>>`, but its trait bounds were not satisfied
[INFO] [stdout]     --> src/handshake.rs:1489:20
[INFO] [stdout]      |
[INFO] [stdout] 1489 |             Send(#[from] async_channel::SendError<Vec<u8>>),
[INFO] [stdout]      |                    ^^^^ method cannot be called on `&async_channel::SendError<alloc::vec::Vec<u8>>` due to unsatisfied trait bounds
[INFO] [stdout]      |
[INFO] [stdout]     ::: /opt/rustwide/cargo-home/registry/src/index.crates.io-1949cf8c6b5b557f/async-channel-2.5.0/src/lib.rs:1070:1
[INFO] [stdout]      |
[INFO] [stdout] 1070 | pub struct SendError<T>(pub T);
[INFO] [stdout]      | ----------------------- doesn't satisfy `_: AsDynError<'_>` or `_: Error`
[INFO] [stdout]      |
[INFO] [stdout]      = note: the following trait bounds were not satisfied:
[INFO] [stdout]              `async_channel::SendError<alloc::vec::Vec<u8>>: core::error::Error`
[INFO] [stdout]              which is required by `async_channel::SendError<alloc::vec::Vec<u8>>: thiserror::__private20::AsDynError<'_>`
[INFO] [stdout]              `&async_channel::SendError<alloc::vec::Vec<u8>>: core::error::Error`
[INFO] [stdout]              which is required by `&async_channel::SendError<alloc::vec::Vec<u8>>: thiserror::__private20::AsDynError<'_>`
[INFO] [stdout] 
[INFO] [stdout] 
[INFO] [stdout] error[E0599]: the method `as_dyn_error` exists for reference `&async_channel::RecvError`, but its trait bounds were not satisfied
[INFO] [stdout]     --> src/handshake.rs:1491:20
[INFO] [stdout]      |
[INFO] [stdout] 1491 |             Recv(#[from] async_channel::RecvError),
[INFO] [stdout]      |                    ^^^^ method cannot be called on `&async_channel::RecvError` due to unsatisfied trait bounds
[INFO] [stdout]      |
[INFO] [stdout]     ::: /opt/rustwide/cargo-home/registry/src/index.crates.io-1949cf8c6b5b557f/async-channel-2.5.0/src/lib.rs:1155:1
[INFO] [stdout]      |
[INFO] [stdout] 1155 | pub struct RecvError;
[INFO] [stdout]      | -------------------- doesn't satisfy `_: AsDynError<'_>` or `async_channel::RecvError: core::error::Error`
[INFO] [stdout]      |
[INFO] [stdout]      = note: the following trait bounds were not satisfied:
[INFO] [stdout]              `async_channel::RecvError: core::error::Error`
[INFO] [stdout]              which is required by `async_channel::RecvError: thiserror::__private20::AsDynError<'_>`
[INFO] [stdout]              `&async_channel::RecvError: core::error::Error`
[INFO] [stdout]              which is required by `&async_channel::RecvError: thiserror::__private20::AsDynError<'_>`
[INFO] [stdout] 
[INFO] [stdout] 
[INFO] [stdout] Some errors have detailed explanations: E0425, E0432, E0433, E0599.
[INFO] [stdout] 
[INFO] [stdout] For more information about an error, try `rustc --explain E0425`.
[INFO] [stdout] 
[INFO] [stderr] error: could not compile `subduction_core` (lib test) due to 19 previous errors; 3 warnings emitted
[INFO] running `Command { std: "docker" "inspect" "6e8befde571887a52556b68db1022ed43907f9177960f7ef33d8c14441e65b0f", kill_on_drop: false }`
[INFO] running `Command { std: "docker" "rm" "-f" "6e8befde571887a52556b68db1022ed43907f9177960f7ef33d8c14441e65b0f", kill_on_drop: false }`
[INFO] [stdout] 6e8befde571887a52556b68db1022ed43907f9177960f7ef33d8c14441e65b0f
