[INFO] fetching crate subdiv-kernels 0.1.0...
[INFO] testing subdiv-kernels-0.1.0 against 1.100.0-beta.1 for beta-1.100-2
[INFO] extracting crate subdiv-kernels 0.1.0 into /workspace/builds/worker-6-tc2/source
[INFO] started tweaking crates.io crate subdiv-kernels 0.1.0
[INFO] removed 0 missing examples
[INFO] removed 0 missing tests
[INFO] finished tweaking crates.io crate subdiv-kernels 0.1.0
[INFO] tweaked toml for crates.io crate subdiv-kernels 0.1.0 written to /workspace/builds/worker-6-tc2/source/Cargo.toml
[INFO] validating manifest of crates.io crate subdiv-kernels 0.1.0 on toolchain 1.100.0-beta.1
[INFO] running `Command { std: CARGO_HOME="/workspace/cargo-home" RUSTUP_HOME="/workspace/rustup-home" "/workspace/cargo-home/bin/cargo" "+1.100.0-beta.1" "metadata" "--manifest-path" "Cargo.toml" "--no-deps", kill_on_drop: false }`
[INFO] crate crates.io crate subdiv-kernels 0.1.0 already has a lockfile, it will not be regenerated
[INFO] running `Command { std: CARGO_HOME="/workspace/cargo-home" RUSTUP_HOME="/workspace/rustup-home" "/workspace/cargo-home/bin/cargo" "+1.100.0-beta.1" "fetch" "--manifest-path" "Cargo.toml", kill_on_drop: false }`
[INFO] running `Command { std: "docker" "create" "-v" "/var/lib/crater-agent-workspace/builds/worker-6-tc2/source:/opt/rustwide/workdir:ro,Z" "-v" "/var/lib/crater-agent-workspace/builds/worker-6-tc2/target:/opt/rustwide/target:rw,Z" "-v" "/var/lib/crater-agent-workspace/cargo-home:/opt/rustwide/cargo-home:ro,Z" "-v" "/var/lib/crater-agent-workspace/rustup-home:/opt/rustwide/rustup-home:ro,Z" "-m" "1610612736" "--network" "none" "ghcr.io/rust-lang/crates-build-env/linux@sha256:3111399a4047eeb3a02b7a90e478d715f38a8c6669b5c4b49d30a17385265909" "sleep" "infinity", kill_on_drop: false }`
[INFO] [stdout] 87b082a1dc550da871d7c55ad94cd9089fb02c587721c8c56a2aeba3ac3afcfa
[INFO] running `Command { std: "docker" "start" "87b082a1dc550da871d7c55ad94cd9089fb02c587721c8c56a2aeba3ac3afcfa", kill_on_drop: false }`
[INFO] running `Command { std: "docker" "inspect" "87b082a1dc550da871d7c55ad94cd9089fb02c587721c8c56a2aeba3ac3afcfa", kill_on_drop: false }`
[INFO] running `Command { std: "docker" "exec" "-e" "SOURCE_DIR=/opt/rustwide/workdir" "-e" "CARGO_HOME=/opt/rustwide/cargo-home" "-e" "RUSTUP_HOME=/opt/rustwide/rustup-home" "-e" "CARGO_TARGET_DIR=/opt/rustwide/target" "-w" "/opt/rustwide/workdir" "--user" "0:0" "87b082a1dc550da871d7c55ad94cd9089fb02c587721c8c56a2aeba3ac3afcfa" "/opt/rustwide/cargo-home/bin/cargo" "+1.100.0-beta.1" "metadata" "--no-deps" "--format-version=1", kill_on_drop: false }`
[INFO] running `Command { std: "docker" "inspect" "87b082a1dc550da871d7c55ad94cd9089fb02c587721c8c56a2aeba3ac3afcfa", kill_on_drop: false }`
[INFO] running `Command { std: "docker" "exec" "-e" "SOURCE_DIR=/opt/rustwide/workdir" "-e" "CARGO_HOME=/opt/rustwide/cargo-home" "-e" "RUSTUP_HOME=/opt/rustwide/rustup-home" "-e" "CARGO_TARGET_DIR=/opt/rustwide/target" "-e" "CARGO_INCREMENTAL=0" "-e" "RUST_BACKTRACE=full" "-e" "RUSTFLAGS=--cap-lints=warn" "-e" "RUSTDOCFLAGS=--cap-lints=warn" "-w" "/opt/rustwide/workdir" "--user" "0:0" "87b082a1dc550da871d7c55ad94cd9089fb02c587721c8c56a2aeba3ac3afcfa" "/opt/rustwide/cargo-home/bin/cargo" "+1.100.0-beta.1" "build" "--frozen" "--message-format=json", kill_on_drop: false }`
[INFO] [stderr]    Compiling once_cell v1.21.3
[INFO] [stderr]    Compiling smallvec v1.15.2
[INFO] [stderr]    Compiling rustc-hash v2.1.2
[INFO] [stderr]    Compiling syn v2.0.117
[INFO] [stderr]    Compiling thiserror-impl v2.0.18
[INFO] [stderr]    Compiling enum_dispatch v0.3.13
[INFO] [stderr]    Compiling thiserror v2.0.18
[INFO] [stderr]    Compiling subdiv-kernels v0.1.0 (/opt/rustwide/workdir)
[INFO] [stderr]     Finished `dev` profile [unoptimized + debuginfo] target(s) in 11.42s
[INFO] running `Command { std: "docker" "inspect" "87b082a1dc550da871d7c55ad94cd9089fb02c587721c8c56a2aeba3ac3afcfa", kill_on_drop: false }`
[INFO] running `Command { std: "docker" "exec" "-e" "SOURCE_DIR=/opt/rustwide/workdir" "-e" "CARGO_HOME=/opt/rustwide/cargo-home" "-e" "RUSTUP_HOME=/opt/rustwide/rustup-home" "-e" "CARGO_TARGET_DIR=/opt/rustwide/target" "-e" "CARGO_INCREMENTAL=0" "-e" "RUST_BACKTRACE=full" "-e" "RUSTFLAGS=--cap-lints=warn" "-e" "RUSTDOCFLAGS=--cap-lints=warn" "-w" "/opt/rustwide/workdir" "--user" "0:0" "87b082a1dc550da871d7c55ad94cd9089fb02c587721c8c56a2aeba3ac3afcfa" "/opt/rustwide/cargo-home/bin/cargo" "+1.100.0-beta.1" "test" "--frozen" "--no-run" "--message-format=json", kill_on_drop: false }`
[INFO] [stderr]    Compiling memchr v2.8.0
[INFO] [stderr]    Compiling find-msvc-tools v0.1.9
[INFO] [stderr]    Compiling prettyplease v0.2.37
[INFO] [stderr]    Compiling clang-sys v1.8.1
[INFO] [stderr]    Compiling minimal-lexical v0.2.1
[INFO] [stderr]    Compiling syn v2.0.117
[INFO] [stderr]    Compiling jobserver v0.1.34
[INFO] [stderr]    Compiling winnow v1.0.3
[INFO] [stderr]    Compiling regex-syntax v0.8.11
[INFO] [stderr]    Compiling hashbrown v0.16.1
[INFO] [stderr]    Compiling equivalent v1.0.2
[INFO] [stderr]    Compiling libloading v0.8.9
[INFO] [stderr]    Compiling either v1.15.0
[INFO] [stderr]    Compiling cc v1.2.64
[INFO] [stderr]    Compiling bindgen v0.72.1
[INFO] [stderr]    Compiling toml_datetime v1.1.1+spec-1.1.0
[INFO] [stderr]    Compiling zerocopy v0.8.40
[INFO] [stderr]    Compiling nom v7.1.3
[INFO] [stderr]    Compiling indexmap v2.13.0
[INFO] [stderr]    Compiling itertools v0.13.0
[INFO] [stderr]    Compiling regex-automata v0.4.14
[INFO] [stderr]    Compiling toml_parser v1.1.2+spec-1.1.0
[INFO] [stderr]    Compiling unicode-segmentation v1.13.3
[INFO] [stderr]    Compiling toml_edit v0.25.12+spec-1.1.0
[INFO] [stderr]    Compiling bitflags v2.11.0
[INFO] [stderr]    Compiling zmij v1.0.21
[INFO] [stderr]    Compiling convert_case v0.10.0
[INFO] [stderr]    Compiling cmake v0.1.58
[INFO] [stderr]    Compiling unicode-xid v0.2.6
[INFO] [stderr]    Compiling alloca v0.4.0
[INFO] [stderr]    Compiling cexpr v0.6.0
[INFO] [stderr]    Compiling clap_lex v1.1.0
[INFO] [stderr]    Compiling serde_json v1.0.149
[INFO] [stderr]    Compiling clap_builder v4.6.0
[INFO] [stderr]    Compiling regex v1.12.4
[INFO] [stderr]    Compiling proc-macro-crate v3.5.0
[INFO] [stderr]    Compiling litrs v1.0.0
[INFO] [stderr]    Compiling criterion-plot v0.8.2
[INFO] [stderr]    Compiling page_size v0.6.0
[INFO] [stderr]    Compiling document-features v0.2.12
[INFO] [stderr]    Compiling zerocopy-derive v0.8.40
[INFO] [stderr]    Compiling serde_derive v1.0.228
[INFO] [stderr]    Compiling thiserror-impl v2.0.18
[INFO] [stderr]    Compiling num_enum_derive v0.7.6
[INFO] [stderr]    Compiling derive_more-impl v2.1.1
[INFO] [stderr]    Compiling bytemuck_derive v1.10.2
[INFO] [stderr]    Compiling num_enum v0.7.6
[INFO] [stderr]    Compiling clap v4.6.1
[INFO] [stderr]    Compiling thiserror v2.0.18
[INFO] [stderr]    Compiling enum_dispatch v0.3.13
[INFO] [stderr]    Compiling subdiv-kernels v0.1.0 (/opt/rustwide/workdir)
[INFO] [stderr]    Compiling bytemuck v1.25.0
[INFO] [stderr]    Compiling serde v1.0.228
[INFO] [stderr]    Compiling tinytemplate v1.2.1
[INFO] [stderr]    Compiling derive_more v2.1.1
[INFO] [stderr]    Compiling opensubdiv-petite-sys v0.3.1
[INFO] [stderr]    Compiling half v2.7.1
[INFO] [stderr]    Compiling ciborium-ll v0.2.2
[INFO] [stderr]    Compiling ciborium v0.2.2
[INFO] [stderr]    Compiling criterion v0.8.2
[INFO] [stderr]    Compiling opensubdiv-petite v0.3.1
[INFO] [stdout] error[E0599]: no method named `expect` found for mutable reference `&mut TopologyDescriptor<'_>` in the current scope
[INFO] [stdout]    --> tests/common/mod.rs:594:14
[INFO] [stdout]     |
[INFO] [stdout] 592 |         descriptor = descriptor
[INFO] [stdout] 593 |             .creases(&crease_flat, &crease_sharpness)
[INFO] [stdout] 594 |             .expect("petite creases");
[INFO] [stdout]     |              ^^^^^^ method not found in `&mut TopologyDescriptor<'_>`
[INFO] [stdout] 
[INFO] [stdout] 
[INFO] [stdout] error[E0599]: no method named `expect` found for mutable reference `&mut TopologyDescriptor<'_>` in the current scope
[INFO] [stdout]    --> tests/common/mod.rs:600:14
[INFO] [stdout]     |
[INFO] [stdout] 598 |         descriptor = descriptor
[INFO] [stdout] 599 |             .corners(&case.corner_vertices, &corner_sharpness)
[INFO] [stdout] 600 |             .expect("petite corners");
[INFO] [stdout]     |              ^^^^^^ method not found in `&mut TopologyDescriptor<'_>`
[INFO] [stdout] 
[INFO] [stdout] 
[INFO] [stdout] error[E0308]: mismatched types
[INFO] [stdout]    --> tests/common/mod.rs:615:39
[INFO] [stdout]     |
[INFO] [stdout] 615 |     refiner.refine_adaptive(adaptive, None);
[INFO] [stdout]     |             ---------------           ^^^^ expected `&[Index]`, found `Option<_>`
[INFO] [stdout]     |             |
[INFO] [stdout]     |             arguments to this method are incorrect
[INFO] [stdout]     |
[INFO] [stdout]     = note: expected reference `&[opensubdiv_petite::Index]`
[INFO] [stdout]                     found enum `Option<_>`
[INFO] [stdout] note: method defined here
[INFO] [stdout]    --> /opt/rustwide/cargo-home/registry/src/index.crates.io-1949cf8c6b5b557f/opensubdiv-petite-0.3.1/src/far/topology_refiner.rs:282:12
[INFO] [stdout]     |
[INFO] [stdout] 282 |     pub fn refine_adaptive(
[INFO] [stdout]     |            ^^^^^^^^^^^^^^^
[INFO] [stdout] 
[INFO] [stdout] 
[INFO] [stdout] Some errors have detailed explanations: E0308, E0599.
[INFO] [stdout] 
[INFO] [stdout] For more information about an error, try `rustc --explain E0308`.
[INFO] [stdout] 
[INFO] [stdout] error[E0599]: no method named `expect` found for mutable reference `&mut TopologyDescriptor<'_>` in the current scope
[INFO] [stdout]    --> tests/common/mod.rs:594:14
[INFO] [stdout]     |
[INFO] [stdout] 592 |         descriptor = descriptor
[INFO] [stdout] 593 |             .creases(&crease_flat, &crease_sharpness)
[INFO] [stdout] 594 |             .expect("petite creases");
[INFO] [stdout]     |              ^^^^^^ method not found in `&mut TopologyDescriptor<'_>`
[INFO] [stdout] 
[INFO] [stdout] 
[INFO] [stdout] error[E0599]: no method named `expect` found for mutable reference `&mut TopologyDescriptor<'_>` in the current scope
[INFO] [stdout]    --> tests/common/mod.rs:600:14
[INFO] [stdout]     |
[INFO] [stdout] 598 |         descriptor = descriptor
[INFO] [stdout] 599 |             .corners(&case.corner_vertices, &corner_sharpness)
[INFO] [stdout] 600 |             .expect("petite corners");
[INFO] [stdout]     |              ^^^^^^ method not found in `&mut TopologyDescriptor<'_>`
[INFO] [stdout] 
[INFO] [stdout] 
[INFO] [stderr] error: could not compile `subdiv-kernels` (test "patch_osd_oracle") due to 3 previous errors
[INFO] [stderr] warning: build failed, waiting for other jobs to finish...
[INFO] [stdout] error[E0308]: mismatched types
[INFO] [stdout]    --> tests/common/mod.rs:615:39
[INFO] [stdout]     |
[INFO] [stdout] 615 |     refiner.refine_adaptive(adaptive, None);
[INFO] [stdout]     |             ---------------           ^^^^ expected `&[Index]`, found `Option<_>`
[INFO] [stdout]     |             |
[INFO] [stdout]     |             arguments to this method are incorrect
[INFO] [stdout]     |
[INFO] [stdout]     = note: expected reference `&[opensubdiv_petite::Index]`
[INFO] [stdout]                     found enum `Option<_>`
[INFO] [stdout] note: method defined here
[INFO] [stdout]    --> /opt/rustwide/cargo-home/registry/src/index.crates.io-1949cf8c6b5b557f/opensubdiv-petite-0.3.1/src/far/topology_refiner.rs:282:12
[INFO] [stdout]     |
[INFO] [stdout] 282 |     pub fn refine_adaptive(
[INFO] [stdout]     |            ^^^^^^^^^^^^^^^
[INFO] [stdout] 
[INFO] [stdout] 
[INFO] [stdout] error[E0599]: no method named `expect` found for mutable reference `&mut TopologyDescriptor<'_>` in the current scope
[INFO] [stdout]    --> tests/common/mod.rs:594:14
[INFO] [stdout]     |
[INFO] [stdout] 592 |         descriptor = descriptor
[INFO] [stdout] 593 |             .creases(&crease_flat, &crease_sharpness)
[INFO] [stdout] 594 |             .expect("petite creases");
[INFO] [stdout]     |              ^^^^^^ method not found in `&mut TopologyDescriptor<'_>`
[INFO] [stdout] 
[INFO] [stdout] 
[INFO] [stdout] error[E0599]: no method named `expect` found for mutable reference `&mut TopologyDescriptor<'_>` in the current scope
[INFO] [stdout]    --> tests/common/mod.rs:594:14
[INFO] [stdout]     |
[INFO] [stdout] 592 |         descriptor = descriptor
[INFO] [stdout] 593 |             .creases(&crease_flat, &crease_sharpness)
[INFO] [stdout] 594 |             .expect("petite creases");
[INFO] [stdout]     |              ^^^^^^ method not found in `&mut TopologyDescriptor<'_>`
[INFO] [stdout] 
[INFO] [stdout] 
[INFO] [stdout] error[E0599]: no method named `expect` found for mutable reference `&mut TopologyDescriptor<'_>` in the current scope
[INFO] [stdout]    --> tests/common/mod.rs:600:14
[INFO] [stdout]     |
[INFO] [stdout] 598 |         descriptor = descriptor
[INFO] [stdout] 599 |             .corners(&case.corner_vertices, &corner_sharpness)
[INFO] [stdout] 600 |             .expect("petite corners");
[INFO] [stdout]     |              ^^^^^^ method not found in `&mut TopologyDescriptor<'_>`
[INFO] [stdout] 
[INFO] [stdout] 
[INFO] [stdout] error[E0599]: no method named `expect` found for mutable reference `&mut TopologyDescriptor<'_>` in the current scope
[INFO] [stdout]    --> tests/common/mod.rs:600:14
[INFO] [stdout]     |
[INFO] [stdout] 598 |         descriptor = descriptor
[INFO] [stdout] 599 |             .corners(&case.corner_vertices, &corner_sharpness)
[INFO] [stdout] 600 |             .expect("petite corners");
[INFO] [stdout]     |              ^^^^^^ method not found in `&mut TopologyDescriptor<'_>`
[INFO] [stdout] 
[INFO] [stdout] 
[INFO] [stdout] error[E0308]: mismatched types
[INFO] [stdout]    --> tests/common/mod.rs:615:39
[INFO] [stdout]     |
[INFO] [stdout] 615 |     refiner.refine_adaptive(adaptive, None);
[INFO] [stdout]     |             ---------------           ^^^^ expected `&[Index]`, found `Option<_>`
[INFO] [stdout]     |             |
[INFO] [stdout]     |             arguments to this method are incorrect
[INFO] [stdout]     |
[INFO] [stdout]     = note: expected reference `&[opensubdiv_petite::Index]`
[INFO] [stdout]                     found enum `Option<_>`
[INFO] [stdout] note: method defined here
[INFO] [stdout]    --> /opt/rustwide/cargo-home/registry/src/index.crates.io-1949cf8c6b5b557f/opensubdiv-petite-0.3.1/src/far/topology_refiner.rs:282:12
[INFO] [stdout]     |
[INFO] [stdout] 282 |     pub fn refine_adaptive(
[INFO] [stdout]     |            ^^^^^^^^^^^^^^^
[INFO] [stdout] 
[INFO] [stdout] 
[INFO] [stdout] error[E0308]: mismatched types
[INFO] [stdout]    --> tests/common/mod.rs:615:39
[INFO] [stdout]     |
[INFO] [stdout] 615 |     refiner.refine_adaptive(adaptive, None);
[INFO] [stdout]     |             ---------------           ^^^^ expected `&[Index]`, found `Option<_>`
[INFO] [stdout]     |             |
[INFO] [stdout]     |             arguments to this method are incorrect
[INFO] [stdout]     |
[INFO] [stdout]     = note: expected reference `&[opensubdiv_petite::Index]`
[INFO] [stdout]                     found enum `Option<_>`
[INFO] [stdout] note: method defined here
[INFO] [stdout]    --> /opt/rustwide/cargo-home/registry/src/index.crates.io-1949cf8c6b5b557f/opensubdiv-petite-0.3.1/src/far/topology_refiner.rs:282:12
[INFO] [stdout]     |
[INFO] [stdout] 282 |     pub fn refine_adaptive(
[INFO] [stdout]     |            ^^^^^^^^^^^^^^^
[INFO] [stdout] 
[INFO] [stdout] 
[INFO] [stdout] Some errors have detailed explanations: E0308, E0599.
[INFO] [stdout] 
[INFO] [stdout] For more information about an error, try `rustc --explain E0308`.
[INFO] [stdout] 
[INFO] [stderr] error: could not compile `subdiv-kernels` (test "limit_eval") due to 3 previous errors
[INFO] [stdout] error[E0599]: no method named `expect` found for mutable reference `&mut TopologyDescriptor<'_>` in the current scope
[INFO] [stdout]    --> tests/common/mod.rs:594:14
[INFO] [stdout]     |
[INFO] [stdout] 592 |         descriptor = descriptor
[INFO] [stdout] 593 |             .creases(&crease_flat, &crease_sharpness)
[INFO] [stdout] 594 |             .expect("petite creases");
[INFO] [stdout]     |              ^^^^^^ method not found in `&mut TopologyDescriptor<'_>`
[INFO] [stdout] 
[INFO] [stdout] 
[INFO] [stdout] error[E0599]: no method named `expect` found for mutable reference `&mut TopologyDescriptor<'_>` in the current scope
[INFO] [stdout]    --> tests/common/mod.rs:600:14
[INFO] [stdout]     |
[INFO] [stdout] 598 |         descriptor = descriptor
[INFO] [stdout] 599 |             .corners(&case.corner_vertices, &corner_sharpness)
[INFO] [stdout] 600 |             .expect("petite corners");
[INFO] [stdout]     |              ^^^^^^ method not found in `&mut TopologyDescriptor<'_>`
[INFO] [stdout] 
[INFO] [stdout] 
[INFO] [stdout] error[E0308]: mismatched types
[INFO] [stdout]    --> tests/common/mod.rs:615:39
[INFO] [stdout]     |
[INFO] [stdout] 615 |     refiner.refine_adaptive(adaptive, None);
[INFO] [stdout]     |             ---------------           ^^^^ expected `&[Index]`, found `Option<_>`
[INFO] [stdout]     |             |
[INFO] [stdout]     |             arguments to this method are incorrect
[INFO] [stdout]     |
[INFO] [stdout]     = note: expected reference `&[opensubdiv_petite::Index]`
[INFO] [stdout]                     found enum `Option<_>`
[INFO] [stdout] note: method defined here
[INFO] [stdout]    --> /opt/rustwide/cargo-home/registry/src/index.crates.io-1949cf8c6b5b557f/opensubdiv-petite-0.3.1/src/far/topology_refiner.rs:282:12
[INFO] [stdout]     |
[INFO] [stdout] 282 |     pub fn refine_adaptive(
[INFO] [stdout]     |            ^^^^^^^^^^^^^^^
[INFO] [stdout] 
[INFO] [stdout] 
[INFO] [stdout] Some errors have detailed explanations: E0308, E0599.
[INFO] [stdout] 
[INFO] [stdout] For more information about an error, try `rustc --explain E0308`.
[INFO] [stdout] 
[INFO] [stderr] error: could not compile `subdiv-kernels` (test "closest_point") due to 3 previous errors
[INFO] [stdout] Some errors have detailed explanations: E0308, E0599.
[INFO] [stdout] 
[INFO] [stdout] For more information about an error, try `rustc --explain E0308`.
[INFO] [stdout] 
[INFO] [stderr] error: could not compile `subdiv-kernels` (test "limit_osd_oracle") due to 3 previous errors
[INFO] [stdout] Some errors have detailed explanations: E0308, E0599.
[INFO] [stdout] 
[INFO] [stdout] For more information about an error, try `rustc --explain E0308`.
[INFO] [stdout] 
[INFO] [stderr] error: could not compile `subdiv-kernels` (test "limit_weights") due to 3 previous errors
[INFO] running `Command { std: "docker" "inspect" "87b082a1dc550da871d7c55ad94cd9089fb02c587721c8c56a2aeba3ac3afcfa", kill_on_drop: false }`
[INFO] running `Command { std: "docker" "rm" "-f" "87b082a1dc550da871d7c55ad94cd9089fb02c587721c8c56a2aeba3ac3afcfa", kill_on_drop: false }`
[INFO] [stdout] 87b082a1dc550da871d7c55ad94cd9089fb02c587721c8c56a2aeba3ac3afcfa
