[INFO] fetching crate stylus-sdk 0.10.10...
[INFO] testing stylus-sdk-0.10.10 against 1.99.0-beta.8 for beta-1.100-2
[INFO] extracting crate stylus-sdk 0.10.10 into /workspace/builds/worker-1-tc1/source
[INFO] started tweaking crates.io crate stylus-sdk 0.10.10
[INFO] finished tweaking crates.io crate stylus-sdk 0.10.10
[INFO] tweaked toml for crates.io crate stylus-sdk 0.10.10 written to /workspace/builds/worker-1-tc1/source/Cargo.toml
[INFO] validating manifest of crates.io crate stylus-sdk 0.10.10 on toolchain 1.99.0-beta.8
[INFO] running `Command { std: CARGO_HOME="/workspace/cargo-home" RUSTUP_HOME="/workspace/rustup-home" "/workspace/cargo-home/bin/cargo" "+1.99.0-beta.8" "metadata" "--manifest-path" "Cargo.toml" "--no-deps", kill_on_drop: false }`
[INFO] crate crates.io crate stylus-sdk 0.10.10 already has a lockfile, it will not be regenerated
[INFO] running `Command { std: CARGO_HOME="/workspace/cargo-home" RUSTUP_HOME="/workspace/rustup-home" "/workspace/cargo-home/bin/cargo" "+1.99.0-beta.8" "fetch" "--manifest-path" "Cargo.toml", kill_on_drop: false }`
[INFO] [stderr]     Updating crates.io index
[INFO] [stderr]  Downloading crates ...
[INFO] [stderr]   Downloaded stylus-test v0.10.10
[INFO] [stderr]   Downloaded stylus-core v0.10.10
[INFO] [stderr]   Downloaded alloy-sol-types v1.6.0
[INFO] [stderr]   Downloaded alloy-sol-macro v1.6.0
[INFO] [stderr]   Downloaded alloy-sol-macro-input v1.6.0
[INFO] [stderr]   Downloaded macro-string v0.2.0
[INFO] [stderr]   Downloaded wasm-bindgen-macro v0.2.121
[INFO] [stderr]   Downloaded bitcoin-io v0.1.4
[INFO] [stderr]   Downloaded wasm-bindgen-shared v0.2.121
[INFO] [stderr]   Downloaded js-sys v0.3.98
[INFO] [stderr]   Downloaded hex-conservative v0.2.2
[INFO] [stderr]   Downloaded enum-ordinalize v4.4.2
[INFO] [stderr]   Downloaded enum-ordinalize-derive v4.4.2
[INFO] [stderr]   Downloaded const-hex v1.19.0
[INFO] [stderr]   Downloaded alloy-sol-macro-expander v1.6.0
[INFO] [stderr]   Downloaded ark-std v0.6.0
[INFO] [stderr]   Downloaded bitcoin_hashes v0.14.1
[INFO] [stderr]   Downloaded ark-serialize v0.6.0
[INFO] [stderr]   Downloaded syn-solidity v1.6.0
[INFO] [stderr]   Downloaded wasm-bindgen v0.2.121
[INFO] [stderr]   Downloaded toml_edit v0.25.11+spec-1.1.0
[INFO] [stderr]   Downloaded serde_with_macros v3.20.0
[INFO] [stderr]   Downloaded ark-serialize-derive v0.6.0
[INFO] [stderr]   Downloaded ark-ff-macros v0.6.0
[INFO] [stderr]   Downloaded wasm-bindgen-macro-support v0.2.121
[INFO] [stderr]   Downloaded typenum v1.20.0
[INFO] [stderr]   Downloaded alloy-primitives v1.6.0
[INFO] [stderr]   Downloaded secp256k1 v0.31.1
[INFO] [stderr]   Downloaded ruint v1.20.1
[INFO] [stderr]   Downloaded ark-ff v0.6.0
[INFO] [stderr]   Downloaded ark-ff-asm v0.6.0
[INFO] [stderr]   Downloaded serde_with v3.20.0
[INFO] [stderr]   Downloaded pest v2.8.6
[INFO] [stderr]   Downloaded alloy-rlp v0.3.15
[INFO] [stderr]   Downloaded alloy-rlp-derive v0.3.15
[INFO] [stderr]   Downloaded rapidhash v4.4.1
[INFO] [stderr]   Downloaded keccak-asm v0.1.7
[INFO] [stderr]   Downloaded serdect v0.2.0
[INFO] [stderr]   Downloaded secp256k1-sys v0.11.0
[INFO] [stderr]   Downloaded sha3-asm v0.1.7
[INFO] [stderr]   Downloaded wasmtimer v0.4.3
[INFO] [stderr]   Downloaded alloy-sol-type-parser v1.6.0
[INFO] [stderr]   Downloaded reqwest v0.13.3
[INFO] [stderr]   Downloaded alloy-provider v1.8.3
[INFO] [stderr]   Downloaded wasm-bindgen-futures v0.4.71
[INFO] [stderr]   Downloaded alloy-json-abi v1.6.0
[INFO] [stderr]   Downloaded web-sys v0.3.98
[INFO] [stderr]   Downloaded webpki-root-certs v1.0.7
[INFO] [stderr]   Downloaded hyper v1.9.0
[INFO] [stderr]   Downloaded futures-utils-wasm v0.1.0
[INFO] [stderr]   Downloaded alloy-signer v1.8.3
[INFO] [stderr]   Downloaded alloy-eip7928 v0.3.7
[INFO] [stderr]   Downloaded alloy-transport-http v1.8.3
[INFO] [stderr]   Downloaded alloy-transport v1.8.3
[INFO] [stderr]   Downloaded alloy-rpc-types-eth v1.8.3
[INFO] [stderr]   Downloaded alloy-serde v1.8.3
[INFO] [stderr]   Downloaded alloy-network-primitives v1.8.3
[INFO] [stderr]   Downloaded alloy-tx-macros v1.8.3
[INFO] [stderr]   Downloaded alloy-json-rpc v1.8.3
[INFO] [stderr]   Downloaded alloy-eips v1.8.3
[INFO] [stderr]   Downloaded alloy-eip2124 v0.2.0
[INFO] [stderr]   Downloaded alloy-eip2930 v0.2.3
[INFO] [stderr]   Downloaded alloy-eip7702 v0.6.3
[INFO] [stderr]   Downloaded nybbles v0.4.5
[INFO] [stderr]   Downloaded blst v0.3.16
[INFO] [stderr]   Downloaded trybuild v1.0.116
[INFO] [stderr]   Downloaded alloy-trie v0.9.5
[INFO] [stderr]   Downloaded alloy-rpc-types-any v1.8.3
[INFO] [stderr]   Downloaded secp256k1 v0.30.0
[INFO] [stderr]   Downloaded alloy-rpc-client v1.8.3
[INFO] [stderr]   Downloaded alloy-consensus-any v1.8.3
[INFO] [stderr]   Downloaded branches v0.4.4
[INFO] [stderr]   Downloaded alloy-network v1.8.3
[INFO] [stderr]   Downloaded alloy-chains v0.2.34
[INFO] [stderr]   Downloaded stylus-proc v0.10.10
[INFO] [stderr]   Downloaded alloy-consensus v1.8.3
[INFO] [stderr]   Downloaded mini-alloc v1.0.0
[INFO] [stderr]   Downloaded rclite v0.4.1
[INFO] [stderr]   Downloaded c-kzg v2.1.7
[INFO] [stderr]   Downloaded secp256k1-sys v0.10.1
[INFO] running `Command { std: "docker" "create" "-v" "/var/lib/crater-agent-workspace/builds/worker-1-tc1/source:/opt/rustwide/workdir:ro,Z" "-v" "/var/lib/crater-agent-workspace/builds/worker-1-tc1/target:/opt/rustwide/target:rw,Z" "-v" "/var/lib/crater-agent-workspace/cargo-home:/opt/rustwide/cargo-home:ro,Z" "-v" "/var/lib/crater-agent-workspace/rustup-home:/opt/rustwide/rustup-home:ro,Z" "-m" "1610612736" "--network" "none" "ghcr.io/rust-lang/crates-build-env/linux@sha256:3111399a4047eeb3a02b7a90e478d715f38a8c6669b5c4b49d30a17385265909" "sleep" "infinity", kill_on_drop: false }`
[INFO] [stdout] 7615e08cd7e586f3cd93476060079a6f662ea1673c657863aa99e87b2debf26b
[INFO] running `Command { std: "docker" "start" "7615e08cd7e586f3cd93476060079a6f662ea1673c657863aa99e87b2debf26b", kill_on_drop: false }`
[INFO] running `Command { std: "docker" "inspect" "7615e08cd7e586f3cd93476060079a6f662ea1673c657863aa99e87b2debf26b", kill_on_drop: false }`
[INFO] running `Command { std: "docker" "exec" "-e" "SOURCE_DIR=/opt/rustwide/workdir" "-e" "CARGO_HOME=/opt/rustwide/cargo-home" "-e" "RUSTUP_HOME=/opt/rustwide/rustup-home" "-e" "CARGO_TARGET_DIR=/opt/rustwide/target" "-w" "/opt/rustwide/workdir" "--user" "0:0" "7615e08cd7e586f3cd93476060079a6f662ea1673c657863aa99e87b2debf26b" "/opt/rustwide/cargo-home/bin/cargo" "+1.99.0-beta.8" "metadata" "--no-deps" "--format-version=1", kill_on_drop: false }`
[INFO] running `Command { std: "docker" "inspect" "7615e08cd7e586f3cd93476060079a6f662ea1673c657863aa99e87b2debf26b", kill_on_drop: false }`
[INFO] running `Command { std: "docker" "exec" "-e" "SOURCE_DIR=/opt/rustwide/workdir" "-e" "CARGO_HOME=/opt/rustwide/cargo-home" "-e" "RUSTUP_HOME=/opt/rustwide/rustup-home" "-e" "CARGO_TARGET_DIR=/opt/rustwide/target" "-e" "CARGO_INCREMENTAL=0" "-e" "RUST_BACKTRACE=full" "-e" "RUSTFLAGS=--cap-lints=warn" "-e" "RUSTDOCFLAGS=--cap-lints=warn" "-w" "/opt/rustwide/workdir" "--user" "0:0" "7615e08cd7e586f3cd93476060079a6f662ea1673c657863aa99e87b2debf26b" "/opt/rustwide/cargo-home/bin/cargo" "+1.99.0-beta.8" "build" "--frozen" "--message-format=json", kill_on_drop: false }`
[INFO] [stderr]    Compiling typenum v1.20.0
[INFO] [stderr]    Compiling unicode-segmentation v1.13.2
[INFO] [stderr]    Compiling memchr v2.8.0
[INFO] [stderr]    Compiling dunce v1.0.5
[INFO] [stderr]    Compiling hashbrown v0.17.1
[INFO] [stderr]    Compiling serde_core v1.0.228
[INFO] [stderr]    Compiling const-hex v1.19.0
[INFO] [stderr]    Compiling keccak v0.2.0
[INFO] [stderr]    Compiling ruint-macro v1.2.1
[INFO] [stderr]    Compiling syn v1.0.109
[INFO] [stderr]    Compiling proc-macro-error-attr v1.0.4
[INFO] [stderr]    Compiling syn v2.0.117
[INFO] [stderr]    Compiling generic-array v0.14.7
[INFO] [stderr]    Compiling proc-macro-error-attr2 v2.0.0
[INFO] [stderr]    Compiling zmij v1.0.21
[INFO] [stderr]    Compiling serde_json v1.0.149
[INFO] [stderr]    Compiling rustc-hash v2.1.2
[INFO] [stderr]    Compiling bytes v1.11.1
[INFO] [stderr]    Compiling winnow v1.0.3
[INFO] [stderr]    Compiling serde v1.0.228
[INFO] [stderr]    Compiling target-triple v1.0.0
[INFO] [stderr]    Compiling branches v0.4.4
[INFO] [stderr]    Compiling proc-macro-error v1.0.4
[INFO] [stderr]    Compiling ruint v1.20.1
[INFO] [stderr]    Compiling toml_writer v1.1.1+spec-1.1.0
[INFO] [stderr]    Compiling clap_lex v1.1.0
[INFO] [stderr]    Compiling termcolor v1.4.1
[INFO] [stderr]    Compiling dyn-clone v1.0.20
[INFO] [stderr]    Compiling keccak v0.1.6
[INFO] [stderr]    Compiling convert_case v0.10.0
[INFO] [stderr]    Compiling convert_case v0.6.0
[INFO] [stderr]    Compiling clap_builder v4.6.0
[INFO] [stderr]    Compiling mini-alloc v1.0.0
[INFO] [stderr]    Compiling rclite v0.4.1
[INFO] [stderr]    Compiling hex v0.4.3
[INFO] [stderr]    Compiling keccak-const v0.2.0
[INFO] [stderr]    Compiling aho-corasick v1.1.4
[INFO] [stderr]    Compiling toml_parser v1.1.2+spec-1.1.0
[INFO] [stderr]    Compiling hybrid-array v0.4.12
[INFO] [stderr]    Compiling indexmap v2.14.0
[INFO] [stderr]    Compiling block-buffer v0.10.4
[INFO] [stderr]    Compiling crypto-common v0.1.7
[INFO] [stderr]    Compiling digest v0.10.7
[INFO] [stderr]    Compiling block-buffer v0.12.0
[INFO] [stderr]    Compiling crypto-common v0.2.1
[INFO] [stderr]    Compiling sha3 v0.10.9
[INFO] [stderr]    Compiling toml_datetime v1.1.1+spec-1.1.0
[INFO] [stderr]    Compiling serde_spanned v1.1.1
[INFO] [stderr]    Compiling regex-automata v0.4.14
[INFO] [stderr]    Compiling toml v1.1.2+spec-1.1.0
[INFO] [stderr]    Compiling derivative v2.2.0
[INFO] [stderr]    Compiling digest v0.11.3
[INFO] [stderr]    Compiling sha3 v0.11.0
[INFO] [stderr]    Compiling regex v1.12.3
[INFO] [stderr]    Compiling macro-string v0.2.0
[INFO] [stderr]    Compiling syn-solidity v1.6.0
[INFO] [stderr]    Compiling proc-macro-error2 v2.0.1
[INFO] [stderr]    Compiling derive_more-impl v2.1.1
[INFO] [stderr]    Compiling serde_derive v1.0.228
[INFO] [stderr]    Compiling clap_derive v4.6.1
[INFO] [stderr]    Compiling clap v4.6.1
[INFO] [stderr]    Compiling alloy-sol-macro-input v1.6.0
[INFO] [stderr]    Compiling alloy-sol-macro-expander v1.6.0
[INFO] [stderr]    Compiling trybuild v1.0.116
[INFO] [stderr]    Compiling derive_more v2.1.1
[INFO] [stderr]    Compiling alloy-primitives v1.6.0
[INFO] [stderr]    Compiling alloy-sol-macro v1.6.0
[INFO] [stderr]    Compiling alloy-sol-types v1.6.0
[INFO] [stderr]    Compiling stylus-core v0.10.10
[INFO] [stderr]    Compiling stylus-proc v0.10.10
[INFO] [stderr]    Compiling stylus-sdk v0.10.10 (/opt/rustwide/workdir)
[INFO] [stderr]     Finished `dev` profile [unoptimized + debuginfo] target(s) in 38.05s
[INFO] [stderr] warning: the following packages contain code that will be rejected by a future version of Rust: proc-macro-error2 v2.0.1
[INFO] [stderr] note: to see what the problems were, use the option `--future-incompat-report`, or run `cargo report future-incompatibilities --id 1`
[INFO] running `Command { std: "docker" "inspect" "7615e08cd7e586f3cd93476060079a6f662ea1673c657863aa99e87b2debf26b", kill_on_drop: false }`
[INFO] running `Command { std: "docker" "exec" "-e" "SOURCE_DIR=/opt/rustwide/workdir" "-e" "CARGO_HOME=/opt/rustwide/cargo-home" "-e" "RUSTUP_HOME=/opt/rustwide/rustup-home" "-e" "CARGO_TARGET_DIR=/opt/rustwide/target" "-e" "CARGO_INCREMENTAL=0" "-e" "RUST_BACKTRACE=full" "-e" "RUSTFLAGS=--cap-lints=warn" "-e" "RUSTDOCFLAGS=--cap-lints=warn" "-w" "/opt/rustwide/workdir" "--user" "0:0" "7615e08cd7e586f3cd93476060079a6f662ea1673c657863aa99e87b2debf26b" "/opt/rustwide/cargo-home/bin/cargo" "+1.99.0-beta.8" "test" "--frozen" "--no-run" "--message-format=json", kill_on_drop: false }`
[INFO] [stderr]    Compiling crunchy v0.2.4
[INFO] [stderr]    Compiling tiny-keccak v2.0.2
[INFO] [stderr]    Compiling generic-array v0.14.7
[INFO] [stderr]    Compiling alloy-primitives v1.6.0
[INFO] [stderr]    Compiling crypto-common v0.1.7
[INFO] [stderr]    Compiling block-buffer v0.10.4
[INFO] [stderr]    Compiling digest v0.10.7
[INFO] [stderr]    Compiling alloy-sol-types v1.6.0
[INFO] [stderr]    Compiling sha3 v0.10.9
[INFO] [stderr]    Compiling stylus-core v0.10.10
[INFO] [stderr]    Compiling stylus-proc v0.10.10
[INFO] [stderr]    Compiling stylus-sdk v0.10.10 (/opt/rustwide/workdir)
[INFO] [stdout] error[E0432]: unresolved import `stylus_test`
[INFO] [stdout]   --> src/call/mod.rs:87:9
[INFO] [stdout]    |
[INFO] [stdout] 87 |     use stylus_test::TestVM;
[INFO] [stdout]    |         ^^^^^^^^^^^ use of unresolved module or unlinked crate `stylus_test`
[INFO] [stdout]    |
[INFO] [stdout]    = help: if you wanted to use a crate named `stylus_test`, use `cargo add stylus_test` to add it to your `Cargo.toml`
[INFO] [stdout] 
[INFO] [stdout] 
[INFO] [stdout] error[E0433]: cannot find module or crate `stylus_test` in this scope
[INFO] [stdout]    --> src/host/mod.rs:555:9
[INFO] [stdout]     |
[INFO] [stdout] 555 |     use stylus_test::vm::TestVM;
[INFO] [stdout]     |         ^^^^^^^^^^^ use of unresolved module or unlinked crate `stylus_test`
[INFO] [stdout]     |
[INFO] [stdout]     = help: if you wanted to use a crate named `stylus_test`, use `cargo add stylus_test` to add it to your `Cargo.toml`
[INFO] [stdout] 
[INFO] [stdout] 
[INFO] [stdout] error[E0433]: cannot find module or crate `stylus_test` in this scope
[INFO] [stdout]    --> src/storage/bytes.rs:556:9
[INFO] [stdout]     |
[INFO] [stdout] 556 |     use stylus_test::vm::*;
[INFO] [stdout]     |         ^^^^^^^^^^^ use of unresolved module or unlinked crate `stylus_test`
[INFO] [stdout]     |
[INFO] [stdout]     = help: if you wanted to use a crate named `stylus_test`, use `cargo add stylus_test` to add it to your `Cargo.toml`
[INFO] [stdout] 
[INFO] [stdout] 
[INFO] [stdout] error[E0433]: cannot find module or crate `stylus_test` in this scope
[INFO] [stdout]    --> src/storage/vec.rs:306:9
[INFO] [stdout]     |
[INFO] [stdout] 306 |     use stylus_test::vm::TestVM;
[INFO] [stdout]     |         ^^^^^^^^^^^ use of unresolved module or unlinked crate `stylus_test`
[INFO] [stdout]     |
[INFO] [stdout]     = help: if you wanted to use a crate named `stylus_test`, use `cargo add stylus_test` to add it to your `Cargo.toml`
[INFO] [stdout] 
[INFO] [stdout] 
[INFO] [stdout] error[E0432]: unresolved import `stylus_test`
[INFO] [stdout]    --> src/deploy/raw.rs:117:9
[INFO] [stdout]     |
[INFO] [stdout] 117 |     use stylus_test::TestVM;
[INFO] [stdout]     |         ^^^^^^^^^^^ use of unresolved module or unlinked crate `stylus_test`
[INFO] [stdout]     |
[INFO] [stdout]     = help: if you wanted to use a crate named `stylus_test`, use `cargo add stylus_test` to add it to your `Cargo.toml`
[INFO] [stdout] 
[INFO] [stdout] 
[INFO] [stdout] error[E0433]: cannot find module or crate `stylus_sdk` in this scope
[INFO] [stdout]    --> src/call/mod.rs:110:5
[INFO] [stdout]     |
[INFO] [stdout] 110 | /     stylus_proc::sol_interface! {
[INFO] [stdout] 111 | |         interface IMultiReturn {
[INFO] [stdout] 112 | |             function mixed() external view returns (string, uint256);
[INFO] [stdout] 113 | |         }
[INFO] [stdout] 114 | |     }
[INFO] [stdout]     | |_____^ use of unresolved module or unlinked crate `stylus_sdk`
[INFO] [stdout]     |
[INFO] [stdout]     = help: if you wanted to use a crate named `stylus_sdk`, use `cargo add stylus_sdk` to add it to your `Cargo.toml`
[INFO] [stdout]     = note: this error originates in the macro `stylus_proc::sol_interface` (in Nightly builds, run with -Z macro-backtrace for more info)
[INFO] [stdout] 
[INFO] [stdout] 
[INFO] [stdout] error[E0433]: cannot find module or crate `stylus_sdk` in this scope
[INFO] [stdout]    --> src/call/mod.rs:110:5
[INFO] [stdout]     |
[INFO] [stdout] 110 | /     stylus_proc::sol_interface! {
[INFO] [stdout] 111 | |         interface IMultiReturn {
[INFO] [stdout] 112 | |             function mixed() external view returns (string, uint256);
[INFO] [stdout] 113 | |         }
[INFO] [stdout] 114 | |     }
[INFO] [stdout]     | |_____^ use of unresolved module or unlinked crate `stylus_sdk`
[INFO] [stdout]     |
[INFO] [stdout]     = help: if you wanted to use a crate named `stylus_sdk`, use `cargo add stylus_sdk` to add it to your `Cargo.toml`
[INFO] [stdout]     = note: this error originates in the macro `stylus_proc::sol_interface` (in Nightly builds, run with -Z macro-backtrace for more info)
[INFO] [stdout] help: consider importing this module
[INFO] [stdout]     |
[INFO] [stdout]  85 +     use crate::host;
[INFO] [stdout]     |
[INFO] [stdout] 
[INFO] [stdout] 
[INFO] [stdout] error[E0433]: cannot find module or crate `stylus_sdk` in this scope
[INFO] [stdout]    --> src/call/mod.rs:110:5
[INFO] [stdout]     |
[INFO] [stdout] 110 | /     stylus_proc::sol_interface! {
[INFO] [stdout] 111 | |         interface IMultiReturn {
[INFO] [stdout] 112 | |             function mixed() external view returns (string, uint256);
[INFO] [stdout] 113 | |         }
[INFO] [stdout] 114 | |     }
[INFO] [stdout]     | |_____^ use of unresolved module or unlinked crate `stylus_sdk`
[INFO] [stdout]     |
[INFO] [stdout]     = help: if you wanted to use a crate named `stylus_sdk`, use `cargo add stylus_sdk` to add it to your `Cargo.toml`
[INFO] [stdout]     = note: this error originates in the macro `stylus_proc::sol_interface` (in Nightly builds, run with -Z macro-backtrace for more info)
[INFO] [stdout] help: consider importing this module
[INFO] [stdout]     |
[INFO] [stdout]  85 +     use crate::call;
[INFO] [stdout]     |
[INFO] [stdout] 
[INFO] [stdout] 
[INFO] [stdout] error[E0433]: cannot find module or crate `stylus_sdk` in this scope
[INFO] [stdout]    --> src/call/mod.rs:110:5
[INFO] [stdout]     |
[INFO] [stdout] 110 | /     stylus_proc::sol_interface! {
[INFO] [stdout] 111 | |         interface IMultiReturn {
[INFO] [stdout] 112 | |             function mixed() external view returns (string, uint256);
[INFO] [stdout] 113 | |         }
[INFO] [stdout] 114 | |     }
[INFO] [stdout]     | |_____^ use of unresolved module or unlinked crate `stylus_sdk`
[INFO] [stdout]     |
[INFO] [stdout]     = help: if you wanted to use a crate named `stylus_sdk`, use `cargo add stylus_sdk` to add it to your `Cargo.toml`
[INFO] [stdout]     = note: this error originates in the macro `stylus_proc::sol_interface` (in Nightly builds, run with -Z macro-backtrace for more info)
[INFO] [stdout] help: consider importing this module
[INFO] [stdout]     |
[INFO] [stdout]  85 +     use crate::abi;
[INFO] [stdout]     |
[INFO] [stdout] 
[INFO] [stdout] 
[INFO] [stdout] error[E0433]: cannot find type `TestVM` in this scope
[INFO] [stdout]    --> src/storage/bytes.rs:562:23
[INFO] [stdout]     |
[INFO] [stdout] 562 |         let test_vm = TestVM::new();
[INFO] [stdout]     |                       ^^^^^^ use of undeclared type `TestVM`
[INFO] [stdout] 
[INFO] [stdout] 
[INFO] [stdout] error[E0433]: cannot find type `TestVM` in this scope
[INFO] [stdout]    --> src/storage/bytes.rs:579:23
[INFO] [stdout]     |
[INFO] [stdout] 579 |         let test_vm = TestVM::new();
[INFO] [stdout]     |                       ^^^^^^ use of undeclared type `TestVM`
[INFO] [stdout] 
[INFO] [stdout] 
[INFO] [stdout] error[E0433]: cannot find type `TestVM` in this scope
[INFO] [stdout]    --> src/storage/bytes.rs:596:23
[INFO] [stdout]     |
[INFO] [stdout] 596 |         let test_vm = TestVM::new();
[INFO] [stdout]     |                       ^^^^^^ use of undeclared type `TestVM`
[INFO] [stdout] 
[INFO] [stdout] 
[INFO] [stdout] error[E0433]: cannot find type `TestVM` in this scope
[INFO] [stdout]    --> src/storage/bytes.rs:616:23
[INFO] [stdout]     |
[INFO] [stdout] 616 |         let test_vm = TestVM::new();
[INFO] [stdout]     |                       ^^^^^^ use of undeclared type `TestVM`
[INFO] [stdout] 
[INFO] [stdout] 
[INFO] [stdout] error[E0433]: cannot find type `TestVM` in this scope
[INFO] [stdout]    --> src/storage/bytes.rs:634:23
[INFO] [stdout]     |
[INFO] [stdout] 634 |         let test_vm = TestVM::new();
[INFO] [stdout]     |                       ^^^^^^ use of undeclared type `TestVM`
[INFO] [stdout] 
[INFO] [stdout] 
[INFO] [stdout] error[E0433]: cannot find type `TestVM` in this scope
[INFO] [stdout]    --> src/storage/bytes.rs:654:23
[INFO] [stdout]     |
[INFO] [stdout] 654 |         let test_vm = TestVM::new();
[INFO] [stdout]     |                       ^^^^^^ use of undeclared type `TestVM`
[INFO] [stdout] 
[INFO] [stdout] 
[INFO] [stdout] error[E0433]: cannot find type `TestVM` in this scope
[INFO] [stdout]    --> src/storage/bytes.rs:673:23
[INFO] [stdout]     |
[INFO] [stdout] 673 |         let test_vm = TestVM::new();
[INFO] [stdout]     |                       ^^^^^^ use of undeclared type `TestVM`
[INFO] [stdout] 
[INFO] [stdout] 
[INFO] [stdout] error[E0433]: cannot find type `TestVM` in this scope
[INFO] [stdout]    --> src/storage/bytes.rs:687:23
[INFO] [stdout]     |
[INFO] [stdout] 687 |         let test_vm = TestVM::new();
[INFO] [stdout]     |                       ^^^^^^ use of undeclared type `TestVM`
[INFO] [stdout] 
[INFO] [stdout] 
[INFO] [stdout] error[E0433]: cannot find type `TestVM` in this scope
[INFO] [stdout]    --> src/storage/bytes.rs:709:23
[INFO] [stdout]     |
[INFO] [stdout] 709 |         let test_vm = TestVM::new();
[INFO] [stdout]     |                       ^^^^^^ use of undeclared type `TestVM`
[INFO] [stdout] 
[INFO] [stdout] 
[INFO] [stdout] error[E0433]: cannot find type `TestVM` in this scope
[INFO] [stdout]    --> src/storage/bytes.rs:726:23
[INFO] [stdout]     |
[INFO] [stdout] 726 |         let test_vm = TestVM::new();
[INFO] [stdout]     |                       ^^^^^^ use of undeclared type `TestVM`
[INFO] [stdout] 
[INFO] [stdout] 
[INFO] [stdout] error[E0433]: cannot find type `TestVM` in this scope
[INFO] [stdout]    --> src/storage/bytes.rs:749:23
[INFO] [stdout]     |
[INFO] [stdout] 749 |         let test_vm = TestVM::new();
[INFO] [stdout]     |                       ^^^^^^ use of undeclared type `TestVM`
[INFO] [stdout] 
[INFO] [stdout] 
[INFO] [stdout] error[E0433]: cannot find type `TestVM` in this scope
[INFO] [stdout]    --> src/storage/bytes.rs:774:23
[INFO] [stdout]     |
[INFO] [stdout] 774 |         let test_vm = TestVM::new();
[INFO] [stdout]     |                       ^^^^^^ use of undeclared type `TestVM`
[INFO] [stdout] 
[INFO] [stdout] 
[INFO] [stdout] error[E0433]: cannot find type `TestVM` in this scope
[INFO] [stdout]    --> src/storage/bytes.rs:795:23
[INFO] [stdout]     |
[INFO] [stdout] 795 |         let test_vm = TestVM::new();
[INFO] [stdout]     |                       ^^^^^^ use of undeclared type `TestVM`
[INFO] [stdout] 
[INFO] [stdout] 
[INFO] [stdout] error[E0433]: cannot find type `TestVM` in this scope
[INFO] [stdout]    --> src/storage/bytes.rs:813:23
[INFO] [stdout]     |
[INFO] [stdout] 813 |         let test_vm = TestVM::new();
[INFO] [stdout]     |                       ^^^^^^ use of undeclared type `TestVM`
[INFO] [stdout] 
[INFO] [stdout] 
[INFO] [stdout] error[E0433]: cannot find type `TestVM` in this scope
[INFO] [stdout]    --> src/storage/bytes.rs:838:23
[INFO] [stdout]     |
[INFO] [stdout] 838 |         let test_vm = TestVM::new();
[INFO] [stdout]     |                       ^^^^^^ use of undeclared type `TestVM`
[INFO] [stdout] 
[INFO] [stdout] 
[INFO] [stdout] error[E0433]: cannot find type `TestVM` in this scope
[INFO] [stdout]    --> src/storage/bytes.rs:860:23
[INFO] [stdout]     |
[INFO] [stdout] 860 |         let test_vm = TestVM::new();
[INFO] [stdout]     |                       ^^^^^^ use of undeclared type `TestVM`
[INFO] [stdout] 
[INFO] [stdout] 
[INFO] [stdout] error[E0433]: cannot find type `TestVM` in this scope
[INFO] [stdout]    --> src/storage/bytes.rs:884:23
[INFO] [stdout]     |
[INFO] [stdout] 884 |         let test_vm = TestVM::new();
[INFO] [stdout]     |                       ^^^^^^ use of undeclared type `TestVM`
[INFO] [stdout] 
[INFO] [stdout] 
[INFO] [stdout] error[E0433]: cannot find type `TestVM` in this scope
[INFO] [stdout]    --> src/storage/bytes.rs:897:23
[INFO] [stdout]     |
[INFO] [stdout] 897 |         let test_vm = TestVM::new();
[INFO] [stdout]     |                       ^^^^^^ use of undeclared type `TestVM`
[INFO] [stdout] 
[INFO] [stdout] 
[INFO] [stdout] error[E0433]: cannot find type `TestVM` in this scope
[INFO] [stdout]    --> src/storage/bytes.rs:915:23
[INFO] [stdout]     |
[INFO] [stdout] 915 |         let test_vm = TestVM::new();
[INFO] [stdout]     |                       ^^^^^^ use of undeclared type `TestVM`
[INFO] [stdout] 
[INFO] [stdout] 
[INFO] [stdout] error[E0433]: cannot find type `TestVM` in this scope
[INFO] [stdout]    --> src/storage/bytes.rs:939:23
[INFO] [stdout]     |
[INFO] [stdout] 939 |         let test_vm = TestVM::new();
[INFO] [stdout]     |                       ^^^^^^ use of undeclared type `TestVM`
[INFO] [stdout] 
[INFO] [stdout] 
[INFO] [stdout] error[E0433]: cannot find type `TestVM` in this scope
[INFO] [stdout]    --> src/storage/bytes.rs:962:23
[INFO] [stdout]     |
[INFO] [stdout] 962 |         let test_vm = TestVM::new();
[INFO] [stdout]     |                       ^^^^^^ use of undeclared type `TestVM`
[INFO] [stdout] 
[INFO] [stdout] 
[INFO] [stdout] error[E0433]: cannot find type `TestVM` in this scope
[INFO] [stdout]    --> src/storage/bytes.rs:975:23
[INFO] [stdout]     |
[INFO] [stdout] 975 |         let test_vm = TestVM::new();
[INFO] [stdout]     |                       ^^^^^^ use of undeclared type `TestVM`
[INFO] [stdout] 
[INFO] [stdout] 
[INFO] [stdout] error[E0433]: cannot find type `TestVM` in this scope
[INFO] [stdout]    --> src/storage/bytes.rs:999:23
[INFO] [stdout]     |
[INFO] [stdout] 999 |         let test_vm = TestVM::new();
[INFO] [stdout]     |                       ^^^^^^ use of undeclared type `TestVM`
[INFO] [stdout] 
[INFO] [stdout] 
[INFO] [stdout] error[E0433]: cannot find type `TestVM` in this scope
[INFO] [stdout]     --> src/storage/bytes.rs:1007:23
[INFO] [stdout]      |
[INFO] [stdout] 1007 |         let test_vm = TestVM::new();
[INFO] [stdout]      |                       ^^^^^^ use of undeclared type `TestVM`
[INFO] [stdout] 
[INFO] [stdout] 
[INFO] [stdout] error[E0433]: cannot find type `TestVM` in this scope
[INFO] [stdout]     --> src/storage/bytes.rs:1033:23
[INFO] [stdout]      |
[INFO] [stdout] 1033 |         let test_vm = TestVM::new();
[INFO] [stdout]      |                       ^^^^^^ use of undeclared type `TestVM`
[INFO] [stdout] 
[INFO] [stdout] 
[INFO] [stdout] Some errors have detailed explanations: E0432, E0433.
[INFO] [stdout] 
[INFO] [stdout] For more information about an error, try `rustc --explain E0432`.
[INFO] [stdout] 
[INFO] [stderr] error: could not compile `stylus-sdk` (lib test) due to 34 previous errors
[INFO] running `Command { std: "docker" "inspect" "7615e08cd7e586f3cd93476060079a6f662ea1673c657863aa99e87b2debf26b", kill_on_drop: false }`
[INFO] running `Command { std: "docker" "rm" "-f" "7615e08cd7e586f3cd93476060079a6f662ea1673c657863aa99e87b2debf26b", kill_on_drop: false }`
[INFO] [stdout] 7615e08cd7e586f3cd93476060079a6f662ea1673c657863aa99e87b2debf26b
