[INFO] fetching crate strev-amqp 0.8.0...
[INFO] testing strev-amqp-0.8.0 against 1.99.0-beta.8 for beta-1.100-2
[INFO] extracting crate strev-amqp 0.8.0 into /workspace/builds/worker-2-tc1/source
[INFO] started tweaking crates.io crate strev-amqp 0.8.0
[INFO] removed 0 missing examples
[INFO] removed 0 missing tests
[INFO] finished tweaking crates.io crate strev-amqp 0.8.0
[INFO] tweaked toml for crates.io crate strev-amqp 0.8.0 written to /workspace/builds/worker-2-tc1/source/Cargo.toml
[INFO] validating manifest of crates.io crate strev-amqp 0.8.0 on toolchain 1.99.0-beta.8
[INFO] running `Command { std: CARGO_HOME="/workspace/cargo-home" RUSTUP_HOME="/workspace/rustup-home" "/workspace/cargo-home/bin/cargo" "+1.99.0-beta.8" "metadata" "--manifest-path" "Cargo.toml" "--no-deps", kill_on_drop: false }`
[INFO] crate crates.io crate strev-amqp 0.8.0 already has a lockfile, it will not be regenerated
[INFO] running `Command { std: CARGO_HOME="/workspace/cargo-home" RUSTUP_HOME="/workspace/rustup-home" "/workspace/cargo-home/bin/cargo" "+1.99.0-beta.8" "fetch" "--manifest-path" "Cargo.toml", kill_on_drop: false }`
[INFO] [stderr]     Updating crates.io index
[INFO] [stderr]  Downloading crates ...
[INFO] [stderr]   Downloaded tokio-executor-trait v2.4.0
[INFO] [stderr]   Downloaded reactor-trait v1.1.0
[INFO] [stderr]   Downloaded executor-trait v2.1.2
[INFO] [stderr]   Downloaded strev v0.8.0
[INFO] [stderr]   Downloaded tokio-reactor-trait v1.1.0
[INFO] [stderr]   Downloaded async-io v1.13.0
[INFO] [stderr]   Downloaded async-reactor-trait v1.1.0
[INFO] [stderr]   Downloaded amq-protocol-uri v7.2.3
[INFO] [stderr]   Downloaded x509-parser v0.17.0
[INFO] [stderr]   Downloaded waker-fn v1.2.0
[INFO] [stderr]   Downloaded doc-comment v0.3.4
[INFO] [stderr]   Downloaded amq-protocol-tcp v7.2.3
[INFO] [stderr]   Downloaded async-global-executor v3.1.0
[INFO] [stderr]   Downloaded async-global-executor-trait v2.2.0
[INFO] [stderr]   Downloaded amq-protocol-types v7.2.3
[INFO] [stderr]   Downloaded tcp-stream v0.28.0
[INFO] [stderr]   Downloaded rc2 v0.8.1
[INFO] [stderr]   Downloaded scrypt v0.11.0
[INFO] [stderr]   Downloaded pinky-swear v6.2.1
[INFO] [stderr]   Downloaded rustls-connector v0.20.2
[INFO] [stderr]   Downloaded cookie-factory v0.3.3
[INFO] [stderr]   Downloaded salsa20 v0.10.2
[INFO] [stderr]   Downloaded polling v2.8.0
[INFO] [stderr]   Downloaded futures-lite v1.13.0
[INFO] [stderr]   Downloaded p12-keystore v0.1.5
[INFO] [stderr]   Downloaded time-macros v0.2.30
[INFO] [stderr]   Downloaded pkcs5 v0.7.1
[INFO] [stderr]   Downloaded amq-protocol v7.2.3
[INFO] [stderr]   Downloaded pkcs12 v0.1.0
[INFO] [stderr]   Downloaded lapin v2.5.5
[INFO] [stderr]   Downloaded rustix v0.37.28
[INFO] [stderr]   Downloaded linux-raw-sys v0.3.8
[INFO] running `Command { std: "docker" "create" "-v" "/var/lib/crater-agent-workspace/builds/worker-2-tc1/source:/opt/rustwide/workdir:ro,Z" "-v" "/var/lib/crater-agent-workspace/builds/worker-2-tc1/target:/opt/rustwide/target:rw,Z" "-v" "/var/lib/crater-agent-workspace/cargo-home:/opt/rustwide/cargo-home:ro,Z" "-v" "/var/lib/crater-agent-workspace/rustup-home:/opt/rustwide/rustup-home:ro,Z" "-m" "1610612736" "--network" "none" "ghcr.io/rust-lang/crates-build-env/linux@sha256:3111399a4047eeb3a02b7a90e478d715f38a8c6669b5c4b49d30a17385265909" "sleep" "infinity", kill_on_drop: false }`
[INFO] [stdout] f050cabc14ffe89e741fe95b66935bdc6286474a99d6cfa825c36d30bc8d75b2
[INFO] running `Command { std: "docker" "start" "f050cabc14ffe89e741fe95b66935bdc6286474a99d6cfa825c36d30bc8d75b2", kill_on_drop: false }`
[INFO] running `Command { std: "docker" "inspect" "f050cabc14ffe89e741fe95b66935bdc6286474a99d6cfa825c36d30bc8d75b2", kill_on_drop: false }`
[INFO] running `Command { std: "docker" "exec" "-e" "SOURCE_DIR=/opt/rustwide/workdir" "-e" "CARGO_HOME=/opt/rustwide/cargo-home" "-e" "RUSTUP_HOME=/opt/rustwide/rustup-home" "-e" "CARGO_TARGET_DIR=/opt/rustwide/target" "-w" "/opt/rustwide/workdir" "--user" "0:0" "f050cabc14ffe89e741fe95b66935bdc6286474a99d6cfa825c36d30bc8d75b2" "/opt/rustwide/cargo-home/bin/cargo" "+1.99.0-beta.8" "metadata" "--no-deps" "--format-version=1", kill_on_drop: false }`
[INFO] running `Command { std: "docker" "inspect" "f050cabc14ffe89e741fe95b66935bdc6286474a99d6cfa825c36d30bc8d75b2", kill_on_drop: false }`
[INFO] running `Command { std: "docker" "exec" "-e" "SOURCE_DIR=/opt/rustwide/workdir" "-e" "CARGO_HOME=/opt/rustwide/cargo-home" "-e" "RUSTUP_HOME=/opt/rustwide/rustup-home" "-e" "CARGO_TARGET_DIR=/opt/rustwide/target" "-e" "CARGO_INCREMENTAL=0" "-e" "RUST_BACKTRACE=full" "-e" "RUSTFLAGS=--cap-lints=warn" "-e" "RUSTDOCFLAGS=--cap-lints=warn" "-w" "/opt/rustwide/workdir" "--user" "0:0" "f050cabc14ffe89e741fe95b66935bdc6286474a99d6cfa825c36d30bc8d75b2" "/opt/rustwide/cargo-home/bin/cargo" "+1.99.0-beta.8" "build" "--frozen" "--message-format=json", kill_on_drop: false }`
[INFO] [stderr]    Compiling quote v1.0.46
[INFO] [stderr]    Compiling typenum v1.20.1
[INFO] [stderr]    Compiling futures-core v0.3.32
[INFO] [stderr]    Compiling memchr v2.8.2
[INFO] [stderr]    Compiling smallvec v1.15.2
[INFO] [stderr]    Compiling zeroize v1.9.0
[INFO] [stderr]    Compiling futures-io v0.3.32
[INFO] [stderr]    Compiling crossbeam-utils v0.8.21
[INFO] [stderr]    Compiling base64ct v1.8.3
[INFO] [stderr]    Compiling cc v1.2.65
[INFO] [stderr]    Compiling time-core v0.1.9
[INFO] [stderr]    Compiling num-conv v0.2.2
[INFO] [stderr]    Compiling writeable v0.6.3
[INFO] [stderr]    Compiling syn v2.0.118
[INFO] [stderr]    Compiling flagset v0.4.7
[INFO] [stderr]    Compiling pem-rfc7468 v0.7.0
[INFO] [stderr]    Compiling litemap v0.8.2
[INFO] [stderr]    Compiling nom v7.1.3
[INFO] [stderr]    Compiling const-oid v0.9.6
[INFO] [stderr]    Compiling concurrent-queue v2.5.0
[INFO] [stderr]    Compiling time-macros v0.2.30
[INFO] [stderr]    Compiling icu_properties_data v2.2.0
[INFO] [stderr]    Compiling deranged v0.5.8
[INFO] [stderr]    Compiling zerocopy v0.8.52
[INFO] [stderr]    Compiling generic-array v0.14.7
[INFO] [stderr]    Compiling icu_normalizer_data v2.2.0
[INFO] [stderr]    Compiling crypto-common v0.1.7
[INFO] [stderr]    Compiling block-padding v0.3.3
[INFO] [stderr]    Compiling block-buffer v0.10.4
[INFO] [stderr]    Compiling inout v0.1.4
[INFO] [stderr]    Compiling digest v0.10.7
[INFO] [stderr]    Compiling cipher v0.4.4
[INFO] [stderr]    Compiling parking_lot_core v0.9.12
[INFO] [stderr]    Compiling rustls-pki-types v1.14.1
[INFO] [stderr]    Compiling ring v0.17.14
[INFO] [stderr]    Compiling futures-sink v0.3.32
[INFO] [stderr]    Compiling parking_lot v0.12.5
[INFO] [stderr]    Compiling hmac v0.12.1
[INFO] [stderr]    Compiling time v0.3.51
[INFO] [stderr]    Compiling num-integer v0.1.46
[INFO] [stderr]    Compiling getrandom v0.2.17
[INFO] [stderr]    Compiling oid-registry v0.8.1
[INFO] [stderr]    Compiling log v0.4.33
[INFO] [stderr]    Compiling rusticata-macros v4.1.0
[INFO] [stderr]    Compiling num-bigint v0.4.6
[INFO] [stderr]    Compiling pbkdf2 v0.12.2
[INFO] [stderr]    Compiling salsa20 v0.10.2
[INFO] [stderr]    Compiling sha2 v0.10.9
[INFO] [stderr]    Compiling event-listener v5.4.1
[INFO] [stderr]    Compiling errno v0.3.14
[INFO] [stderr]    Compiling rustls v0.23.41
[INFO] [stderr]    Compiling rustix v1.1.4
[INFO] [stderr]    Compiling event-listener-strategy v0.5.4
[INFO] [stderr]    Compiling scrypt v0.11.0
[INFO] [stderr]    Compiling serde_json v1.0.150
[INFO] [stderr]    Compiling signal-hook-registry v1.4.8
[INFO] [stderr]    Compiling futures-lite v2.6.1
[INFO] [stderr]    Compiling rustls-pemfile v2.2.0
[INFO] [stderr]    Compiling cbc v0.1.2
[INFO] [stderr]    Compiling aes v0.8.4
[INFO] [stderr]    Compiling tracing-core v0.1.36
[INFO] [stderr]    Compiling socket2 v0.6.4
[INFO] [stderr]    Compiling mio v1.2.1
[INFO] [stderr]    Compiling bitflags v2.13.0
[INFO] [stderr]    Compiling bytes v1.12.0
[INFO] [stderr]    Compiling data-encoding v2.11.0
[INFO] [stderr]    Compiling io-lifetimes v1.0.11
[INFO] [stderr]    Compiling synstructure v0.13.2
[INFO] [stderr]    Compiling form_urlencoded v1.2.2
[INFO] [stderr]    Compiling rustls-native-certs v0.7.3
[INFO] [stderr]    Compiling des v0.8.1
[INFO] [stderr]    Compiling rc2 v0.8.1
[INFO] [stderr]    Compiling sha1 v0.10.6
[INFO] [stderr]    Compiling polling v2.8.0
[INFO] [stderr]    Compiling rustix v0.37.28
[INFO] [stderr]    Compiling hex v0.4.3
[INFO] [stderr]    Compiling cookie-factory v0.3.3
[INFO] [stderr]    Compiling piper v0.2.5
[INFO] [stderr]    Compiling async-channel v2.5.0
[INFO] [stderr]    Compiling futures-channel v0.3.32
[INFO] [stderr]    Compiling async-io v1.13.0
[INFO] [stderr]    Compiling linux-raw-sys v0.3.8
[INFO] [stderr]    Compiling rustls-webpki v0.103.13
[INFO] [stderr]    Compiling waker-fn v1.2.0
[INFO] [stderr]    Compiling futures-task v0.3.32
[INFO] [stderr]    Compiling doc-comment v0.3.4
[INFO] [stderr]    Compiling fastrand v1.9.0
[INFO] [stderr]    Compiling async-lock v2.8.0
[INFO] [stderr]    Compiling futures-lite v1.13.0
[INFO] [stderr]    Compiling displaydoc v0.2.6
[INFO] [stderr]    Compiling zerofrom-derive v0.1.7
[INFO] [stderr]    Compiling yoke-derive v0.8.2
[INFO] [stderr]    Compiling zerovec-derive v0.11.3
[INFO] [stderr]    Compiling thiserror-impl v2.0.18
[INFO] [stderr]    Compiling der_derive v0.7.3
[INFO] [stderr]    Compiling asn1-rs-impl v0.2.0
[INFO] [stderr]    Compiling asn1-rs-derive v0.6.0
[INFO] [stderr]    Compiling async-trait v0.1.89
[INFO] [stderr]    Compiling serde_derive v1.0.228
[INFO] [stderr]    Compiling zerofrom v0.1.8
[INFO] [stderr]    Compiling ppv-lite86 v0.2.21
[INFO] [stderr]    Compiling yoke v0.8.3
[INFO] [stderr]    Compiling zerovec v0.11.6
[INFO] [stderr]    Compiling zerotrie v0.2.4
[INFO] [stderr]    Compiling der v0.7.10
[INFO] [stderr]    Compiling rand_chacha v0.9.0
[INFO] [stderr]    Compiling thiserror v2.0.18
[INFO] [stderr]    Compiling asn1-rs v0.7.2
[INFO] [stderr]    Compiling tracing-attributes v0.1.31
[INFO] [stderr]    Compiling tokio-macros v2.7.0
[INFO] [stderr]    Compiling rand v0.9.4
[INFO] [stderr]    Compiling tinystr v0.8.3
[INFO] [stderr]    Compiling icu_locale_core v2.2.0
[INFO] [stderr]    Compiling potential_utf v0.1.5
[INFO] [stderr]    Compiling icu_collections v2.2.0
[INFO] [stderr]    Compiling spki v0.7.3
[INFO] [stderr]    Compiling x509-cert v0.2.5
[INFO] [stderr]    Compiling der-parser v10.0.0
[INFO] [stderr]    Compiling icu_provider v2.2.0
[INFO] [stderr]    Compiling tracing v0.1.44
[INFO] [stderr]    Compiling pkcs5 v0.7.1
[INFO] [stderr]    Compiling icu_normalizer v2.2.0
[INFO] [stderr]    Compiling icu_properties v2.2.0
[INFO] [stderr]    Compiling x509-parser v0.17.0
[INFO] [stderr]    Compiling tokio v1.52.3
[INFO] [stderr]    Compiling polling v3.11.0
[INFO] [stderr]    Compiling futures-macro v0.3.32
[INFO] [stderr]    Compiling serde v1.0.228
[INFO] [stderr]    Compiling async-io v2.6.0
[INFO] [stderr]    Compiling futures-util v0.3.32
[INFO] [stderr]    Compiling cms v0.2.3
[INFO] [stderr]    Compiling idna_adapter v1.2.2
[INFO] [stderr]    Compiling idna v1.1.0
[INFO] [stderr]    Compiling amq-protocol-types v7.2.3
[INFO] [stderr]    Compiling pkcs12 v0.1.0
[INFO] [stderr]    Compiling p12-keystore v0.1.5
[INFO] [stderr]    Compiling url v2.5.8
[INFO] [stderr]    Compiling executor-trait v2.1.2
[INFO] [stderr]    Compiling reactor-trait v1.1.0
[INFO] [stderr]    Compiling blocking v1.6.2
[INFO] [stderr]    Compiling amq-protocol-uri v7.2.3
[INFO] [stderr]    Compiling async-executor v1.14.0
[INFO] [stderr]    Compiling async-lock v3.4.2
[INFO] [stderr]    Compiling spin v0.9.8
[INFO] [stderr]    Compiling socket2 v0.4.10
[INFO] [stderr]    Compiling amq-protocol v7.2.3
[INFO] [stderr]    Compiling flume v0.11.1
[INFO] [stderr]    Compiling async-global-executor v3.1.0
[INFO] [stderr]    Compiling getrandom v0.4.3
[INFO] [stderr]    Compiling futures-executor v0.3.32
[INFO] [stderr]    Compiling lapin v2.5.5
[INFO] [stderr]    Compiling pinky-swear v6.2.1
[INFO] [stderr]    Compiling futures v0.3.32
[INFO] [stderr]    Compiling uuid v1.23.4
[INFO] [stderr]    Compiling async-global-executor-trait v2.2.0
[INFO] [stderr]    Compiling rustls-connector v0.20.2
[INFO] [stderr]    Compiling tcp-stream v0.28.0
[INFO] [stderr]    Compiling amq-protocol-tcp v7.2.3
[INFO] [stderr]    Compiling async-reactor-trait v1.1.0
[INFO] [stderr]    Compiling tokio-stream v0.1.18
[INFO] [stderr]    Compiling tokio-util v0.7.18
[INFO] [stderr]    Compiling tokio-executor-trait v2.4.0
[INFO] [stderr]    Compiling tokio-reactor-trait v1.1.0
[INFO] [stderr]    Compiling strev v0.8.0
[INFO] [stderr]    Compiling strev-amqp v0.8.0 (/opt/rustwide/workdir)
[INFO] [stderr]     Finished `dev` profile [unoptimized + debuginfo] target(s) in 2m 14s
[INFO] running `Command { std: "docker" "inspect" "f050cabc14ffe89e741fe95b66935bdc6286474a99d6cfa825c36d30bc8d75b2", kill_on_drop: false }`
[INFO] running `Command { std: "docker" "exec" "-e" "SOURCE_DIR=/opt/rustwide/workdir" "-e" "CARGO_HOME=/opt/rustwide/cargo-home" "-e" "RUSTUP_HOME=/opt/rustwide/rustup-home" "-e" "CARGO_TARGET_DIR=/opt/rustwide/target" "-e" "CARGO_INCREMENTAL=0" "-e" "RUST_BACKTRACE=full" "-e" "RUSTFLAGS=--cap-lints=warn" "-e" "RUSTDOCFLAGS=--cap-lints=warn" "-w" "/opt/rustwide/workdir" "--user" "0:0" "f050cabc14ffe89e741fe95b66935bdc6286474a99d6cfa825c36d30bc8d75b2" "/opt/rustwide/cargo-home/bin/cargo" "+1.99.0-beta.8" "test" "--frozen" "--no-run" "--message-format=json", kill_on_drop: false }`
[INFO] [stderr]    Compiling log v0.4.33
[INFO] [stderr]    Compiling tokio v1.52.3
[INFO] [stderr]    Compiling tracing v0.1.44
[INFO] [stderr]    Compiling sharded-slab v0.1.7
[INFO] [stderr]    Compiling thread_local v1.1.9
[INFO] [stderr]    Compiling nu-ansi-term v0.50.3
[INFO] [stderr]    Compiling rustls-connector v0.20.2
[INFO] [stderr]    Compiling polling v2.8.0
[INFO] [stderr]    Compiling tracing-log v0.2.0
[INFO] [stderr]    Compiling pinky-swear v6.2.1
[INFO] [stderr]    Compiling tcp-stream v0.28.0
[INFO] [stderr]    Compiling async-io v1.13.0
[INFO] [stderr]    Compiling amq-protocol-tcp v7.2.3
[INFO] [stderr]    Compiling tracing-subscriber v0.3.23
[INFO] [stderr]    Compiling async-reactor-trait v1.1.0
[INFO] [stderr]    Compiling amq-protocol v7.2.3
[INFO] [stderr]    Compiling lapin v2.5.5
[INFO] [stderr]    Compiling tokio-stream v0.1.18
[INFO] [stderr]    Compiling tokio-util v0.7.18
[INFO] [stderr]    Compiling tokio-executor-trait v2.4.0
[INFO] [stderr]    Compiling tokio-reactor-trait v1.1.0
[INFO] [stderr]    Compiling strev v0.8.0
[INFO] [stderr]    Compiling strev-amqp v0.8.0 (/opt/rustwide/workdir)
[INFO] [stdout] error[E0432]: unresolved import `strev_testsuite`
[INFO] [stdout]  --> tests/conformance_test.rs:9:5
[INFO] [stdout]   |
[INFO] [stdout] 9 | use strev_testsuite::Backend;
[INFO] [stdout]   |     ^^^^^^^^^^^^^^^ use of unresolved module or unlinked crate `strev_testsuite`
[INFO] [stdout]   |
[INFO] [stdout]   = help: if you wanted to use a crate named `strev_testsuite`, use `cargo add strev_testsuite` to add it to your `Cargo.toml`
[INFO] [stdout] 
[INFO] [stdout] 
[INFO] [stdout] error[E0433]: cannot find module or crate `strev_testsuite` in this scope
[INFO] [stdout]   --> tests/conformance_test.rs:58:5
[INFO] [stdout]    |
[INFO] [stdout] 58 |     strev_testsuite::roundtrip(&backend).await;
[INFO] [stdout]    |     ^^^^^^^^^^^^^^^ use of unresolved module or unlinked crate `strev_testsuite`
[INFO] [stdout]    |
[INFO] [stdout]    = help: if you wanted to use a crate named `strev_testsuite`, use `cargo add strev_testsuite` to add it to your `Cargo.toml`
[INFO] [stdout] 
[INFO] [stdout] 
[INFO] [stdout] error[E0433]: cannot find module or crate `strev_testsuite` in this scope
[INFO] [stdout]   --> tests/conformance_test.rs:67:5
[INFO] [stdout]    |
[INFO] [stdout] 67 |     strev_testsuite::ordering(&backend).await;
[INFO] [stdout]    |     ^^^^^^^^^^^^^^^ use of unresolved module or unlinked crate `strev_testsuite`
[INFO] [stdout]    |
[INFO] [stdout]    = help: if you wanted to use a crate named `strev_testsuite`, use `cargo add strev_testsuite` to add it to your `Cargo.toml`
[INFO] [stdout] 
[INFO] [stdout] 
[INFO] [stdout] error[E0433]: cannot find module or crate `strev_testsuite` in this scope
[INFO] [stdout]   --> tests/conformance_test.rs:76:5
[INFO] [stdout]    |
[INFO] [stdout] 76 |     strev_testsuite::metadata_fidelity(&backend).await;
[INFO] [stdout]    |     ^^^^^^^^^^^^^^^ use of unresolved module or unlinked crate `strev_testsuite`
[INFO] [stdout]    |
[INFO] [stdout]    = help: if you wanted to use a crate named `strev_testsuite`, use `cargo add strev_testsuite` to add it to your `Cargo.toml`
[INFO] [stdout] 
[INFO] [stdout] 
[INFO] [stdout] error[E0433]: cannot find module or crate `strev_testsuite` in this scope
[INFO] [stdout]   --> tests/conformance_test.rs:85:5
[INFO] [stdout]    |
[INFO] [stdout] 85 |     strev_testsuite::consumer_group_resume(&backend).await;
[INFO] [stdout]    |     ^^^^^^^^^^^^^^^ use of unresolved module or unlinked crate `strev_testsuite`
[INFO] [stdout]    |
[INFO] [stdout]    = help: if you wanted to use a crate named `strev_testsuite`, use `cargo add strev_testsuite` to add it to your `Cargo.toml`
[INFO] [stdout] 
[INFO] [stdout] 
[INFO] [stdout] error[E0433]: cannot find module or crate `strev_testsuite` in this scope
[INFO] [stdout]    --> tests/conformance_test.rs:152:5
[INFO] [stdout]     |
[INFO] [stdout] 152 |     strev_testsuite::nack_redelivery(&backend).await;
[INFO] [stdout]     |     ^^^^^^^^^^^^^^^ use of unresolved module or unlinked crate `strev_testsuite`
[INFO] [stdout]     |
[INFO] [stdout]     = help: if you wanted to use a crate named `strev_testsuite`, use `cargo add strev_testsuite` to add it to your `Cargo.toml`
[INFO] [stdout] 
[INFO] [stdout] 
[INFO] [stdout] error[E0433]: cannot find module or crate `strev_testsuite` in this scope
[INFO] [stdout]    --> tests/conformance_test.rs:161:5
[INFO] [stdout]     |
[INFO] [stdout] 161 |     strev_testsuite::competing_consumers(&backend).await;
[INFO] [stdout]     |     ^^^^^^^^^^^^^^^ use of unresolved module or unlinked crate `strev_testsuite`
[INFO] [stdout]     |
[INFO] [stdout]     = help: if you wanted to use a crate named `strev_testsuite`, use `cargo add strev_testsuite` to add it to your `Cargo.toml`
[INFO] [stdout] 
[INFO] [stdout] 
[INFO] [stdout] error[E0433]: cannot find module or crate `strev_testsuite` in this scope
[INFO] [stdout]    --> tests/conformance_test.rs:203:5
[INFO] [stdout]     |
[INFO] [stdout] 203 |     strev_testsuite::throughput(&backend).await;
[INFO] [stdout]     |     ^^^^^^^^^^^^^^^ use of unresolved module or unlinked crate `strev_testsuite`
[INFO] [stdout]     |
[INFO] [stdout]     = help: if you wanted to use a crate named `strev_testsuite`, use `cargo add strev_testsuite` to add it to your `Cargo.toml`
[INFO] [stdout] 
[INFO] [stdout] 
[INFO] [stdout] Some errors have detailed explanations: E0432, E0433.
[INFO] [stdout] 
[INFO] [stdout] For more information about an error, try `rustc --explain E0432`.
[INFO] [stdout] 
[INFO] [stderr] error: could not compile `strev-amqp` (test "conformance_test") due to 8 previous errors
[INFO] [stderr] warning: build failed, waiting for other jobs to finish...
[INFO] running `Command { std: "docker" "inspect" "f050cabc14ffe89e741fe95b66935bdc6286474a99d6cfa825c36d30bc8d75b2", kill_on_drop: false }`
[INFO] running `Command { std: "docker" "rm" "-f" "f050cabc14ffe89e741fe95b66935bdc6286474a99d6cfa825c36d30bc8d75b2", kill_on_drop: false }`
[INFO] [stdout] f050cabc14ffe89e741fe95b66935bdc6286474a99d6cfa825c36d30bc8d75b2
