[INFO] fetching crate step-p21-derive 0.1.1...
[INFO] testing step-p21-derive-0.1.1 against 1.99.0-beta.8 for beta-1.100-2
[INFO] extracting crate step-p21-derive 0.1.1 into /workspace/builds/worker-6-tc1/source
[INFO] started tweaking crates.io crate step-p21-derive 0.1.1
[INFO] removed 0 missing tests
[INFO] finished tweaking crates.io crate step-p21-derive 0.1.1
[INFO] tweaked toml for crates.io crate step-p21-derive 0.1.1 written to /workspace/builds/worker-6-tc1/source/Cargo.toml
[INFO] validating manifest of crates.io crate step-p21-derive 0.1.1 on toolchain 1.99.0-beta.8
[INFO] running `Command { std: CARGO_HOME="/workspace/cargo-home" RUSTUP_HOME="/workspace/rustup-home" "/workspace/cargo-home/bin/cargo" "+1.99.0-beta.8" "metadata" "--manifest-path" "Cargo.toml" "--no-deps", kill_on_drop: false }`
[INFO] crate crates.io crate step-p21-derive 0.1.1 already has a lockfile, it will not be regenerated
[INFO] running `Command { std: CARGO_HOME="/workspace/cargo-home" RUSTUP_HOME="/workspace/rustup-home" "/workspace/cargo-home/bin/cargo" "+1.99.0-beta.8" "fetch" "--manifest-path" "Cargo.toml", kill_on_drop: false }`
[INFO] [stderr]     Blocking waiting for file lock on package cache
[INFO] [stderr]     Updating crates.io index
[INFO] [stderr]  Downloading crates ...
[INFO] [stderr]   Downloaded target-triple v1.0.1
[INFO] [stderr]   Downloaded trybuild v1.0.120
[INFO] running `Command { std: "docker" "create" "-v" "/var/lib/crater-agent-workspace/builds/worker-6-tc1/source:/opt/rustwide/workdir:ro,Z" "-v" "/var/lib/crater-agent-workspace/builds/worker-6-tc1/target:/opt/rustwide/target:rw,Z" "-v" "/var/lib/crater-agent-workspace/cargo-home:/opt/rustwide/cargo-home:ro,Z" "-v" "/var/lib/crater-agent-workspace/rustup-home:/opt/rustwide/rustup-home:ro,Z" "-m" "1610612736" "--network" "none" "ghcr.io/rust-lang/crates-build-env/linux@sha256:3111399a4047eeb3a02b7a90e478d715f38a8c6669b5c4b49d30a17385265909" "sleep" "infinity", kill_on_drop: false }`
[INFO] [stdout] 5a74907203dd5e0b56e1e4861a87a62a4c0e24c189f9cd83feeaa24a48599a45
[INFO] running `Command { std: "docker" "start" "5a74907203dd5e0b56e1e4861a87a62a4c0e24c189f9cd83feeaa24a48599a45", kill_on_drop: false }`
[INFO] running `Command { std: "docker" "inspect" "5a74907203dd5e0b56e1e4861a87a62a4c0e24c189f9cd83feeaa24a48599a45", kill_on_drop: false }`
[INFO] running `Command { std: "docker" "exec" "-e" "SOURCE_DIR=/opt/rustwide/workdir" "-e" "CARGO_HOME=/opt/rustwide/cargo-home" "-e" "RUSTUP_HOME=/opt/rustwide/rustup-home" "-e" "CARGO_TARGET_DIR=/opt/rustwide/target" "-w" "/opt/rustwide/workdir" "--user" "0:0" "5a74907203dd5e0b56e1e4861a87a62a4c0e24c189f9cd83feeaa24a48599a45" "/opt/rustwide/cargo-home/bin/cargo" "+1.99.0-beta.8" "metadata" "--no-deps" "--format-version=1", kill_on_drop: false }`
[INFO] running `Command { std: "docker" "inspect" "5a74907203dd5e0b56e1e4861a87a62a4c0e24c189f9cd83feeaa24a48599a45", kill_on_drop: false }`
[INFO] running `Command { std: "docker" "exec" "-e" "SOURCE_DIR=/opt/rustwide/workdir" "-e" "CARGO_HOME=/opt/rustwide/cargo-home" "-e" "RUSTUP_HOME=/opt/rustwide/rustup-home" "-e" "CARGO_TARGET_DIR=/opt/rustwide/target" "-e" "CARGO_INCREMENTAL=0" "-e" "RUST_BACKTRACE=full" "-e" "RUSTFLAGS=--cap-lints=warn" "-e" "RUSTDOCFLAGS=--cap-lints=warn" "-w" "/opt/rustwide/workdir" "--user" "0:0" "5a74907203dd5e0b56e1e4861a87a62a4c0e24c189f9cd83feeaa24a48599a45" "/opt/rustwide/cargo-home/bin/cargo" "+1.99.0-beta.8" "build" "--frozen" "--message-format=json", kill_on_drop: false }`
[INFO] [stderr]    Compiling hashbrown v0.17.1
[INFO] [stderr]    Compiling proc-macro-error-attr2 v2.0.0
[INFO] [stderr]    Compiling syn v2.0.119
[INFO] [stderr]    Compiling syn v3.0.3
[INFO] [stderr]    Compiling Inflector v0.11.4
[INFO] [stderr]    Compiling proc-macro-error2 v2.0.1
[INFO] [stderr]    Compiling indexmap v2.14.0
[INFO] [stderr]    Compiling toml_edit v0.25.13+spec-1.1.0
[INFO] [stderr]    Compiling proc-macro-crate v3.5.0
[INFO] [stderr]    Compiling step-p21-derive v0.1.1 (/opt/rustwide/workdir)
[INFO] [stderr]     Finished `dev` profile [unoptimized + debuginfo] target(s) in 8.37s
[INFO] [stderr] warning: the following packages contain code that will be rejected by a future version of Rust: proc-macro-error2 v2.0.1
[INFO] [stderr] note: to see what the problems were, use the option `--future-incompat-report`, or run `cargo report future-incompatibilities --id 2`
[INFO] running `Command { std: "docker" "inspect" "5a74907203dd5e0b56e1e4861a87a62a4c0e24c189f9cd83feeaa24a48599a45", kill_on_drop: false }`
[INFO] running `Command { std: "docker" "exec" "-e" "SOURCE_DIR=/opt/rustwide/workdir" "-e" "CARGO_HOME=/opt/rustwide/cargo-home" "-e" "RUSTUP_HOME=/opt/rustwide/rustup-home" "-e" "CARGO_TARGET_DIR=/opt/rustwide/target" "-e" "CARGO_INCREMENTAL=0" "-e" "RUST_BACKTRACE=full" "-e" "RUSTFLAGS=--cap-lints=warn" "-e" "RUSTDOCFLAGS=--cap-lints=warn" "-w" "/opt/rustwide/workdir" "--user" "0:0" "5a74907203dd5e0b56e1e4861a87a62a4c0e24c189f9cd83feeaa24a48599a45" "/opt/rustwide/cargo-home/bin/cargo" "+1.99.0-beta.8" "test" "--frozen" "--no-run" "--message-format=json", kill_on_drop: false }`
[INFO] [stderr]    Compiling serde_core v1.0.229
[INFO] [stderr]    Compiling proc-macro2 v1.0.107
[INFO] [stderr]    Compiling winnow v1.0.4
[INFO] [stderr]    Compiling quote v1.0.47
[INFO] [stderr]    Compiling target-triple v1.0.1
[INFO] [stderr]    Compiling toml_writer v1.1.2+spec-1.1.0
[INFO] [stderr]    Compiling similar v2.7.0
[INFO] [stderr]    Compiling getrandom v0.4.3
[INFO] [stderr]    Compiling console v0.16.4
[INFO] [stderr]    Compiling glob v0.3.4
[INFO] [stderr]    Compiling Inflector v0.11.4
[INFO] [stderr]    Compiling tempfile v3.27.0
[INFO] [stderr]    Compiling syn v2.0.119
[INFO] [stderr]    Compiling syn v3.0.3
[INFO] [stderr]    Compiling insta v1.48.0
[INFO] [stderr]    Compiling proc-macro-error-attr2 v2.0.0
[INFO] [stderr]    Compiling proc-macro-error2 v2.0.1
[INFO] [stderr]    Compiling toml_parser v1.1.3+spec-1.1.0
[INFO] [stderr]    Compiling toml_datetime v1.1.1+spec-1.1.0
[INFO] [stderr]    Compiling serde_spanned v1.1.1
[INFO] [stderr]    Compiling serde_json v1.0.151
[INFO] [stderr]    Compiling toml_edit v0.25.13+spec-1.1.0
[INFO] [stderr]    Compiling toml v1.1.4+spec-1.1.0
[INFO] [stderr]    Compiling proc-macro-crate v3.5.0
[INFO] [stderr]    Compiling serde_derive v1.0.229
[INFO] [stderr]    Compiling step-p21-derive v0.1.1 (/opt/rustwide/workdir)
[INFO] [stderr]    Compiling serde v1.0.229
[INFO] [stderr]    Compiling trybuild v1.0.120
[INFO] [stdout] error[E0433]: cannot find module or crate `step_p11` in this scope
[INFO] [stdout]    --> src/lib.rs:190:19
[INFO] [stdout]     |
[INFO] [stdout] 190 |         let out = step_p11::codegen::rust::rustfmt(tt.to_string());
[INFO] [stdout]     |                   ^^^^^^^^ use of unresolved module or unlinked crate `step_p11`
[INFO] [stdout]     |
[INFO] [stdout]     = help: if you wanted to use a crate named `step_p11`, use `cargo add step_p11` to add it to your `Cargo.toml`
[INFO] [stdout] 
[INFO] [stdout] 
[INFO] [stdout] error[E0433]: cannot find module or crate `step_p11` in this scope
[INFO] [stdout]    --> src/lib.rs:326:19
[INFO] [stdout]     |
[INFO] [stdout] 326 |         let out = step_p11::codegen::rust::rustfmt(tt.to_string());
[INFO] [stdout]     |                   ^^^^^^^^ use of unresolved module or unlinked crate `step_p11`
[INFO] [stdout]     |
[INFO] [stdout]     = help: if you wanted to use a crate named `step_p11`, use `cargo add step_p11` to add it to your `Cargo.toml`
[INFO] [stdout] 
[INFO] [stdout] 
[INFO] [stdout] error[E0433]: cannot find module or crate `step_p11` in this scope
[INFO] [stdout]    --> src/lib.rs:482:19
[INFO] [stdout]     |
[INFO] [stdout] 482 |         let out = step_p11::codegen::rust::rustfmt(tt.to_string());
[INFO] [stdout]     |                   ^^^^^^^^ use of unresolved module or unlinked crate `step_p11`
[INFO] [stdout]     |
[INFO] [stdout]     = help: if you wanted to use a crate named `step_p11`, use `cargo add step_p11` to add it to your `Cargo.toml`
[INFO] [stdout] 
[INFO] [stdout] 
[INFO] [stdout] For more information about this error, try `rustc --explain E0433`.
[INFO] [stdout] 
[INFO] [stderr] error: could not compile `step-p21-derive` (lib test) due to 3 previous errors
[INFO] running `Command { std: "docker" "inspect" "5a74907203dd5e0b56e1e4861a87a62a4c0e24c189f9cd83feeaa24a48599a45", kill_on_drop: false }`
[INFO] running `Command { std: "docker" "rm" "-f" "5a74907203dd5e0b56e1e4861a87a62a4c0e24c189f9cd83feeaa24a48599a45", kill_on_drop: false }`
[INFO] [stdout] 5a74907203dd5e0b56e1e4861a87a62a4c0e24c189f9cd83feeaa24a48599a45
