[INFO] fetching crate stellar-agent-toolsets-install 0.1.0-alpha.9...
[INFO] testing stellar-agent-toolsets-install-0.1.0-alpha.9 against 1.99.0-beta.8 for beta-1.100-2
[INFO] extracting crate stellar-agent-toolsets-install 0.1.0-alpha.9 into /workspace/builds/worker-1-tc1/source
[INFO] started tweaking crates.io crate stellar-agent-toolsets-install 0.1.0-alpha.9
[INFO] removed 0 missing tests
[INFO] finished tweaking crates.io crate stellar-agent-toolsets-install 0.1.0-alpha.9
[INFO] tweaked toml for crates.io crate stellar-agent-toolsets-install 0.1.0-alpha.9 written to /workspace/builds/worker-1-tc1/source/Cargo.toml
[INFO] validating manifest of crates.io crate stellar-agent-toolsets-install 0.1.0-alpha.9 on toolchain 1.99.0-beta.8
[INFO] running `Command { std: CARGO_HOME="/workspace/cargo-home" RUSTUP_HOME="/workspace/rustup-home" "/workspace/cargo-home/bin/cargo" "+1.99.0-beta.8" "metadata" "--manifest-path" "Cargo.toml" "--no-deps", kill_on_drop: false }`
[INFO] crate crates.io crate stellar-agent-toolsets-install 0.1.0-alpha.9 already has a lockfile, it will not be regenerated
[INFO] running `Command { std: CARGO_HOME="/workspace/cargo-home" RUSTUP_HOME="/workspace/rustup-home" "/workspace/cargo-home/bin/cargo" "+1.99.0-beta.8" "fetch" "--manifest-path" "Cargo.toml", kill_on_drop: false }`
[INFO] [stderr]     Updating crates.io index
[INFO] [stderr]  Downloading crates ...
[INFO] [stderr]   Downloaded tar v0.4.46
[INFO] [stderr]   Downloaded crate-git-revision v0.0.9
[INFO] [stderr]   Downloaded stellar-strkey v0.0.18
[INFO] [stderr]   Downloaded filetime v0.2.29
[INFO] [stderr]   Downloaded data-encoding v2.11.0
[INFO] [stderr]   Downloaded stellar-agent-windows-identity v0.1.0-alpha.9
[INFO] [stderr]   Downloaded wasm-bindgen-shared v0.2.125
[INFO] [stderr]   Downloaded crate-git-revision v0.0.6
[INFO] [stderr]   Downloaded wasm-bindgen-macro v0.2.125
[INFO] [stderr]   Downloaded stellar-agent-xdr-limits v0.1.0-alpha.9
[INFO] [stderr]   Downloaded stellar-strkey v0.0.13
[INFO] [stderr]   Downloaded escape-bytes v0.1.1
[INFO] [stderr]   Downloaded tokio-macros v2.7.0
[INFO] [stderr]   Downloaded cmov v0.5.4
[INFO] [stderr]   Downloaded ctutils v0.4.2
[INFO] [stderr]   Downloaded hashlink v0.11.1
[INFO] [stderr]   Downloaded stellar-agent-toolsets v0.1.0-alpha.9
[INFO] [stderr]   Downloaded ethnum v1.5.3
[INFO] [stderr]   Downloaded yaml-rust2 v0.11.0
[INFO] [stderr]   Downloaded uuid v1.23.3
[INFO] [stderr]   Downloaded wasm-bindgen v0.2.125
[INFO] [stderr]   Downloaded toml_edit v0.25.12+spec-1.1.0
[INFO] [stderr]   Downloaded wasm-bindgen-macro-support v0.2.125
[INFO] [stderr]   Downloaded js-sys v0.3.102
[INFO] [stderr]   Downloaded winnow v1.0.3
[INFO] [stderr]   Downloaded uncased v0.9.10
[INFO] [stderr]   Downloaded pear_codegen v0.2.9
[INFO] [stderr]   Downloaded pear v0.2.9
[INFO] [stderr]   Downloaded keyring-core v1.0.0
[INFO] [stderr]   Downloaded inlinable_string v0.1.15
[INFO] [stderr]   Downloaded atomic v0.6.1
[INFO] [stderr]   Downloaded hmac v0.13.0
[INFO] [stderr]   Downloaded proc-macro2-diagnostics v0.10.1
[INFO] [stderr]   Downloaded figment v0.10.19
[INFO] [stderr]   Downloaded bitcoin_hashes v0.14.2
[INFO] [stderr]   Downloaded stellar-agent-core v0.1.0-alpha.9
[INFO] [stderr]   Downloaded tokio v1.52.3
[INFO] [stderr]   Downloaded blake3 v1.8.5
[INFO] [stderr]   Downloaded stellar-xdr v28.0.0
[INFO] running `Command { std: "docker" "create" "-v" "/var/lib/crater-agent-workspace/builds/worker-1-tc1/source:/opt/rustwide/workdir:ro,Z" "-v" "/var/lib/crater-agent-workspace/builds/worker-1-tc1/target:/opt/rustwide/target:rw,Z" "-v" "/var/lib/crater-agent-workspace/cargo-home:/opt/rustwide/cargo-home:ro,Z" "-v" "/var/lib/crater-agent-workspace/rustup-home:/opt/rustwide/rustup-home:ro,Z" "-m" "1610612736" "--network" "none" "ghcr.io/rust-lang/crates-build-env/linux@sha256:3111399a4047eeb3a02b7a90e478d715f38a8c6669b5c4b49d30a17385265909" "sleep" "infinity", kill_on_drop: false }`
[INFO] [stdout] 857ef1b5a8930125dc0ef3eb679fe37d7b013d4526f18b7df618bb754deced9d
[INFO] running `Command { std: "docker" "start" "857ef1b5a8930125dc0ef3eb679fe37d7b013d4526f18b7df618bb754deced9d", kill_on_drop: false }`
[INFO] running `Command { std: "docker" "inspect" "857ef1b5a8930125dc0ef3eb679fe37d7b013d4526f18b7df618bb754deced9d", kill_on_drop: false }`
[INFO] running `Command { std: "docker" "exec" "-e" "SOURCE_DIR=/opt/rustwide/workdir" "-e" "CARGO_HOME=/opt/rustwide/cargo-home" "-e" "RUSTUP_HOME=/opt/rustwide/rustup-home" "-e" "CARGO_TARGET_DIR=/opt/rustwide/target" "-w" "/opt/rustwide/workdir" "--user" "0:0" "857ef1b5a8930125dc0ef3eb679fe37d7b013d4526f18b7df618bb754deced9d" "/opt/rustwide/cargo-home/bin/cargo" "+1.99.0-beta.8" "metadata" "--no-deps" "--format-version=1", kill_on_drop: false }`
[INFO] running `Command { std: "docker" "inspect" "857ef1b5a8930125dc0ef3eb679fe37d7b013d4526f18b7df618bb754deced9d", kill_on_drop: false }`
[INFO] running `Command { std: "docker" "exec" "-e" "SOURCE_DIR=/opt/rustwide/workdir" "-e" "CARGO_HOME=/opt/rustwide/cargo-home" "-e" "RUSTUP_HOME=/opt/rustwide/rustup-home" "-e" "CARGO_TARGET_DIR=/opt/rustwide/target" "-e" "CARGO_INCREMENTAL=0" "-e" "RUST_BACKTRACE=full" "-e" "RUSTFLAGS=--cap-lints=warn" "-e" "RUSTDOCFLAGS=--cap-lints=warn" "-w" "/opt/rustwide/workdir" "--user" "0:0" "857ef1b5a8930125dc0ef3eb679fe37d7b013d4526f18b7df618bb754deced9d" "/opt/rustwide/cargo-home/bin/cargo" "+1.99.0-beta.8" "build" "--frozen" "--message-format=json", kill_on_drop: false }`
[INFO] [stderr]    Compiling proc-macro2 v1.0.106
[INFO] [stderr]    Compiling quote v1.0.46
[INFO] [stderr]    Compiling zmij v1.0.21
[INFO] [stderr]    Compiling serde_core v1.0.228
[INFO] [stderr]    Compiling memchr v2.8.2
[INFO] [stderr]    Compiling typenum v1.20.1
[INFO] [stderr]    Compiling serde v1.0.228
[INFO] [stderr]    Compiling serde_json v1.0.150
[INFO] [stderr]    Compiling libc v0.2.186
[INFO] [stderr]    Compiling generic-array v0.14.7
[INFO] [stderr]    Compiling litemap v0.8.2
[INFO] [stderr]    Compiling writeable v0.6.3
[INFO] [stderr]    Compiling icu_normalizer_data v2.2.0
[INFO] [stderr]    Compiling icu_properties_data v2.2.0
[INFO] [stderr]    Compiling proc-macro2-diagnostics v0.10.1
[INFO] [stderr]    Compiling semver v1.0.28
[INFO] [stderr]    Compiling cpufeatures v0.2.17
[INFO] [stderr]    Compiling indexmap v2.14.0
[INFO] [stderr]    Compiling yansi v1.0.1
[INFO] [stderr]    Compiling find-msvc-tools v0.1.9
[INFO] [stderr]    Compiling data-encoding v2.11.0
[INFO] [stderr]    Compiling rustc_version v0.4.1
[INFO] [stderr]    Compiling arrayvec v0.7.6
[INFO] [stderr]    Compiling smallvec v1.15.2
[INFO] [stderr]    Compiling cmov v0.5.4
[INFO] [stderr]    Compiling cc v1.2.64
[INFO] [stderr]    Compiling uncased v0.9.10
[INFO] [stderr]    Compiling thiserror v2.0.18
[INFO] [stderr]    Compiling winnow v0.7.15
[INFO] [stderr]    Compiling ctutils v0.4.2
[INFO] [stderr]    Compiling ref-cast v1.0.25
[INFO] [stderr]    Compiling curve25519-dalek v4.1.3
[INFO] [stderr]    Compiling toml_write v0.1.2
[INFO] [stderr]    Compiling rustix v1.1.4
[INFO] [stderr]    Compiling hybrid-array v0.4.12
[INFO] [stderr]    Compiling const-oid v0.10.2
[INFO] [stderr]    Compiling foldhash v0.2.0
[INFO] [stderr]    Compiling winnow v1.0.3
[INFO] [stderr]    Compiling heapless v0.9.3
[INFO] [stderr]    Compiling syn v2.0.118
[INFO] [stderr]    Compiling hashbrown v0.16.1
[INFO] [stderr]    Compiling tinyvec v1.11.0
[INFO] [stderr]    Compiling crypto-common v0.2.2
[INFO] [stderr]    Compiling regex-automata v0.4.14
[INFO] [stderr]    Compiling hex-conservative v0.2.2
[INFO] [stderr]    Compiling figment v0.10.19
[INFO] [stderr]    Compiling cpufeatures v0.3.0
[INFO] [stderr]    Compiling ethnum v1.5.3
[INFO] [stderr]    Compiling hex v0.4.3
[INFO] [stderr]    Compiling option-ext v0.2.0
[INFO] [stderr]    Compiling getrandom v0.4.3
[INFO] [stderr]    Compiling getrandom v0.2.17
[INFO] [stderr]    Compiling crc32fast v1.5.0
[INFO] [stderr]    Compiling escape-bytes v0.1.1
[INFO] [stderr]    Compiling percent-encoding v2.3.2
[INFO] [stderr]    Compiling linux-raw-sys v0.12.1
[INFO] [stderr]    Compiling log v0.4.32
[INFO] [stderr]    Compiling toml_writer v1.1.1+spec-1.1.0
[INFO] [stderr]    Compiling bitflags v2.13.0
[INFO] [stderr]    Compiling crypto-common v0.1.7
[INFO] [stderr]    Compiling block-buffer v0.10.4
[INFO] [stderr]    Compiling subtle v2.6.1
[INFO] [stderr]    Compiling signature v2.2.0
[INFO] [stderr]    Compiling inlinable_string v0.1.15
[INFO] [stderr]    Compiling hashlink v0.11.1
[INFO] [stderr]    Compiling digest v0.10.7
[INFO] [stderr]    Compiling ed25519 v2.2.3
[INFO] [stderr]    Compiling form_urlencoded v1.2.2
[INFO] [stderr]    Compiling rand_core v0.6.4
[INFO] [stderr]    Compiling unicode-normalization v0.1.25
[INFO] [stderr]    Compiling dirs-sys v0.5.0
[INFO] [stderr]    Compiling sha2 v0.10.9
[INFO] [stderr]    Compiling bitcoin_hashes v0.14.2
[INFO] [stderr]    Compiling blake3 v1.8.5
[INFO] [stderr]    Compiling toml_parser v1.1.2+spec-1.1.0
[INFO] [stderr]    Compiling thread_local v1.1.9
[INFO] [stderr]    Compiling arraydeque v0.5.1
[INFO] [stderr]    Compiling constant_time_eq v0.4.2
[INFO] [stderr]    Compiling fastrand v2.4.1
[INFO] [stderr]    Compiling simd-adler32 v0.3.9
[INFO] [stderr]    Compiling yaml-rust2 v0.11.0
[INFO] [stderr]    Compiling region v3.0.2
[INFO] [stderr]    Compiling directories v6.0.0
[INFO] [stderr]    Compiling miniz_oxide v0.8.9
[INFO] [stderr]    Compiling keyring-core v1.0.0
[INFO] [stderr]    Compiling tracing-log v0.2.0
[INFO] [stderr]    Compiling uuid v1.23.3
[INFO] [stderr]    Compiling filetime v0.2.29
[INFO] [stderr]    Compiling inventory v0.3.24
[INFO] [stderr]    Compiling same-file v1.0.6
[INFO] [stderr]    Compiling tar v0.4.46
[INFO] [stderr]    Compiling flate2 v1.1.9
[INFO] [stderr]    Compiling toml_datetime v1.1.1+spec-1.1.0
[INFO] [stderr]    Compiling serde_spanned v1.1.1
[INFO] [stderr]    Compiling toml v1.1.2+spec-1.1.0
[INFO] [stderr]    Compiling toml_edit v0.25.12+spec-1.1.0
[INFO] [stderr]    Compiling matchers v0.2.0
[INFO] [stderr]    Compiling tempfile v3.27.0
[INFO] [stderr]    Compiling synstructure v0.13.2
[INFO] [stderr]    Compiling serde_derive v1.0.228
[INFO] [stderr]    Compiling zerovec-derive v0.11.3
[INFO] [stderr]    Compiling displaydoc v0.2.6
[INFO] [stderr]    Compiling zeroize_derive v1.5.0
[INFO] [stderr]    Compiling tracing-attributes v0.1.31
[INFO] [stderr]    Compiling ref-cast-impl v1.0.25
[INFO] [stderr]    Compiling pear_codegen v0.2.9
[INFO] [stderr]    Compiling curve25519-dalek-derive v0.1.1
[INFO] [stderr]    Compiling thiserror-impl v2.0.18
[INFO] [stderr]    Compiling tokio-macros v2.7.0
[INFO] [stderr]    Compiling zerofrom-derive v0.1.7
[INFO] [stderr]    Compiling yoke-derive v0.8.2
[INFO] [stderr]    Compiling zeroize v1.9.0
[INFO] [stderr]    Compiling pear v0.2.9
[INFO] [stderr]    Compiling block-buffer v0.12.1
[INFO] [stderr]    Compiling tokio v1.52.3
[INFO] [stderr]    Compiling digest v0.11.3
[INFO] [stderr]    Compiling ed25519-dalek v2.2.0
[INFO] [stderr]    Compiling sha2 v0.11.0
[INFO] [stderr]    Compiling tracing v0.1.44
[INFO] [stderr]    Compiling hmac v0.13.0
[INFO] [stderr]    Compiling zerofrom v0.1.8
[INFO] [stderr]    Compiling yoke v0.8.3
[INFO] [stderr]    Compiling zerovec v0.11.6
[INFO] [stderr]    Compiling zerotrie v0.2.4
[INFO] [stderr]    Compiling tinystr v0.8.3
[INFO] [stderr]    Compiling potential_utf v0.1.5
[INFO] [stderr]    Compiling icu_collections v2.2.0
[INFO] [stderr]    Compiling icu_locale_core v2.2.0
[INFO] [stderr]    Compiling crate-git-revision v0.0.9
[INFO] [stderr]    Compiling crate-git-revision v0.0.6
[INFO] [stderr]    Compiling stellar-strkey v0.0.13
[INFO] [stderr]    Compiling stellar-xdr v28.0.0
[INFO] [stderr]    Compiling stellar-strkey v0.0.18
[INFO] [stderr]    Compiling toml_datetime v0.6.11
[INFO] [stderr]    Compiling serde_spanned v0.6.9
[INFO] [stderr]    Compiling tracing-serde v0.2.0
[INFO] [stderr]    Compiling bip39 v2.2.2
[INFO] [stderr]    Compiling schemars v1.2.1
[INFO] [stderr]    Compiling stellar-agent-toolsets v0.1.0-alpha.9
[INFO] [stderr]    Compiling tracing-subscriber v0.3.23
[INFO] [stderr]    Compiling toml_edit v0.22.27
[INFO] [stderr]    Compiling icu_provider v2.2.0
[INFO] [stderr]    Compiling icu_properties v2.2.0
[INFO] [stderr]    Compiling icu_normalizer v2.2.0
[INFO] [stderr]    Compiling idna_adapter v1.2.2
[INFO] [stderr]    Compiling idna v1.1.0
[INFO] [stderr]    Compiling url v2.5.8
[INFO] [stderr]    Compiling toml v0.8.23
[INFO] [stderr]    Compiling stellar-agent-xdr-limits v0.1.0-alpha.9
[INFO] [stderr]    Compiling stellar-agent-core v0.1.0-alpha.9
[INFO] [stderr]    Compiling stellar-agent-toolsets-install v0.1.0-alpha.9 (/opt/rustwide/workdir)
[INFO] [stderr]     Finished `dev` profile [unoptimized + debuginfo] target(s) in 53.79s
[INFO] running `Command { std: "docker" "inspect" "857ef1b5a8930125dc0ef3eb679fe37d7b013d4526f18b7df618bb754deced9d", kill_on_drop: false }`
[INFO] running `Command { std: "docker" "exec" "-e" "SOURCE_DIR=/opt/rustwide/workdir" "-e" "CARGO_HOME=/opt/rustwide/cargo-home" "-e" "RUSTUP_HOME=/opt/rustwide/rustup-home" "-e" "CARGO_TARGET_DIR=/opt/rustwide/target" "-e" "CARGO_INCREMENTAL=0" "-e" "RUST_BACKTRACE=full" "-e" "RUSTFLAGS=--cap-lints=warn" "-e" "RUSTDOCFLAGS=--cap-lints=warn" "-w" "/opt/rustwide/workdir" "--user" "0:0" "857ef1b5a8930125dc0ef3eb679fe37d7b013d4526f18b7df618bb754deced9d" "/opt/rustwide/cargo-home/bin/cargo" "+1.99.0-beta.8" "test" "--frozen" "--no-run" "--message-format=json", kill_on_drop: false }`
[INFO] [stderr]    Compiling stellar-agent-toolsets-install v0.1.0-alpha.9 (/opt/rustwide/workdir)
[INFO] [stdout] error[E0432]: unresolved import `stellar_agent_toolsets::parse_capability_value_pub`
[INFO] [stdout]   --> tests/attestation_vector.rs:31:5
[INFO] [stdout]    |
[INFO] [stdout] 31 | use stellar_agent_toolsets::parse_capability_value_pub;
[INFO] [stdout]    |     ^^^^^^^^^^^^^^^^^^^^^^^^--------------------------
[INFO] [stdout]    |                             |
[INFO] [stdout]    |                             no `parse_capability_value_pub` in the root
[INFO] [stdout]    |
[INFO] [stdout] note: found an item that was configured out
[INFO] [stdout]   --> /opt/rustwide/cargo-home/registry/src/index.crates.io-1949cf8c6b5b557f/stellar-agent-toolsets-0.1.0-alpha.9/src/lib.rs:69:21
[INFO] [stdout]    |
[INFO] [stdout] 68 | #[cfg(any(test, feature = "test-helpers"))]
[INFO] [stdout]    |          -------------------------------- the item is gated here
[INFO] [stdout] 69 | pub use capability::parse_capability_value_pub;
[INFO] [stdout]    |                     ^^^^^^^^^^^^^^^^^^^^^^^^^^
[INFO] [stdout] 
[INFO] [stdout] 
[INFO] [stdout] error[E0432]: unresolved import `stellar_agent_toolsets::parse_capability_value_pub`
[INFO] [stdout]    --> src/attestation.rs:401:9
[INFO] [stdout]     |
[INFO] [stdout] 401 |     use stellar_agent_toolsets::parse_capability_value_pub;
[INFO] [stdout]     |         ^^^^^^^^^^^^^^^^^^^^^^^^--------------------------
[INFO] [stdout]     |                                 |
[INFO] [stdout]     |                                 no `parse_capability_value_pub` in the root
[INFO] [stdout]     |
[INFO] [stdout] note: found an item that was configured out
[INFO] [stdout]    --> /opt/rustwide/cargo-home/registry/src/index.crates.io-1949cf8c6b5b557f/stellar-agent-toolsets-0.1.0-alpha.9/src/lib.rs:69:21
[INFO] [stdout]     |
[INFO] [stdout]  68 | #[cfg(any(test, feature = "test-helpers"))]
[INFO] [stdout]     |          -------------------------------- the item is gated here
[INFO] [stdout]  69 | pub use capability::parse_capability_value_pub;
[INFO] [stdout]     |                     ^^^^^^^^^^^^^^^^^^^^^^^^^^
[INFO] [stdout] 
[INFO] [stdout] 
[INFO] [stdout] error[E0432]: unresolved import `stellar_agent_toolsets::parse_capability_value_pub`
[INFO] [stdout]    --> src/pin.rs:440:13
[INFO] [stdout]     |
[INFO] [stdout] 440 |         use stellar_agent_toolsets::parse_capability_value_pub;
[INFO] [stdout]     |             ^^^^^^^^^^^^^^^^^^^^^^^^--------------------------
[INFO] [stdout]     |                                     |
[INFO] [stdout]     |                                     no `parse_capability_value_pub` in the root
[INFO] [stdout]     |
[INFO] [stdout] note: found an item that was configured out
[INFO] [stdout]    --> /opt/rustwide/cargo-home/registry/src/index.crates.io-1949cf8c6b5b557f/stellar-agent-toolsets-0.1.0-alpha.9/src/lib.rs:69:21
[INFO] [stdout]     |
[INFO] [stdout]  68 | #[cfg(any(test, feature = "test-helpers"))]
[INFO] [stdout]     |          -------------------------------- the item is gated here
[INFO] [stdout]  69 | pub use capability::parse_capability_value_pub;
[INFO] [stdout]     |                     ^^^^^^^^^^^^^^^^^^^^^^^^^^
[INFO] [stdout] 
[INFO] [stdout] 
[INFO] [stdout] error[E0432]: unresolved import `stellar_agent_toolsets::parse_capability_value_pub`
[INFO] [stdout]     --> src/lib.rs:1360:13
[INFO] [stdout]      |
[INFO] [stdout] 1360 |         use stellar_agent_toolsets::parse_capability_value_pub;
[INFO] [stdout]      |             ^^^^^^^^^^^^^^^^^^^^^^^^--------------------------
[INFO] [stdout]      |                                     |
[INFO] [stdout]      |                                     no `parse_capability_value_pub` in the root
[INFO] [stdout]      |
[INFO] [stdout] note: found an item that was configured out
[INFO] [stdout]     --> /opt/rustwide/cargo-home/registry/src/index.crates.io-1949cf8c6b5b557f/stellar-agent-toolsets-0.1.0-alpha.9/src/lib.rs:69:21
[INFO] [stdout]      |
[INFO] [stdout]   68 | #[cfg(any(test, feature = "test-helpers"))]
[INFO] [stdout]      |          -------------------------------- the item is gated here
[INFO] [stdout]   69 | pub use capability::parse_capability_value_pub;
[INFO] [stdout]      |                     ^^^^^^^^^^^^^^^^^^^^^^^^^^
[INFO] [stdout] 
[INFO] [stdout] 
[INFO] [stdout] error[E0432]: unresolved import `stellar_agent_toolsets::parse_capability_value_pub`
[INFO] [stdout]     --> src/lib.rs:1420:13
[INFO] [stdout]      |
[INFO] [stdout] 1420 |         use stellar_agent_toolsets::parse_capability_value_pub;
[INFO] [stdout]      |             ^^^^^^^^^^^^^^^^^^^^^^^^--------------------------
[INFO] [stdout]      |                                     |
[INFO] [stdout]      |                                     no `parse_capability_value_pub` in the root
[INFO] [stdout]      |
[INFO] [stdout] note: found an item that was configured out
[INFO] [stdout]     --> /opt/rustwide/cargo-home/registry/src/index.crates.io-1949cf8c6b5b557f/stellar-agent-toolsets-0.1.0-alpha.9/src/lib.rs:69:21
[INFO] [stdout]      |
[INFO] [stdout]   68 | #[cfg(any(test, feature = "test-helpers"))]
[INFO] [stdout]      |          -------------------------------- the item is gated here
[INFO] [stdout]   69 | pub use capability::parse_capability_value_pub;
[INFO] [stdout]      |                     ^^^^^^^^^^^^^^^^^^^^^^^^^^
[INFO] [stdout] 
[INFO] [stdout] 
[INFO] [stdout] error[E0425]: cannot find function `parse_capability_value_pub` in crate `stellar_agent_toolsets`
[INFO] [stdout]    --> src/pin.rs:500:37
[INFO] [stdout]     |
[INFO] [stdout] 500 |             stellar_agent_toolsets::parse_capability_value_pub("read-balance propose-transaction")
[INFO] [stdout]     |                                     ^^^^^^^^^^^^^^^^^^^^^^^^^^ not found in `stellar_agent_toolsets`
[INFO] [stdout]     |
[INFO] [stdout] note: found an item that was configured out
[INFO] [stdout]    --> /opt/rustwide/cargo-home/registry/src/index.crates.io-1949cf8c6b5b557f/stellar-agent-toolsets-0.1.0-alpha.9/src/lib.rs:69:21
[INFO] [stdout]     |
[INFO] [stdout]  68 | #[cfg(any(test, feature = "test-helpers"))]
[INFO] [stdout]     |          -------------------------------- the item is gated here
[INFO] [stdout]  69 | pub use capability::parse_capability_value_pub;
[INFO] [stdout]     |                     ^^^^^^^^^^^^^^^^^^^^^^^^^^
[INFO] [stdout] 
[INFO] [stdout] 
[INFO] [stdout] For more information about this error, try `rustc --explain E0432`.
[INFO] [stdout] 
[INFO] [stderr] error: could not compile `stellar-agent-toolsets-install` (test "attestation_vector") due to 1 previous error
[INFO] [stderr] warning: build failed, waiting for other jobs to finish...
[INFO] [stdout] Some errors have detailed explanations: E0425, E0432.
[INFO] [stdout] 
[INFO] [stdout] For more information about an error, try `rustc --explain E0425`.
[INFO] [stdout] 
[INFO] [stderr] error: could not compile `stellar-agent-toolsets-install` (lib test) due to 5 previous errors
[INFO] running `Command { std: "docker" "inspect" "857ef1b5a8930125dc0ef3eb679fe37d7b013d4526f18b7df618bb754deced9d", kill_on_drop: false }`
[INFO] running `Command { std: "docker" "rm" "-f" "857ef1b5a8930125dc0ef3eb679fe37d7b013d4526f18b7df618bb754deced9d", kill_on_drop: false }`
[INFO] [stdout] 857ef1b5a8930125dc0ef3eb679fe37d7b013d4526f18b7df618bb754deced9d
