[INFO] fetching crate stano-di 0.3.1...
[INFO] testing stano-di-0.3.1 against 1.99.0-beta.8 for beta-1.100-2
[INFO] extracting crate stano-di 0.3.1 into /workspace/builds/worker-2-tc1/source
[INFO] started tweaking crates.io crate stano-di 0.3.1
[INFO] removed 0 missing tests
[INFO] finished tweaking crates.io crate stano-di 0.3.1
[INFO] tweaked toml for crates.io crate stano-di 0.3.1 written to /workspace/builds/worker-2-tc1/source/Cargo.toml
[INFO] validating manifest of crates.io crate stano-di 0.3.1 on toolchain 1.99.0-beta.8
[INFO] running `Command { std: CARGO_HOME="/workspace/cargo-home" RUSTUP_HOME="/workspace/rustup-home" "/workspace/cargo-home/bin/cargo" "+1.99.0-beta.8" "metadata" "--manifest-path" "Cargo.toml" "--no-deps", kill_on_drop: false }`
[INFO] crate crates.io crate stano-di 0.3.1 already has a lockfile, it will not be regenerated
[INFO] running `Command { std: CARGO_HOME="/workspace/cargo-home" RUSTUP_HOME="/workspace/rustup-home" "/workspace/cargo-home/bin/cargo" "+1.99.0-beta.8" "fetch" "--manifest-path" "Cargo.toml", kill_on_drop: false }`
[INFO] [stderr]     Updating crates.io index
[INFO] [stderr]  Downloading crates ...
[INFO] [stderr]   Downloaded dotenvy v0.15.7
[INFO] running `Command { std: "docker" "create" "-v" "/var/lib/crater-agent-workspace/builds/worker-2-tc1/source:/opt/rustwide/workdir:ro,Z" "-v" "/var/lib/crater-agent-workspace/builds/worker-2-tc1/target:/opt/rustwide/target:rw,Z" "-v" "/var/lib/crater-agent-workspace/cargo-home:/opt/rustwide/cargo-home:ro,Z" "-v" "/var/lib/crater-agent-workspace/rustup-home:/opt/rustwide/rustup-home:ro,Z" "-m" "1610612736" "--network" "none" "ghcr.io/rust-lang/crates-build-env/linux@sha256:3111399a4047eeb3a02b7a90e478d715f38a8c6669b5c4b49d30a17385265909" "sleep" "infinity", kill_on_drop: false }`
[INFO] [stdout] dd7ba4e642d4b879c9ae320a09b66de24d1ed9da51edfd7bd5b2d3ee5eb092f6
[INFO] running `Command { std: "docker" "start" "dd7ba4e642d4b879c9ae320a09b66de24d1ed9da51edfd7bd5b2d3ee5eb092f6", kill_on_drop: false }`
[INFO] running `Command { std: "docker" "inspect" "dd7ba4e642d4b879c9ae320a09b66de24d1ed9da51edfd7bd5b2d3ee5eb092f6", kill_on_drop: false }`
[INFO] running `Command { std: "docker" "exec" "-e" "SOURCE_DIR=/opt/rustwide/workdir" "-e" "CARGO_HOME=/opt/rustwide/cargo-home" "-e" "RUSTUP_HOME=/opt/rustwide/rustup-home" "-e" "CARGO_TARGET_DIR=/opt/rustwide/target" "-w" "/opt/rustwide/workdir" "--user" "0:0" "dd7ba4e642d4b879c9ae320a09b66de24d1ed9da51edfd7bd5b2d3ee5eb092f6" "/opt/rustwide/cargo-home/bin/cargo" "+1.99.0-beta.8" "metadata" "--no-deps" "--format-version=1", kill_on_drop: false }`
[INFO] running `Command { std: "docker" "inspect" "dd7ba4e642d4b879c9ae320a09b66de24d1ed9da51edfd7bd5b2d3ee5eb092f6", kill_on_drop: false }`
[INFO] running `Command { std: "docker" "exec" "-e" "SOURCE_DIR=/opt/rustwide/workdir" "-e" "CARGO_HOME=/opt/rustwide/cargo-home" "-e" "RUSTUP_HOME=/opt/rustwide/rustup-home" "-e" "CARGO_TARGET_DIR=/opt/rustwide/target" "-e" "CARGO_INCREMENTAL=0" "-e" "RUST_BACKTRACE=full" "-e" "RUSTFLAGS=--cap-lints=warn" "-e" "RUSTDOCFLAGS=--cap-lints=warn" "-w" "/opt/rustwide/workdir" "--user" "0:0" "dd7ba4e642d4b879c9ae320a09b66de24d1ed9da51edfd7bd5b2d3ee5eb092f6" "/opt/rustwide/cargo-home/bin/cargo" "+1.99.0-beta.8" "build" "--frozen" "--message-format=json", kill_on_drop: false }`
[INFO] [stderr]    Compiling quote v1.0.45
[INFO] [stderr]    Compiling inventory v0.3.24
[INFO] [stderr]    Compiling dotenvy v0.15.7
[INFO] [stderr]    Compiling syn v2.0.117
[INFO] [stderr]    Compiling tracing-attributes v0.1.31
[INFO] [stderr]    Compiling thiserror-impl v2.0.18
[INFO] [stderr]    Compiling tracing v0.1.44
[INFO] [stderr]    Compiling thiserror v2.0.18
[INFO] [stderr]    Compiling stano-di v0.3.1 (/opt/rustwide/workdir)
[INFO] [stderr]     Finished `dev` profile [unoptimized + debuginfo] target(s) in 9.31s
[INFO] running `Command { std: "docker" "inspect" "dd7ba4e642d4b879c9ae320a09b66de24d1ed9da51edfd7bd5b2d3ee5eb092f6", kill_on_drop: false }`
[INFO] running `Command { std: "docker" "exec" "-e" "SOURCE_DIR=/opt/rustwide/workdir" "-e" "CARGO_HOME=/opt/rustwide/cargo-home" "-e" "RUSTUP_HOME=/opt/rustwide/rustup-home" "-e" "CARGO_TARGET_DIR=/opt/rustwide/target" "-e" "CARGO_INCREMENTAL=0" "-e" "RUST_BACKTRACE=full" "-e" "RUSTFLAGS=--cap-lints=warn" "-e" "RUSTDOCFLAGS=--cap-lints=warn" "-w" "/opt/rustwide/workdir" "--user" "0:0" "dd7ba4e642d4b879c9ae320a09b66de24d1ed9da51edfd7bd5b2d3ee5eb092f6" "/opt/rustwide/cargo-home/bin/cargo" "+1.99.0-beta.8" "test" "--frozen" "--no-run" "--message-format=json", kill_on_drop: false }`
[INFO] [stderr]    Compiling stano-di v0.3.1 (/opt/rustwide/workdir)
[INFO] [stdout] error[E0432]: unresolved import `stano_di_macros`
[INFO] [stdout]  --> tests/macro_integration.rs:4:5
[INFO] [stdout]   |
[INFO] [stdout] 4 | use stano_di_macros::{component, service};
[INFO] [stdout]   |     ^^^^^^^^^^^^^^^ use of unresolved module or unlinked crate `stano_di_macros`
[INFO] [stdout]   |
[INFO] [stdout]   = help: if you wanted to use a crate named `stano_di_macros`, use `cargo add stano_di_macros` to add it to your `Cargo.toml`
[INFO] [stdout] 
[INFO] [stdout] 
[INFO] [stdout] error[E0277]: the trait bound `EnglishGreeter: stano_di::Component` is not satisfied
[INFO] [stdout]    --> tests/macro_integration.rs:33:36
[INFO] [stdout]     |
[INFO] [stdout]  33 |     container.register_component::<EnglishGreeter>();
[INFO] [stdout]     |               ------------------   ^^^^^^^^^^^^^^ unsatisfied trait bound
[INFO] [stdout]     |               |
[INFO] [stdout]     |               required by a bound introduced by this call
[INFO] [stdout]     |
[INFO] [stdout] help: the trait `stano_di::Component` is not implemented for `EnglishGreeter`
[INFO] [stdout]    --> tests/macro_integration.rs:22:1
[INFO] [stdout]     |
[INFO] [stdout]  22 | pub struct EnglishGreeter;
[INFO] [stdout]     | ^^^^^^^^^^^^^^^^^^^^^^^^^
[INFO] [stdout] note: required by a bound in `Container::register_component`
[INFO] [stdout]    --> src/container.rs:167:34
[INFO] [stdout]     |
[INFO] [stdout] 167 |     pub fn register_component<T: Component>(&mut self) {
[INFO] [stdout]     |                                  ^^^^^^^^^ required by this bound in `Container::register_component`
[INFO] [stdout] 
[INFO] [stdout] 
[INFO] [stdout] error[E0277]: the trait bound `dyn Greeter: DynComponent` is not satisfied
[INFO] [stdout]    --> tests/macro_integration.rs:34:41
[INFO] [stdout]     |
[INFO] [stdout]  34 |     let greeter = container.get_trait::<dyn Greeter>();
[INFO] [stdout]     |                             ---------   ^^^^^^^^^^^ the trait `DynComponent` is not implemented for `dyn Greeter`
[INFO] [stdout]     |                             |
[INFO] [stdout]     |                             required by a bound introduced by this call
[INFO] [stdout]     |
[INFO] [stdout] note: required by a bound in `Container::get_trait`
[INFO] [stdout]    --> src/container.rs:225:25
[INFO] [stdout]     |
[INFO] [stdout] 225 |     pub fn get_trait<T: DynComponent + ?Sized>(&self) -> Arc<T>
[INFO] [stdout]     |                         ^^^^^^^^^^^^ required by this bound in `Container::get_trait`
[INFO] [stdout] 
[INFO] [stdout] 
[INFO] [stderr] error: could not compile `stano-di` (test "macro_integration") due to 11 previous errors
[INFO] [stdout] error[E0277]: the trait bound `EnglishGreeter: stano_di::Component` is not satisfied
[INFO] [stdout]   --> tests/macro_integration.rs:41:30
[INFO] [stdout]    |
[INFO] [stdout] 41 |     ctx.register_component::<EnglishGreeter>();
[INFO] [stdout]    |         ------------------   ^^^^^^^^^^^^^^ unsatisfied trait bound
[INFO] [stdout]    |         |
[INFO] [stdout]    |         required by a bound introduced by this call
[INFO] [stdout]    |
[INFO] [stdout] help: the trait `stano_di::Component` is not implemented for `EnglishGreeter`
[INFO] [stdout]   --> tests/macro_integration.rs:22:1
[INFO] [stdout]    |
[INFO] [stdout] 22 | pub struct EnglishGreeter;
[INFO] [stdout]    | ^^^^^^^^^^^^^^^^^^^^^^^^^
[INFO] [stdout] note: required by a bound in `ApplicationContext::register_component`
[INFO] [stdout]   --> src/application_context.rs:44:34
[INFO] [stdout]    |
[INFO] [stdout] 44 |     pub fn register_component<T: Component>(&mut self) {
[INFO] [stdout]    |                                  ^^^^^^^^^ required by this bound in `ApplicationContext::register_component`
[INFO] [stdout] 
[INFO] [stdout] 
[INFO] [stderr] warning: build failed, waiting for other jobs to finish...
[INFO] [stdout] error[E0277]: the trait bound `dyn Greeter: DynComponent` is not satisfied
[INFO] [stdout]   --> tests/macro_integration.rs:42:35
[INFO] [stdout]    |
[INFO] [stdout] 42 |     let greeter = ctx.get_trait::<dyn Greeter>();
[INFO] [stdout]    |                       ---------   ^^^^^^^^^^^ the trait `DynComponent` is not implemented for `dyn Greeter`
[INFO] [stdout]    |                       |
[INFO] [stdout]    |                       required by a bound introduced by this call
[INFO] [stdout]    |
[INFO] [stdout] note: required by a bound in `ApplicationContext::get_trait`
[INFO] [stdout]   --> src/application_context.rs:54:25
[INFO] [stdout]    |
[INFO] [stdout] 54 |     pub fn get_trait<T: DynComponent + ?Sized>(&self) -> Arc<T> {
[INFO] [stdout]    |                         ^^^^^^^^^^^^ required by this bound in `ApplicationContext::get_trait`
[INFO] [stdout] 
[INFO] [stdout] 
[INFO] [stdout] error[E0277]: the trait bound `Logger: stano_di::Component` is not satisfied
[INFO] [stdout]    --> tests/macro_integration.rs:79:36
[INFO] [stdout]     |
[INFO] [stdout]  79 |     container.register_component::<Logger>();
[INFO] [stdout]     |               ------------------   ^^^^^^ unsatisfied trait bound
[INFO] [stdout]     |               |
[INFO] [stdout]     |               required by a bound introduced by this call
[INFO] [stdout]     |
[INFO] [stdout] help: the trait `stano_di::Component` is not implemented for `Logger`
[INFO] [stdout]    --> tests/macro_integration.rs:49:1
[INFO] [stdout]     |
[INFO] [stdout]  49 | pub struct Logger;
[INFO] [stdout]     | ^^^^^^^^^^^^^^^^^
[INFO] [stdout] note: required by a bound in `Container::register_component`
[INFO] [stdout]    --> src/container.rs:167:34
[INFO] [stdout]     |
[INFO] [stdout] 167 |     pub fn register_component<T: Component>(&mut self) {
[INFO] [stdout]     |                                  ^^^^^^^^^ required by this bound in `Container::register_component`
[INFO] [stdout] 
[INFO] [stdout] 
[INFO] [stdout] error[E0277]: the trait bound `LoggingGreeter: stano_di::Component` is not satisfied
[INFO] [stdout]    --> tests/macro_integration.rs:80:36
[INFO] [stdout]     |
[INFO] [stdout]  80 |     container.register_component::<LoggingGreeter>();
[INFO] [stdout]     |               ------------------   ^^^^^^^^^^^^^^ unsatisfied trait bound
[INFO] [stdout]     |               |
[INFO] [stdout]     |               required by a bound introduced by this call
[INFO] [stdout]     |
[INFO] [stdout] help: the trait `stano_di::Component` is not implemented for `LoggingGreeter`
[INFO] [stdout]    --> tests/macro_integration.rs:66:1
[INFO] [stdout]     |
[INFO] [stdout]  66 | pub struct LoggingGreeter {
[INFO] [stdout]     | ^^^^^^^^^^^^^^^^^^^^^^^^^
[INFO] [stdout] note: required by a bound in `Container::register_component`
[INFO] [stdout]    --> src/container.rs:167:34
[INFO] [stdout]     |
[INFO] [stdout] 167 |     pub fn register_component<T: Component>(&mut self) {
[INFO] [stdout]     |                                  ^^^^^^^^^ required by this bound in `Container::register_component`
[INFO] [stdout] 
[INFO] [stdout] 
[INFO] [stdout] error[E0277]: the trait bound `dyn Greeter: DynComponent` is not satisfied
[INFO] [stdout]    --> tests/macro_integration.rs:81:41
[INFO] [stdout]     |
[INFO] [stdout]  81 |     let greeter = container.get_trait::<dyn Greeter>();
[INFO] [stdout]     |                             ---------   ^^^^^^^^^^^ the trait `DynComponent` is not implemented for `dyn Greeter`
[INFO] [stdout]     |                             |
[INFO] [stdout]     |                             required by a bound introduced by this call
[INFO] [stdout]     |
[INFO] [stdout] note: required by a bound in `Container::get_trait`
[INFO] [stdout]    --> src/container.rs:225:25
[INFO] [stdout]     |
[INFO] [stdout] 225 |     pub fn get_trait<T: DynComponent + ?Sized>(&self) -> Arc<T>
[INFO] [stdout]     |                         ^^^^^^^^^^^^ required by this bound in `Container::get_trait`
[INFO] [stdout] 
[INFO] [stdout] 
[INFO] [stdout] error[E0277]: the trait bound `PlainWidget: stano_di::Component` is not satisfied
[INFO] [stdout]    --> tests/macro_integration.rs:105:36
[INFO] [stdout]     |
[INFO] [stdout] 105 |     container.register_component::<PlainWidget>();
[INFO] [stdout]     |               ------------------   ^^^^^^^^^^^ unsatisfied trait bound
[INFO] [stdout]     |               |
[INFO] [stdout]     |               required by a bound introduced by this call
[INFO] [stdout]     |
[INFO] [stdout] help: the trait `stano_di::Component` is not implemented for `PlainWidget`
[INFO] [stdout]    --> tests/macro_integration.rs:88:1
[INFO] [stdout]     |
[INFO] [stdout]  88 | pub struct PlainWidget;
[INFO] [stdout]     | ^^^^^^^^^^^^^^^^^^^^^^
[INFO] [stdout] note: required by a bound in `Container::register_component`
[INFO] [stdout]    --> src/container.rs:167:34
[INFO] [stdout]     |
[INFO] [stdout] 167 |     pub fn register_component<T: Component>(&mut self) {
[INFO] [stdout]     |                                  ^^^^^^^^^ required by this bound in `Container::register_component`
[INFO] [stdout] 
[INFO] [stdout] 
[INFO] [stdout] error[E0277]: the trait bound `Logger: stano_di::Component` is not satisfied
[INFO] [stdout]    --> tests/macro_integration.rs:133:36
[INFO] [stdout]     |
[INFO] [stdout] 133 |     container.register_component::<Logger>();
[INFO] [stdout]     |               ------------------   ^^^^^^ unsatisfied trait bound
[INFO] [stdout]     |               |
[INFO] [stdout]     |               required by a bound introduced by this call
[INFO] [stdout]     |
[INFO] [stdout] help: the trait `stano_di::Component` is not implemented for `Logger`
[INFO] [stdout]    --> tests/macro_integration.rs:49:1
[INFO] [stdout]     |
[INFO] [stdout]  49 | pub struct Logger;
[INFO] [stdout]     | ^^^^^^^^^^^^^^^^^
[INFO] [stdout] note: required by a bound in `Container::register_component`
[INFO] [stdout]    --> src/container.rs:167:34
[INFO] [stdout]     |
[INFO] [stdout] 167 |     pub fn register_component<T: Component>(&mut self) {
[INFO] [stdout]     |                                  ^^^^^^^^^ required by this bound in `Container::register_component`
[INFO] [stdout] 
[INFO] [stdout] 
[INFO] [stdout] error[E0277]: the trait bound `Combo: stano_di::Component` is not satisfied
[INFO] [stdout]    --> tests/macro_integration.rs:134:36
[INFO] [stdout]     |
[INFO] [stdout] 134 |     container.register_component::<Combo>();
[INFO] [stdout]     |               ------------------   ^^^^^ unsatisfied trait bound
[INFO] [stdout]     |               |
[INFO] [stdout]     |               required by a bound introduced by this call
[INFO] [stdout]     |
[INFO] [stdout] help: the trait `stano_di::Component` is not implemented for `Combo`
[INFO] [stdout]    --> tests/macro_integration.rs:112:1
[INFO] [stdout]     |
[INFO] [stdout] 112 | pub struct Combo {
[INFO] [stdout]     | ^^^^^^^^^^^^^^^^
[INFO] [stdout] note: required by a bound in `Container::register_component`
[INFO] [stdout]    --> src/container.rs:167:34
[INFO] [stdout]     |
[INFO] [stdout] 167 |     pub fn register_component<T: Component>(&mut self) {
[INFO] [stdout]     |                                  ^^^^^^^^^ required by this bound in `Container::register_component`
[INFO] [stdout] 
[INFO] [stdout] 
[INFO] [stdout] Some errors have detailed explanations: E0277, E0432.
[INFO] [stdout] 
[INFO] [stdout] For more information about an error, try `rustc --explain E0277`.
[INFO] [stdout] 
[INFO] running `Command { std: "docker" "inspect" "dd7ba4e642d4b879c9ae320a09b66de24d1ed9da51edfd7bd5b2d3ee5eb092f6", kill_on_drop: false }`
[INFO] running `Command { std: "docker" "rm" "-f" "dd7ba4e642d4b879c9ae320a09b66de24d1ed9da51edfd7bd5b2d3ee5eb092f6", kill_on_drop: false }`
[INFO] [stdout] dd7ba4e642d4b879c9ae320a09b66de24d1ed9da51edfd7bd5b2d3ee5eb092f6
