[INFO] fetching crate standout-macros 14.0.0...
[INFO] testing standout-macros-14.0.0 against 1.99.0-beta.8 for beta-1.100-2
[INFO] extracting crate standout-macros 14.0.0 into /workspace/builds/worker-2-tc1/source
[INFO] started tweaking crates.io crate standout-macros 14.0.0
[INFO] removed 0 missing tests
[INFO] finished tweaking crates.io crate standout-macros 14.0.0
[INFO] tweaked toml for crates.io crate standout-macros 14.0.0 written to /workspace/builds/worker-2-tc1/source/Cargo.toml
[INFO] validating manifest of crates.io crate standout-macros 14.0.0 on toolchain 1.99.0-beta.8
[INFO] running `Command { std: CARGO_HOME="/workspace/cargo-home" RUSTUP_HOME="/workspace/rustup-home" "/workspace/cargo-home/bin/cargo" "+1.99.0-beta.8" "metadata" "--manifest-path" "Cargo.toml" "--no-deps", kill_on_drop: false }`
[INFO] crate crates.io crate standout-macros 14.0.0 already has a lockfile, it will not be regenerated
[INFO] running `Command { std: CARGO_HOME="/workspace/cargo-home" RUSTUP_HOME="/workspace/rustup-home" "/workspace/cargo-home/bin/cargo" "+1.99.0-beta.8" "fetch" "--manifest-path" "Cargo.toml", kill_on_drop: false }`
[INFO] [stderr]  Downloading crates ...
[INFO] [stderr]   Downloaded trybuild v1.0.120
[INFO] [stderr]   Downloaded target-triple v1.0.1
[INFO] [stderr]   Downloaded toml v1.1.4+spec-1.1.0
[INFO] running `Command { std: "docker" "create" "-v" "/var/lib/crater-agent-workspace/builds/worker-2-tc1/source:/opt/rustwide/workdir:ro,Z" "-v" "/var/lib/crater-agent-workspace/builds/worker-2-tc1/target:/opt/rustwide/target:rw,Z" "-v" "/var/lib/crater-agent-workspace/cargo-home:/opt/rustwide/cargo-home:ro,Z" "-v" "/var/lib/crater-agent-workspace/rustup-home:/opt/rustwide/rustup-home:ro,Z" "-m" "1610612736" "--network" "none" "ghcr.io/rust-lang/crates-build-env/linux@sha256:3111399a4047eeb3a02b7a90e478d715f38a8c6669b5c4b49d30a17385265909" "sleep" "infinity", kill_on_drop: false }`
[INFO] [stdout] 0ec0e3a59e289927965d19dbb9019bc94ba08e277867f471d4ab98d2abfda93b
[INFO] running `Command { std: "docker" "start" "0ec0e3a59e289927965d19dbb9019bc94ba08e277867f471d4ab98d2abfda93b", kill_on_drop: false }`
[INFO] running `Command { std: "docker" "inspect" "0ec0e3a59e289927965d19dbb9019bc94ba08e277867f471d4ab98d2abfda93b", kill_on_drop: false }`
[INFO] running `Command { std: "docker" "exec" "-e" "SOURCE_DIR=/opt/rustwide/workdir" "-e" "CARGO_HOME=/opt/rustwide/cargo-home" "-e" "RUSTUP_HOME=/opt/rustwide/rustup-home" "-e" "CARGO_TARGET_DIR=/opt/rustwide/target" "-w" "/opt/rustwide/workdir" "--user" "0:0" "0ec0e3a59e289927965d19dbb9019bc94ba08e277867f471d4ab98d2abfda93b" "/opt/rustwide/cargo-home/bin/cargo" "+1.99.0-beta.8" "metadata" "--no-deps" "--format-version=1", kill_on_drop: false }`
[INFO] running `Command { std: "docker" "inspect" "0ec0e3a59e289927965d19dbb9019bc94ba08e277867f471d4ab98d2abfda93b", kill_on_drop: false }`
[INFO] running `Command { std: "docker" "exec" "-e" "SOURCE_DIR=/opt/rustwide/workdir" "-e" "CARGO_HOME=/opt/rustwide/cargo-home" "-e" "RUSTUP_HOME=/opt/rustwide/rustup-home" "-e" "CARGO_TARGET_DIR=/opt/rustwide/target" "-e" "CARGO_INCREMENTAL=0" "-e" "RUST_BACKTRACE=full" "-e" "RUSTFLAGS=--cap-lints=warn" "-e" "RUSTDOCFLAGS=--cap-lints=warn" "-w" "/opt/rustwide/workdir" "--user" "0:0" "0ec0e3a59e289927965d19dbb9019bc94ba08e277867f471d4ab98d2abfda93b" "/opt/rustwide/cargo-home/bin/cargo" "+1.99.0-beta.8" "build" "--frozen" "--message-format=json", kill_on_drop: false }`
[INFO] [stderr]    Compiling indexmap v2.14.0
[INFO] [stderr]    Compiling syn v2.0.119
[INFO] [stderr]    Compiling toml_edit v0.25.13+spec-1.1.0
[INFO] [stderr]    Compiling proc-macro-crate v3.5.0
[INFO] [stderr]    Compiling standout-macros v14.0.0 (/opt/rustwide/workdir)
[INFO] [stderr]     Finished `dev` profile [unoptimized + debuginfo] target(s) in 5.79s
[INFO] running `Command { std: "docker" "inspect" "0ec0e3a59e289927965d19dbb9019bc94ba08e277867f471d4ab98d2abfda93b", kill_on_drop: false }`
[INFO] running `Command { std: "docker" "exec" "-e" "SOURCE_DIR=/opt/rustwide/workdir" "-e" "CARGO_HOME=/opt/rustwide/cargo-home" "-e" "RUSTUP_HOME=/opt/rustwide/rustup-home" "-e" "CARGO_TARGET_DIR=/opt/rustwide/target" "-e" "CARGO_INCREMENTAL=0" "-e" "RUST_BACKTRACE=full" "-e" "RUSTFLAGS=--cap-lints=warn" "-e" "RUSTDOCFLAGS=--cap-lints=warn" "-w" "/opt/rustwide/workdir" "--user" "0:0" "0ec0e3a59e289927965d19dbb9019bc94ba08e277867f471d4ab98d2abfda93b" "/opt/rustwide/cargo-home/bin/cargo" "+1.99.0-beta.8" "test" "--frozen" "--no-run" "--message-format=json", kill_on_drop: false }`
[INFO] [stderr]    Compiling serde_core v1.0.229
[INFO] [stderr]    Compiling proc-macro2 v1.0.107
[INFO] [stderr]    Compiling winnow v1.0.4
[INFO] [stderr]    Compiling hashbrown v0.17.1
[INFO] [stderr]    Compiling target-triple v1.0.1
[INFO] [stderr]    Compiling getrandom v0.4.3
[INFO] [stderr]    Compiling futures-task v0.3.33
[INFO] [stderr]    Compiling quote v1.0.47
[INFO] [stderr]    Compiling futures-core v0.3.33
[INFO] [stderr]    Compiling parking_lot_core v0.9.12
[INFO] [stderr]    Compiling memchr v2.8.3
[INFO] [stderr]    Compiling once_cell v1.21.4
[INFO] [stderr]    Compiling toml_writer v1.1.2+spec-1.1.0
[INFO] [stderr]    Compiling log v0.4.33
[INFO] [stderr]    Compiling glob v0.3.4
[INFO] [stderr]    Compiling termcolor v1.4.1
[INFO] [stderr]    Compiling heck v0.5.0
[INFO] [stderr]    Compiling futures-util v0.3.33
[INFO] [stderr]    Compiling parking_lot v0.12.5
[INFO] [stderr]    Compiling tempfile v3.27.0
[INFO] [stderr]    Compiling indexmap v2.14.0
[INFO] [stderr]    Compiling syn v2.0.119
[INFO] [stderr]    Compiling syn v3.0.3
[INFO] [stderr]    Compiling toml_parser v1.1.3+spec-1.1.0
[INFO] [stderr]    Compiling futures-executor v0.3.33
[INFO] [stderr]    Compiling toml_datetime v1.1.1+spec-1.1.0
[INFO] [stderr]    Compiling serde_spanned v1.1.1
[INFO] [stderr]    Compiling serde_json v1.0.151
[INFO] [stderr]    Compiling toml_edit v0.25.13+spec-1.1.0
[INFO] [stderr]    Compiling toml v1.1.4+spec-1.1.0
[INFO] [stderr]    Compiling serde_derive v1.0.229
[INFO] [stderr]    Compiling proc-macro-crate v3.5.0
[INFO] [stderr]    Compiling serial_test_derive v3.5.0
[INFO] [stderr]    Compiling standout-macros v14.0.0 (/opt/rustwide/workdir)
[INFO] [stderr]    Compiling serde v1.0.229
[INFO] [stderr]    Compiling serial_test v3.5.0
[INFO] [stderr]    Compiling trybuild v1.0.120
[INFO] [stdout] error[E0432]: unresolved import `standout_dispatch`
[INFO] [stdout]  --> tests/contract_derive.rs:2:5
[INFO] [stdout]   |
[INFO] [stdout] 2 | use standout_dispatch::ContractSurface;
[INFO] [stdout]   |     ^^^^^^^^^^^^^^^^^ use of unresolved module or unlinked crate `standout_dispatch`
[INFO] [stdout]   |
[INFO] [stdout]   = help: if you wanted to use a crate named `standout_dispatch`, use `cargo add standout_dispatch` to add it to your `Cargo.toml`
[INFO] [stdout] 
[INFO] [stdout] 
[INFO] [stdout] error[E0433]: cannot find module or crate `standout_input` in this scope
[INFO] [stdout]  --> tests/questionnaire_derive.rs:4:5
[INFO] [stdout]   |
[INFO] [stdout] 4 | use standout_input::env::MockStdin;
[INFO] [stdout]   |     ^^^^^^^^^^^^^^ use of unresolved module or unlinked crate `standout_input`
[INFO] [stdout]   |
[INFO] [stdout]   = help: if you wanted to use a crate named `standout_input`, use `cargo add standout_input` to add it to your `Cargo.toml`
[INFO] [stdout] 
[INFO] [stdout] 
[INFO] [stdout] error[E0433]: cannot find module or crate `standout_input` in this scope
[INFO] [stdout]  --> tests/questionnaire_derive.rs:5:5
[INFO] [stdout]   |
[INFO] [stdout] 5 | use standout_input::questionnaire::QuestionnaireChoices as _;
[INFO] [stdout]   |     ^^^^^^^^^^^^^^ use of unresolved module or unlinked crate `standout_input`
[INFO] [stdout]   |
[INFO] [stdout]   = help: if you wanted to use a crate named `standout_input`, use `cargo add standout_input` to add it to your `Cargo.toml`
[INFO] [stdout] 
[INFO] [stdout] 
[INFO] [stdout] error[E0433]: cannot find module or crate `standout_input` in this scope
[INFO] [stdout]  --> tests/questionnaire_derive.rs:6:5
[INFO] [stdout]   |
[INFO] [stdout] 6 | use standout_input::questionnaire::{
[INFO] [stdout]   |     ^^^^^^^^^^^^^^ use of unresolved module or unlinked crate `standout_input`
[INFO] [stdout]   |
[INFO] [stdout]   = help: if you wanted to use a crate named `standout_input`, use `cargo add standout_input` to add it to your `Cargo.toml`
[INFO] [stdout] 
[INFO] [stdout] 
[INFO] [stdout] error[E0433]: cannot find `standout_dispatch` in the list of imported crates
[INFO] [stdout]  --> tests/contract_derive.rs:5:21
[INFO] [stdout]   |
[INFO] [stdout] 5 | #[derive(Serialize, ContractSurface)]
[INFO] [stdout]   |                     ^^^^^^^^^^^^^^^ could not find `standout_dispatch` in the list of imported crates
[INFO] [stdout]   |
[INFO] [stdout]   = note: this error originates in the derive macro `ContractSurface` (in Nightly builds, run with -Z macro-backtrace for more info)
[INFO] [stdout] 
[INFO] [stdout] 
[INFO] [stdout] error[E0433]: cannot find module or crate `standout_input` in this scope
[INFO] [stdout]    --> tests/questionnaire_derive.rs:177:9
[INFO] [stdout]     |
[INFO] [stdout] 177 |     use standout_input::questionnaire::{Group, Item};
[INFO] [stdout]     |         ^^^^^^^^^^^^^^ use of unresolved module or unlinked crate `standout_input`
[INFO] [stdout]     |
[INFO] [stdout]     = help: if you wanted to use a crate named `standout_input`, use `cargo add standout_input` to add it to your `Cargo.toml`
[INFO] [stdout] 
[INFO] [stdout] 
[INFO] [stdout] error[E0433]: cannot find module or crate `standout_input` in this scope
[INFO] [stdout]    --> tests/questionnaire_derive.rs:945:9
[INFO] [stdout]     |
[INFO] [stdout] 945 |     use standout_input::questionnaire::{Group, Item};
[INFO] [stdout]     |         ^^^^^^^^^^^^^^ use of unresolved module or unlinked crate `standout_input`
[INFO] [stdout]     |
[INFO] [stdout]     = help: if you wanted to use a crate named `standout_input`, use `cargo add standout_input` to add it to your `Cargo.toml`
[INFO] [stdout] 
[INFO] [stdout] 
[INFO] [stdout] error[E0433]: cannot find `standout_dispatch` in the list of imported crates
[INFO] [stdout]   --> tests/contract_derive.rs:11:21
[INFO] [stdout]    |
[INFO] [stdout] 11 | #[derive(Serialize, ContractSurface)]
[INFO] [stdout]    |                     ^^^^^^^^^^^^^^^ could not find `standout_dispatch` in the list of imported crates
[INFO] [stdout]    |
[INFO] [stdout]    = note: this error originates in the derive macro `ContractSurface` (in Nightly builds, run with -Z macro-backtrace for more info)
[INFO] [stdout] 
[INFO] [stdout] 
[INFO] [stdout] Some errors have detailed explanations: E0432, E0433.
[INFO] [stdout] 
[INFO] [stdout] For more information about an error, try `rustc --explain E0432`.
[INFO] [stdout] 
[INFO] [stderr] error: could not compile `standout-macros` (test "contract_derive") due to 3 previous errors
[INFO] [stderr] warning: build failed, waiting for other jobs to finish...
[INFO] [stdout] error[E0432]: unresolved import `standout_input`
[INFO] [stdout]   --> tests/questionnaire_derive.rs:11:5
[INFO] [stdout]    |
[INFO] [stdout] 11 | use standout_input::{InputSources, PromptResponse, ScriptedResponder};
[INFO] [stdout]    |     ^^^^^^^^^^^^^^ use of unresolved module or unlinked crate `standout_input`
[INFO] [stdout]    |
[INFO] [stdout]    = help: if you wanted to use a crate named `standout_input`, use `cargo add standout_input` to add it to your `Cargo.toml`
[INFO] [stdout] 
[INFO] [stdout] 
[INFO] [stdout] error[E0432]: unresolved import `standout_input`
[INFO] [stdout]   --> tests/questionnaire_derive.rs:14:32
[INFO] [stdout]    |
[INFO] [stdout] 14 | #[derive(Debug, PartialEq, Eq, Questionnaire)]
[INFO] [stdout]    |                                ^^^^^^^^^^^^^ no external crate `standout_input`
[INFO] [stdout]    |
[INFO] [stdout]    = note: this error originates in the derive macro `Questionnaire` (in Nightly builds, run with -Z macro-backtrace for more info)
[INFO] [stdout] 
[INFO] [stdout] 
[INFO] [stdout] error[E0432]: unresolved import `standout_input`
[INFO] [stdout]    --> tests/questionnaire_derive.rs:147:32
[INFO] [stdout]     |
[INFO] [stdout] 147 | #[derive(Debug, PartialEq, Eq, Questionnaire)]
[INFO] [stdout]     |                                ^^^^^^^^^^^^^ no external crate `standout_input`
[INFO] [stdout]     |
[INFO] [stdout]     = note: this error originates in the derive macro `Questionnaire` (in Nightly builds, run with -Z macro-backtrace for more info)
[INFO] [stdout] 
[INFO] [stdout] 
[INFO] [stdout] error[E0432]: unresolved import `standout_input`
[INFO] [stdout]    --> tests/questionnaire_derive.rs:158:32
[INFO] [stdout]     |
[INFO] [stdout] 158 | #[derive(Debug, PartialEq, Eq, Questionnaire)]
[INFO] [stdout]     |                                ^^^^^^^^^^^^^ no external crate `standout_input`
[INFO] [stdout]     |
[INFO] [stdout]     = note: this error originates in the derive macro `Questionnaire` (in Nightly builds, run with -Z macro-backtrace for more info)
[INFO] [stdout] 
[INFO] [stdout] 
[INFO] [stdout] error[E0432]: unresolved import `standout_input`
[INFO] [stdout]    --> tests/questionnaire_derive.rs:165:32
[INFO] [stdout]     |
[INFO] [stdout] 165 | #[derive(Debug, PartialEq, Eq, Questionnaire)]
[INFO] [stdout]     |                                ^^^^^^^^^^^^^ no external crate `standout_input`
[INFO] [stdout]     |
[INFO] [stdout]     = note: this error originates in the derive macro `Questionnaire` (in Nightly builds, run with -Z macro-backtrace for more info)
[INFO] [stdout] 
[INFO] [stdout] 
[INFO] [stdout] error[E0432]: unresolved import `standout_input`
[INFO] [stdout]    --> tests/questionnaire_derive.rs:235:32
[INFO] [stdout]     |
[INFO] [stdout] 235 | #[derive(Debug, PartialEq, Eq, Questionnaire)]
[INFO] [stdout]     |                                ^^^^^^^^^^^^^ no external crate `standout_input`
[INFO] [stdout]     |
[INFO] [stdout]     = note: this error originates in the derive macro `Questionnaire` (in Nightly builds, run with -Z macro-backtrace for more info)
[INFO] [stdout] 
[INFO] [stdout] 
[INFO] [stdout] error[E0432]: unresolved import `standout_input`
[INFO] [stdout]    --> tests/questionnaire_derive.rs:278:10
[INFO] [stdout]     |
[INFO] [stdout] 278 | #[derive(Questionnaire)]
[INFO] [stdout]     |          ^^^^^^^^^^^^^ no external crate `standout_input`
[INFO] [stdout]     |
[INFO] [stdout]     = note: this error originates in the derive macro `Questionnaire` (in Nightly builds, run with -Z macro-backtrace for more info)
[INFO] [stdout] 
[INFO] [stdout] 
[INFO] [stdout] error[E0432]: unresolved import `standout_input`
[INFO] [stdout]    --> tests/questionnaire_derive.rs:429:10
[INFO] [stdout]     |
[INFO] [stdout] 429 | #[derive(Questionnaire)]
[INFO] [stdout]     |          ^^^^^^^^^^^^^ no external crate `standout_input`
[INFO] [stdout]     |
[INFO] [stdout]     = note: this error originates in the derive macro `Questionnaire` (in Nightly builds, run with -Z macro-backtrace for more info)
[INFO] [stdout] 
[INFO] [stdout] 
[INFO] [stdout] error[E0432]: unresolved import `standout_input`
[INFO] [stdout]    --> tests/questionnaire_derive.rs:440:10
[INFO] [stdout]     |
[INFO] [stdout] 440 | #[derive(Questionnaire)]
[INFO] [stdout]     |          ^^^^^^^^^^^^^ no external crate `standout_input`
[INFO] [stdout]     |
[INFO] [stdout]     = note: this error originates in the derive macro `Questionnaire` (in Nightly builds, run with -Z macro-backtrace for more info)
[INFO] [stdout] 
[INFO] [stdout] 
[INFO] [stdout] error[E0432]: unresolved import `standout_input`
[INFO] [stdout]    --> tests/questionnaire_derive.rs:462:17
[INFO] [stdout]     |
[INFO] [stdout] 462 | #[derive(Debug, Questionnaire)]
[INFO] [stdout]     |                 ^^^^^^^^^^^^^ no external crate `standout_input`
[INFO] [stdout]     |
[INFO] [stdout]     = note: this error originates in the derive macro `Questionnaire` (in Nightly builds, run with -Z macro-backtrace for more info)
[INFO] [stdout] 
[INFO] [stdout] 
[INFO] [stdout] error[E0432]: unresolved import `standout_input`
[INFO] [stdout]    --> tests/questionnaire_derive.rs:524:45
[INFO] [stdout]     |
[INFO] [stdout] 524 | #[derive(Debug, Clone, Copy, PartialEq, Eq, QuestionnaireChoices)]
[INFO] [stdout]     |                                             ^^^^^^^^^^^^^^^^^^^^ no external crate `standout_input`
[INFO] [stdout]     |
[INFO] [stdout]     = note: this error originates in the derive macro `QuestionnaireChoices` (in Nightly builds, run with -Z macro-backtrace for more info)
[INFO] [stdout] 
[INFO] [stdout] 
[INFO] [stdout] error[E0432]: unresolved import `standout_input`
[INFO] [stdout]    --> tests/questionnaire_derive.rs:534:32
[INFO] [stdout]     |
[INFO] [stdout] 534 | #[derive(Debug, PartialEq, Eq, Questionnaire)]
[INFO] [stdout]     |                                ^^^^^^^^^^^^^ no external crate `standout_input`
[INFO] [stdout]     |
[INFO] [stdout]     = note: this error originates in the derive macro `Questionnaire` (in Nightly builds, run with -Z macro-backtrace for more info)
[INFO] [stdout] 
[INFO] [stdout] 
[INFO] [stdout] error[E0432]: unresolved import `standout_input`
[INFO] [stdout]    --> tests/questionnaire_derive.rs:598:10
[INFO] [stdout]     |
[INFO] [stdout] 598 | #[derive(Questionnaire)]
[INFO] [stdout]     |          ^^^^^^^^^^^^^ no external crate `standout_input`
[INFO] [stdout]     |
[INFO] [stdout]     = note: this error originates in the derive macro `Questionnaire` (in Nightly builds, run with -Z macro-backtrace for more info)
[INFO] [stdout] 
[INFO] [stdout] 
[INFO] [stdout] error[E0432]: unresolved import `standout_input`
[INFO] [stdout]    --> tests/questionnaire_derive.rs:619:45
[INFO] [stdout]     |
[INFO] [stdout] 619 | #[derive(Debug, Clone, Copy, PartialEq, Eq, QuestionnaireChoices)]
[INFO] [stdout]     |                                             ^^^^^^^^^^^^^^^^^^^^ no external crate `standout_input`
[INFO] [stdout]     |
[INFO] [stdout]     = note: this error originates in the derive macro `QuestionnaireChoices` (in Nightly builds, run with -Z macro-backtrace for more info)
[INFO] [stdout] 
[INFO] [stdout] 
[INFO] [stdout] error[E0432]: unresolved import `standout_input`
[INFO] [stdout]    --> tests/questionnaire_derive.rs:629:45
[INFO] [stdout]     |
[INFO] [stdout] 629 | #[derive(Debug, Clone, Copy, PartialEq, Eq, QuestionnaireChoices)]
[INFO] [stdout]     |                                             ^^^^^^^^^^^^^^^^^^^^ no external crate `standout_input`
[INFO] [stdout]     |
[INFO] [stdout]     = note: this error originates in the derive macro `QuestionnaireChoices` (in Nightly builds, run with -Z macro-backtrace for more info)
[INFO] [stdout] 
[INFO] [stdout] 
[INFO] [stdout] error[E0432]: unresolved import `standout_input`
[INFO] [stdout]    --> tests/questionnaire_derive.rs:639:45
[INFO] [stdout]     |
[INFO] [stdout] 639 | #[derive(Debug, Clone, Copy, PartialEq, Eq, QuestionnaireChoices)]
[INFO] [stdout]     |                                             ^^^^^^^^^^^^^^^^^^^^ no external crate `standout_input`
[INFO] [stdout]     |
[INFO] [stdout]     = note: this error originates in the derive macro `QuestionnaireChoices` (in Nightly builds, run with -Z macro-backtrace for more info)
[INFO] [stdout] 
[INFO] [stdout] 
[INFO] [stdout] error[E0432]: unresolved import `standout_input`
[INFO] [stdout]    --> tests/questionnaire_derive.rs:649:10
[INFO] [stdout]     |
[INFO] [stdout] 649 | #[derive(Questionnaire)]
[INFO] [stdout]     |          ^^^^^^^^^^^^^ no external crate `standout_input`
[INFO] [stdout]     |
[INFO] [stdout]     = note: this error originates in the derive macro `Questionnaire` (in Nightly builds, run with -Z macro-backtrace for more info)
[INFO] [stdout] 
[INFO] [stdout] 
[INFO] [stdout] error[E0432]: unresolved import `standout_input`
[INFO] [stdout]    --> tests/questionnaire_derive.rs:658:10
[INFO] [stdout]     |
[INFO] [stdout] 658 | #[derive(Questionnaire)]
[INFO] [stdout]     |          ^^^^^^^^^^^^^ no external crate `standout_input`
[INFO] [stdout]     |
[INFO] [stdout]     = note: this error originates in the derive macro `Questionnaire` (in Nightly builds, run with -Z macro-backtrace for more info)
[INFO] [stdout] 
[INFO] [stdout] 
[INFO] [stdout] error[E0432]: unresolved import `standout_input`
[INFO] [stdout]    --> tests/questionnaire_derive.rs:667:10
[INFO] [stdout]     |
[INFO] [stdout] 667 | #[derive(Questionnaire)]
[INFO] [stdout]     |          ^^^^^^^^^^^^^ no external crate `standout_input`
[INFO] [stdout]     |
[INFO] [stdout]     = note: this error originates in the derive macro `Questionnaire` (in Nightly builds, run with -Z macro-backtrace for more info)
[INFO] [stdout] 
[INFO] [stdout] 
[INFO] [stdout] error[E0432]: unresolved import `standout_input`
[INFO] [stdout]    --> tests/questionnaire_derive.rs:686:45
[INFO] [stdout]     |
[INFO] [stdout] 686 | #[derive(Debug, Clone, Copy, PartialEq, Eq, QuestionnaireChoices)]
[INFO] [stdout]     |                                             ^^^^^^^^^^^^^^^^^^^^ no external crate `standout_input`
[INFO] [stdout]     |
[INFO] [stdout]     = note: this error originates in the derive macro `QuestionnaireChoices` (in Nightly builds, run with -Z macro-backtrace for more info)
[INFO] [stdout] 
[INFO] [stdout] 
[INFO] [stdout] error[E0432]: unresolved import `standout_input`
[INFO] [stdout]    --> tests/questionnaire_derive.rs:720:32
[INFO] [stdout]     |
[INFO] [stdout] 720 | #[derive(Debug, PartialEq, Eq, Questionnaire)]
[INFO] [stdout]     |                                ^^^^^^^^^^^^^ no external crate `standout_input`
[INFO] [stdout]     |
[INFO] [stdout]     = note: this error originates in the derive macro `Questionnaire` (in Nightly builds, run with -Z macro-backtrace for more info)
[INFO] [stdout] 
[INFO] [stdout] 
[INFO] [stdout] error[E0432]: unresolved import `standout_input`
[INFO] [stdout]    --> tests/questionnaire_derive.rs:831:17
[INFO] [stdout]     |
[INFO] [stdout] 831 | #[derive(Debug, Questionnaire)]
[INFO] [stdout]     |                 ^^^^^^^^^^^^^ no external crate `standout_input`
[INFO] [stdout]     |
[INFO] [stdout]     = note: this error originates in the derive macro `Questionnaire` (in Nightly builds, run with -Z macro-backtrace for more info)
[INFO] [stdout] 
[INFO] [stdout] 
[INFO] [stdout] error[E0432]: unresolved import `standout_input`
[INFO] [stdout]    --> tests/questionnaire_derive.rs:849:17
[INFO] [stdout]     |
[INFO] [stdout] 849 | #[derive(Debug, Questionnaire)]
[INFO] [stdout]     |                 ^^^^^^^^^^^^^ no external crate `standout_input`
[INFO] [stdout]     |
[INFO] [stdout]     = note: this error originates in the derive macro `Questionnaire` (in Nightly builds, run with -Z macro-backtrace for more info)
[INFO] [stdout] 
[INFO] [stdout] 
[INFO] [stdout] error[E0432]: unresolved import `standout_input`
[INFO] [stdout]    --> tests/questionnaire_derive.rs:877:32
[INFO] [stdout]     |
[INFO] [stdout] 877 | #[derive(Debug, PartialEq, Eq, Questionnaire)]
[INFO] [stdout]     |                                ^^^^^^^^^^^^^ no external crate `standout_input`
[INFO] [stdout]     |
[INFO] [stdout]     = note: this error originates in the derive macro `Questionnaire` (in Nightly builds, run with -Z macro-backtrace for more info)
[INFO] [stdout] 
[INFO] [stdout] 
[INFO] [stdout] error[E0432]: unresolved import `standout_input`
[INFO] [stdout]    --> tests/questionnaire_derive.rs:888:32
[INFO] [stdout]     |
[INFO] [stdout] 888 | #[derive(Debug, PartialEq, Eq, Questionnaire)]
[INFO] [stdout]     |                                ^^^^^^^^^^^^^ no external crate `standout_input`
[INFO] [stdout]     |
[INFO] [stdout]     = note: this error originates in the derive macro `Questionnaire` (in Nightly builds, run with -Z macro-backtrace for more info)
[INFO] [stdout] 
[INFO] [stdout] 
[INFO] [stdout] error[E0432]: unresolved import `standout_input`
[INFO] [stdout]    --> tests/questionnaire_derive.rs:924:32
[INFO] [stdout]     |
[INFO] [stdout] 924 | #[derive(Debug, PartialEq, Eq, Questionnaire)]
[INFO] [stdout]     |                                ^^^^^^^^^^^^^ no external crate `standout_input`
[INFO] [stdout]     |
[INFO] [stdout]     = note: this error originates in the derive macro `Questionnaire` (in Nightly builds, run with -Z macro-backtrace for more info)
[INFO] [stdout] 
[INFO] [stdout] 
[INFO] [stdout] error[E0432]: unresolved import `standout_input`
[INFO] [stdout]    --> tests/questionnaire_derive.rs:932:32
[INFO] [stdout]     |
[INFO] [stdout] 932 | #[derive(Debug, PartialEq, Eq, Questionnaire)]
[INFO] [stdout]     |                                ^^^^^^^^^^^^^ no external crate `standout_input`
[INFO] [stdout]     |
[INFO] [stdout]     = note: this error originates in the derive macro `Questionnaire` (in Nightly builds, run with -Z macro-backtrace for more info)
[INFO] [stdout] 
[INFO] [stdout] 
[INFO] [stdout] error[E0432]: unresolved import `standout_input`
[INFO] [stdout]     --> tests/questionnaire_derive.rs:1017:14
[INFO] [stdout]      |
[INFO] [stdout] 1017 |     #[derive(Questionnaire)]
[INFO] [stdout]      |              ^^^^^^^^^^^^^ no external crate `standout_input`
[INFO] [stdout]      |
[INFO] [stdout]      = note: this error originates in the derive macro `Questionnaire` (in Nightly builds, run with -Z macro-backtrace for more info)
[INFO] [stdout] 
[INFO] [stdout] 
[INFO] [stdout] error[E0432]: unresolved import `standout_input`
[INFO] [stdout]     --> tests/questionnaire_derive.rs:1025:14
[INFO] [stdout]      |
[INFO] [stdout] 1025 |     #[derive(Questionnaire)]
[INFO] [stdout]      |              ^^^^^^^^^^^^^ no external crate `standout_input`
[INFO] [stdout]      |
[INFO] [stdout]      = note: this error originates in the derive macro `Questionnaire` (in Nightly builds, run with -Z macro-backtrace for more info)
[INFO] [stdout] 
[INFO] [stdout] 
[INFO] [stdout] error[E0432]: unresolved import `standout_input`
[INFO] [stdout]     --> tests/questionnaire_derive.rs:1045:10
[INFO] [stdout]      |
[INFO] [stdout] 1045 | #[derive(Questionnaire)]
[INFO] [stdout]      |          ^^^^^^^^^^^^^ no external crate `standout_input`
[INFO] [stdout]      |
[INFO] [stdout]      = note: this error originates in the derive macro `Questionnaire` (in Nightly builds, run with -Z macro-backtrace for more info)
[INFO] [stdout] 
[INFO] [stdout] 
[INFO] [stdout] error[E0432]: unresolved import `standout_input`
[INFO] [stdout]     --> tests/questionnaire_derive.rs:1054:10
[INFO] [stdout]      |
[INFO] [stdout] 1054 | #[derive(Questionnaire)]
[INFO] [stdout]      |          ^^^^^^^^^^^^^ no external crate `standout_input`
[INFO] [stdout]      |
[INFO] [stdout]      = note: this error originates in the derive macro `Questionnaire` (in Nightly builds, run with -Z macro-backtrace for more info)
[INFO] [stdout] 
[INFO] [stdout] 
[INFO] [stdout] error[E0432]: unresolved import `standout_input`
[INFO] [stdout]     --> tests/questionnaire_derive.rs:1077:10
[INFO] [stdout]      |
[INFO] [stdout] 1077 | #[derive(Questionnaire)]
[INFO] [stdout]      |          ^^^^^^^^^^^^^ no external crate `standout_input`
[INFO] [stdout]      |
[INFO] [stdout]      = note: this error originates in the derive macro `Questionnaire` (in Nightly builds, run with -Z macro-backtrace for more info)
[INFO] [stdout] 
[INFO] [stdout] 
[INFO] [stdout] error[E0432]: unresolved import `standout_input`
[INFO] [stdout]     --> tests/questionnaire_derive.rs:1089:10
[INFO] [stdout]      |
[INFO] [stdout] 1089 | #[derive(Questionnaire)]
[INFO] [stdout]      |          ^^^^^^^^^^^^^ no external crate `standout_input`
[INFO] [stdout]      |
[INFO] [stdout]      = note: this error originates in the derive macro `Questionnaire` (in Nightly builds, run with -Z macro-backtrace for more info)
[INFO] [stdout] 
[INFO] [stdout] 
[INFO] [stdout] Some errors have detailed explanations: E0432, E0433.
[INFO] [stdout] 
[INFO] [stdout] For more information about an error, try `rustc --explain E0432`.
[INFO] [stdout] 
[INFO] [stderr] error: could not compile `standout-macros` (test "questionnaire_derive") due to 38 previous errors
[INFO] running `Command { std: "docker" "inspect" "0ec0e3a59e289927965d19dbb9019bc94ba08e277867f471d4ab98d2abfda93b", kill_on_drop: false }`
[INFO] running `Command { std: "docker" "rm" "-f" "0ec0e3a59e289927965d19dbb9019bc94ba08e277867f471d4ab98d2abfda93b", kill_on_drop: false }`
[INFO] [stdout] 0ec0e3a59e289927965d19dbb9019bc94ba08e277867f471d4ab98d2abfda93b
