[INFO] fetching crate sshenv_vault 0.0.1-alpha.3...
[INFO] testing sshenv_vault-0.0.1-alpha.3 against 1.99.0-beta.8 for beta-1.100-2
[INFO] extracting crate sshenv_vault 0.0.1-alpha.3 into /workspace/builds/worker-2-tc1/source
[INFO] started tweaking crates.io crate sshenv_vault 0.0.1-alpha.3
[INFO] finished tweaking crates.io crate sshenv_vault 0.0.1-alpha.3
[INFO] tweaked toml for crates.io crate sshenv_vault 0.0.1-alpha.3 written to /workspace/builds/worker-2-tc1/source/Cargo.toml
[INFO] validating manifest of crates.io crate sshenv_vault 0.0.1-alpha.3 on toolchain 1.99.0-beta.8
[INFO] running `Command { std: CARGO_HOME="/workspace/cargo-home" RUSTUP_HOME="/workspace/rustup-home" "/workspace/cargo-home/bin/cargo" "+1.99.0-beta.8" "metadata" "--manifest-path" "Cargo.toml" "--no-deps", kill_on_drop: false }`
[INFO] crate crates.io crate sshenv_vault 0.0.1-alpha.3 already has a lockfile, it will not be regenerated
[INFO] running `Command { std: CARGO_HOME="/workspace/cargo-home" RUSTUP_HOME="/workspace/rustup-home" "/workspace/cargo-home/bin/cargo" "+1.99.0-beta.8" "fetch" "--manifest-path" "Cargo.toml", kill_on_drop: false }`
[INFO] [stderr]     Updating crates.io index
[INFO] [stderr]  Downloading crates ...
[INFO] [stderr]   Downloaded wsl v0.1.0
[INFO] [stderr]   Downloaded scrypt v0.11.0
[INFO] [stderr]   Downloaded sshenv_vault_models v0.0.1-alpha.3
[INFO] [stderr]   Downloaded rtoolbox v0.0.6
[INFO] [stderr]   Downloaded rust-embed-utils v8.12.0
[INFO] [stderr]   Downloaded rust-embed-impl v8.12.0
[INFO] [stderr]   Downloaded kem v0.3.0-pre.0
[INFO] [stderr]   Downloaded age v0.12.1
[INFO] [stderr]   Downloaded proc-macro-error-attr3 v3.1.1
[INFO] [stderr]   Downloaded i18n-embed-impl v0.8.4
[INFO] [stderr]   Downloaded ml-kem v0.2.3
[INFO] [stderr]   Downloaded find-crate v0.6.3
[INFO] [stderr]   Downloaded hybrid-array v0.2.3
[INFO] [stderr]   Downloaded i18n-embed-fl v0.10.1
[INFO] [stderr]   Downloaded proc-macro-error3 v3.1.1
[INFO] [stderr]   Downloaded i18n-embed v0.16.0
[INFO] [stderr]   Downloaded i18n-config v0.4.8
[INFO] [stderr]   Downloaded cookie-factory v0.3.3
[INFO] [stderr]   Downloaded rust-embed v8.12.0
[INFO] [stderr]   Downloaded dbl v0.5.0
[INFO] [stderr]   Downloaded aes-siv v0.8.0
[INFO] [stderr]   Downloaded age-core v0.12.0
[INFO] [stderr]   Downloaded io_tee v0.1.1
[INFO] [stderr]   Downloaded hpke v0.12.0
[INFO] [stderr]   Downloaded cmac v0.8.0
[INFO] running `Command { std: "docker" "create" "-v" "/var/lib/crater-agent-workspace/builds/worker-2-tc1/source:/opt/rustwide/workdir:ro,Z" "-v" "/var/lib/crater-agent-workspace/builds/worker-2-tc1/target:/opt/rustwide/target:rw,Z" "-v" "/var/lib/crater-agent-workspace/cargo-home:/opt/rustwide/cargo-home:ro,Z" "-v" "/var/lib/crater-agent-workspace/rustup-home:/opt/rustwide/rustup-home:ro,Z" "-m" "1610612736" "--network" "none" "ghcr.io/rust-lang/crates-build-env/linux@sha256:3111399a4047eeb3a02b7a90e478d715f38a8c6669b5c4b49d30a17385265909" "sleep" "infinity", kill_on_drop: false }`
[INFO] [stdout] 138bc579dee4196813d53aac641f0450c5f0f426be5fdfe0bccc8df4f9e5f479
[INFO] running `Command { std: "docker" "start" "138bc579dee4196813d53aac641f0450c5f0f426be5fdfe0bccc8df4f9e5f479", kill_on_drop: false }`
[INFO] running `Command { std: "docker" "inspect" "138bc579dee4196813d53aac641f0450c5f0f426be5fdfe0bccc8df4f9e5f479", kill_on_drop: false }`
[INFO] running `Command { std: "docker" "exec" "-e" "SOURCE_DIR=/opt/rustwide/workdir" "-e" "CARGO_HOME=/opt/rustwide/cargo-home" "-e" "RUSTUP_HOME=/opt/rustwide/rustup-home" "-e" "CARGO_TARGET_DIR=/opt/rustwide/target" "-w" "/opt/rustwide/workdir" "--user" "0:0" "138bc579dee4196813d53aac641f0450c5f0f426be5fdfe0bccc8df4f9e5f479" "/opt/rustwide/cargo-home/bin/cargo" "+1.99.0-beta.8" "metadata" "--no-deps" "--format-version=1", kill_on_drop: false }`
[INFO] running `Command { std: "docker" "inspect" "138bc579dee4196813d53aac641f0450c5f0f426be5fdfe0bccc8df4f9e5f479", kill_on_drop: false }`
[INFO] running `Command { std: "docker" "exec" "-e" "SOURCE_DIR=/opt/rustwide/workdir" "-e" "CARGO_HOME=/opt/rustwide/cargo-home" "-e" "RUSTUP_HOME=/opt/rustwide/rustup-home" "-e" "CARGO_TARGET_DIR=/opt/rustwide/target" "-e" "CARGO_INCREMENTAL=0" "-e" "RUST_BACKTRACE=full" "-e" "RUSTFLAGS=--cap-lints=warn" "-e" "RUSTDOCFLAGS=--cap-lints=warn" "-w" "/opt/rustwide/workdir" "--user" "0:0" "138bc579dee4196813d53aac641f0450c5f0f426be5fdfe0bccc8df4f9e5f479" "/opt/rustwide/cargo-home/bin/cargo" "+1.99.0-beta.8" "build" "--frozen" "--message-format=json", kill_on_drop: false }`
[INFO] [stderr]    Compiling syn v2.0.119
[INFO] [stderr]    Compiling syn v3.0.5
[INFO] [stderr]    Compiling const-oid v0.9.6
[INFO] [stderr]    Compiling generic-array v0.14.7
[INFO] [stderr]    Compiling serde v1.0.229
[INFO] [stderr]    Compiling crypto-common v0.2.2
[INFO] [stderr]    Compiling unicase v2.9.0
[INFO] [stderr]    Compiling ctutils v0.4.2
[INFO] [stderr]    Compiling type-map v0.5.1
[INFO] [stderr]    Compiling getrandom v0.2.17
[INFO] [stderr]    Compiling mime v0.3.17
[INFO] [stderr]    Compiling self_cell v1.3.0
[INFO] [stderr]    Compiling num-traits v0.2.19
[INFO] [stderr]    Compiling futures-sink v0.3.34
[INFO] [stderr]    Compiling base16ct v0.2.0
[INFO] [stderr]    Compiling curve25519-dalek v4.1.3
[INFO] [stderr]    Compiling futures-channel v0.3.34
[INFO] [stderr]    Compiling inout v0.2.2
[INFO] [stderr]    Compiling base64ct v1.8.3
[INFO] [stderr]    Compiling futures-io v0.3.34
[INFO] [stderr]    Compiling rand_core v0.6.4
[INFO] [stderr]    Compiling mime_guess v2.0.5
[INFO] [stderr]    Compiling parking_lot_core v0.9.12
[INFO] [stderr]    Compiling arc-swap v1.9.2
[INFO] [stderr]    Compiling num-bigint-dig v0.8.6
[INFO] [stderr]    Compiling spin v0.9.9
[INFO] [stderr]    Compiling pem-rfc7468 v0.7.0
[INFO] [stderr]    Compiling proc-macro-error-attr3 v3.1.1
[INFO] [stderr]    Compiling ff v0.13.1
[INFO] [stderr]    Compiling rand_chacha v0.3.1
[INFO] [stderr]    Compiling parking_lot v0.12.5
[INFO] [stderr]    Compiling lazy_static v1.5.0
[INFO] [stderr]    Compiling byteorder v1.5.0
[INFO] [stderr]    Compiling dbl v0.5.0
[INFO] [stderr]    Compiling group v0.13.0
[INFO] [stderr]    Compiling nom v8.0.0
[INFO] [stderr]    Compiling hybrid-array v0.2.3
[INFO] [stderr]    Compiling io_tee v0.1.1
[INFO] [stderr]    Compiling serde_json v1.0.151
[INFO] [stderr]    Compiling anyhow v1.0.104
[INFO] [stderr]    Compiling rand v0.8.8
[INFO] [stderr]    Compiling dirs-sys v0.5.0
[INFO] [stderr]    Compiling password-hash v0.5.0
[INFO] [stderr]    Compiling rtoolbox v0.0.6
[INFO] [stderr]    Compiling windows-link v0.2.1
[INFO] [stderr]    Compiling once_cell v1.21.4
[INFO] [stderr]    Compiling num-integer v0.1.47
[INFO] [stderr]    Compiling tempfile v3.27.0
[INFO] [stderr]    Compiling rpassword v7.5.4
[INFO] [stderr]    Compiling digest v0.11.3
[INFO] [stderr]    Compiling num-iter v0.1.46
[INFO] [stderr]    Compiling cipher v0.5.2
[INFO] [stderr]    Compiling aead v0.6.1
[INFO] [stderr]    Compiling dirs v6.0.0
[INFO] [stderr]    Compiling windows-sys v0.61.2
[INFO] [stderr]    Compiling sha2 v0.11.0
[INFO] [stderr]    Compiling hex v0.4.3
[INFO] [stderr]    Compiling hmac v0.13.0
[INFO] [stderr]    Compiling aes v0.9.3
[INFO] [stderr]    Compiling cmac v0.8.0
[INFO] [stderr]    Compiling ctr v0.10.1
[INFO] [stderr]    Compiling hkdf v0.13.0
[INFO] [stderr]    Compiling aes-siv v0.8.0
[INFO] [stderr]    Compiling rust-embed-utils v8.12.0
[INFO] [stderr]    Compiling proc-macro-error3 v3.1.1
[INFO] [stderr]    Compiling displaydoc v0.2.7
[INFO] [stderr]    Compiling serde_derive v1.0.229
[INFO] [stderr]    Compiling thiserror-impl v2.0.20
[INFO] [stderr]    Compiling futures-macro v0.3.34
[INFO] [stderr]    Compiling tinystr v0.8.4
[INFO] [stderr]    Compiling unic-langid-impl v0.9.6
[INFO] [stderr]    Compiling unic-langid v0.9.6
[INFO] [stderr]    Compiling intl-memoizer v0.5.3
[INFO] [stderr]    Compiling fluent-langneg v0.13.1
[INFO] [stderr]    Compiling intl_pluralrules v7.0.2
[INFO] [stderr]    Compiling thiserror v2.0.20
[INFO] [stderr]    Compiling futures-util v0.3.34
[INFO] [stderr]    Compiling fluent-syntax v0.12.0
[INFO] [stderr]    Compiling fluent-bundle v0.16.0
[INFO] [stderr]    Compiling zeroize_derive v1.5.0
[INFO] [stderr]    Compiling thiserror-impl v1.0.69
[INFO] [stderr]    Compiling rust-embed-impl v8.12.0
[INFO] [stderr]    Compiling curve25519-dalek-derive v0.1.1
[INFO] [stderr]    Compiling pin-project-internal v1.1.13
[INFO] [stderr]    Compiling zeroize v1.9.0
[INFO] [stderr]    Compiling der v0.7.10
[INFO] [stderr]    Compiling secrecy v0.10.3
[INFO] [stderr]    Compiling kem v0.3.0-pre.0
[INFO] [stderr]    Compiling rust-embed v8.12.0
[INFO] [stderr]    Compiling fluent v0.17.0
[INFO] [stderr]    Compiling crypto-common v0.1.7
[INFO] [stderr]    Compiling block-buffer v0.10.4
[INFO] [stderr]    Compiling block-padding v0.3.3
[INFO] [stderr]    Compiling crypto-bigint v0.5.5
[INFO] [stderr]    Compiling universal-hash v0.5.1
[INFO] [stderr]    Compiling aead v0.5.2
[INFO] [stderr]    Compiling inout v0.1.4
[INFO] [stderr]    Compiling polyval v0.6.2
[INFO] [stderr]    Compiling poly1305 v0.8.0
[INFO] [stderr]    Compiling pin-project v1.1.13
[INFO] [stderr]    Compiling digest v0.10.7
[INFO] [stderr]    Compiling cipher v0.4.4
[INFO] [stderr]    Compiling hmac v0.12.1
[INFO] [stderr]    Compiling sha2 v0.10.9
[INFO] [stderr]    Compiling signature v2.2.0
[INFO] [stderr]    Compiling sha3 v0.10.9
[INFO] [stderr]    Compiling ghash v0.5.1
[INFO] [stderr]    Compiling thiserror v1.0.69
[INFO] [stderr]    Compiling aes v0.8.4
[INFO] [stderr]    Compiling ctr v0.9.2
[INFO] [stderr]    Compiling chacha20 v0.9.1
[INFO] [stderr]    Compiling ed25519 v2.2.3
[INFO] [stderr]    Compiling salsa20 v0.10.2
[INFO] [stderr]    Compiling hkdf v0.12.4
[INFO] [stderr]    Compiling pbkdf2 v0.12.2
[INFO] [stderr]    Compiling ssh-encoding v0.2.0
[INFO] [stderr]    Compiling blowfish v0.9.1
[INFO] [stderr]    Compiling scrypt v0.11.0
[INFO] [stderr]    Compiling ml-kem v0.2.3
[INFO] [stderr]    Compiling cbc v0.1.2
[INFO] [stderr]    Compiling blake2 v0.10.6
[INFO] [stderr]    Compiling aes-gcm v0.10.3
[INFO] [stderr]    Compiling chacha20poly1305 v0.10.1
[INFO] [stderr]    Compiling ssh-cipher v0.2.0
[INFO] [stderr]    Compiling bcrypt-pbkdf v0.10.0
[INFO] [stderr]    Compiling argon2 v0.5.3
[INFO] [stderr]    Compiling sec1 v0.7.3
[INFO] [stderr]    Compiling spki v0.7.3
[INFO] [stderr]    Compiling x25519-dalek v2.0.1
[INFO] [stderr]    Compiling ed25519-dalek v2.2.0
[INFO] [stderr]    Compiling pkcs8 v0.10.2
[INFO] [stderr]    Compiling ssh-key v0.6.7
[INFO] [stderr]    Compiling pkcs1 v0.7.5
[INFO] [stderr]    Compiling elliptic-curve v0.13.8
[INFO] [stderr]    Compiling rsa v0.9.10
[INFO] [stderr]    Compiling primeorder v0.13.6
[INFO] [stderr]    Compiling p256 v0.13.2
[INFO] [stderr]    Compiling futures-executor v0.3.34
[INFO] [stderr]    Compiling hpke v0.12.0
[INFO] [stderr]    Compiling futures v0.3.34
[INFO] [stderr]    Compiling sshenv_vault_models v0.0.1-alpha.3
[INFO] [stderr]    Compiling cookie-factory v0.3.3
[INFO] [stderr]    Compiling toml v0.5.11
[INFO] [stderr]    Compiling basic-toml v0.1.10
[INFO] [stderr]    Compiling age-core v0.12.0
[INFO] [stderr]    Compiling i18n-config v0.4.8
[INFO] [stderr]    Compiling find-crate v0.6.3
[INFO] [stderr]    Compiling i18n-embed-impl v0.8.4
[INFO] [stderr]    Compiling i18n-embed v0.16.0
[INFO] [stderr]    Compiling i18n-embed-fl v0.10.1
[INFO] [stderr]    Compiling age v0.12.1
[INFO] [stderr]    Compiling sshenv_vault v0.0.1-alpha.3 (/opt/rustwide/workdir)
[INFO] [stderr]     Finished `dev` profile [unoptimized + debuginfo] target(s) in 38.43s
[INFO] running `Command { std: "docker" "inspect" "138bc579dee4196813d53aac641f0450c5f0f426be5fdfe0bccc8df4f9e5f479", kill_on_drop: false }`
[INFO] running `Command { std: "docker" "exec" "-e" "SOURCE_DIR=/opt/rustwide/workdir" "-e" "CARGO_HOME=/opt/rustwide/cargo-home" "-e" "RUSTUP_HOME=/opt/rustwide/rustup-home" "-e" "CARGO_TARGET_DIR=/opt/rustwide/target" "-e" "CARGO_INCREMENTAL=0" "-e" "RUST_BACKTRACE=full" "-e" "RUSTFLAGS=--cap-lints=warn" "-e" "RUSTDOCFLAGS=--cap-lints=warn" "-w" "/opt/rustwide/workdir" "--user" "0:0" "138bc579dee4196813d53aac641f0450c5f0f426be5fdfe0bccc8df4f9e5f479" "/opt/rustwide/cargo-home/bin/cargo" "+1.99.0-beta.8" "test" "--frozen" "--no-run" "--message-format=json", kill_on_drop: false }`
[INFO] [stderr]    Compiling sshenv_vault v0.0.1-alpha.3 (/opt/rustwide/workdir)
[INFO] [stdout] error[E0599]: no method named `to_openssh` found for reference `&ssh_key::PublicKey` in the current scope
[INFO] [stdout]    --> src/identity.rs:583:46
[INFO] [stdout]     |
[INFO] [stdout] 583 |         let pub_line = priv_key.public_key().to_openssh().expect("pub");
[INFO] [stdout]     |                                              ^^^^^^^^^^
[INFO] [stdout]     |
[INFO] [stdout] help: there is a method `encode_openssh` with a similar name, but with different arguments
[INFO] [stdout]    --> /opt/rustwide/cargo-home/registry/src/index.crates.io-1949cf8c6b5b557f/ssh-key-0.6.7/src/public.rs:140:5
[INFO] [stdout]     |
[INFO] [stdout] 140 |     pub fn encode_openssh<'o>(&self, out: &'o mut [u8]) -> Result<&'o str> {
[INFO] [stdout]     |     ^^^^^^^^^^^^^^^^^^^^^^^^^^^^^^^^^^^^^^^^^^^^^^^^^^^^^^^^^^^^^^^^^^^^^^
[INFO] [stdout] 
[INFO] [stdout] 
[INFO] [stdout] error[E0599]: no method named `to_openssh` found for struct `PrivateKey` in the current scope
[INFO] [stdout]    --> src/identity.rs:585:14
[INFO] [stdout]     |
[INFO] [stdout] 584 |           let priv_pem = priv_key
[INFO] [stdout]     |  ________________________-
[INFO] [stdout] 585 | |             .to_openssh(LineEnding::LF)
[INFO] [stdout]     | |_____________-^^^^^^^^^^
[INFO] [stdout]     |
[INFO] [stdout] help: there is a method `encode_openssh` with a similar name, but with different arguments
[INFO] [stdout]    --> /opt/rustwide/cargo-home/registry/src/index.crates.io-1949cf8c6b5b557f/ssh-key-0.6.7/src/private.rs:244:5
[INFO] [stdout]     |
[INFO] [stdout] 244 | /     pub fn encode_openssh<'o>(
[INFO] [stdout] 245 | |         &self,
[INFO] [stdout] 246 | |         line_ending: LineEnding,
[INFO] [stdout] 247 | |         out: &'o mut [u8],
[INFO] [stdout] 248 | |     ) -> Result<&'o str> {
[INFO] [stdout]     | |________________________^
[INFO] [stdout] 
[INFO] [stdout] 
[INFO] [stdout] error[E0599]: no method named `to_openssh` found for struct `PrivateKey` in the current scope
[INFO] [stdout]     --> src/lib.rs:2570:18
[INFO] [stdout]      |
[INFO] [stdout] 2569 | /             private
[INFO] [stdout] 2570 | |                 .to_openssh(ssh_key::LineEnding::LF)
[INFO] [stdout]      | |_________________-^^^^^^^^^^
[INFO] [stdout]      |
[INFO] [stdout] help: there is a method `encode_openssh` with a similar name, but with different arguments
[INFO] [stdout]     --> /opt/rustwide/cargo-home/registry/src/index.crates.io-1949cf8c6b5b557f/ssh-key-0.6.7/src/private.rs:244:5
[INFO] [stdout]      |
[INFO] [stdout]  244 | /     pub fn encode_openssh<'o>(
[INFO] [stdout]  245 | |         &self,
[INFO] [stdout]  246 | |         line_ending: LineEnding,
[INFO] [stdout]  247 | |         out: &'o mut [u8],
[INFO] [stdout]  248 | |     ) -> Result<&'o str> {
[INFO] [stdout]      | |________________________^
[INFO] [stdout] 
[INFO] [stdout] 
[INFO] [stdout] error[E0599]: no method named `to_openssh` found for reference `&ssh_key::PublicKey` in the current scope
[INFO] [stdout]     --> src/lib.rs:2580:41
[INFO] [stdout]      |
[INFO] [stdout] 2580 |             .init(&private.public_key().to_openssh().unwrap())
[INFO] [stdout]      |                                         ^^^^^^^^^^
[INFO] [stdout]      |
[INFO] [stdout] help: there is a method `encode_openssh` with a similar name, but with different arguments
[INFO] [stdout]     --> /opt/rustwide/cargo-home/registry/src/index.crates.io-1949cf8c6b5b557f/ssh-key-0.6.7/src/public.rs:140:5
[INFO] [stdout]      |
[INFO] [stdout]  140 |     pub fn encode_openssh<'o>(&self, out: &'o mut [u8]) -> Result<&'o str> {
[INFO] [stdout]      |     ^^^^^^^^^^^^^^^^^^^^^^^^^^^^^^^^^^^^^^^^^^^^^^^^^^^^^^^^^^^^^^^^^^^^^^
[INFO] [stdout] 
[INFO] [stdout] 
[INFO] [stdout] error[E0599]: no method named `to_openssh` found for reference `&ssh_key::PublicKey` in the current scope
[INFO] [stdout]     --> src/lib.rs:2710:14
[INFO] [stdout]      |
[INFO] [stdout] 2708 |           let pub_key_line = priv_key
[INFO] [stdout]      |  ____________________________-
[INFO] [stdout] 2709 | |             .public_key()
[INFO] [stdout] 2710 | |             .to_openssh()
[INFO] [stdout]      | |_____________-^^^^^^^^^^
[INFO] [stdout]      |
[INFO] [stdout] help: there is a method `encode_openssh` with a similar name, but with different arguments
[INFO] [stdout]     --> /opt/rustwide/cargo-home/registry/src/index.crates.io-1949cf8c6b5b557f/ssh-key-0.6.7/src/public.rs:140:5
[INFO] [stdout]      |
[INFO] [stdout]  140 |     pub fn encode_openssh<'o>(&self, out: &'o mut [u8]) -> Result<&'o str> {
[INFO] [stdout]      |     ^^^^^^^^^^^^^^^^^^^^^^^^^^^^^^^^^^^^^^^^^^^^^^^^^^^^^^^^^^^^^^^^^^^^^^
[INFO] [stdout] 
[INFO] [stdout] 
[INFO] [stdout] error[E0599]: no method named `to_openssh` found for struct `PrivateKey` in the current scope
[INFO] [stdout]     --> src/lib.rs:2713:14
[INFO] [stdout]      |
[INFO] [stdout] 2712 |           let privkey_pem = priv_key
[INFO] [stdout]      |  ___________________________-
[INFO] [stdout] 2713 | |             .to_openssh(ssh_key::LineEnding::LF)
[INFO] [stdout]      | |_____________-^^^^^^^^^^
[INFO] [stdout]      |
[INFO] [stdout] help: there is a method `encode_openssh` with a similar name, but with different arguments
[INFO] [stdout]     --> /opt/rustwide/cargo-home/registry/src/index.crates.io-1949cf8c6b5b557f/ssh-key-0.6.7/src/private.rs:244:5
[INFO] [stdout]      |
[INFO] [stdout]  244 | /     pub fn encode_openssh<'o>(
[INFO] [stdout]  245 | |         &self,
[INFO] [stdout]  246 | |         line_ending: LineEnding,
[INFO] [stdout]  247 | |         out: &'o mut [u8],
[INFO] [stdout]  248 | |     ) -> Result<&'o str> {
[INFO] [stdout]      | |________________________^
[INFO] [stdout] 
[INFO] [stdout] 
[INFO] [stdout] For more information about this error, try `rustc --explain E0599`.
[INFO] [stdout] 
[INFO] [stderr] error: could not compile `sshenv_vault` (lib test) due to 6 previous errors
[INFO] running `Command { std: "docker" "inspect" "138bc579dee4196813d53aac641f0450c5f0f426be5fdfe0bccc8df4f9e5f479", kill_on_drop: false }`
[INFO] running `Command { std: "docker" "rm" "-f" "138bc579dee4196813d53aac641f0450c5f0f426be5fdfe0bccc8df4f9e5f479", kill_on_drop: false }`
[INFO] [stdout] 138bc579dee4196813d53aac641f0450c5f0f426be5fdfe0bccc8df4f9e5f479
