[INFO] fetching crate sshcerts-hatter-fork 0.14.1...
[INFO] testing sshcerts-hatter-fork-0.14.1 against 1.99.0-beta.8 for beta-1.100-2
[INFO] extracting crate sshcerts-hatter-fork 0.14.1 into /workspace/builds/worker-1-tc1/source
[INFO] started tweaking crates.io crate sshcerts-hatter-fork 0.14.1
[INFO] removed 0 missing examples
[INFO] removed 0 missing tests
[INFO] finished tweaking crates.io crate sshcerts-hatter-fork 0.14.1
[INFO] tweaked toml for crates.io crate sshcerts-hatter-fork 0.14.1 written to /workspace/builds/worker-1-tc1/source/Cargo.toml
[INFO] validating manifest of crates.io crate sshcerts-hatter-fork 0.14.1 on toolchain 1.99.0-beta.8
[INFO] running `Command { std: CARGO_HOME="/workspace/cargo-home" RUSTUP_HOME="/workspace/rustup-home" "/workspace/cargo-home/bin/cargo" "+1.99.0-beta.8" "metadata" "--manifest-path" "Cargo.toml" "--no-deps", kill_on_drop: false }`
[INFO] crate crates.io crate sshcerts-hatter-fork 0.14.1 already has a lockfile, it will not be regenerated
[INFO] running `Command { std: CARGO_HOME="/workspace/cargo-home" RUSTUP_HOME="/workspace/rustup-home" "/workspace/cargo-home/bin/cargo" "+1.99.0-beta.8" "fetch" "--manifest-path" "Cargo.toml", kill_on_drop: false }`
[INFO] [stderr]     Updating crates.io index
[INFO] [stderr]  Downloading crates ...
[INFO] [stderr]   Downloaded serde v1.0.227
[INFO] [stderr]   Downloaded x509 v0.2.0
[INFO] [stderr]   Downloaded lexical-parse-integer v1.0.6
[INFO] [stderr]   Downloaded windows-interface v0.59.2
[INFO] [stderr]   Downloaded ff v0.12.1
[INFO] [stderr]   Downloaded spki v0.6.0
[INFO] [stderr]   Downloaded base16ct v0.1.1
[INFO] [stderr]   Downloaded pcsc-sys v1.3.0
[INFO] [stderr]   Downloaded rfc6979 v0.3.1
[INFO] [stderr]   Downloaded der-oid-macro v0.5.0
[INFO] [stderr]   Downloaded windows-strings v0.5.0
[INFO] [stderr]   Downloaded windows-result v0.4.0
[INFO] [stderr]   Downloaded simple_asn1 v0.5.4
[INFO] [stderr]   Downloaded lexical-core v1.0.6
[INFO] [stderr]   Downloaded pad v0.1.6
[INFO] [stderr]   Downloaded serde_derive v1.0.227
[INFO] [stderr]   Downloaded serde_core v1.0.227
[INFO] [stderr]   Downloaded cookie-factory v0.3.3
[INFO] [stderr]   Downloaded windows-implement v0.60.1
[INFO] [stderr]   Downloaded pem-rfc7468 v0.6.0
[INFO] [stderr]   Downloaded pcsc v2.9.0
[INFO] [stderr]   Downloaded pkcs8 v0.9.0
[INFO] [stderr]   Downloaded sec1 v0.3.0
[INFO] [stderr]   Downloaded group v0.12.1
[INFO] [stderr]   Downloaded pem v3.0.5
[INFO] [stderr]   Downloaded windows-core v0.62.1
[INFO] [stderr]   Downloaded bcrypt-pbkdf v0.6.1
[INFO] [stderr]   Downloaded ecdsa v0.14.8
[INFO] [stderr]   Downloaded minicbor v0.13.2
[INFO] [stderr]   Downloaded csv-core v0.1.12
[INFO] [stderr]   Downloaded criterion-plot v0.4.5
[INFO] [stderr]   Downloaded pbkdf2 v0.8.0
[INFO] [stderr]   Downloaded yubikey v0.7.0
[INFO] [stderr]   Downloaded find-msvc-tools v0.1.2
[INFO] [stderr]   Downloaded pkcs1 v0.4.1
[INFO] [stderr]   Downloaded crypto-bigint v0.4.9
[INFO] [stderr]   Downloaded des v0.8.1
[INFO] [stderr]   Downloaded env_logger v0.8.4
[INFO] [stderr]   Downloaded runloop v0.1.0
[INFO] [stderr]   Downloaded libudev v0.2.0
[INFO] [stderr]   Downloaded devd-rs v0.3.6
[INFO] [stderr]   Downloaded crypto-mac v0.11.1
[INFO] [stderr]   Downloaded rsa v0.7.2
[INFO] [stderr]   Downloaded elliptic-curve v0.12.3
[INFO] [stderr]   Downloaded rcgen v0.11.3
[INFO] [stderr]   Downloaded der-parser v6.0.1
[INFO] [stderr]   Downloaded der v0.6.1
[INFO] [stderr]   Downloaded p256 v0.11.1
[INFO] [stderr]   Downloaded lexical-write-integer v1.0.6
[INFO] [stderr]   Downloaded half v2.6.0
[INFO] [stderr]   Downloaded x509-parser v0.15.1
[INFO] [stderr]   Downloaded ctap-hid-fido2 v3.5.5
[INFO] [stderr]   Downloaded x509-parser v0.17.0
[INFO] [stderr]   Downloaded cc v1.2.39
[INFO] [stderr]   Downloaded lexical-util v1.0.7
[INFO] [stderr]   Downloaded lexical-write-float v1.0.6
[INFO] [stderr]   Downloaded hidapi v2.6.3
[INFO] [stderr]   Downloaded criterion v0.3.6
[INFO] [stderr]   Downloaded openssl-sys v0.9.109
[INFO] [stderr]   Downloaded num-bigint-dig v0.8.4
[INFO] [stderr]   Downloaded lexical-parse-float v1.0.6
[INFO] [stderr]   Downloaded p384 v0.11.2
[INFO] [stderr]   Downloaded authenticator v0.4.1
[INFO] [stderr]   Downloaded openssl v0.10.73
[INFO] [stderr]   Downloaded csv v1.3.1
[INFO] running `Command { std: "docker" "create" "-v" "/var/lib/crater-agent-workspace/builds/worker-1-tc1/source:/opt/rustwide/workdir:ro,Z" "-v" "/var/lib/crater-agent-workspace/builds/worker-1-tc1/target:/opt/rustwide/target:rw,Z" "-v" "/var/lib/crater-agent-workspace/cargo-home:/opt/rustwide/cargo-home:ro,Z" "-v" "/var/lib/crater-agent-workspace/rustup-home:/opt/rustwide/rustup-home:ro,Z" "-m" "1610612736" "--network" "none" "ghcr.io/rust-lang/crates-build-env/linux@sha256:3111399a4047eeb3a02b7a90e478d715f38a8c6669b5c4b49d30a17385265909" "sleep" "infinity", kill_on_drop: false }`
[INFO] [stdout] afb5987c490efa02af836ea1dfa9cf68fab1ea69a8b7873ae4fa77411f941a31
[INFO] running `Command { std: "docker" "start" "afb5987c490efa02af836ea1dfa9cf68fab1ea69a8b7873ae4fa77411f941a31", kill_on_drop: false }`
[INFO] running `Command { std: "docker" "inspect" "afb5987c490efa02af836ea1dfa9cf68fab1ea69a8b7873ae4fa77411f941a31", kill_on_drop: false }`
[INFO] running `Command { std: "docker" "exec" "-e" "SOURCE_DIR=/opt/rustwide/workdir" "-e" "CARGO_HOME=/opt/rustwide/cargo-home" "-e" "RUSTUP_HOME=/opt/rustwide/rustup-home" "-e" "CARGO_TARGET_DIR=/opt/rustwide/target" "-w" "/opt/rustwide/workdir" "--user" "0:0" "afb5987c490efa02af836ea1dfa9cf68fab1ea69a8b7873ae4fa77411f941a31" "/opt/rustwide/cargo-home/bin/cargo" "+1.99.0-beta.8" "metadata" "--no-deps" "--format-version=1", kill_on_drop: false }`
[INFO] running `Command { std: "docker" "inspect" "afb5987c490efa02af836ea1dfa9cf68fab1ea69a8b7873ae4fa77411f941a31", kill_on_drop: false }`
[INFO] running `Command { std: "docker" "exec" "-e" "SOURCE_DIR=/opt/rustwide/workdir" "-e" "CARGO_HOME=/opt/rustwide/cargo-home" "-e" "RUSTUP_HOME=/opt/rustwide/rustup-home" "-e" "CARGO_TARGET_DIR=/opt/rustwide/target" "-e" "CARGO_INCREMENTAL=0" "-e" "RUST_BACKTRACE=full" "-e" "RUSTFLAGS=--cap-lints=warn" "-e" "RUSTDOCFLAGS=--cap-lints=warn" "-w" "/opt/rustwide/workdir" "--user" "0:0" "afb5987c490efa02af836ea1dfa9cf68fab1ea69a8b7873ae4fa77411f941a31" "/opt/rustwide/cargo-home/bin/cargo" "+1.99.0-beta.8" "build" "--frozen" "--message-format=json", kill_on_drop: false }`
[INFO] [stderr]    Compiling proc-macro2 v1.0.101
[INFO] [stderr]    Compiling unicode-ident v1.0.19
[INFO] [stderr]    Compiling libc v0.2.176
[INFO] [stderr]    Compiling cfg-if v1.0.3
[INFO] [stderr]    Compiling subtle v2.4.1
[INFO] [stderr]    Compiling const-oid v0.9.6
[INFO] [stderr]    Compiling libm v0.2.15
[INFO] [stderr]    Compiling find-msvc-tools v0.1.2
[INFO] [stderr]    Compiling memchr v2.7.6
[INFO] [stderr]    Compiling shlex v1.3.0
[INFO] [stderr]    Compiling base64ct v1.8.0
[INFO] [stderr]    Compiling num-traits v0.2.19
[INFO] [stderr]    Compiling serde_core v1.0.227
[INFO] [stderr]    Compiling time-core v0.1.6
[INFO] [stderr]    Compiling deranged v0.5.4
[INFO] [stderr]    Compiling minimal-lexical v0.2.1
[INFO] [stderr]    Compiling zerocopy v0.8.27
[INFO] [stderr]    Compiling unicode-xid v0.2.6
[INFO] [stderr]    Compiling serde v1.0.227
[INFO] [stderr]    Compiling futures-sink v0.3.31
[INFO] [stderr]    Compiling time-macros v0.2.24
[INFO] [stderr]    Compiling digest v0.10.7
[INFO] [stderr]    Compiling futures-core v0.3.31
[INFO] [stderr]    Compiling cc v1.2.39
[INFO] [stderr]    Compiling futures-channel v0.3.31
[INFO] [stderr]    Compiling slab v0.4.11
[INFO] [stderr]    Compiling spin v0.9.8
[INFO] [stderr]    Compiling pem-rfc7468 v0.6.0
[INFO] [stderr]    Compiling hmac v0.12.1
[INFO] [stderr]    Compiling base16ct v0.1.1
[INFO] [stderr]    Compiling lazy_static v1.5.0
[INFO] [stderr]    Compiling byteorder v1.5.0
[INFO] [stderr]    Compiling oid-registry v0.6.1
[INFO] [stderr]    Compiling hkdf v0.12.4
[INFO] [stderr]    Compiling sha2 v0.10.9
[INFO] [stderr]    Compiling cipher v0.3.0
[INFO] [stderr]    Compiling libudev-sys v0.1.4
[INFO] [stderr]    Compiling nom v7.1.3
[INFO] [stderr]    Compiling pcsc-sys v1.3.0
[INFO] [stderr]    Compiling num-bigint-dig v0.8.4
[INFO] [stderr]    Compiling bitflags v2.9.4
[INFO] [stderr]    Compiling opaque-debug v0.3.1
[INFO] [stderr]    Compiling iana-time-zone v0.1.64
[INFO] [stderr]    Compiling inout v0.1.4
[INFO] [stderr]    Compiling data-encoding v2.9.0
[INFO] [stderr]    Compiling untrusted v0.7.1
[INFO] [stderr]    Compiling smallvec v1.15.1
[INFO] [stderr]    Compiling serde_json v1.0.145
[INFO] [stderr]    Compiling quote v1.0.40
[INFO] [stderr]    Compiling openssl v0.10.73
[INFO] [stderr]    Compiling spin v0.5.2
[INFO] [stderr]    Compiling cipher v0.4.4
[INFO] [stderr]    Compiling crypto-mac v0.11.1
[INFO] [stderr]    Compiling block-buffer v0.9.0
[INFO] [stderr]    Compiling digest v0.9.0
[INFO] [stderr]    Compiling minicbor v0.13.2
[INFO] [stderr]    Compiling authenticator v0.4.1
[INFO] [stderr]    Compiling base64 v0.22.1
[INFO] [stderr]    Compiling base64 v0.13.1
[INFO] [stderr]    Compiling syn v2.0.106
[INFO] [stderr]    Compiling syn v1.0.109
[INFO] [stderr]    Compiling log v0.4.28
[INFO] [stderr]    Compiling des v0.8.1
[INFO] [stderr]    Compiling sha2 v0.9.9
[INFO] [stderr]    Compiling num-integer v0.1.46
[INFO] [stderr]    Compiling pbkdf2 v0.8.0
[INFO] [stderr]    Compiling pcsc v2.9.0
[INFO] [stderr]    Compiling blowfish v0.8.0
[INFO] [stderr]    Compiling openssl-sys v0.9.109
[INFO] [stderr]    Compiling ring v0.16.20
[INFO] [stderr]    Compiling ring v0.17.14
[INFO] [stderr]    Compiling getrandom v0.2.16
[INFO] [stderr]    Compiling time v0.3.44
[INFO] [stderr]    Compiling getrandom v0.3.3
[INFO] [stderr]    Compiling rand_core v0.6.4
[INFO] [stderr]    Compiling num-bigint v0.4.6
[INFO] [stderr]    Compiling libudev v0.2.0
[INFO] [stderr]    Compiling uuid v1.18.1
[INFO] [stderr]    Compiling pem v3.0.5
[INFO] [stderr]    Compiling ff v0.12.1
[INFO] [stderr]    Compiling signature v1.6.4
[INFO] [stderr]    Compiling group v0.12.1
[INFO] [stderr]    Compiling ctr v0.8.0
[INFO] [stderr]    Compiling pbkdf2 v0.11.0
[INFO] [stderr]    Compiling sha1 v0.10.6
[INFO] [stderr]    Compiling runloop v0.1.0
[INFO] [stderr]    Compiling aes v0.7.5
[INFO] [stderr]    Compiling rusticata-macros v4.1.0
[INFO] [stderr]    Compiling chrono v0.4.42
[INFO] [stderr]    Compiling serde_bytes v0.11.19
[INFO] [stderr]    Compiling num-iter v0.1.45
[INFO] [stderr]    Compiling ppv-lite86 v0.2.21
[INFO] [stderr]    Compiling rand_chacha v0.3.1
[INFO] [stderr]    Compiling rand v0.8.5
[INFO] [stderr]    Compiling yasna v0.5.2
[INFO] [stderr]    Compiling rcgen v0.11.3
[INFO] [stderr]    Compiling synstructure v0.12.6
[INFO] [stderr]    Compiling zeroize_derive v1.4.2
[INFO] [stderr]    Compiling thiserror-impl v1.0.69
[INFO] [stderr]    Compiling serde_derive v1.0.227
[INFO] [stderr]    Compiling displaydoc v0.2.5
[INFO] [stderr]    Compiling futures-macro v0.3.31
[INFO] [stderr]    Compiling openssl-macros v0.1.1
[INFO] [stderr]    Compiling asn1-rs-derive v0.4.0
[INFO] [stderr]    Compiling asn1-rs-impl v0.1.0
[INFO] [stderr]    Compiling der-oid-macro v0.5.0
[INFO] [stderr]    Compiling der-parser v6.0.1
[INFO] [stderr]    Compiling zeroize v1.8.1
[INFO] [stderr]    Compiling der v0.6.1
[INFO] [stderr]    Compiling crypto-bigint v0.4.9
[INFO] [stderr]    Compiling secrecy v0.8.0
[INFO] [stderr]    Compiling bcrypt-pbkdf v0.6.1
[INFO] [stderr]    Compiling futures-util v0.3.31
[INFO] [stderr]    Compiling rfc6979 v0.3.1
[INFO] [stderr]    Compiling thiserror v1.0.69
[INFO] [stderr]    Compiling asn1-rs v0.5.2
[INFO] [stderr]    Compiling simple_asn1 v0.5.4
[INFO] [stderr]    Compiling spki v0.6.0
[INFO] [stderr]    Compiling pkcs8 v0.9.0
[INFO] [stderr]    Compiling sec1 v0.3.0
[INFO] [stderr]    Compiling pkcs1 v0.4.1
[INFO] [stderr]    Compiling elliptic-curve v0.12.3
[INFO] [stderr]    Compiling ecdsa v0.14.8
[INFO] [stderr]    Compiling der-parser v8.2.0
[INFO] [stderr]    Compiling p384 v0.11.2
[INFO] [stderr]    Compiling p256 v0.11.1
[INFO] [stderr]    Compiling x509-parser v0.14.0
[INFO] [stderr]    Compiling x509-parser v0.15.1
[INFO] [stderr]    Compiling serde_cbor v0.11.2
[INFO] [stderr]    Compiling futures-executor v0.3.31
[INFO] [stderr]    Compiling futures v0.3.31
[INFO] [stderr]    Compiling cookie-factory v0.3.3
[INFO] [stderr]    Compiling x509 v0.2.0
[INFO] [stderr]    Compiling rsa v0.7.2
[INFO] [stderr]    Compiling yubikey v0.7.0
[INFO] [stderr]    Compiling sshcerts-hatter-fork v0.14.1 (/opt/rustwide/workdir)
[INFO] [stderr]     Finished `dev` profile [unoptimized + debuginfo] target(s) in 54.81s
[INFO] [stderr] warning: the following packages contain code that will be rejected by a future version of Rust: num-bigint-dig v0.8.4
[INFO] [stderr] note: to see what the problems were, use the option `--future-incompat-report`, or run `cargo report future-incompatibilities --id 3`
[INFO] running `Command { std: "docker" "inspect" "afb5987c490efa02af836ea1dfa9cf68fab1ea69a8b7873ae4fa77411f941a31", kill_on_drop: false }`
[INFO] running `Command { std: "docker" "exec" "-e" "SOURCE_DIR=/opt/rustwide/workdir" "-e" "CARGO_HOME=/opt/rustwide/cargo-home" "-e" "RUSTUP_HOME=/opt/rustwide/rustup-home" "-e" "CARGO_TARGET_DIR=/opt/rustwide/target" "-e" "CARGO_INCREMENTAL=0" "-e" "RUST_BACKTRACE=full" "-e" "RUSTFLAGS=--cap-lints=warn" "-e" "RUSTDOCFLAGS=--cap-lints=warn" "-w" "/opt/rustwide/workdir" "--user" "0:0" "afb5987c490efa02af836ea1dfa9cf68fab1ea69a8b7873ae4fa77411f941a31" "/opt/rustwide/cargo-home/bin/cargo" "+1.99.0-beta.8" "test" "--frozen" "--no-run" "--message-format=json", kill_on_drop: false }`
[INFO] [stderr]    Compiling crossbeam-epoch v0.9.18
[INFO] [stderr]    Compiling aho-corasick v1.1.3
[INFO] [stderr]    Compiling regex-syntax v0.8.6
[INFO] [stderr]    Compiling log v0.4.28
[INFO] [stderr]    Compiling rayon-core v1.13.0
[INFO] [stderr]    Compiling indexmap v1.9.3
[INFO] [stderr]    Compiling atty v0.2.14
[INFO] [stderr]    Compiling unicode-width v0.1.14
[INFO] [stderr]    Compiling plotters-backend v0.3.7
[INFO] [stderr]    Compiling itertools v0.10.5
[INFO] [stderr]    Compiling csv-core v0.1.12
[INFO] [stderr]    Compiling cast v0.3.0
[INFO] [stderr]    Compiling os_str_bytes v6.6.1
[INFO] [stderr]    Compiling same-file v1.0.6
[INFO] [stderr]    Compiling tinytemplate v1.2.1
[INFO] [stderr]    Compiling textwrap v0.16.2
[INFO] [stderr]    Compiling plotters-svg v0.3.7
[INFO] [stderr]    Compiling walkdir v2.5.0
[INFO] [stderr]    Compiling oorandom v11.1.5
[INFO] [stderr]    Compiling humantime v2.3.0
[INFO] [stderr]    Compiling yubikey v0.7.0
[INFO] [stderr]    Compiling clap_lex v0.2.4
[INFO] [stderr]    Compiling plotters v0.3.7
[INFO] [stderr]    Compiling textwrap v0.11.0
[INFO] [stderr]    Compiling csv v1.3.1
[INFO] [stderr]    Compiling crossbeam-deque v0.8.6
[INFO] [stderr]    Compiling authenticator v0.4.1
[INFO] [stderr]    Compiling clap v2.34.0
[INFO] [stderr]    Compiling clap v3.2.25
[INFO] [stderr]    Compiling rayon v1.11.0
[INFO] [stderr]    Compiling regex-automata v0.4.11
[INFO] [stderr]    Compiling criterion-plot v0.4.5
[INFO] [stderr]    Compiling sshcerts-hatter-fork v0.14.1 (/opt/rustwide/workdir)
[INFO] [stderr]    Compiling regex v1.11.3
[INFO] [stderr]    Compiling env_logger v0.8.4
[INFO] [stderr]    Compiling criterion v0.3.6
[INFO] [stdout] error[E0433]: cannot find module or crate `sshcerts` in this scope
[INFO] [stdout]  --> tests/sk-pubkey.rs:1:5
[INFO] [stdout]   |
[INFO] [stdout] 1 | use sshcerts::ssh::PublicKey;
[INFO] [stdout]   |     ^^^^^^^^ use of unresolved module or unlinked crate `sshcerts`
[INFO] [stdout]   |
[INFO] [stdout]   = help: if you wanted to use a crate named `sshcerts`, use `cargo add sshcerts` to add it to your `Cargo.toml`
[INFO] [stdout] 
[INFO] [stdout] 
[INFO] [stdout] For more information about this error, try `rustc --explain E0433`.
[INFO] [stdout] 
[INFO] [stdout] error[E0433]: cannot find module or crate `sshcerts` in this scope
[INFO] [stdout]  --> tests/allowed-signers.rs:1:5
[INFO] [stdout]   |
[INFO] [stdout] 1 | use sshcerts::ssh::AllowedSigners;
[INFO] [stdout]   |     ^^^^^^^^ use of unresolved module or unlinked crate `sshcerts`
[INFO] [stdout]   |
[INFO] [stdout]   = help: if you wanted to use a crate named `sshcerts`, use `cargo add sshcerts` to add it to your `Cargo.toml`
[INFO] [stdout] 
[INFO] [stdout] 
[INFO] [stderr] error: could not compile `sshcerts-hatter-fork` (test "sk-pubkey") due to 1 previous error
[INFO] [stderr] warning: build failed, waiting for other jobs to finish...
[INFO] [stdout] error[E0433]: cannot find module or crate `sshcerts` in this scope
[INFO] [stdout]  --> tests/signature-bad.rs:1:5
[INFO] [stdout]   |
[INFO] [stdout] 1 | use sshcerts::{
[INFO] [stdout]   |     ^^^^^^^^ use of unresolved module or unlinked crate `sshcerts`
[INFO] [stdout]   |
[INFO] [stdout]   = help: if you wanted to use a crate named `sshcerts`, use `cargo add sshcerts` to add it to your `Cargo.toml`
[INFO] [stdout] 
[INFO] [stdout] 
[INFO] [stdout] error[E0433]: cannot find module or crate `sshcerts` in this scope
[INFO] [stdout]  --> tests/privkey_encrypted.rs:1:5
[INFO] [stdout]   |
[INFO] [stdout] 1 | use sshcerts::ssh::{PrivateKey, PrivateKeyKind};
[INFO] [stdout]   |     ^^^^^^^^ use of unresolved module or unlinked crate `sshcerts`
[INFO] [stdout]   |
[INFO] [stdout]   = help: if you wanted to use a crate named `sshcerts`, use `cargo add sshcerts` to add it to your `Cargo.toml`
[INFO] [stdout] 
[INFO] [stdout] 
[INFO] [stdout] error[E0433]: cannot find module or crate `sshcerts` in this scope
[INFO] [stdout]  --> tests/cert-creation-parse-rsa.rs:1:5
[INFO] [stdout]   |
[INFO] [stdout] 1 | use sshcerts::ssh::{CertType, Certificate, PrivateKey, PublicKey};
[INFO] [stdout]   |     ^^^^^^^^ use of unresolved module or unlinked crate `sshcerts`
[INFO] [stdout]   |
[INFO] [stdout]   = help: if you wanted to use a crate named `sshcerts`, use `cargo add sshcerts` to add it to your `Cargo.toml`
[INFO] [stdout] 
[INFO] [stdout] 
[INFO] [stdout] error[E0433]: cannot find module or crate `sshcerts` in this scope
[INFO] [stdout]  --> tests/writer.rs:1:5
[INFO] [stdout]   |
[INFO] [stdout] 1 | use sshcerts::ssh::Writer;
[INFO] [stdout]   |     ^^^^^^^^ use of unresolved module or unlinked crate `sshcerts`
[INFO] [stdout]   |
[INFO] [stdout]   = help: if you wanted to use a crate named `sshcerts`, use `cargo add sshcerts` to add it to your `Cargo.toml`
[INFO] [stdout] 
[INFO] [stdout] 
[INFO] [stdout] error[E0433]: cannot find module or crate `sshcerts` in this scope
[INFO] [stdout]  --> examples/ssh-pubkey-from-cert.rs:4:5
[INFO] [stdout]   |
[INFO] [stdout] 4 | use sshcerts::ssh::Certificate;
[INFO] [stdout]   |     ^^^^^^^^ use of unresolved module or unlinked crate `sshcerts`
[INFO] [stdout]   |
[INFO] [stdout]   = help: if you wanted to use a crate named `sshcerts`, use `cargo add sshcerts` to add it to your `Cargo.toml`
[INFO] [stdout] 
[INFO] [stdout] 
[INFO] [stdout] error[E0433]: cannot find module or crate `sshcerts` in this scope
[INFO] [stdout]  --> tests/cert-options.rs:1:5
[INFO] [stdout]   |
[INFO] [stdout] 1 | use sshcerts::ssh::Certificate;
[INFO] [stdout]   |     ^^^^^^^^ use of unresolved module or unlinked crate `sshcerts`
[INFO] [stdout]   |
[INFO] [stdout]   = help: if you wanted to use a crate named `sshcerts`, use `cargo add sshcerts` to add it to your `Cargo.toml`
[INFO] [stdout] 
[INFO] [stdout] 
[INFO] [stdout] error[E0433]: cannot find module or crate `sshcerts` in this scope
[INFO] [stdout]  --> tests/allowed-signer.rs:1:5
[INFO] [stdout]   |
[INFO] [stdout] 1 | use sshcerts::error::Error;
[INFO] [stdout]   |     ^^^^^^^^ use of unresolved module or unlinked crate `sshcerts`
[INFO] [stdout]   |
[INFO] [stdout]   = help: if you wanted to use a crate named `sshcerts`, use `cargo add sshcerts` to add it to your `Cargo.toml`
[INFO] [stdout] 
[INFO] [stdout] 
[INFO] [stdout] error[E0433]: cannot find module or crate `sshcerts` in this scope
[INFO] [stdout]  --> tests/allowed-signer.rs:2:5
[INFO] [stdout]   |
[INFO] [stdout] 2 | use sshcerts::ssh::{AllowedSigner, AllowedSignerParsingError};
[INFO] [stdout]   |     ^^^^^^^^ use of unresolved module or unlinked crate `sshcerts`
[INFO] [stdout]   |
[INFO] [stdout]   = help: if you wanted to use a crate named `sshcerts`, use `cargo add sshcerts` to add it to your `Cargo.toml`
[INFO] [stdout] 
[INFO] [stdout] 
[INFO] [stdout] error[E0433]: cannot find module or crate `sshcerts` in this scope
[INFO] [stdout]  --> tests/cert-creation-parse.rs:3:5
[INFO] [stdout]   |
[INFO] [stdout] 3 | use sshcerts::ssh::{CertType, Certificate, PrivateKey, PublicKey};
[INFO] [stdout]   |     ^^^^^^^^ use of unresolved module or unlinked crate `sshcerts`
[INFO] [stdout]   |
[INFO] [stdout]   = help: if you wanted to use a crate named `sshcerts`, use `cargo add sshcerts` to add it to your `Cargo.toml`
[INFO] [stdout] 
[INFO] [stdout] 
[INFO] [stdout] error[E0433]: cannot find module or crate `sshcerts` in this scope
[INFO] [stdout]  --> tests/cert-creation-parse.rs:4:5
[INFO] [stdout]   |
[INFO] [stdout] 4 | use sshcerts::utils::format_signature_for_ssh;
[INFO] [stdout]   |     ^^^^^^^^ use of unresolved module or unlinked crate `sshcerts`
[INFO] [stdout]   |
[INFO] [stdout]   = help: if you wanted to use a crate named `sshcerts`, use `cargo add sshcerts` to add it to your `Cargo.toml`
[INFO] [stdout] 
[INFO] [stdout] 
[INFO] [stdout] For more information about this error, try `rustc --explain E0433`.
[INFO] [stdout] 
[INFO] [stderr] error: could not compile `sshcerts-hatter-fork` (test "allowed-signers") due to 1 previous error
[INFO] [stdout] error[E0433]: cannot find module or crate `sshcerts` in this scope
[INFO] [stdout]  --> tests/signature-creation.rs:1:5
[INFO] [stdout]   |
[INFO] [stdout] 1 | use sshcerts::{
[INFO] [stdout]   |     ^^^^^^^^ use of unresolved module or unlinked crate `sshcerts`
[INFO] [stdout]   |
[INFO] [stdout]   = help: if you wanted to use a crate named `sshcerts`, use `cargo add sshcerts` to add it to your `Cargo.toml`
[INFO] [stdout] 
[INFO] [stdout] 
[INFO] [stdout] For more information about this error, try `rustc --explain E0433`.
[INFO] [stdout] 
[INFO] [stdout] For more information about this error, try `rustc --explain E0433`.
[INFO] [stdout] 
[INFO] [stdout] For more information about this error, try `rustc --explain E0433`.
[INFO] [stdout] 
[INFO] [stdout] For more information about this error, try `rustc --explain E0433`.
[INFO] [stdout] 
[INFO] [stderr] error: could not compile `sshcerts-hatter-fork` (example "ssh-pubkey-from-cert") due to 1 previous error
[INFO] [stdout] error[E0433]: cannot find module or crate `sshcerts` in this scope
[INFO] [stdout]  --> tests/cert-rsa.rs:1:5
[INFO] [stdout]   |
[INFO] [stdout] 1 | use sshcerts::ssh::Certificate;
[INFO] [stdout]   |     ^^^^^^^^ use of unresolved module or unlinked crate `sshcerts`
[INFO] [stdout]   |
[INFO] [stdout]   = help: if you wanted to use a crate named `sshcerts`, use `cargo add sshcerts` to add it to your `Cargo.toml`
[INFO] [stdout] 
[INFO] [stdout] 
[INFO] [stderr] error: could not compile `sshcerts-hatter-fork` (test "cert-options") due to 1 previous error
[INFO] [stderr] error: could not compile `sshcerts-hatter-fork` (test "privkey-encrypted") due to 1 previous error
[INFO] [stderr] error: could not compile `sshcerts-hatter-fork` (test "cert-creation-parse-rsa") due to 1 previous error
[INFO] [stdout] For more information about this error, try `rustc --explain E0433`.
[INFO] [stdout] 
[INFO] [stdout] For more information about this error, try `rustc --explain E0433`.
[INFO] [stdout] 
[INFO] [stdout] For more information about this error, try `rustc --explain E0433`.
[INFO] [stdout] 
[INFO] [stderr] error: could not compile `sshcerts-hatter-fork` (test "cert-rsa") due to 1 previous error
[INFO] [stderr] error: could not compile `sshcerts-hatter-fork` (test "cert-creation-parse") due to 2 previous errors
[INFO] [stderr] error: could not compile `sshcerts-hatter-fork` (test "writer") due to 1 previous error
[INFO] [stdout] error[E0433]: cannot find module or crate `sshcerts` in this scope
[INFO] [stdout]  --> tests/privkey.rs:1:5
[INFO] [stdout]   |
[INFO] [stdout] 1 | use sshcerts::ssh::{PrivateKey, PrivateKeyKind};
[INFO] [stdout]   |     ^^^^^^^^ use of unresolved module or unlinked crate `sshcerts`
[INFO] [stdout]   |
[INFO] [stdout]   = help: if you wanted to use a crate named `sshcerts`, use `cargo add sshcerts` to add it to your `Cargo.toml`
[INFO] [stdout] 
[INFO] [stdout] 
[INFO] [stdout] For more information about this error, try `rustc --explain E0433`.
[INFO] [stdout] 
[INFO] [stderr] error: could not compile `sshcerts-hatter-fork` (test "allowed-signer") due to 2 previous errors
[INFO] [stdout] For more information about this error, try `rustc --explain E0433`.
[INFO] [stdout] 
[INFO] [stderr] error: could not compile `sshcerts-hatter-fork` (test "privkey") due to 1 previous error
[INFO] [stdout] error[E0432]: unresolved import `sshcerts`
[INFO] [stdout]  --> examples/sign-cert-with-file.rs:5:5
[INFO] [stdout]   |
[INFO] [stdout] 5 | use sshcerts::*;
[INFO] [stdout]   |     ^^^^^^^^ use of unresolved module or unlinked crate `sshcerts`
[INFO] [stdout]   |
[INFO] [stdout]   = help: if you wanted to use a crate named `sshcerts`, use `cargo add sshcerts` to add it to your `Cargo.toml`
[INFO] [stdout] 
[INFO] [stdout] 
[INFO] [stdout] error[E0433]: cannot find module or crate `sshcerts` in this scope
[INFO] [stdout]  --> examples/sign-cert-with-yubikey.rs:5:5
[INFO] [stdout]   |
[INFO] [stdout] 5 | use sshcerts::ssh::SSHCertificateSigner;
[INFO] [stdout]   |     ^^^^^^^^ use of unresolved module or unlinked crate `sshcerts`
[INFO] [stdout]   |
[INFO] [stdout]   = help: if you wanted to use a crate named `sshcerts`, use `cargo add sshcerts` to add it to your `Cargo.toml`
[INFO] [stdout] 
[INFO] [stdout] 
[INFO] [stdout] error[E0433]: cannot find module or crate `sshcerts` in this scope
[INFO] [stdout]  --> examples/sign-cert-with-yubikey.rs:6:5
[INFO] [stdout]   |
[INFO] [stdout] 6 | use sshcerts::yubikey::piv::{SlotId, Yubikey};
[INFO] [stdout]   |     ^^^^^^^^ use of unresolved module or unlinked crate `sshcerts`
[INFO] [stdout]   |
[INFO] [stdout]   = help: if you wanted to use a crate named `sshcerts`, use `cargo add sshcerts` to add it to your `Cargo.toml`
[INFO] [stdout] 
[INFO] [stdout] 
[INFO] [stdout] error[E0432]: unresolved import `sshcerts`
[INFO] [stdout]  --> examples/sign-cert-with-yubikey.rs:7:5
[INFO] [stdout]   |
[INFO] [stdout] 7 | use sshcerts::*;
[INFO] [stdout]   |     ^^^^^^^^ use of unresolved module or unlinked crate `sshcerts`
[INFO] [stdout]   |
[INFO] [stdout]   = help: if you wanted to use a crate named `sshcerts`, use `cargo add sshcerts` to add it to your `Cargo.toml`
[INFO] [stdout] 
[INFO] [stdout] 
[INFO] [stdout] error[E0433]: cannot find module or crate `sshcerts` in this scope
[INFO] [stdout]  --> examples/ssh-pubkey-info.rs:3:5
[INFO] [stdout]   |
[INFO] [stdout] 3 | use sshcerts::ssh::PublicKey;
[INFO] [stdout]   |     ^^^^^^^^ use of unresolved module or unlinked crate `sshcerts`
[INFO] [stdout]   |
[INFO] [stdout]   = help: if you wanted to use a crate named `sshcerts`, use `cargo add sshcerts` to add it to your `Cargo.toml`
[INFO] [stdout] 
[INFO] [stdout] 
[INFO] [stdout] error[E0432]: unresolved import `sshcerts`
[INFO] [stdout]  --> tests/signature-bad.rs:1:5
[INFO] [stdout]   |
[INFO] [stdout] 1 | use sshcerts::{
[INFO] [stdout]   |     ^^^^^^^^ use of unresolved module or unlinked crate `sshcerts`
[INFO] [stdout]   |
[INFO] [stdout]   = help: if you wanted to use a crate named `sshcerts`, use `cargo add sshcerts` to add it to your `Cargo.toml`
[INFO] [stdout] 
[INFO] [stdout] 
[INFO] [stdout] error[E0432]: unresolved import `sshcerts`
[INFO] [stdout]  --> tests/signature-creation.rs:1:5
[INFO] [stdout]   |
[INFO] [stdout] 1 | use sshcerts::{
[INFO] [stdout]   |     ^^^^^^^^ use of unresolved module or unlinked crate `sshcerts`
[INFO] [stdout]   |
[INFO] [stdout]   = help: if you wanted to use a crate named `sshcerts`, use `cargo add sshcerts` to add it to your `Cargo.toml`
[INFO] [stdout] 
[INFO] [stdout] 
[INFO] [stderr] error: could not compile `sshcerts-hatter-fork` (example "ssh-pubkey-info") due to 1 previous error
[INFO] [stdout] For more information about this error, try `rustc --explain E0433`.
[INFO] [stdout] 
[INFO] [stdout] Some errors have detailed explanations: E0432, E0433.
[INFO] [stdout] 
[INFO] [stdout] For more information about an error, try `rustc --explain E0432`.
[INFO] [stdout] 
[INFO] [stdout] Some errors have detailed explanations: E0432, E0433.
[INFO] [stdout] 
[INFO] [stdout] For more information about an error, try `rustc --explain E0432`.
[INFO] [stdout] 
[INFO] [stderr] error: could not compile `sshcerts-hatter-fork` (test "signature-creation") due to 2 previous errors
[INFO] [stderr] error: could not compile `sshcerts-hatter-fork` (test "signature-bad") due to 2 previous errors
[INFO] [stdout] warning: unused import: `std::convert::TryFrom`
[INFO] [stdout]  --> examples/sign-cert-with-yubikey.rs:9:5
[INFO] [stdout]   |
[INFO] [stdout] 9 | use std::convert::TryFrom;
[INFO] [stdout]   |     ^^^^^^^^^^^^^^^^^^^^^
[INFO] [stdout]   |
[INFO] [stdout]   = note: `#[warn(unused_imports)]` (part of `#[warn(unused)]`) on by default
[INFO] [stdout] 
[INFO] [stdout] 
[INFO] [stdout] Some errors have detailed explanations: E0432, E0433.
[INFO] [stdout] 
[INFO] [stdout] For more information about an error, try `rustc --explain E0432`.
[INFO] [stdout] 
[INFO] [stderr] error: could not compile `sshcerts-hatter-fork` (example "sign-cert-with-yubikey") due to 3 previous errors; 1 warning emitted
[INFO] [stdout] For more information about this error, try `rustc --explain E0432`.
[INFO] [stdout] 
[INFO] [stderr] error: could not compile `sshcerts-hatter-fork` (example "sign-cert-with-file") due to 1 previous error
[INFO] running `Command { std: "docker" "inspect" "afb5987c490efa02af836ea1dfa9cf68fab1ea69a8b7873ae4fa77411f941a31", kill_on_drop: false }`
[INFO] running `Command { std: "docker" "rm" "-f" "afb5987c490efa02af836ea1dfa9cf68fab1ea69a8b7873ae4fa77411f941a31", kill_on_drop: false }`
[INFO] [stdout] afb5987c490efa02af836ea1dfa9cf68fab1ea69a8b7873ae4fa77411f941a31
