[INFO] fetching crate srum-cli 0.3.3...
[INFO] testing srum-cli-0.3.3 against 1.100.0-beta.1 for beta-1.100-2
[INFO] extracting crate srum-cli 0.3.3 into /workspace/builds/worker-6-tc2/source
[INFO] started tweaking crates.io crate srum-cli 0.3.3
[INFO] removed 0 missing tests
[INFO] finished tweaking crates.io crate srum-cli 0.3.3
[INFO] tweaked toml for crates.io crate srum-cli 0.3.3 written to /workspace/builds/worker-6-tc2/source/Cargo.toml
[INFO] validating manifest of crates.io crate srum-cli 0.3.3 on toolchain 1.100.0-beta.1
[INFO] running `Command { std: CARGO_HOME="/workspace/cargo-home" RUSTUP_HOME="/workspace/rustup-home" "/workspace/cargo-home/bin/cargo" "+1.100.0-beta.1" "metadata" "--manifest-path" "Cargo.toml" "--no-deps", kill_on_drop: false }`
[INFO] crate crates.io crate srum-cli 0.3.3 already has a lockfile, it will not be regenerated
[INFO] running `Command { std: CARGO_HOME="/workspace/cargo-home" RUSTUP_HOME="/workspace/rustup-home" "/workspace/cargo-home/bin/cargo" "+1.100.0-beta.1" "fetch" "--manifest-path" "Cargo.toml", kill_on_drop: false }`
[INFO] running `Command { std: "docker" "create" "-v" "/var/lib/crater-agent-workspace/builds/worker-6-tc2/source:/opt/rustwide/workdir:ro,Z" "-v" "/var/lib/crater-agent-workspace/builds/worker-6-tc2/target:/opt/rustwide/target:rw,Z" "-v" "/var/lib/crater-agent-workspace/cargo-home:/opt/rustwide/cargo-home:ro,Z" "-v" "/var/lib/crater-agent-workspace/rustup-home:/opt/rustwide/rustup-home:ro,Z" "-m" "1610612736" "--network" "none" "ghcr.io/rust-lang/crates-build-env/linux@sha256:3111399a4047eeb3a02b7a90e478d715f38a8c6669b5c4b49d30a17385265909" "sleep" "infinity", kill_on_drop: false }`
[INFO] [stdout] 4a37df42d2ad73d9f63fadf5bc4ac0a2bd29b2fa0e8bc7e64b69696feee509cb
[INFO] running `Command { std: "docker" "start" "4a37df42d2ad73d9f63fadf5bc4ac0a2bd29b2fa0e8bc7e64b69696feee509cb", kill_on_drop: false }`
[INFO] running `Command { std: "docker" "inspect" "4a37df42d2ad73d9f63fadf5bc4ac0a2bd29b2fa0e8bc7e64b69696feee509cb", kill_on_drop: false }`
[INFO] running `Command { std: "docker" "exec" "-e" "SOURCE_DIR=/opt/rustwide/workdir" "-e" "CARGO_HOME=/opt/rustwide/cargo-home" "-e" "RUSTUP_HOME=/opt/rustwide/rustup-home" "-e" "CARGO_TARGET_DIR=/opt/rustwide/target" "-w" "/opt/rustwide/workdir" "--user" "0:0" "4a37df42d2ad73d9f63fadf5bc4ac0a2bd29b2fa0e8bc7e64b69696feee509cb" "/opt/rustwide/cargo-home/bin/cargo" "+1.100.0-beta.1" "metadata" "--no-deps" "--format-version=1", kill_on_drop: false }`
[INFO] running `Command { std: "docker" "inspect" "4a37df42d2ad73d9f63fadf5bc4ac0a2bd29b2fa0e8bc7e64b69696feee509cb", kill_on_drop: false }`
[INFO] running `Command { std: "docker" "exec" "-e" "SOURCE_DIR=/opt/rustwide/workdir" "-e" "CARGO_HOME=/opt/rustwide/cargo-home" "-e" "RUSTUP_HOME=/opt/rustwide/rustup-home" "-e" "CARGO_TARGET_DIR=/opt/rustwide/target" "-e" "CARGO_INCREMENTAL=0" "-e" "RUST_BACKTRACE=full" "-e" "RUSTFLAGS=--cap-lints=warn" "-e" "RUSTDOCFLAGS=--cap-lints=warn" "-w" "/opt/rustwide/workdir" "--user" "0:0" "4a37df42d2ad73d9f63fadf5bc4ac0a2bd29b2fa0e8bc7e64b69696feee509cb" "/opt/rustwide/cargo-home/bin/cargo" "+1.100.0-beta.1" "build" "--frozen" "--message-format=json", kill_on_drop: false }`
[INFO] [stderr]    Compiling quote v1.0.46
[INFO] [stderr]    Compiling serde_core v1.0.228
[INFO] [stderr]    Compiling libc v0.2.186
[INFO] [stderr]    Compiling memchr v2.8.2
[INFO] [stderr]    Compiling serde_json v1.0.150
[INFO] [stderr]    Compiling anyhow v1.0.103
[INFO] [stderr]    Compiling forensicnomicon-core v1.0.0
[INFO] [stderr]    Compiling anstyle-parse v1.0.0
[INFO] [stderr]    Compiling colorchoice v1.0.5
[INFO] [stderr]    Compiling anstyle v1.0.14
[INFO] [stderr]    Compiling anstyle-query v1.1.5
[INFO] [stderr]    Compiling is_terminal_polyfill v1.70.2
[INFO] [stderr]    Compiling clap_lex v1.1.0
[INFO] [stderr]    Compiling block-buffer v0.10.4
[INFO] [stderr]    Compiling crypto-common v0.1.7
[INFO] [stderr]    Compiling jsonguard v0.2.5
[INFO] [stderr]    Compiling digest v0.10.7
[INFO] [stderr]    Compiling sha2 v0.10.9
[INFO] [stderr]    Compiling anstream v1.0.0
[INFO] [stderr]    Compiling syn v2.0.118
[INFO] [stderr]    Compiling forensicnomicon-data v1.0.0
[INFO] [stderr]    Compiling clap_builder v4.6.0
[INFO] [stderr]    Compiling csv-core v0.1.13
[INFO] [stderr]    Compiling memmap2 v0.9.11
[INFO] [stderr]    Compiling jiff v0.2.31
[INFO] [stderr]    Compiling csv v1.4.0
[INFO] [stderr]    Compiling serde_derive v1.0.228
[INFO] [stderr]    Compiling thiserror-impl v2.0.18
[INFO] [stderr]    Compiling clap_derive v4.6.1
[INFO] [stderr]    Compiling thiserror v2.0.18
[INFO] [stderr]    Compiling clap v4.6.1
[INFO] [stderr]    Compiling serde v1.0.228
[INFO] [stderr]    Compiling forensicnomicon v1.0.1
[INFO] [stderr]    Compiling srum-core v0.3.0
[INFO] [stderr]    Compiling ese-core v0.2.1
[INFO] [stderr]    Compiling srum-parser v0.4.0
[INFO] [stderr]    Compiling srum-analysis v0.4.1
[INFO] [stderr]    Compiling srum-cli v0.3.3 (/opt/rustwide/workdir)
[INFO] [stderr]     Finished `dev` profile [unoptimized + debuginfo] target(s) in 25.69s
[INFO] running `Command { std: "docker" "inspect" "4a37df42d2ad73d9f63fadf5bc4ac0a2bd29b2fa0e8bc7e64b69696feee509cb", kill_on_drop: false }`
[INFO] running `Command { std: "docker" "exec" "-e" "SOURCE_DIR=/opt/rustwide/workdir" "-e" "CARGO_HOME=/opt/rustwide/cargo-home" "-e" "RUSTUP_HOME=/opt/rustwide/rustup-home" "-e" "CARGO_TARGET_DIR=/opt/rustwide/target" "-e" "CARGO_INCREMENTAL=0" "-e" "RUST_BACKTRACE=full" "-e" "RUSTFLAGS=--cap-lints=warn" "-e" "RUSTDOCFLAGS=--cap-lints=warn" "-w" "/opt/rustwide/workdir" "--user" "0:0" "4a37df42d2ad73d9f63fadf5bc4ac0a2bd29b2fa0e8bc7e64b69696feee509cb" "/opt/rustwide/cargo-home/bin/cargo" "+1.100.0-beta.1" "test" "--frozen" "--no-run" "--message-format=json", kill_on_drop: false }`
[INFO] [stderr]    Compiling bitflags v2.13.0
[INFO] [stderr]    Compiling fastrand v2.4.1
[INFO] [stderr]    Compiling once_cell v1.21.4
[INFO] [stderr]    Compiling getrandom v0.4.3
[INFO] [stderr]    Compiling rustix v1.1.4
[INFO] [stderr]    Compiling tempfile v3.27.0
[INFO] [stderr]    Compiling srum-cli v0.3.3 (/opt/rustwide/workdir)
[INFO] [stdout] error[E0433]: cannot find module or crate `ese_test_fixtures` in this scope
[INFO] [stdout]    --> src/cmd/forensics.rs:197:19
[INFO] [stdout]     |
[INFO] [stdout] 197 |         let tmp = ese_test_fixtures::EseFileBuilder::new()
[INFO] [stdout]     |                   ^^^^^^^^^^^^^^^^^ use of unresolved module or unlinked crate `ese_test_fixtures`
[INFO] [stdout]     |
[INFO] [stdout]     = help: if you wanted to use a crate named `ese_test_fixtures`, use `cargo add ese_test_fixtures` to add it to your `Cargo.toml`
[INFO] [stdout] 
[INFO] [stdout] 
[INFO] [stdout] error[E0433]: cannot find module or crate `ese_test_fixtures` in this scope
[INFO] [stdout]    --> tests/cli_tests.rs:541:14
[INFO] [stdout]     |
[INFO] [stdout] 541 |     let db = ese_test_fixtures::EseFileBuilder::new()
[INFO] [stdout]     |              ^^^^^^^^^^^^^^^^^ use of unresolved module or unlinked crate `ese_test_fixtures`
[INFO] [stdout]     |
[INFO] [stdout]     = help: if you wanted to use a crate named `ese_test_fixtures`, use `cargo add ese_test_fixtures` to add it to your `Cargo.toml`
[INFO] [stdout] 
[INFO] [stdout] 
[INFO] [stdout] error[E0433]: cannot find module or crate `ese_test_fixtures` in this scope
[INFO] [stdout]    --> tests/cli_tests.rs:582:14
[INFO] [stdout]     |
[INFO] [stdout] 582 |     let db = ese_test_fixtures::EseFileBuilder::new()
[INFO] [stdout]     |              ^^^^^^^^^^^^^^^^^ use of unresolved module or unlinked crate `ese_test_fixtures`
[INFO] [stdout]     |
[INFO] [stdout]     = help: if you wanted to use a crate named `ese_test_fixtures`, use `cargo add ese_test_fixtures` to add it to your `Cargo.toml`
[INFO] [stdout] 
[INFO] [stdout] 
[INFO] [stdout] error[E0433]: cannot find module or crate `ese_test_fixtures` in this scope
[INFO] [stdout]    --> tests/cli_tests.rs:620:14
[INFO] [stdout]     |
[INFO] [stdout] 620 |     let db = ese_test_fixtures::EseFileBuilder::new()
[INFO] [stdout]     |              ^^^^^^^^^^^^^^^^^ use of unresolved module or unlinked crate `ese_test_fixtures`
[INFO] [stdout]     |
[INFO] [stdout]     = help: if you wanted to use a crate named `ese_test_fixtures`, use `cargo add ese_test_fixtures` to add it to your `Cargo.toml`
[INFO] [stdout] 
[INFO] [stdout] 
[INFO] [stdout] error[E0433]: cannot find module or crate `ese_test_fixtures` in this scope
[INFO] [stdout]    --> tests/cli_tests.rs:712:14
[INFO] [stdout]     |
[INFO] [stdout] 712 |     let db = ese_test_fixtures::EseFileBuilder::new()
[INFO] [stdout]     |              ^^^^^^^^^^^^^^^^^ use of unresolved module or unlinked crate `ese_test_fixtures`
[INFO] [stdout]     |
[INFO] [stdout]     = help: if you wanted to use a crate named `ese_test_fixtures`, use `cargo add ese_test_fixtures` to add it to your `Cargo.toml`
[INFO] [stdout] 
[INFO] [stdout] 
[INFO] [stdout] For more information about this error, try `rustc --explain E0433`.
[INFO] [stdout] 
[INFO] [stderr] error: could not compile `srum-cli` (test "cli_tests") due to 4 previous errors
[INFO] [stderr] warning: build failed, waiting for other jobs to finish...
[INFO] [stdout] For more information about this error, try `rustc --explain E0433`.
[INFO] [stdout] 
[INFO] [stderr] error: could not compile `srum-cli` (bin "srum4n6" test) due to 1 previous error
[INFO] running `Command { std: "docker" "inspect" "4a37df42d2ad73d9f63fadf5bc4ac0a2bd29b2fa0e8bc7e64b69696feee509cb", kill_on_drop: false }`
[INFO] running `Command { std: "docker" "rm" "-f" "4a37df42d2ad73d9f63fadf5bc4ac0a2bd29b2fa0e8bc7e64b69696feee509cb", kill_on_drop: false }`
[INFO] [stdout] 4a37df42d2ad73d9f63fadf5bc4ac0a2bd29b2fa0e8bc7e64b69696feee509cb
