[INFO] fetching crate srs2dge 0.2.0...
[INFO] testing srs2dge-0.2.0 against 1.99.0-beta.8 for beta-1.100-2
[INFO] extracting crate srs2dge 0.2.0 into /workspace/builds/worker-2-tc1/source
[INFO] started tweaking crates.io crate srs2dge 0.2.0
[INFO] finished tweaking crates.io crate srs2dge 0.2.0
[INFO] tweaked toml for crates.io crate srs2dge 0.2.0 written to /workspace/builds/worker-2-tc1/source/Cargo.toml
[INFO] validating manifest of crates.io crate srs2dge 0.2.0 on toolchain 1.99.0-beta.8
[INFO] running `Command { std: CARGO_HOME="/workspace/cargo-home" RUSTUP_HOME="/workspace/rustup-home" "/workspace/cargo-home/bin/cargo" "+1.99.0-beta.8" "metadata" "--manifest-path" "Cargo.toml" "--no-deps", kill_on_drop: false }`
[INFO] crate crates.io crate srs2dge 0.2.0 already has a lockfile, it will not be regenerated
[INFO] running `Command { std: CARGO_HOME="/workspace/cargo-home" RUSTUP_HOME="/workspace/rustup-home" "/workspace/cargo-home/bin/cargo" "+1.99.0-beta.8" "fetch" "--manifest-path" "Cargo.toml", kill_on_drop: false }`
[INFO] [stderr]     Updating crates.io index
[INFO] [stderr]  Downloading crates ...
[INFO] [stderr]   Downloaded srs2dge-link-static v0.2.0
[INFO] [stderr]   Downloaded srs2dge-text v0.2.0
[INFO] [stderr]   Downloaded srs2dge-core v0.2.0
[INFO] [stderr]   Downloaded pollster v0.2.5
[INFO] [stderr]   Downloaded wasm-bindgen-backend v0.2.80
[INFO] [stderr]   Downloaded renderdoc-sys v0.7.1
[INFO] [stderr]   Downloaded gpu-descriptor v0.2.2
[INFO] [stderr]   Downloaded d3d12 v0.4.1
[INFO] [stderr]   Downloaded copyless v0.1.5
[INFO] [stderr]   Downloaded rapid-qoi v0.6.1
[INFO] [stderr]   Downloaded ndk-glue v0.5.2
[INFO] [stderr]   Downloaded wasm-bindgen-futures v0.4.30
[INFO] [stderr]   Downloaded wayland-sys v0.29.4
[INFO] [stderr]   Downloaded wayland-cursor v0.29.4
[INFO] [stderr]   Downloaded ndk-macro v0.3.0
[INFO] [stderr]   Downloaded bit-set v0.5.2
[INFO] [stderr]   Downloaded gpu-alloc-types v0.2.0
[INFO] [stderr]   Downloaded wayland-commons v0.29.4
[INFO] [stderr]   Downloaded wgpu-types v0.12.0
[INFO] [stderr]   Downloaded khronos-egl v4.1.0
[INFO] [stderr]   Downloaded inplace_it v0.3.3
[INFO] [stderr]   Downloaded main_game_loop v0.4.4
[INFO] [stderr]   Downloaded rusty-xinput v1.2.0
[INFO] [stderr]   Downloaded libudev-sys v0.1.4
[INFO] [stderr]   Downloaded mach v0.2.3
[INFO] [stderr]   Downloaded scoped_threadpool v0.1.9
[INFO] [stderr]   Downloaded lebe v0.5.1
[INFO] [stderr]   Downloaded bit_field v0.10.1
[INFO] [stderr]   Downloaded srs2dge-presets v0.2.0
[INFO] [stderr]   Downloaded srs2dge-gizmos v0.2.0
[INFO] [stderr]   Downloaded atomic_refcell v0.1.8
[INFO] [stderr]   Downloaded srs2dge-link-dynamic v0.2.0
[INFO] [stderr]   Downloaded wasm-bindgen-macro-support v0.2.80
[INFO] [stderr]   Downloaded wasm-bindgen-shared v0.2.80
[INFO] [stderr]   Downloaded wayland-scanner v0.29.4
[INFO] [stderr]   Downloaded wayland-client v0.29.4
[INFO] [stderr]   Downloaded memmap2 v0.3.1
[INFO] [stderr]   Downloaded ndk v0.5.0
[INFO] [stderr]   Downloaded cocoa v0.24.0
[INFO] [stderr]   Downloaded spirv v0.2.0+1.5.4
[INFO] [stderr]   Downloaded gpu-alloc v0.5.3
[INFO] [stderr]   Downloaded bytemuck v1.9.1
[INFO] [stderr]   Downloaded uuid v1.1.0
[INFO] [stderr]   Downloaded gilrs-core v0.4.0
[INFO] [stderr]   Downloaded weezl v0.1.6
[INFO] [stderr]   Downloaded inflate v0.4.5
[INFO] [stderr]   Downloaded colorful v0.2.1
[INFO] [stderr]   Downloaded srs2dge-ecs v0.2.0
[INFO] [stderr]   Downloaded legion_codegen v0.4.0
[INFO] [stderr]   Downloaded ron v0.7.0
[INFO] [stderr]   Downloaded calloop v0.9.3
[INFO] [stderr]   Downloaded io-kit-sys v0.1.0
[INFO] [stderr]   Downloaded crossbeam-epoch v0.9.8
[INFO] [stderr]   Downloaded flate2 v1.0.23
[INFO] [stderr]   Downloaded wasm-bindgen-macro v0.2.80
[INFO] [stderr]   Downloaded range-alloc v0.1.2
[INFO] [stderr]   Downloaded gpu-descriptor-types v0.1.1
[INFO] [stderr]   Downloaded png v0.17.5
[INFO] [stderr]   Downloaded flume v0.10.12
[INFO] [stderr]   Downloaded miniz_oxide v0.5.1
[INFO] [stderr]   Downloaded gif v0.11.3
[INFO] [stderr]   Downloaded scoped-tls-hkt v0.1.2
[INFO] [stderr]   Downloaded wayland-protocols v0.29.4
[INFO] [stderr]   Downloaded wgpu v0.12.0
[INFO] [stderr]   Downloaded fontsdf v0.4.4
[INFO] [stderr]   Downloaded smithay-client-toolkit v0.15.4
[INFO] [stderr]   Downloaded nom v7.1.1
[INFO] [stderr]   Downloaded wgpu-hal v0.12.5
[INFO] [stderr]   Downloaded gilrs v0.9.0
[INFO] [stderr]   Downloaded num-rational v0.4.0
[INFO] [stderr]   Downloaded ttf-parser v0.15.0
[INFO] [stderr]   Downloaded wasm-bindgen v0.2.80
[INFO] [stderr]   Downloaded wgpu-core v0.12.2
[INFO] [stderr]   Downloaded js-sys v0.3.57
[INFO] [stderr]   Downloaded glow v0.11.2
[INFO] [stderr]   Downloaded glam v0.20.5
[INFO] [stderr]   Downloaded fontdue v0.7.2
[INFO] [stderr]   Downloaded winit v0.26.1
[INFO] [stderr]   Downloaded nix v0.22.3
[INFO] [stderr]   Downloaded exr v1.4.2
[INFO] [stderr]   Downloaded srs2dge-res v0.2.0
[INFO] [stderr]   Downloaded syn v1.0.95
[INFO] [stderr]   Downloaded image v0.24.2
[INFO] [stderr]   Downloaded nix v0.24.1
[INFO] [stderr]   Downloaded ash v0.34.0+1.2.203
[INFO] [stderr]   Downloaded naga v0.8.5
[INFO] [stderr]   Downloaded web-sys v0.3.57
[INFO] [stderr]   Downloaded metal v0.23.1
[INFO] [stderr]   Downloaded jpeg-decoder v0.2.6
[INFO] [stderr]   Downloaded legion v0.4.0
[INFO] [stderr]   Downloaded tiff v0.7.2
[INFO] [stderr]   Downloaded profiling v1.0.6
[INFO] [stderr]   Downloaded erased-serde v0.3.20
[INFO] running `Command { std: "docker" "create" "-v" "/var/lib/crater-agent-workspace/builds/worker-2-tc1/source:/opt/rustwide/workdir:ro,Z" "-v" "/var/lib/crater-agent-workspace/builds/worker-2-tc1/target:/opt/rustwide/target:rw,Z" "-v" "/var/lib/crater-agent-workspace/cargo-home:/opt/rustwide/cargo-home:ro,Z" "-v" "/var/lib/crater-agent-workspace/rustup-home:/opt/rustwide/rustup-home:ro,Z" "-m" "1610612736" "--network" "none" "ghcr.io/rust-lang/crates-build-env/linux@sha256:3111399a4047eeb3a02b7a90e478d715f38a8c6669b5c4b49d30a17385265909" "sleep" "infinity", kill_on_drop: false }`
[INFO] [stdout] f9c30daba1dbb7f29b97b7ad303f4ff3398b3821b386c332f6ad887bbe7056a0
[INFO] running `Command { std: "docker" "start" "f9c30daba1dbb7f29b97b7ad303f4ff3398b3821b386c332f6ad887bbe7056a0", kill_on_drop: false }`
[INFO] running `Command { std: "docker" "inspect" "f9c30daba1dbb7f29b97b7ad303f4ff3398b3821b386c332f6ad887bbe7056a0", kill_on_drop: false }`
[INFO] running `Command { std: "docker" "exec" "-e" "SOURCE_DIR=/opt/rustwide/workdir" "-e" "CARGO_HOME=/opt/rustwide/cargo-home" "-e" "RUSTUP_HOME=/opt/rustwide/rustup-home" "-e" "CARGO_TARGET_DIR=/opt/rustwide/target" "-w" "/opt/rustwide/workdir" "--user" "0:0" "f9c30daba1dbb7f29b97b7ad303f4ff3398b3821b386c332f6ad887bbe7056a0" "/opt/rustwide/cargo-home/bin/cargo" "+1.99.0-beta.8" "metadata" "--no-deps" "--format-version=1", kill_on_drop: false }`
[INFO] running `Command { std: "docker" "inspect" "f9c30daba1dbb7f29b97b7ad303f4ff3398b3821b386c332f6ad887bbe7056a0", kill_on_drop: false }`
[INFO] running `Command { std: "docker" "exec" "-e" "SOURCE_DIR=/opt/rustwide/workdir" "-e" "CARGO_HOME=/opt/rustwide/cargo-home" "-e" "RUSTUP_HOME=/opt/rustwide/rustup-home" "-e" "CARGO_TARGET_DIR=/opt/rustwide/target" "-e" "CARGO_INCREMENTAL=0" "-e" "RUST_BACKTRACE=full" "-e" "RUSTFLAGS=--cap-lints=warn" "-e" "RUSTDOCFLAGS=--cap-lints=warn" "-w" "/opt/rustwide/workdir" "--user" "0:0" "f9c30daba1dbb7f29b97b7ad303f4ff3398b3821b386c332f6ad887bbe7056a0" "/opt/rustwide/cargo-home/bin/cargo" "+1.99.0-beta.8" "build" "--frozen" "--message-format=json", kill_on_drop: false }`
[INFO] [stderr]    Compiling libc v0.2.126
[INFO] [stderr]    Compiling proc-macro2 v1.0.39
[INFO] [stderr]    Compiling unicode-ident v1.0.0
[INFO] [stderr]    Compiling syn v1.0.95
[INFO] [stderr]    Compiling memoffset v0.6.5
[INFO] [stderr]    Compiling pkg-config v0.3.25
[INFO] [stderr]    Compiling scopeguard v1.1.0
[INFO] [stderr]    Compiling once_cell v1.12.0
[INFO] [stderr]    Compiling smallvec v1.8.0
[INFO] [stderr]    Compiling libloading v0.7.3
[INFO] [stderr]    Compiling num-traits v0.2.15
[INFO] [stderr]    Compiling log v0.4.17
[INFO] [stderr]    Compiling lock_api v0.4.7
[INFO] [stderr]    Compiling ahash v0.7.6
[INFO] [stderr]    Compiling xml-rs v0.8.4
[INFO] [stderr]    Compiling crossbeam-utils v0.8.8
[INFO] [stderr]    Compiling memchr v2.5.0
[INFO] [stderr]    Compiling crossbeam-epoch v0.9.8
[INFO] [stderr]    Compiling serde_derive v1.0.137
[INFO] [stderr]    Compiling parking_lot_core v0.8.5
[INFO] [stderr]    Compiling dlib v0.5.0
[INFO] [stderr]    Compiling instant v0.1.12
[INFO] [stderr]    Compiling rayon-core v1.9.3
[INFO] [stderr]    Compiling serde v1.0.137
[INFO] [stderr]    Compiling downcast-rs v1.2.0
[INFO] [stderr]    Compiling termcolor v1.1.3
[INFO] [stderr]    Compiling indexmap v1.7.0
[INFO] [stderr]    Compiling rayon v1.5.3
[INFO] [stderr]    Compiling either v1.6.1
[INFO] [stderr]    Compiling scoped-tls v1.0.0
[INFO] [stderr]    Compiling wayland-sys v0.29.4
[INFO] [stderr]    Compiling minimal-lexical v0.2.1
[INFO] [stderr]    Compiling bit-vec v0.6.3
[INFO] [stderr]    Compiling crc32fast v1.3.2
[INFO] [stderr]    Compiling libudev-sys v0.1.4
[INFO] [stderr]    Compiling num-integer v0.1.45
[INFO] [stderr]    Compiling byteorder v1.4.3
[INFO] [stderr]    Compiling unicode-width v0.1.9
[INFO] [stderr]    Compiling nom v7.1.1
[INFO] [stderr]    Compiling ash v0.34.0+1.2.203
[INFO] [stderr]    Compiling quote v1.0.18
[INFO] [stderr]    Compiling crossbeam-channel v0.5.4
[INFO] [stderr]    Compiling bit-set v0.5.2
[INFO] [stderr]    Compiling futures-core v0.3.21
[INFO] [stderr]    Compiling khronos-egl v4.1.0
[INFO] [stderr]    Compiling adler v1.0.2
[INFO] [stderr]    Compiling adler32 v1.2.0
[INFO] [stderr]    Compiling wayland-scanner v0.29.4
[INFO] [stderr]    Compiling miniz_oxide v0.5.1
[INFO] [stderr]    Compiling codespan-reporting v0.11.1
[INFO] [stderr]    Compiling smithay-client-toolkit v0.15.4
[INFO] [stderr]    Compiling x11-dl v2.19.1
[INFO] [stderr]    Compiling gpu-descriptor-types v0.1.1
[INFO] [stderr]    Compiling gpu-alloc-types v0.2.0
[INFO] [stderr]    Compiling hexf-parse v0.2.1
[INFO] [stderr]    Compiling crossbeam-deque v0.8.1
[INFO] [stderr]    Compiling wgpu-core v0.12.2
[INFO] [stderr]    Compiling gpu-alloc v0.5.3
[INFO] [stderr]    Compiling spirv v0.2.0+1.5.4
[INFO] [stderr]    Compiling deflate v1.0.0
[INFO] [stderr]    Compiling fxhash v0.2.1
[INFO] [stderr]    Compiling aho-corasick v0.7.18
[INFO] [stderr]    Compiling spin v0.9.3
[INFO] [stderr]    Compiling wgpu-types v0.12.0
[INFO] [stderr]    Compiling getrandom v0.2.6
[INFO] [stderr]    Compiling num_cpus v1.13.1
[INFO] [stderr]    Compiling nix v0.22.3
[INFO] [stderr]    Compiling nanorand v0.7.0
[INFO] [stderr]    Compiling memmap2 v0.3.1
[INFO] [stderr]    Compiling hashbrown v0.11.2
[INFO] [stderr]    Compiling nix v0.24.1
[INFO] [stderr]    Compiling wayland-client v0.29.4
[INFO] [stderr]    Compiling parking_lot v0.11.2
[INFO] [stderr]    Compiling wayland-protocols v0.29.4
[INFO] [stderr]    Compiling num-iter v0.1.43
[INFO] [stderr]    Compiling num-rational v0.4.0
[INFO] [stderr]    Compiling uuid v1.1.0
[INFO] [stderr]    Compiling weezl v0.1.6
[INFO] [stderr]    Compiling profiling v1.0.6
[INFO] [stderr]    Compiling regex-syntax v0.6.26
[INFO] [stderr]    Compiling gpu-descriptor v0.2.2
[INFO] [stderr]    Compiling winit v0.26.1
[INFO] [stderr]    Compiling glow v0.11.2
[INFO] [stderr]    Compiling renderdoc-sys v0.7.1
[INFO] [stderr]    Compiling arrayvec v0.7.2
[INFO] [stderr]    Compiling xcursor v0.3.4
[INFO] [stderr]    Compiling inplace_it v0.3.3
[INFO] [stderr]    Compiling futures-sink v0.3.21
[INFO] [stderr]    Compiling flate2 v1.0.23
[INFO] [stderr]    Compiling threadpool v1.8.1
[INFO] [stderr]    Compiling rand_core v0.6.3
[INFO] [stderr]    Compiling mio v0.8.3
[INFO] [stderr]    Compiling atty v0.2.14
[INFO] [stderr]    Compiling regex v1.5.6
[INFO] [stderr]    Compiling inflate v0.4.5
[INFO] [stderr]    Compiling bit_field v0.10.1
[INFO] [stderr]    Compiling half v1.8.2
[INFO] [stderr]    Compiling ppv-lite86 v0.2.16
[INFO] [stderr]    Compiling copyless v0.1.5
[INFO] [stderr]    Compiling lebe v0.5.1
[INFO] [stderr]    Compiling gif v0.11.3
[INFO] [stderr]    Compiling png v0.17.5
[INFO] [stderr]    Compiling pollster v0.2.5
[INFO] [stderr]    Compiling scoped_threadpool v0.1.9
[INFO] [stderr]    Compiling integer-sqrt v0.1.5
[INFO] [stderr]    Compiling colorful v0.2.1
[INFO] [stderr]    Compiling rand_chacha v0.3.1
[INFO] [stderr]    Compiling erased-serde v0.3.20
[INFO] [stderr]    Compiling ttf-parser v0.15.0
[INFO] [stderr]    Compiling ordered-float v3.0.0
[INFO] [stderr]    Compiling rand v0.8.5
[INFO] [stderr]    Compiling itertools v0.10.3
[INFO] [stderr]    Compiling scoped-tls-hkt v0.1.2
[INFO] [stderr]    Compiling atomic_refcell v0.1.8
[INFO] [stderr]    Compiling env_logger v0.9.0
[INFO] [stderr]    Compiling paste v1.0.7
[INFO] [stderr]    Compiling thiserror-impl v1.0.31
[INFO] [stderr]    Compiling bytemuck_derive v1.1.0
[INFO] [stderr]    Compiling pin-project-internal v1.0.10
[INFO] [stderr]    Compiling jpeg-decoder v0.2.6
[INFO] [stderr]    Compiling bytemuck v1.9.1
[INFO] [stderr]    Compiling wayland-commons v0.29.4
[INFO] [stderr]    Compiling calloop v0.9.3
[INFO] [stderr]    Compiling gilrs-core v0.4.0
[INFO] [stderr]    Compiling rapid-qoi v0.6.1
[INFO] [stderr]    Compiling tiff v0.7.2
[INFO] [stderr]    Compiling pin-project v1.0.10
[INFO] [stderr]    Compiling flume v0.10.12
[INFO] [stderr]    Compiling gilrs v0.9.0
[INFO] [stderr]    Compiling fontdue v0.7.2
[INFO] [stderr]    Compiling exr v1.4.2
[INFO] [stderr]    Compiling thiserror v1.0.31
[INFO] [stderr]    Compiling naga v0.8.5
[INFO] [stderr]    Compiling legion_codegen v0.4.0
[INFO] [stderr]    Compiling wayland-cursor v0.29.4
[INFO] [stderr]    Compiling image v0.24.2
[INFO] [stderr]    Compiling wgpu-hal v0.12.5
[INFO] [stderr]    Compiling glam v0.20.5
[INFO] [stderr]    Compiling uuid v0.8.2
[INFO] [stderr]    Compiling legion v0.4.0
[INFO] [stderr]    Compiling fontsdf v0.4.4
[INFO] [stderr]    Compiling wgpu v0.12.0
[INFO] [stderr]    Compiling main_game_loop v0.4.4
[INFO] [stderr]    Compiling srs2dge-core v0.2.0
[INFO] [stderr]    Compiling srs2dge-res v0.2.0
[INFO] [stderr]    Compiling srs2dge-text v0.2.0
[INFO] [stderr]    Compiling srs2dge-ecs v0.2.0
[INFO] [stderr]    Compiling srs2dge-presets v0.2.0
[INFO] [stderr]    Compiling srs2dge-gizmos v0.2.0
[INFO] [stderr]    Compiling srs2dge-link-static v0.2.0
[INFO] [stderr]    Compiling srs2dge v0.2.0 (/opt/rustwide/workdir)
[INFO] [stderr]     Finished `dev` profile [unoptimized + debuginfo] target(s) in 1m 14s
[INFO] running `Command { std: "docker" "inspect" "f9c30daba1dbb7f29b97b7ad303f4ff3398b3821b386c332f6ad887bbe7056a0", kill_on_drop: false }`
[INFO] running `Command { std: "docker" "exec" "-e" "SOURCE_DIR=/opt/rustwide/workdir" "-e" "CARGO_HOME=/opt/rustwide/cargo-home" "-e" "RUSTUP_HOME=/opt/rustwide/rustup-home" "-e" "CARGO_TARGET_DIR=/opt/rustwide/target" "-e" "CARGO_INCREMENTAL=0" "-e" "RUST_BACKTRACE=full" "-e" "RUSTFLAGS=--cap-lints=warn" "-e" "RUSTDOCFLAGS=--cap-lints=warn" "-w" "/opt/rustwide/workdir" "--user" "0:0" "f9c30daba1dbb7f29b97b7ad303f4ff3398b3821b386c332f6ad887bbe7056a0" "/opt/rustwide/cargo-home/bin/cargo" "+1.99.0-beta.8" "test" "--frozen" "--no-run" "--message-format=json", kill_on_drop: false }`
[INFO] [stderr]    Compiling rand_chacha v0.3.1
[INFO] [stderr]    Compiling uuid v0.8.2
[INFO] [stderr]    Compiling ron v0.7.0
[INFO] [stderr]    Compiling rand v0.8.5
[INFO] [stderr]    Compiling legion v0.4.0
[INFO] [stderr]    Compiling srs2dge-core v0.2.0
[INFO] [stderr]    Compiling srs2dge-res v0.2.0
[INFO] [stderr]    Compiling srs2dge-text v0.2.0
[INFO] [stderr]    Compiling srs2dge-presets v0.2.0
[INFO] [stderr]    Compiling srs2dge-gizmos v0.2.0
[INFO] [stderr]    Compiling srs2dge-ecs v0.2.0
[INFO] [stderr]    Compiling srs2dge-link-static v0.2.0
[INFO] [stderr]    Compiling srs2dge v0.2.0 (/opt/rustwide/workdir)
[INFO] [stderr] error: could not compile `srs2dge` (example "platformer")
[INFO] [stderr] 
[INFO] [stderr] Caused by:
[INFO] [stderr]   process didn't exit successfully: `/opt/rustwide/rustup-home/toolchains/1.99.0-beta.8-x86_64-unknown-linux-gnu/bin/rustc --crate-name platformer --edition=2021 examples/platformer/main.rs --error-format=json --json=diagnostic-rendered-ansi,artifacts,future-incompat --crate-type bin --emit=dep-info,link -C embed-bitcode=no -C debuginfo=2 --cfg 'feature="default"' --cfg 'feature="ecs"' --cfg 'feature="gizmos"' --cfg 'feature="presets"' --cfg 'feature="res"' --cfg 'feature="text"' --check-cfg 'cfg(docsrs,test)' --check-cfg 'cfg(feature, values("default", "dynamic", "ecs", "gizmos", "presets", "res", "srs2dge-link-dynamic", "text"))' -C metadata=92abe0cf872725d3 -C extra-filename=-4b66e20b72f501c3 --out-dir /opt/rustwide/target/debug/examples -L dependency=/opt/rustwide/target/debug/deps --extern instant=/opt/rustwide/target/debug/deps/libinstant-a3f719cec2cb9298.rlib --extern legion=/opt/rustwide/target/debug/deps/liblegion-1c573424c8d3605a.rlib --extern rand=/opt/rustwide/target/debug/deps/librand-eb4583a65dcd53ec.rlib --extern rand_chacha=/opt/rustwide/target/debug/deps/librand_chacha-fba5f845fcda6896.rlib --extern ron=/opt/rustwide/target/debug/deps/libron-104002cfdc23cd96.rlib --extern serde=/opt/rustwide/target/debug/deps/libserde-74b6b2833eeab03f.rlib --extern srs2dge=/opt/rustwide/target/debug/deps/libsrs2dge.rlib --extern srs2dge_link_static=/opt/rustwide/target/debug/deps/libsrs2dge_link_static-0ba792fb2cf07fb7.rlib --cap-lints=warn -L native=/usr/lib/x86_64-linux-gnu` (signal: 9, SIGKILL: kill)
[INFO] [stderr] warning: build failed, waiting for other jobs to finish...
[INFO] [stderr] error: could not compile `srs2dge` (example "asteroids")
[INFO] [stderr] 
[INFO] [stderr] Caused by:
[INFO] [stderr]   process didn't exit successfully: `/opt/rustwide/rustup-home/toolchains/1.99.0-beta.8-x86_64-unknown-linux-gnu/bin/rustc --crate-name asteroids --edition=2021 examples/asteroids/main.rs --error-format=json --json=diagnostic-rendered-ansi,artifacts,future-incompat --crate-type bin --emit=dep-info,link -C embed-bitcode=no -C debuginfo=2 --cfg 'feature="default"' --cfg 'feature="ecs"' --cfg 'feature="gizmos"' --cfg 'feature="presets"' --cfg 'feature="res"' --cfg 'feature="text"' --check-cfg 'cfg(docsrs,test)' --check-cfg 'cfg(feature, values("default", "dynamic", "ecs", "gizmos", "presets", "res", "srs2dge-link-dynamic", "text"))' -C metadata=02fac75e9acd0954 -C extra-filename=-8e76937833bddf0d --out-dir /opt/rustwide/target/debug/examples -L dependency=/opt/rustwide/target/debug/deps --extern instant=/opt/rustwide/target/debug/deps/libinstant-a3f719cec2cb9298.rlib --extern legion=/opt/rustwide/target/debug/deps/liblegion-1c573424c8d3605a.rlib --extern rand=/opt/rustwide/target/debug/deps/librand-eb4583a65dcd53ec.rlib --extern rand_chacha=/opt/rustwide/target/debug/deps/librand_chacha-fba5f845fcda6896.rlib --extern ron=/opt/rustwide/target/debug/deps/libron-104002cfdc23cd96.rlib --extern serde=/opt/rustwide/target/debug/deps/libserde-74b6b2833eeab03f.rlib --extern srs2dge=/opt/rustwide/target/debug/deps/libsrs2dge.rlib --extern srs2dge_link_static=/opt/rustwide/target/debug/deps/libsrs2dge_link_static-0ba792fb2cf07fb7.rlib --cap-lints=warn -L native=/usr/lib/x86_64-linux-gnu` (signal: 9, SIGKILL: kill)
[INFO] [stdout] error: linking with `cc` failed: exit status: 1
[INFO] [stdout]   |
[INFO] [stdout]   = note:  "cc" "-m64" "/opt/rustwide/target/debug/examples/rustcDOosB4/symbols.o" "<10 object files omitted>" "-Wl,--as-needed" "-Wl,-Bstatic" "/opt/rustwide/target/debug/deps/{libsrs2dge,libsrs2dge_link_static-0ba792fb2cf07fb7,libsrs2dge_ecs-c37a5f844bbc6a7f,liblegion-1c573424c8d3605a,liberased_serde-728e8eb7ef1eb0a7,libatomic_refcell-f4a00def419f226a,libdowncast_rs-d33906d24142a297,libuuid-3e343593fa0cf7b8,libscoped_tls_hkt-c3f3722c95fbeed4,libitertools-0de76b082083dc77,libsrs2dge_gizmos-64bbefd1ac05444a,libsrs2dge_text-b3b1a43e19368774,libfontsdf-cc050b434b5e17e7,libordered_float-c0325258cf404b6c,libfontdue-647fbc2d40b43ca7,libttf_parser-210b6c2b2b31fe39,libsrs2dge_presets-b27f6e98624a1f22,libsrs2dge_res-e9bba9beb48ec957,libsrs2dge_core-064c942b5eb385e0,libinteger_sqrt-e9887317e03b1953,librand-eb4583a65dcd53ec,librand_chacha-fba5f845fcda6896,libppv_lite86-f1eaae57f9caf7a8,librand_core-c9807df9f66ab002,librapid_qoi-78db4757b952530b,libimage-6952da4c90350095,libpng-f94ad48186717b4a,libnum_iter-93b14b397ba82edb,libscoped_threadpool-e27898fb7395e1ec,libnum_rational-c51ee8b5a2e3e8f4,libnum_integer-9910ae9b10657125,libgif-ce8eebda9e2e4f5c,libcolor_quant-72accfe2cafd1a2d,libtiff-0969df59da199235,libflate2-c2156f30276fff45,libminiz_oxide-7178a80fdedf6cf5,libadler-8a8ce72c9fb247b6,libcrc32fast-b1b13fb2b4f6e9b8,libweezl-b89de412df1e0e4a,libjpeg_decoder-2bd3ce045330bbc6,librayon-753a2802cfb782e3,librayon_core-c46211b1b322bc82,libcrossbeam_deque-a7ac7492bf7787d3,libcrossbeam_epoch-f1d9705f46dba3fa,libcrossbeam_channel-4c455ae4f141e995,libcrossbeam_utils-330418d07f1b82e4,libeither-ab6c4cd91672d94a,libexr-8eeb13a98827f263,libflume-9ca33d2af7441925,libspin-ad6ff4d9e2f7fde4,libpin_project-1fe6e6a914b5496d,libfutures_sink-6cb675a02e4d5dcf,libfutures_core-15003dc72a32e5e3,libnanorand-49556ae739ea8dc3,libthreadpool-fec0645a9a3c11e5,libnum_cpus-3c1b7e3aafc329d8,libbit_field-e2b639b9cacfe5b4,libinflate-0512087d7c128169,libdeflate-fa97123a42eea50e,libadler32-b015fcfcf4d4fee0,liblebe-aa248b14091c653b,libhalf-ab7070883a656f8b,libwgpu-7cabbcf6878214e0,libwgpu_core-da61e577cfff8939,libcopyless-24c5db84a58ac14c,libwgpu_hal-fe676a8f2767c4b8,librenderdoc_sys-2b57a45b627c2c15,libgpu_descriptor-c8d4695cc4ace2af,libgpu_descriptor_types-b5811168c1556395,libfxhash-0c08b76f508135fe,libbyteorder-fb36fe721788ce00,libkhronos_egl-50cb480ea5922b05,libprofiling-b71e9f03cb135755,libgpu_alloc-3546566569fcca64,libgpu_alloc_types-e946f51c51127266,libinplace_it-a9ce1fc3f79a8803,libash-a93b140a4088d937,libwgpu_types-5a265d73314f337c,libglow-0114d39898566e5b,libarrayvec-324bee7ec07e0504,libnaga-ba1859012fb7e0e2,libbit_set-983baabdd4e1e088,libbit_vec-b06753219a6ccf92,libcodespan_reporting-48cbe7a1e6b36004,libunicode_width-63532bdea7ef68cc,libhexf_parse-72d4824186d79465,libspirv-fe364a4c7c568a42,libnum_traits-5285743d482a718d,libthiserror-36f38dfad879cbd9,libindexmap-51c309688955090e,libhashbrown-463e9b894bddbf24,libahash-a74b23290d3db4c2,libgetrandom-14de922ebfc44d39,libmain_game_loop-9b0bc2715f6afa6c,libenv_logger-fdebbd83969c5e23,libatty-041bf683fa2ed619,libtermcolor-214b0416d5f44404,libhumantime-9f900d7885b5087e,libregex-eacf4d5a38e395ba,libaho_corasick-b37c2668348330e5,libregex_syntax-00e54d36dcc1a81f,libpollster-fbf477e656efd395,librustc_hash-d7c4a66f98a2548f,libgilrs-e19033a0ae31f1cc,libfnv-79e2cbfbe03dcd16,libgilrs_core-f670f9196fb82737,liblibudev_sys-78543debadf25e05,libnix-0796cedb6860eb3b,libvec_map-75126d96f8392bf4,libuuid-48c9806c458c78e1,libwinit-cf8d5c64472ca791,libmio-213574830e0ca3c6,libx11_dl-be25a2de87a5993f,libpercent_encoding-3e08c199980e8244,libsmithay_client_toolkit-f72ab61894258a43,libwayland_cursor-bb202f8f430549f5,libxcursor-a5c54c65b0af781c,libnom-67303fe3e7a11cb3,libmemchr-3d0ec59241a02054,libmemmap2-4c2e00e1a175bf95,libwayland_protocols-9992e5499fe50ed3,libwayland_client-75316b4fe98b5779,libscoped_tls-c2e76c6539768158,libwayland_commons-8b0ee39205f70d2c,libonce_cell-4d730ecf132ee930,libwayland_sys-198f8cbba93b8239,libcalloop-134a60c8feec362b,libnix-0d09d367c9414cac,libmemoffset-a572a9bbfa5c97e7,libdlib-0298569d95587f1f,liblibloading-087e086d7933a232,libraw_window_handle-d18ea2b5acc00d07,libcty-bf0a8fc628231ea7,libparking_lot-1bb6da3f81b2117d,libparking_lot_core-694f010a0d4ace35,liblibc-fa67ea9b670b2272,libsmallvec-4d273beb6a432798,liblock_api-71cfcf8f8e5dc71c,libscopeguard-e318caba69bf687f,libbitflags-dde12b0d7d495b50,liblazy_static-af860367908b8176,libglam-ceeb1dc5bc581899,libserde-74b6b2833eeab03f,libbytemuck-7514c5089fbb8eff,liblog-db64831fa30f0a98,libcolorful-be631d21a73ffc01,libinstant-a3f719cec2cb9298,libcfg_if-3e7fc4e38d4a72b5}.rlib" "<sysroot>/lib/rustlib/x86_64-unknown-linux-gnu/lib/{libstd-*,libpanic_unwind-*,libobject-*,libmemchr-*,libaddr2line-*,libgimli-*,libcfg_if-*,librustc_demangle-*,libstd_detect-*,libhashbrown-*,librustc_std_workspace_alloc-*,libminiz_oxide-*,libadler2-*,libunwind-*,liblibc-*,librustc_std_workspace_core-*,liballoc-*,libcore-*,libcompiler_builtins-*}.rlib" "-Wl,-Bdynamic" "-ludev" "-ldl" "-ldl" "-lgcc_s" "-lutil" "-lrt" "-lpthread" "-lm" "-ldl" "-lc" "-L" "/opt/rustwide/target/debug/examples/rustcDOosB4/raw-dylibs" "-B<sysroot>/lib/rustlib/x86_64-unknown-linux-gnu/bin/gcc-ld" "-fuse-ld=lld" "-Wl,--eh-frame-hdr" "-Wl,-z,noexecstack" "-L" "/usr/lib/x86_64-linux-gnu" "-L" "<sysroot>/lib/rustlib/x86_64-unknown-linux-gnu/lib" "-o" "/opt/rustwide/target/debug/examples/multi-57b2801e0a31c1ec" "-Wl,--gc-sections" "-pie" "-Wl,-z,relro,-z,now" "-nodefaultlibs"
[INFO] [stdout]   = note: some arguments are omitted. use `--verbose` to show all linker arguments
[INFO] [stdout]   = note: collect2: fatal error: ld terminated with signal 9 [Killed]
[INFO] [stdout]           compilation terminated.
[INFO] [stdout]           
[INFO] [stdout] 
[INFO] [stdout] 
[INFO] [stderr] error: could not compile `srs2dge` (example "multi") due to 1 previous error
[INFO] [stderr] error: could not compile `srs2dge` (example "ecs")
[INFO] [stderr] 
[INFO] [stderr] Caused by:
[INFO] [stderr]   process didn't exit successfully: `/opt/rustwide/rustup-home/toolchains/1.99.0-beta.8-x86_64-unknown-linux-gnu/bin/rustc --crate-name ecs --edition=2021 examples/ecs/main.rs --error-format=json --json=diagnostic-rendered-ansi,artifacts,future-incompat --crate-type bin --emit=dep-info,link -C embed-bitcode=no -C debuginfo=2 --cfg 'feature="default"' --cfg 'feature="ecs"' --cfg 'feature="gizmos"' --cfg 'feature="presets"' --cfg 'feature="res"' --cfg 'feature="text"' --check-cfg 'cfg(docsrs,test)' --check-cfg 'cfg(feature, values("default", "dynamic", "ecs", "gizmos", "presets", "res", "srs2dge-link-dynamic", "text"))' -C metadata=d1280e85dd562067 -C extra-filename=-8200b0ae2ba61641 --out-dir /opt/rustwide/target/debug/examples -L dependency=/opt/rustwide/target/debug/deps --extern instant=/opt/rustwide/target/debug/deps/libinstant-a3f719cec2cb9298.rlib --extern legion=/opt/rustwide/target/debug/deps/liblegion-1c573424c8d3605a.rlib --extern rand=/opt/rustwide/target/debug/deps/librand-eb4583a65dcd53ec.rlib --extern rand_chacha=/opt/rustwide/target/debug/deps/librand_chacha-fba5f845fcda6896.rlib --extern ron=/opt/rustwide/target/debug/deps/libron-104002cfdc23cd96.rlib --extern serde=/opt/rustwide/target/debug/deps/libserde-74b6b2833eeab03f.rlib --extern srs2dge=/opt/rustwide/target/debug/deps/libsrs2dge.rlib --extern srs2dge_link_static=/opt/rustwide/target/debug/deps/libsrs2dge_link_static-0ba792fb2cf07fb7.rlib --cap-lints=warn -L native=/usr/lib/x86_64-linux-gnu` (signal: 9, SIGKILL: kill)
[INFO] [stderr] error: could not compile `srs2dge` (example "tetris")
[INFO] [stderr] 
[INFO] [stderr] Caused by:
[INFO] [stderr]   process didn't exit successfully: `/opt/rustwide/rustup-home/toolchains/1.99.0-beta.8-x86_64-unknown-linux-gnu/bin/rustc --crate-name tetris --edition=2021 examples/tetris/main.rs --error-format=json --json=diagnostic-rendered-ansi,artifacts,future-incompat --crate-type bin --emit=dep-info,link -C embed-bitcode=no -C debuginfo=2 --cfg 'feature="default"' --cfg 'feature="ecs"' --cfg 'feature="gizmos"' --cfg 'feature="presets"' --cfg 'feature="res"' --cfg 'feature="text"' --check-cfg 'cfg(docsrs,test)' --check-cfg 'cfg(feature, values("default", "dynamic", "ecs", "gizmos", "presets", "res", "srs2dge-link-dynamic", "text"))' -C metadata=8adc812856a4a68b -C extra-filename=-0ba00d5eecbad3f9 --out-dir /opt/rustwide/target/debug/examples -L dependency=/opt/rustwide/target/debug/deps --extern instant=/opt/rustwide/target/debug/deps/libinstant-a3f719cec2cb9298.rlib --extern legion=/opt/rustwide/target/debug/deps/liblegion-1c573424c8d3605a.rlib --extern rand=/opt/rustwide/target/debug/deps/librand-eb4583a65dcd53ec.rlib --extern rand_chacha=/opt/rustwide/target/debug/deps/librand_chacha-fba5f845fcda6896.rlib --extern ron=/opt/rustwide/target/debug/deps/libron-104002cfdc23cd96.rlib --extern serde=/opt/rustwide/target/debug/deps/libserde-74b6b2833eeab03f.rlib --extern srs2dge=/opt/rustwide/target/debug/deps/libsrs2dge.rlib --extern srs2dge_link_static=/opt/rustwide/target/debug/deps/libsrs2dge_link_static-0ba792fb2cf07fb7.rlib --cap-lints=warn -L native=/usr/lib/x86_64-linux-gnu` (signal: 9, SIGKILL: kill)
[INFO] [stderr] error: could not compile `srs2dge` (example "simple")
[INFO] [stderr] 
[INFO] [stderr] Caused by:
[INFO] [stderr]   process didn't exit successfully: `/opt/rustwide/rustup-home/toolchains/1.99.0-beta.8-x86_64-unknown-linux-gnu/bin/rustc --crate-name simple --edition=2021 examples/simple/main.rs --error-format=json --json=diagnostic-rendered-ansi,artifacts,future-incompat --crate-type bin --emit=dep-info,link -C embed-bitcode=no -C debuginfo=2 --cfg 'feature="default"' --cfg 'feature="ecs"' --cfg 'feature="gizmos"' --cfg 'feature="presets"' --cfg 'feature="res"' --cfg 'feature="text"' --check-cfg 'cfg(docsrs,test)' --check-cfg 'cfg(feature, values("default", "dynamic", "ecs", "gizmos", "presets", "res", "srs2dge-link-dynamic", "text"))' -C metadata=006b15b10c73df99 -C extra-filename=-99e577c2aee42da5 --out-dir /opt/rustwide/target/debug/examples -L dependency=/opt/rustwide/target/debug/deps --extern instant=/opt/rustwide/target/debug/deps/libinstant-a3f719cec2cb9298.rlib --extern legion=/opt/rustwide/target/debug/deps/liblegion-1c573424c8d3605a.rlib --extern rand=/opt/rustwide/target/debug/deps/librand-eb4583a65dcd53ec.rlib --extern rand_chacha=/opt/rustwide/target/debug/deps/librand_chacha-fba5f845fcda6896.rlib --extern ron=/opt/rustwide/target/debug/deps/libron-104002cfdc23cd96.rlib --extern serde=/opt/rustwide/target/debug/deps/libserde-74b6b2833eeab03f.rlib --extern srs2dge=/opt/rustwide/target/debug/deps/libsrs2dge.rlib --extern srs2dge_link_static=/opt/rustwide/target/debug/deps/libsrs2dge_link_static-0ba792fb2cf07fb7.rlib --cap-lints=warn -L native=/usr/lib/x86_64-linux-gnu` (signal: 9, SIGKILL: kill)
[INFO] [stderr] error: could not compile `srs2dge` (example "gizmos")
[INFO] [stderr] 
[INFO] [stderr] Caused by:
[INFO] [stderr]   process didn't exit successfully: `/opt/rustwide/rustup-home/toolchains/1.99.0-beta.8-x86_64-unknown-linux-gnu/bin/rustc --crate-name gizmos --edition=2021 examples/gizmos/main.rs --error-format=json --json=diagnostic-rendered-ansi,artifacts,future-incompat --crate-type bin --emit=dep-info,link -C embed-bitcode=no -C debuginfo=2 --cfg 'feature="default"' --cfg 'feature="ecs"' --cfg 'feature="gizmos"' --cfg 'feature="presets"' --cfg 'feature="res"' --cfg 'feature="text"' --check-cfg 'cfg(docsrs,test)' --check-cfg 'cfg(feature, values("default", "dynamic", "ecs", "gizmos", "presets", "res", "srs2dge-link-dynamic", "text"))' -C metadata=d8d7d146ef4a20df -C extra-filename=-a093d07a1f611cb2 --out-dir /opt/rustwide/target/debug/examples -L dependency=/opt/rustwide/target/debug/deps --extern instant=/opt/rustwide/target/debug/deps/libinstant-a3f719cec2cb9298.rlib --extern legion=/opt/rustwide/target/debug/deps/liblegion-1c573424c8d3605a.rlib --extern rand=/opt/rustwide/target/debug/deps/librand-eb4583a65dcd53ec.rlib --extern rand_chacha=/opt/rustwide/target/debug/deps/librand_chacha-fba5f845fcda6896.rlib --extern ron=/opt/rustwide/target/debug/deps/libron-104002cfdc23cd96.rlib --extern serde=/opt/rustwide/target/debug/deps/libserde-74b6b2833eeab03f.rlib --extern srs2dge=/opt/rustwide/target/debug/deps/libsrs2dge.rlib --extern srs2dge_link_static=/opt/rustwide/target/debug/deps/libsrs2dge_link_static-0ba792fb2cf07fb7.rlib --cap-lints=warn -L native=/usr/lib/x86_64-linux-gnu` (signal: 9, SIGKILL: kill)
[INFO] [stderr] error: could not compile `srs2dge` (example "text")
[INFO] [stderr] 
[INFO] [stderr] Caused by:
[INFO] [stderr]   process didn't exit successfully: `/opt/rustwide/rustup-home/toolchains/1.99.0-beta.8-x86_64-unknown-linux-gnu/bin/rustc --crate-name text --edition=2021 examples/text/main.rs --error-format=json --json=diagnostic-rendered-ansi,artifacts,future-incompat --crate-type bin --emit=dep-info,link -C embed-bitcode=no -C debuginfo=2 --cfg 'feature="default"' --cfg 'feature="ecs"' --cfg 'feature="gizmos"' --cfg 'feature="presets"' --cfg 'feature="res"' --cfg 'feature="text"' --check-cfg 'cfg(docsrs,test)' --check-cfg 'cfg(feature, values("default", "dynamic", "ecs", "gizmos", "presets", "res", "srs2dge-link-dynamic", "text"))' -C metadata=4b8d32f8bafedfed -C extra-filename=-40b3e8d09871467e --out-dir /opt/rustwide/target/debug/examples -L dependency=/opt/rustwide/target/debug/deps --extern instant=/opt/rustwide/target/debug/deps/libinstant-a3f719cec2cb9298.rlib --extern legion=/opt/rustwide/target/debug/deps/liblegion-1c573424c8d3605a.rlib --extern rand=/opt/rustwide/target/debug/deps/librand-eb4583a65dcd53ec.rlib --extern rand_chacha=/opt/rustwide/target/debug/deps/librand_chacha-fba5f845fcda6896.rlib --extern ron=/opt/rustwide/target/debug/deps/libron-104002cfdc23cd96.rlib --extern serde=/opt/rustwide/target/debug/deps/libserde-74b6b2833eeab03f.rlib --extern srs2dge=/opt/rustwide/target/debug/deps/libsrs2dge.rlib --extern srs2dge_link_static=/opt/rustwide/target/debug/deps/libsrs2dge_link_static-0ba792fb2cf07fb7.rlib --cap-lints=warn -L native=/usr/lib/x86_64-linux-gnu` (signal: 9, SIGKILL: kill)
[INFO] [stdout] error: linking with `cc` failed: exit status: 1
[INFO] [stdout]   |
[INFO] [stdout]   = note:  "cc" "-m64" "/opt/rustwide/target/debug/examples/rustcgKcNcn/symbols.o" "<10 object files omitted>" "-Wl,--as-needed" "-Wl,-Bstatic" "/opt/rustwide/target/debug/deps/{libsrs2dge,libsrs2dge_link_static-0ba792fb2cf07fb7,libsrs2dge_ecs-c37a5f844bbc6a7f,liblegion-1c573424c8d3605a,liberased_serde-728e8eb7ef1eb0a7,libatomic_refcell-f4a00def419f226a,libdowncast_rs-d33906d24142a297,libuuid-3e343593fa0cf7b8,libscoped_tls_hkt-c3f3722c95fbeed4,libitertools-0de76b082083dc77,libsrs2dge_gizmos-64bbefd1ac05444a,libsrs2dge_text-b3b1a43e19368774,libfontsdf-cc050b434b5e17e7,libordered_float-c0325258cf404b6c,libfontdue-647fbc2d40b43ca7,libttf_parser-210b6c2b2b31fe39,libsrs2dge_presets-b27f6e98624a1f22,libsrs2dge_res-e9bba9beb48ec957,libsrs2dge_core-064c942b5eb385e0,libinteger_sqrt-e9887317e03b1953,librand-eb4583a65dcd53ec,librand_chacha-fba5f845fcda6896,libppv_lite86-f1eaae57f9caf7a8,librand_core-c9807df9f66ab002,librapid_qoi-78db4757b952530b,libimage-6952da4c90350095,libpng-f94ad48186717b4a,libnum_iter-93b14b397ba82edb,libscoped_threadpool-e27898fb7395e1ec,libnum_rational-c51ee8b5a2e3e8f4,libnum_integer-9910ae9b10657125,libgif-ce8eebda9e2e4f5c,libcolor_quant-72accfe2cafd1a2d,libtiff-0969df59da199235,libflate2-c2156f30276fff45,libminiz_oxide-7178a80fdedf6cf5,libadler-8a8ce72c9fb247b6,libcrc32fast-b1b13fb2b4f6e9b8,libweezl-b89de412df1e0e4a,libjpeg_decoder-2bd3ce045330bbc6,librayon-753a2802cfb782e3,librayon_core-c46211b1b322bc82,libcrossbeam_deque-a7ac7492bf7787d3,libcrossbeam_epoch-f1d9705f46dba3fa,libcrossbeam_channel-4c455ae4f141e995,libcrossbeam_utils-330418d07f1b82e4,libeither-ab6c4cd91672d94a,libexr-8eeb13a98827f263,libflume-9ca33d2af7441925,libspin-ad6ff4d9e2f7fde4,libpin_project-1fe6e6a914b5496d,libfutures_sink-6cb675a02e4d5dcf,libfutures_core-15003dc72a32e5e3,libnanorand-49556ae739ea8dc3,libthreadpool-fec0645a9a3c11e5,libnum_cpus-3c1b7e3aafc329d8,libbit_field-e2b639b9cacfe5b4,libinflate-0512087d7c128169,libdeflate-fa97123a42eea50e,libadler32-b015fcfcf4d4fee0,liblebe-aa248b14091c653b,libhalf-ab7070883a656f8b,libwgpu-7cabbcf6878214e0,libwgpu_core-da61e577cfff8939,libcopyless-24c5db84a58ac14c,libwgpu_hal-fe676a8f2767c4b8,librenderdoc_sys-2b57a45b627c2c15,libgpu_descriptor-c8d4695cc4ace2af,libgpu_descriptor_types-b5811168c1556395,libfxhash-0c08b76f508135fe,libbyteorder-fb36fe721788ce00,libkhronos_egl-50cb480ea5922b05,libprofiling-b71e9f03cb135755,libgpu_alloc-3546566569fcca64,libgpu_alloc_types-e946f51c51127266,libinplace_it-a9ce1fc3f79a8803,libash-a93b140a4088d937,libwgpu_types-5a265d73314f337c,libglow-0114d39898566e5b,libarrayvec-324bee7ec07e0504,libnaga-ba1859012fb7e0e2,libbit_set-983baabdd4e1e088,libbit_vec-b06753219a6ccf92,libcodespan_reporting-48cbe7a1e6b36004,libunicode_width-63532bdea7ef68cc,libhexf_parse-72d4824186d79465,libspirv-fe364a4c7c568a42,libnum_traits-5285743d482a718d,libthiserror-36f38dfad879cbd9,libindexmap-51c309688955090e,libhashbrown-463e9b894bddbf24,libahash-a74b23290d3db4c2,libgetrandom-14de922ebfc44d39,libmain_game_loop-9b0bc2715f6afa6c,libenv_logger-fdebbd83969c5e23,libatty-041bf683fa2ed619,libtermcolor-214b0416d5f44404,libhumantime-9f900d7885b5087e,libregex-eacf4d5a38e395ba,libaho_corasick-b37c2668348330e5,libregex_syntax-00e54d36dcc1a81f,libpollster-fbf477e656efd395,librustc_hash-d7c4a66f98a2548f,libgilrs-e19033a0ae31f1cc,libfnv-79e2cbfbe03dcd16,libgilrs_core-f670f9196fb82737,liblibudev_sys-78543debadf25e05,libnix-0796cedb6860eb3b,libvec_map-75126d96f8392bf4,libuuid-48c9806c458c78e1,libwinit-cf8d5c64472ca791,libmio-213574830e0ca3c6,libx11_dl-be25a2de87a5993f,libpercent_encoding-3e08c199980e8244,libsmithay_client_toolkit-f72ab61894258a43,libwayland_cursor-bb202f8f430549f5,libxcursor-a5c54c65b0af781c,libnom-67303fe3e7a11cb3,libmemchr-3d0ec59241a02054,libmemmap2-4c2e00e1a175bf95,libwayland_protocols-9992e5499fe50ed3,libwayland_client-75316b4fe98b5779,libscoped_tls-c2e76c6539768158,libwayland_commons-8b0ee39205f70d2c,libonce_cell-4d730ecf132ee930,libwayland_sys-198f8cbba93b8239,libcalloop-134a60c8feec362b,libnix-0d09d367c9414cac,libmemoffset-a572a9bbfa5c97e7,libdlib-0298569d95587f1f,liblibloading-087e086d7933a232,libraw_window_handle-d18ea2b5acc00d07,libcty-bf0a8fc628231ea7,libparking_lot-1bb6da3f81b2117d,libparking_lot_core-694f010a0d4ace35,liblibc-fa67ea9b670b2272,libsmallvec-4d273beb6a432798,liblock_api-71cfcf8f8e5dc71c,libscopeguard-e318caba69bf687f,libinstant-a3f719cec2cb9298,libbitflags-dde12b0d7d495b50,liblazy_static-af860367908b8176,libglam-ceeb1dc5bc581899,libserde-74b6b2833eeab03f,libbytemuck-7514c5089fbb8eff,liblog-db64831fa30f0a98,libcfg_if-3e7fc4e38d4a72b5,libcolorful-be631d21a73ffc01}.rlib" "<sysroot>/lib/rustlib/x86_64-unknown-linux-gnu/lib/{libstd-*,libpanic_unwind-*,libobject-*,libmemchr-*,libaddr2line-*,libgimli-*,libcfg_if-*,librustc_demangle-*,libstd_detect-*,libhashbrown-*,librustc_std_workspace_alloc-*,libminiz_oxide-*,libadler2-*,libunwind-*,liblibc-*,librustc_std_workspace_core-*,liballoc-*,libcore-*,libcompiler_builtins-*}.rlib" "-Wl,-Bdynamic" "-ludev" "-ldl" "-ldl" "-lgcc_s" "-lutil" "-lrt" "-lpthread" "-lm" "-ldl" "-lc" "-L" "/opt/rustwide/target/debug/examples/rustcgKcNcn/raw-dylibs" "-B<sysroot>/lib/rustlib/x86_64-unknown-linux-gnu/bin/gcc-ld" "-fuse-ld=lld" "-Wl,--eh-frame-hdr" "-Wl,-z,noexecstack" "-L" "/usr/lib/x86_64-linux-gnu" "-L" "<sysroot>/lib/rustlib/x86_64-unknown-linux-gnu/lib" "-o" "/opt/rustwide/target/debug/examples/texture-9953146bd188627b" "-Wl,--gc-sections" "-pie" "-Wl,-z,relro,-z,now" "-nodefaultlibs"
[INFO] [stdout]   = note: some arguments are omitted. use `--verbose` to show all linker arguments
[INFO] [stdout]   = note: collect2: fatal error: ld terminated with signal 9 [Killed]
[INFO] [stdout]           compilation terminated.
[INFO] [stdout]           
[INFO] [stdout] 
[INFO] [stdout] 
[INFO] [stderr] error: could not compile `srs2dge` (example "texture") due to 1 previous error
[INFO] [stdout] error: linking with `cc` failed: exit status: 1
[INFO] [stdout]   |
[INFO] [stdout]   = note:  "cc" "-m64" "/opt/rustwide/target/debug/examples/rustcveYDzg/symbols.o" "<10 object files omitted>" "-Wl,--as-needed" "-Wl,-Bstatic" "/opt/rustwide/target/debug/deps/{libsrs2dge,libsrs2dge_link_static-0ba792fb2cf07fb7,libsrs2dge_ecs-c37a5f844bbc6a7f,liblegion-1c573424c8d3605a,liberased_serde-728e8eb7ef1eb0a7,libatomic_refcell-f4a00def419f226a,libdowncast_rs-d33906d24142a297,libuuid-3e343593fa0cf7b8,libscoped_tls_hkt-c3f3722c95fbeed4,libitertools-0de76b082083dc77,libsrs2dge_gizmos-64bbefd1ac05444a,libsrs2dge_text-b3b1a43e19368774,libfontsdf-cc050b434b5e17e7,libordered_float-c0325258cf404b6c,libfontdue-647fbc2d40b43ca7,libttf_parser-210b6c2b2b31fe39,libsrs2dge_presets-b27f6e98624a1f22,libsrs2dge_res-e9bba9beb48ec957,libsrs2dge_core-064c942b5eb385e0,libinteger_sqrt-e9887317e03b1953,librand-eb4583a65dcd53ec,librand_chacha-fba5f845fcda6896,libppv_lite86-f1eaae57f9caf7a8,librand_core-c9807df9f66ab002,librapid_qoi-78db4757b952530b,libimage-6952da4c90350095,libpng-f94ad48186717b4a,libnum_iter-93b14b397ba82edb,libscoped_threadpool-e27898fb7395e1ec,libnum_rational-c51ee8b5a2e3e8f4,libnum_integer-9910ae9b10657125,libgif-ce8eebda9e2e4f5c,libcolor_quant-72accfe2cafd1a2d,libtiff-0969df59da199235,libflate2-c2156f30276fff45,libminiz_oxide-7178a80fdedf6cf5,libadler-8a8ce72c9fb247b6,libcrc32fast-b1b13fb2b4f6e9b8,libweezl-b89de412df1e0e4a,libjpeg_decoder-2bd3ce045330bbc6,librayon-753a2802cfb782e3,librayon_core-c46211b1b322bc82,libcrossbeam_deque-a7ac7492bf7787d3,libcrossbeam_epoch-f1d9705f46dba3fa,libcrossbeam_channel-4c455ae4f141e995,libcrossbeam_utils-330418d07f1b82e4,libeither-ab6c4cd91672d94a,libexr-8eeb13a98827f263,libflume-9ca33d2af7441925,libspin-ad6ff4d9e2f7fde4,libpin_project-1fe6e6a914b5496d,libfutures_sink-6cb675a02e4d5dcf,libfutures_core-15003dc72a32e5e3,libnanorand-49556ae739ea8dc3,libthreadpool-fec0645a9a3c11e5,libnum_cpus-3c1b7e3aafc329d8,libbit_field-e2b639b9cacfe5b4,libinflate-0512087d7c128169,libdeflate-fa97123a42eea50e,libadler32-b015fcfcf4d4fee0,liblebe-aa248b14091c653b,libhalf-ab7070883a656f8b,libwgpu-7cabbcf6878214e0,libwgpu_core-da61e577cfff8939,libcopyless-24c5db84a58ac14c,libwgpu_hal-fe676a8f2767c4b8,librenderdoc_sys-2b57a45b627c2c15,libgpu_descriptor-c8d4695cc4ace2af,libgpu_descriptor_types-b5811168c1556395,libfxhash-0c08b76f508135fe,libbyteorder-fb36fe721788ce00,libkhronos_egl-50cb480ea5922b05,libprofiling-b71e9f03cb135755,libgpu_alloc-3546566569fcca64,libgpu_alloc_types-e946f51c51127266,libinplace_it-a9ce1fc3f79a8803,libash-a93b140a4088d937,libwgpu_types-5a265d73314f337c,libglow-0114d39898566e5b,libarrayvec-324bee7ec07e0504,libnaga-ba1859012fb7e0e2,libbit_set-983baabdd4e1e088,libbit_vec-b06753219a6ccf92,libcodespan_reporting-48cbe7a1e6b36004,libunicode_width-63532bdea7ef68cc,libhexf_parse-72d4824186d79465,libspirv-fe364a4c7c568a42,libnum_traits-5285743d482a718d,libthiserror-36f38dfad879cbd9,libindexmap-51c309688955090e,libhashbrown-463e9b894bddbf24,libahash-a74b23290d3db4c2,libgetrandom-14de922ebfc44d39,libmain_game_loop-9b0bc2715f6afa6c,libenv_logger-fdebbd83969c5e23,libatty-041bf683fa2ed619,libtermcolor-214b0416d5f44404,libhumantime-9f900d7885b5087e,libregex-eacf4d5a38e395ba,libaho_corasick-b37c2668348330e5,libregex_syntax-00e54d36dcc1a81f,libpollster-fbf477e656efd395,librustc_hash-d7c4a66f98a2548f,libgilrs-e19033a0ae31f1cc,libfnv-79e2cbfbe03dcd16,libgilrs_core-f670f9196fb82737,liblibudev_sys-78543debadf25e05,libnix-0796cedb6860eb3b,libvec_map-75126d96f8392bf4,libuuid-48c9806c458c78e1,libwinit-cf8d5c64472ca791,libmio-213574830e0ca3c6,libx11_dl-be25a2de87a5993f,libpercent_encoding-3e08c199980e8244,libsmithay_client_toolkit-f72ab61894258a43,libwayland_cursor-bb202f8f430549f5,libxcursor-a5c54c65b0af781c,libnom-67303fe3e7a11cb3,libmemchr-3d0ec59241a02054,libmemmap2-4c2e00e1a175bf95,libwayland_protocols-9992e5499fe50ed3,libwayland_client-75316b4fe98b5779,libscoped_tls-c2e76c6539768158,libwayland_commons-8b0ee39205f70d2c,libonce_cell-4d730ecf132ee930,libwayland_sys-198f8cbba93b8239,libcalloop-134a60c8feec362b,libnix-0d09d367c9414cac,libmemoffset-a572a9bbfa5c97e7,libdlib-0298569d95587f1f,liblibloading-087e086d7933a232,libraw_window_handle-d18ea2b5acc00d07,libcty-bf0a8fc628231ea7,libparking_lot-1bb6da3f81b2117d,libparking_lot_core-694f010a0d4ace35,liblibc-fa67ea9b670b2272,libsmallvec-4d273beb6a432798,liblock_api-71cfcf8f8e5dc71c,libscopeguard-e318caba69bf687f,libinstant-a3f719cec2cb9298,libbitflags-dde12b0d7d495b50,liblazy_static-af860367908b8176,libglam-ceeb1dc5bc581899,libserde-74b6b2833eeab03f,libbytemuck-7514c5089fbb8eff,liblog-db64831fa30f0a98,libcfg_if-3e7fc4e38d4a72b5,libcolorful-be631d21a73ffc01}.rlib" "<sysroot>/lib/rustlib/x86_64-unknown-linux-gnu/lib/{libstd-*,libpanic_unwind-*,libobject-*,libmemchr-*,libaddr2line-*,libgimli-*,libcfg_if-*,librustc_demangle-*,libstd_detect-*,libhashbrown-*,librustc_std_workspace_alloc-*,libminiz_oxide-*,libadler2-*,libunwind-*,liblibc-*,librustc_std_workspace_core-*,liballoc-*,libcore-*,libcompiler_builtins-*}.rlib" "-Wl,-Bdynamic" "-ludev" "-ldl" "-ldl" "-lgcc_s" "-lutil" "-lrt" "-lpthread" "-lm" "-ldl" "-lc" "-L" "/opt/rustwide/target/debug/examples/rustcveYDzg/raw-dylibs" "-B<sysroot>/lib/rustlib/x86_64-unknown-linux-gnu/bin/gcc-ld" "-fuse-ld=lld" "-Wl,--eh-frame-hdr" "-Wl,-z,noexecstack" "-L" "/usr/lib/x86_64-linux-gnu" "-L" "<sysroot>/lib/rustlib/x86_64-unknown-linux-gnu/lib" "-o" "/opt/rustwide/target/debug/examples/post_process-ea87693a9c3afc12" "-Wl,--gc-sections" "-pie" "-Wl,-z,relro,-z,now" "-nodefaultlibs"
[INFO] [stdout]   = note: some arguments are omitted. use `--verbose` to show all linker arguments
[INFO] [stdout]   = note: collect2: fatal error: ld terminated with signal 9 [Killed]
[INFO] [stdout]           compilation terminated.
[INFO] [stdout]           
[INFO] [stdout] 
[INFO] [stdout] 
[INFO] [stderr] error: could not compile `srs2dge` (example "post_process") due to 1 previous error
[INFO] running `Command { std: "docker" "inspect" "f9c30daba1dbb7f29b97b7ad303f4ff3398b3821b386c332f6ad887bbe7056a0", kill_on_drop: false }`
[INFO] running `Command { std: "docker" "rm" "-f" "f9c30daba1dbb7f29b97b7ad303f4ff3398b3821b386c332f6ad887bbe7056a0", kill_on_drop: false }`
[INFO] [stdout] f9c30daba1dbb7f29b97b7ad303f4ff3398b3821b386c332f6ad887bbe7056a0
