[INFO] fetching crate srr 0.1.0...
[INFO] testing srr-0.1.0 against 1.99.0-beta.8 for beta-1.100-2
[INFO] extracting crate srr 0.1.0 into /workspace/builds/worker-0-tc1/source
[INFO] started tweaking crates.io crate srr 0.1.0
[INFO] removed 0 missing tests
[INFO] finished tweaking crates.io crate srr 0.1.0
[INFO] tweaked toml for crates.io crate srr 0.1.0 written to /workspace/builds/worker-0-tc1/source/Cargo.toml
[INFO] validating manifest of crates.io crate srr 0.1.0 on toolchain 1.99.0-beta.8
[INFO] running `Command { std: CARGO_HOME="/workspace/cargo-home" RUSTUP_HOME="/workspace/rustup-home" "/workspace/cargo-home/bin/cargo" "+1.99.0-beta.8" "metadata" "--manifest-path" "Cargo.toml" "--no-deps", kill_on_drop: false }`
[INFO] crate crates.io crate srr 0.1.0 already has a lockfile, it will not be regenerated
[INFO] running `Command { std: CARGO_HOME="/workspace/cargo-home" RUSTUP_HOME="/workspace/rustup-home" "/workspace/cargo-home/bin/cargo" "+1.99.0-beta.8" "fetch" "--manifest-path" "Cargo.toml", kill_on_drop: false }`
[INFO] [stderr]     Updating crates.io index
[INFO] [stderr]  Downloading crates ...
[INFO] [stderr]   Downloaded tree-sitter v0.24.7
[INFO] [stderr]   Downloaded compact_str v0.8.2
[INFO] [stderr]   Downloaded notify v6.1.1
[INFO] [stderr]   Downloaded inotify v0.9.6
[INFO] [stderr]   Downloaded ignore v0.4.26
[INFO] [stderr]   Downloaded tiktoken-rs v0.9.1
[INFO] running `Command { std: "docker" "create" "-v" "/var/lib/crater-agent-workspace/builds/worker-0-tc1/source:/opt/rustwide/workdir:ro,Z" "-v" "/var/lib/crater-agent-workspace/builds/worker-0-tc1/target:/opt/rustwide/target:rw,Z" "-v" "/var/lib/crater-agent-workspace/cargo-home:/opt/rustwide/cargo-home:ro,Z" "-v" "/var/lib/crater-agent-workspace/rustup-home:/opt/rustwide/rustup-home:ro,Z" "-m" "1610612736" "--network" "none" "ghcr.io/rust-lang/crates-build-env/linux@sha256:3111399a4047eeb3a02b7a90e478d715f38a8c6669b5c4b49d30a17385265909" "sleep" "infinity", kill_on_drop: false }`
[INFO] [stdout] 68efa74e14020a20d2ce62f7e376d112b02e241e498d1d16e2b83ff39dfe5b71
[INFO] running `Command { std: "docker" "start" "68efa74e14020a20d2ce62f7e376d112b02e241e498d1d16e2b83ff39dfe5b71", kill_on_drop: false }`
[INFO] running `Command { std: "docker" "inspect" "68efa74e14020a20d2ce62f7e376d112b02e241e498d1d16e2b83ff39dfe5b71", kill_on_drop: false }`
[INFO] running `Command { std: "docker" "exec" "-e" "SOURCE_DIR=/opt/rustwide/workdir" "-e" "CARGO_HOME=/opt/rustwide/cargo-home" "-e" "RUSTUP_HOME=/opt/rustwide/rustup-home" "-e" "CARGO_TARGET_DIR=/opt/rustwide/target" "-w" "/opt/rustwide/workdir" "--user" "0:0" "68efa74e14020a20d2ce62f7e376d112b02e241e498d1d16e2b83ff39dfe5b71" "/opt/rustwide/cargo-home/bin/cargo" "+1.99.0-beta.8" "metadata" "--no-deps" "--format-version=1", kill_on_drop: false }`
[INFO] running `Command { std: "docker" "inspect" "68efa74e14020a20d2ce62f7e376d112b02e241e498d1d16e2b83ff39dfe5b71", kill_on_drop: false }`
[INFO] running `Command { std: "docker" "exec" "-e" "SOURCE_DIR=/opt/rustwide/workdir" "-e" "CARGO_HOME=/opt/rustwide/cargo-home" "-e" "RUSTUP_HOME=/opt/rustwide/rustup-home" "-e" "CARGO_TARGET_DIR=/opt/rustwide/target" "-e" "CARGO_INCREMENTAL=0" "-e" "RUST_BACKTRACE=full" "-e" "RUSTFLAGS=--cap-lints=warn" "-e" "RUSTDOCFLAGS=--cap-lints=warn" "-w" "/opt/rustwide/workdir" "--user" "0:0" "68efa74e14020a20d2ce62f7e376d112b02e241e498d1d16e2b83ff39dfe5b71" "/opt/rustwide/cargo-home/bin/cargo" "+1.99.0-beta.8" "build" "--frozen" "--message-format=json", kill_on_drop: false }`
[INFO] [stderr]    Compiling syn v2.0.118
[INFO] [stderr]    Compiling mio v1.2.1
[INFO] [stderr]    Compiling openssl-sys v0.9.117
[INFO] [stderr]    Compiling regex-automata v0.4.14
[INFO] [stderr]    Compiling http-body v1.0.1
[INFO] [stderr]    Compiling unicode-width v0.2.0
[INFO] [stderr]    Compiling anstyle-parse v1.0.0
[INFO] [stderr]    Compiling colorchoice v1.0.5
[INFO] [stderr]    Compiling rustix v0.38.44
[INFO] [stderr]    Compiling hashbrown v0.15.5
[INFO] [stderr]    Compiling signal-hook v0.3.18
[INFO] [stderr]    Compiling ahash v0.8.12
[INFO] [stderr]    Compiling libsqlite3-sys v0.30.1
[INFO] [stderr]    Compiling bit-vec v0.6.3
[INFO] [stderr]    Compiling portable-atomic v1.13.1
[INFO] [stderr]    Compiling instability v0.3.12
[INFO] [stderr]    Compiling http-body-util v0.1.3
[INFO] [stderr]    Compiling itertools v0.13.0
[INFO] [stderr]    Compiling anstream v1.0.0
[INFO] [stderr]    Compiling bit-set v0.5.3
[INFO] [stderr]    Compiling hashbrown v0.14.5
[INFO] [stderr]    Compiling tree-sitter-python v0.25.0
[INFO] [stderr]    Compiling inotify-sys v0.1.5
[INFO] [stderr]    Compiling tree-sitter-go v0.25.0
[INFO] [stderr]    Compiling tree-sitter-rust v0.24.2
[INFO] [stderr]    Compiling tree-sitter v0.24.7
[INFO] [stderr]    Compiling tree-sitter-javascript v0.25.0
[INFO] [stderr]    Compiling simd-adler32 v0.3.9
[INFO] [stderr]    Compiling pulldown-cmark v0.12.2
[INFO] [stderr]    Compiling openssl v0.10.81
[INFO] [stderr]    Compiling native-tls v0.2.18
[INFO] [stderr]    Compiling inotify v0.9.6
[INFO] [stderr]    Compiling clap_builder v4.6.0
[INFO] [stderr]    Compiling signal-hook-mio v0.2.5
[INFO] [stderr]    Compiling miniz_oxide v0.8.9
[INFO] [stderr]    Compiling compact_str v0.8.2
[INFO] [stderr]    Compiling hashlink v0.9.1
[INFO] [stderr]    Compiling lru v0.12.5
[INFO] [stderr]    Compiling crossterm v0.28.1
[INFO] [stderr]    Compiling getopts v0.2.24
[INFO] [stderr]    Compiling console v0.15.11
[INFO] [stderr]    Compiling serde_json v1.0.150
[INFO] [stderr]    Compiling getrandom v0.4.3
[INFO] [stderr]    Compiling mio v0.8.11
[INFO] [stderr]    Compiling filetime v0.2.29
[INFO] [stderr]    Compiling unicode-linebreak v0.1.5
[INFO] [stderr]    Compiling number_prefix v0.4.0
[INFO] [stderr]    Compiling cassowary v0.3.0
[INFO] [stderr]    Compiling pulldown-cmark-escape v0.11.0
[INFO] [stderr]    Compiling smawk v0.3.3
[INFO] [stderr]    Compiling petgraph v0.8.3
[INFO] [stderr]    Compiling notify v6.1.1
[INFO] [stderr]    Compiling textwrap v0.16.2
[INFO] [stderr]    Compiling indicatif v0.17.11
[INFO] [stderr]    Compiling uuid v1.23.3
[INFO] [stderr]    Compiling unicode-truncate v1.1.0
[INFO] [stderr]    Compiling rayon v1.12.0
[INFO] [stderr]    Compiling flate2 v1.1.9
[INFO] [stderr]    Compiling colored v2.2.0
[INFO] [stderr]    Compiling glob v0.3.3
[INFO] [stderr]    Compiling synstructure v0.13.2
[INFO] [stderr]    Compiling darling_core v0.23.0
[INFO] [stderr]    Compiling bstr v1.12.1
[INFO] [stderr]    Compiling regex v1.12.4
[INFO] [stderr]    Compiling fancy-regex v0.13.0
[INFO] [stderr]    Compiling globset v0.4.18
[INFO] [stderr]    Compiling zerofrom-derive v0.1.7
[INFO] [stderr]    Compiling yoke-derive v0.8.2
[INFO] [stderr]    Compiling zerovec-derive v0.11.3
[INFO] [stderr]    Compiling displaydoc v0.2.6
[INFO] [stderr]    Compiling tokio-macros v2.7.0
[INFO] [stderr]    Compiling futures-macro v0.3.32
[INFO] [stderr]    Compiling serde_derive v1.0.228
[INFO] [stderr]    Compiling openssl-macros v0.1.1
[INFO] [stderr]    Compiling strum_macros v0.26.4
[INFO] [stderr]    Compiling futures-util v0.3.32
[INFO] [stderr]    Compiling clap_derive v4.6.1
[INFO] [stderr]    Compiling thiserror-impl v1.0.69
[INFO] [stderr]    Compiling tokio v1.52.3
[INFO] [stderr]    Compiling ignore v0.4.26
[INFO] [stderr]    Compiling tiktoken-rs v0.9.1
[INFO] [stderr]    Compiling zerofrom v0.1.8
[INFO] [stderr]    Compiling yoke v0.8.3
[INFO] [stderr]    Compiling thiserror v1.0.69
[INFO] [stderr]    Compiling zerovec v0.11.6
[INFO] [stderr]    Compiling zerotrie v0.2.4
[INFO] [stderr]    Compiling tinystr v0.8.3
[INFO] [stderr]    Compiling potential_utf v0.1.5
[INFO] [stderr]    Compiling strum v0.26.3
[INFO] [stderr]    Compiling icu_collections v2.2.0
[INFO] [stderr]    Compiling icu_locale_core v2.2.0
[INFO] [stderr]    Compiling darling_macro v0.23.0
[INFO] [stderr]    Compiling darling v0.23.0
[INFO] [stderr]    Compiling serde v1.0.228
[INFO] [stderr]    Compiling clap v4.6.1
[INFO] [stderr]    Compiling clap_complete v4.6.5
[INFO] [stderr]    Compiling ratatui v0.29.0
[INFO] [stderr]    Compiling toml_datetime v0.6.11
[INFO] [stderr]    Compiling serde_spanned v0.6.9
[INFO] [stderr]    Compiling serde_urlencoded v0.7.1
[INFO] [stderr]    Compiling chrono v0.4.45
[INFO] [stderr]    Compiling icu_provider v2.2.0
[INFO] [stderr]    Compiling toml_edit v0.22.27
[INFO] [stderr]    Compiling icu_properties v2.2.0
[INFO] [stderr]    Compiling icu_normalizer v2.2.0
[INFO] [stderr]    Compiling futures-executor v0.3.32
[INFO] [stderr]    Compiling futures v0.3.32
[INFO] [stderr]    Compiling idna_adapter v1.2.2
[INFO] [stderr]    Compiling idna v1.1.0
[INFO] [stderr]    Compiling url v2.5.8
[INFO] [stderr]    Compiling rusqlite v0.32.1
[INFO] [stderr]    Compiling toml v0.8.23
[INFO] [stderr]    Compiling tokio-util v0.7.18
[INFO] [stderr]    Compiling tokio-native-tls v0.3.1
[INFO] [stderr]    Compiling tower v0.5.3
[INFO] [stderr]    Compiling h2 v0.4.15
[INFO] [stderr]    Compiling tower-http v0.6.11
[INFO] [stderr]    Compiling hyper v1.10.1
[INFO] [stderr]    Compiling hyper-util v0.1.20
[INFO] [stderr]    Compiling hyper-tls v0.6.0
[INFO] [stderr]    Compiling reqwest v0.12.28
[INFO] [stderr]    Compiling srr v0.1.0 (/opt/rustwide/workdir)
[INFO] [stderr]     Finished `dev` profile [unoptimized + debuginfo] target(s) in 1m 30s
[INFO] running `Command { std: "docker" "inspect" "68efa74e14020a20d2ce62f7e376d112b02e241e498d1d16e2b83ff39dfe5b71", kill_on_drop: false }`
[INFO] running `Command { std: "docker" "exec" "-e" "SOURCE_DIR=/opt/rustwide/workdir" "-e" "CARGO_HOME=/opt/rustwide/cargo-home" "-e" "RUSTUP_HOME=/opt/rustwide/rustup-home" "-e" "CARGO_TARGET_DIR=/opt/rustwide/target" "-e" "CARGO_INCREMENTAL=0" "-e" "RUST_BACKTRACE=full" "-e" "RUSTFLAGS=--cap-lints=warn" "-e" "RUSTDOCFLAGS=--cap-lints=warn" "-w" "/opt/rustwide/workdir" "--user" "0:0" "68efa74e14020a20d2ce62f7e376d112b02e241e498d1d16e2b83ff39dfe5b71" "/opt/rustwide/cargo-home/bin/cargo" "+1.99.0-beta.8" "test" "--frozen" "--no-run" "--message-format=json", kill_on_drop: false }`
[INFO] [stderr]    Compiling tempfile v3.27.0
[INFO] [stderr]    Compiling srr v0.1.0 (/opt/rustwide/workdir)
[INFO] [stderr] error: could not compile `srr` (lib test)
[INFO] [stderr] 
[INFO] [stderr] Caused by:
[INFO] [stderr]   process didn't exit successfully: `/opt/rustwide/rustup-home/toolchains/1.99.0-beta.8-x86_64-unknown-linux-gnu/bin/rustc --crate-name srr --edition=2021 src/lib.rs --error-format=json --json=diagnostic-rendered-ansi,artifacts,future-incompat --emit=dep-info,link -C embed-bitcode=no -C debuginfo=2 --test --check-cfg 'cfg(docsrs,test)' --check-cfg 'cfg(feature, values())' -C metadata=63c60b7dfba2b57a -C extra-filename=-5508203383275273 --out-dir /opt/rustwide/target/debug/deps -L dependency=/opt/rustwide/target/debug/deps --extern anyhow=/opt/rustwide/target/debug/deps/libanyhow-9e4c44ac98d8e4ea.rlib --extern chrono=/opt/rustwide/target/debug/deps/libchrono-aab47e30b75d453e.rlib --extern clap=/opt/rustwide/target/debug/deps/libclap-50f61c110c0f6f66.rlib --extern clap_complete=/opt/rustwide/target/debug/deps/libclap_complete-7f4ec14579ca76c5.rlib --extern colored=/opt/rustwide/target/debug/deps/libcolored-5edc69e55eb1b5b3.rlib --extern crossterm=/opt/rustwide/target/debug/deps/libcrossterm-4f064c9b3c7e517b.rlib --extern flate2=/opt/rustwide/target/debug/deps/libflate2-84acb1666c285b0c.rlib --extern futures=/opt/rustwide/target/debug/deps/libfutures-e1199fb1ca6ddfc8.rlib --extern glob=/opt/rustwide/target/debug/deps/libglob-7748687a416caec7.rlib --extern globset=/opt/rustwide/target/debug/deps/libglobset-0c30fc292dbaf9ce.rlib --extern ignore=/opt/rustwide/target/debug/deps/libignore-b611b087116a4495.rlib --extern indicatif=/opt/rustwide/target/debug/deps/libindicatif-538da8ce96a0b59f.rlib --extern notify=/opt/rustwide/target/debug/deps/libnotify-abd343dc261c0245.rlib --extern petgraph=/opt/rustwide/target/debug/deps/libpetgraph-e8f940796a50b410.rlib --extern pulldown_cmark=/opt/rustwide/target/debug/deps/libpulldown_cmark-e1fae0ea2ec65d15.rlib --extern ratatui=/opt/rustwide/target/debug/deps/libratatui-dfa1bd7e89e45bea.rlib --extern rayon=/opt/rustwide/target/debug/deps/librayon-88911de07a7dc193.rlib --extern regex=/opt/rustwide/target/debug/deps/libregex-00bae23ae94949b8.rlib --extern reqwest=/opt/rustwide/target/debug/deps/libreqwest-9c24050999ae36ae.rlib --extern rusqlite=/opt/rustwide/target/debug/deps/librusqlite-fe9217c96f31f508.rlib --extern serde=/opt/rustwide/target/debug/deps/libserde-855eae914c37d72a.rlib --extern serde_json=/opt/rustwide/target/debug/deps/libserde_json-1ca7a92062142003.rlib --extern sha2=/opt/rustwide/target/debug/deps/libsha2-11a5c516e6a4becd.rlib --extern tempfile=/opt/rustwide/target/debug/deps/libtempfile-7097dee7cd462fc8.rlib --extern textwrap=/opt/rustwide/target/debug/deps/libtextwrap-118bc3b21c3142dd.rlib --extern thiserror=/opt/rustwide/target/debug/deps/libthiserror-7c755031024ab8c4.rlib --extern tiktoken_rs=/opt/rustwide/target/debug/deps/libtiktoken_rs-a40ee0c28822e03c.rlib --extern tokio=/opt/rustwide/target/debug/deps/libtokio-92c4416fb70671b3.rlib --extern toml=/opt/rustwide/target/debug/deps/libtoml-0b5d6ab917699bb0.rlib --extern tree_sitter=/opt/rustwide/target/debug/deps/libtree_sitter-703ec6967982e63b.rlib --extern tree_sitter_go=/opt/rustwide/target/debug/deps/libtree_sitter_go-f361104e4cb1c7b4.rlib --extern tree_sitter_javascript=/opt/rustwide/target/debug/deps/libtree_sitter_javascript-b1356a44708bfaa8.rlib --extern tree_sitter_python=/opt/rustwide/target/debug/deps/libtree_sitter_python-a3a2440fd587c7db.rlib --extern tree_sitter_rust=/opt/rustwide/target/debug/deps/libtree_sitter_rust-d2e009134dd049c8.rlib --extern uuid=/opt/rustwide/target/debug/deps/libuuid-f8f63c6daf5c06fb.rlib --extern walkdir=/opt/rustwide/target/debug/deps/libwalkdir-7cc6f300a6f0bf06.rlib --cap-lints=warn -L native=/opt/rustwide/target/debug/build/libsqlite3-sys-c51a8aca685cce5b/out -L native=/opt/rustwide/target/debug/build/tree-sitter-08906a0481fc5428/out -L native=/opt/rustwide/target/debug/build/tree-sitter-go-6ff806b1e9361d74/out -L native=/opt/rustwide/target/debug/build/tree-sitter-javascript-3367a59fad841ec9/out -L native=/opt/rustwide/target/debug/build/tree-sitter-python-117baa47a9811766/out -L native=/opt/rustwide/target/debug/build/tree-sitter-rust-841aa9719c80220e/out` (signal: 9, SIGKILL: kill)
[INFO] [stderr] warning: build failed, waiting for other jobs to finish...
[INFO] [stdout] error: linking with `cc` failed: exit status: 1
[INFO] [stdout]   |
[INFO] [stdout]   = note:  "cc" "-m64" "/opt/rustwide/target/debug/deps/rustcOhNw2n/symbols.o" "<2 object files omitted>" "-Wl,--as-needed" "-Wl,-Bstatic" "<sysroot>/lib/rustlib/x86_64-unknown-linux-gnu/lib/{libtest-*,libgetopts-*,librustc_std_workspace_std-*}.rlib" "/opt/rustwide/target/debug/deps/{libsrr-36b95f14ee5a1ea4,libtextwrap-118bc3b21c3142dd,libunicode_linebreak-a9faaa33c69d8a42,libsmawk-25c31c38b4a5fc1e,libuuid-f8f63c6daf5c06fb,libgetrandom-c13452f45e7d3932,libglob-7748687a416caec7,libreqwest-9c24050999ae36ae,librustls_pki_types-006bcc122d18cfc1,libzeroize-37b2a6e0a2742c6a,libhyper_tls-dddc2c3f4f173903,libtokio_native_tls-ae4772b2af4ac01c,libserde_urlencoded-5c3a537aba16bfbb,libmime-0188e0814ca7ddbf,libencoding_rs-c7a67ac351c2b19f,libtower_http-7c69e490ef2228f8,libtower-943b9746aaaa5b7e,libtower_layer-d908dd771b239ecd,libnative_tls-d2cde7fae3dfd50b,libopenssl_probe-6b1b371432012237,libopenssl-f8b4db8a5517cd2d,libforeign_types-4fe1886d5d9265b9,libforeign_types_shared-47b443a4583fd949,libopenssl_sys-168a0cdbbf8a180e,libhyper_util-ba171dcd91d4db20,libipnet-61ca7a5e1c2863d4,libtower_service-3fb88d28c2218805,libhyper-fbe7e7c5a9487896,libwant-7a6260b9c50f1479,libtry_lock-8fa2f6971035be84,libhttparse-8c9b827b8f345444,libh2-8ee19e2d4f160e6f,libtracing-8891879938231fdd,libtracing_core-89b602bc4a7d7f8a,libfnv-79e2cbfbe03dcd16,libtokio_util-e78c5e14cc37a8ce,libatomic_waker-06950c8c08d2b8fa,libtokio-92c4416fb70671b3,libsocket2-73b9b85db3553b3d,libhttp_body_util-e36a9964dc5d0ba7,libhttp_body-eafc967753803508,libfutures_util-f03cf81c5594ee51,libfutures_io-a8805bd12b2ab705,libslab-0582d648e59ab406,libfutures_channel-04b287164a72dbf0,libpin_project_lite-0a15d51c77964692,libfutures_sink-3971bde37bb30e19,libfutures_task-36f327cfab86eddc,liburl-c566a47cf63930d7,libidna-8946a8356932b84e,libidna_adapter-754782fd463d2a26,libicu_properties-3dcd149c4493567e,libicu_properties_data-e6cf238fc98dd59d,libicu_normalizer-fc72ab3c80929e54,libicu_normalizer_data-8fea05bee0bb4e49,libicu_collections-ed96990052048201,libutf8_iter-51566bbad89f3a68,libpotential_utf-658abb501c79e4f2,libicu_provider-69d43187575e8f54,libicu_locale_core-530f1c1f6471aa6e,libtinystr-2865886154af64b1,liblitemap-dc288f07f8f61193,libwriteable-48b3e52227924bb5,libzerovec-560f1b40a7e9ea14,libzerotrie-9984aa693618aeaf,libyoke-c391b537fec45812,libstable_deref_trait-63cbf3f3d3f94e56,libzerofrom-cc780454f7def9a9,libform_urlencoded-58b0f0edb59b40d2,libpercent_encoding-fa055ecaa1e57cfa,libhttp-faa531d1f5c77dc0,libbytes-8d3fe75014eb498b,libsync_wrapper-6bdfbc29c4269203,libfutures_core-1121ff913ed87f93,libtree_sitter_go-f361104e4cb1c7b4,libtree_sitter_javascript-b1356a44708bfaa8,libtree_sitter_python-a3a2440fd587c7db,libtree_sitter_rust-d2e009134dd049c8,libtree_sitter-703ec6967982e63b,libtree_sitter_language-5155b8cba21ce879,libstreaming_iterator-73bcbfca32316069,libtiktoken_rs-a40ee0c28822e03c,libbase64-32787b0325ea6df8,librustc_hash-d7c4a66f98a2548f,libfancy_regex-d0a70f301eeef785,libbit_set-b675e30cd7af7863,libbit_vec-b06753219a6ccf92,libanyhow-9e4c44ac98d8e4ea,libpulldown_cmark-e1fae0ea2ec65d15,libunicase-14ef8cc0d70eefb8,libpulldown_cmark_escape-a005978b0c90fe36,libratatui-dfa1bd7e89e45bea,libunicode_truncate-df30f71c1e458eca,libunicode_width-b1bc0d6c10c00ecc,liblru-3af40d5519ef5719,libitertools-48574cdf3dd763ab,libcassowary-12d00e585f48d567,libcompact_str-8ae811d3a140e2fd,libryu-1f4f40e4352371e5,libstatic_assertions-f0217ecdd817a834,libcastaway-e04a9b7886ef0139,libunicode_segmentation-7adb7faea6d97d51,libstrum-ce8d5867cadf499c,libcrossterm-4f064c9b3c7e517b,librustix-9d4f0bd151446dad,liblinux_raw_sys-e0d87a58652c2b0b,libparking_lot-055e48606f9dbc88,libparking_lot_core-4b8ca3fd72428851,liblock_api-16d46fed645f7bff,libscopeguard-7ec2214574194454,libsignal_hook_mio-63515f0570df5433,libsignal_hook-6d1b0e54439e07df,libsignal_hook_registry-97fb91977beb15cc,liberrno-40a43d7c8a9b8122,libmio-4060f0385640449a,libserde_json-1ca7a92062142003,libitoa-5de11b3b23bfe572,libzmij-ef63f1da73704b4c,libnotify-abd343dc261c0245,libmio-d436a95c6547011d,libcrossbeam_channel-c975edaf87631b25,libfiletime-029af479cbec0cec,libinotify-81cb10f24195ed02,libinotify_sys-c7461dee7e87b6b4,libbitflags-dde12b0d7d495b50,libchrono-aab47e30b75d453e,libiana_time_zone-bcd81aefedc374a6,libnum_traits-040817c80e4d7434,librusqlite-fe9217c96f31f508,libbitflags-4d66d68843710487,libsmallvec-3e75e18e66140be0,libfallible_streaming_iterator-4b12442690f53239,libfallible_iterator-6e888fb96d72e3e0,libhashlink-8537ad7e0efc8d64,libhashbrown-a781973b6fd8bbd0,libahash-38f3cc2b2d3c1208,libzerocopy-75aa8ee85b4f20a8,liblibsqlite3_sys-4c8a6c78a63e6ea4,libtoml-0b5d6ab917699bb0,libtoml_edit-17afd45cdb5f2a6b,libserde_spanned-0abe0b0a11a4de01,libwinnow-88e6acd6e2987984,libtoml_write-2c704ffd35684d73,libtoml_datetime-28c2ae682d8ad217,libcolored-5edc69e55eb1b5b3,liblazy_static-3674be3f4245d19b,libindicatif-538da8ce96a0b59f,libportable_atomic-b2c3e87a13df7d23,libnumber_prefix-6b994bedec76f9db,libconsole-f248c12649db8363,liblibc-612664c2206eec43,libunicode_width-0122813f2549e4e9,libonce_cell-b5bdc597ed9676b3,libregex-00bae23ae94949b8,libsha2-11a5c516e6a4becd,libcpufeatures-e04321643d03190d,libcfg_if-83060ec5685761ae,libdigest-1142e5998e571c5d,libblock_buffer-43b51fc1d06b3057,libcrypto_common-43b177a3b314e9dd,libgeneric_array-745cace30f1ed372,libtypenum-ed2b1c93b2a4333a,libignore-b611b087116a4495,librayon-88911de07a7dc193,librayon_core-e986c1d1845fe6c3,libcrossbeam_deque-e71c6317821167fb,libcrossbeam_epoch-5fdcd5978a9f0010,libcrossbeam_utils-f696a08ab1e94e7a,libeither-21143ee48619ce75,libwalkdir-7cc6f300a6f0bf06,libsame_file-ff49545450c0b63c,libpetgraph-e8f940796a50b410,libhashbrown-621f4a290160b487,libfoldhash-07f233db1c671507,liballocator_api2-8d9c1e895dea53bd,libindexmap-b92bb9c25241b995,libequivalent-6a754676e6af62ae,libhashbrown-d7214d631586fd51,libfixedbitset-625fd2a9d775ed11,libthiserror-7c755031024ab8c4,libserde-855eae914c37d72a,libserde_core-2c928ee17a7447a4,libclap-50f61c110c0f6f66,libclap_builder-33897930e618d2bd,libstrsim-4d1ed08a123238dc,libanstream-14b271bd294f0187,libanstyle_query-635080b1d6343734,libis_terminal_polyfill-3ca4268cb2568267,libcolorchoice-33c0bd1745dd5ace,libanstyle_parse-88399b635fc44f8e,libutf8parse-92d0158219063202,libclap_lex-2acbcd0288e51058,libanstyle-9beaeb754742faae,libglobset-0c30fc292dbaf9ce,liblog-64a74e931fbdff63,libbstr-d23a8f074c3bab2e,libregex_automata-2bedbd5db74a06aa,libregex_syntax-801391c65a42f645,libaho_corasick-3f2e6319c3676f64,libmemchr-2857f5b45a031ab1}.rlib" "<sysroot>/lib/rustlib/x86_64-unknown-linux-gnu/lib/{libstd-*,libpanic_unwind-*,libobject-*,libmemchr-*,libaddr2line-*,libgimli-*,libcfg_if-*,librustc_demangle-*,libstd_detect-*,libhashbrown-*,librustc_std_workspace_alloc-*,libminiz_oxide-*,libadler2-*,libunwind-*,liblibc-*,librustc_std_workspace_core-*,liballoc-*,libcore-*,libcompiler_builtins-*}.rlib" "-Wl,-Bdynamic" "-lssl" "-lcrypto" "-lgcc_s" "-lutil" "-lrt" "-lpthread" "-lm" "-ldl" "-lc" "-L" "/opt/rustwide/target/debug/deps/rustcOhNw2n/raw-dylibs" "-B<sysroot>/lib/rustlib/x86_64-unknown-linux-gnu/bin/gcc-ld" "-fuse-ld=lld" "-Wl,--eh-frame-hdr" "-Wl,-z,noexecstack" "-L" "/opt/rustwide/target/debug/build/libsqlite3-sys-c51a8aca685cce5b/out" "-L" "/opt/rustwide/target/debug/build/tree-sitter-08906a0481fc5428/out" "-L" "/opt/rustwide/target/debug/build/tree-sitter-go-6ff806b1e9361d74/out" "-L" "/opt/rustwide/target/debug/build/tree-sitter-javascript-3367a59fad841ec9/out" "-L" "/opt/rustwide/target/debug/build/tree-sitter-python-117baa47a9811766/out" "-L" "/opt/rustwide/target/debug/build/tree-sitter-rust-841aa9719c80220e/out" "-L" "<sysroot>/lib/rustlib/x86_64-unknown-linux-gnu/lib" "-o" "/opt/rustwide/target/debug/deps/include_test-380045c679d50373" "-Wl,--gc-sections" "-pie" "-Wl,-z,relro,-z,now" "-nodefaultlibs"
[INFO] [stdout]   = note: some arguments are omitted. use `--verbose` to show all linker arguments
[INFO] [stdout]   = note: collect2: fatal error: ld terminated with signal 9 [Killed]
[INFO] [stdout]           compilation terminated.
[INFO] [stdout]           
[INFO] [stdout] 
[INFO] [stdout] 
[INFO] [stderr] error: could not compile `srr` (test "include_test") due to 1 previous error
[INFO] [stdout] error: linking with `cc` failed: exit status: 1
[INFO] [stdout]   |
[INFO] [stdout]   = note:  "cc" "-m64" "/opt/rustwide/target/debug/deps/rustcrpAG2J/symbols.o" "<2 object files omitted>" "-Wl,--as-needed" "-Wl,-Bstatic" "/opt/rustwide/target/debug/deps/{libtempfile-7097dee7cd462fc8,libfastrand-8c711c36072d5b5b,librustix-02d97837cd9bd231,liblinux_raw_sys-0b6cde911e9a3109}.rlib" "<sysroot>/lib/rustlib/x86_64-unknown-linux-gnu/lib/{libtest-*,libgetopts-*,librustc_std_workspace_std-*}.rlib" "/opt/rustwide/target/debug/deps/{libsrr-36b95f14ee5a1ea4,libtextwrap-118bc3b21c3142dd,libunicode_linebreak-a9faaa33c69d8a42,libsmawk-25c31c38b4a5fc1e,libuuid-f8f63c6daf5c06fb,libgetrandom-c13452f45e7d3932,libglob-7748687a416caec7,libreqwest-9c24050999ae36ae,librustls_pki_types-006bcc122d18cfc1,libzeroize-37b2a6e0a2742c6a,libhyper_tls-dddc2c3f4f173903,libtokio_native_tls-ae4772b2af4ac01c,libserde_urlencoded-5c3a537aba16bfbb,libmime-0188e0814ca7ddbf,libencoding_rs-c7a67ac351c2b19f,libtower_http-7c69e490ef2228f8,libtower-943b9746aaaa5b7e,libtower_layer-d908dd771b239ecd,libnative_tls-d2cde7fae3dfd50b,libopenssl_probe-6b1b371432012237,libopenssl-f8b4db8a5517cd2d,libforeign_types-4fe1886d5d9265b9,libforeign_types_shared-47b443a4583fd949,libopenssl_sys-168a0cdbbf8a180e,libhyper_util-ba171dcd91d4db20,libipnet-61ca7a5e1c2863d4,libtower_service-3fb88d28c2218805,libhyper-fbe7e7c5a9487896,libwant-7a6260b9c50f1479,libtry_lock-8fa2f6971035be84,libhttparse-8c9b827b8f345444,libh2-8ee19e2d4f160e6f,libtracing-8891879938231fdd,libtracing_core-89b602bc4a7d7f8a,libfnv-79e2cbfbe03dcd16,libtokio_util-e78c5e14cc37a8ce,libatomic_waker-06950c8c08d2b8fa,libtokio-92c4416fb70671b3,libsocket2-73b9b85db3553b3d,libhttp_body_util-e36a9964dc5d0ba7,libhttp_body-eafc967753803508,libfutures_util-f03cf81c5594ee51,libfutures_io-a8805bd12b2ab705,libslab-0582d648e59ab406,libfutures_channel-04b287164a72dbf0,libpin_project_lite-0a15d51c77964692,libfutures_sink-3971bde37bb30e19,libfutures_task-36f327cfab86eddc,liburl-c566a47cf63930d7,libidna-8946a8356932b84e,libidna_adapter-754782fd463d2a26,libicu_properties-3dcd149c4493567e,libicu_properties_data-e6cf238fc98dd59d,libicu_normalizer-fc72ab3c80929e54,libicu_normalizer_data-8fea05bee0bb4e49,libicu_collections-ed96990052048201,libutf8_iter-51566bbad89f3a68,libpotential_utf-658abb501c79e4f2,libicu_provider-69d43187575e8f54,libicu_locale_core-530f1c1f6471aa6e,libtinystr-2865886154af64b1,liblitemap-dc288f07f8f61193,libwriteable-48b3e52227924bb5,libzerovec-560f1b40a7e9ea14,libzerotrie-9984aa693618aeaf,libyoke-c391b537fec45812,libstable_deref_trait-63cbf3f3d3f94e56,libzerofrom-cc780454f7def9a9,libform_urlencoded-58b0f0edb59b40d2,libpercent_encoding-fa055ecaa1e57cfa,libhttp-faa531d1f5c77dc0,libbytes-8d3fe75014eb498b,libsync_wrapper-6bdfbc29c4269203,libfutures_core-1121ff913ed87f93,libtree_sitter_go-f361104e4cb1c7b4,libtree_sitter_javascript-b1356a44708bfaa8,libtree_sitter_python-a3a2440fd587c7db,libtree_sitter_rust-d2e009134dd049c8,libtree_sitter-703ec6967982e63b,libtree_sitter_language-5155b8cba21ce879,libstreaming_iterator-73bcbfca32316069,libtiktoken_rs-a40ee0c28822e03c,libbase64-32787b0325ea6df8,librustc_hash-d7c4a66f98a2548f,libfancy_regex-d0a70f301eeef785,libbit_set-b675e30cd7af7863,libbit_vec-b06753219a6ccf92,libanyhow-9e4c44ac98d8e4ea,libpulldown_cmark-e1fae0ea2ec65d15,libunicase-14ef8cc0d70eefb8,libpulldown_cmark_escape-a005978b0c90fe36,libratatui-dfa1bd7e89e45bea,libunicode_truncate-df30f71c1e458eca,libunicode_width-b1bc0d6c10c00ecc,liblru-3af40d5519ef5719,libitertools-48574cdf3dd763ab,libcassowary-12d00e585f48d567,libcompact_str-8ae811d3a140e2fd,libryu-1f4f40e4352371e5,libstatic_assertions-f0217ecdd817a834,libcastaway-e04a9b7886ef0139,libunicode_segmentation-7adb7faea6d97d51,libstrum-ce8d5867cadf499c,libcrossterm-4f064c9b3c7e517b,librustix-9d4f0bd151446dad,liblinux_raw_sys-e0d87a58652c2b0b,libparking_lot-055e48606f9dbc88,libparking_lot_core-4b8ca3fd72428851,liblock_api-16d46fed645f7bff,libscopeguard-7ec2214574194454,libsignal_hook_mio-63515f0570df5433,libsignal_hook-6d1b0e54439e07df,libsignal_hook_registry-97fb91977beb15cc,liberrno-40a43d7c8a9b8122,libmio-4060f0385640449a,libserde_json-1ca7a92062142003,libitoa-5de11b3b23bfe572,libzmij-ef63f1da73704b4c,libnotify-abd343dc261c0245,libmio-d436a95c6547011d,libcrossbeam_channel-c975edaf87631b25,libfiletime-029af479cbec0cec,libinotify-81cb10f24195ed02,libinotify_sys-c7461dee7e87b6b4,libbitflags-dde12b0d7d495b50,libchrono-aab47e30b75d453e,libiana_time_zone-bcd81aefedc374a6,libnum_traits-040817c80e4d7434,librusqlite-fe9217c96f31f508,libbitflags-4d66d68843710487,libsmallvec-3e75e18e66140be0,libfallible_streaming_iterator-4b12442690f53239,libfallible_iterator-6e888fb96d72e3e0,libhashlink-8537ad7e0efc8d64,libhashbrown-a781973b6fd8bbd0,libahash-38f3cc2b2d3c1208,libzerocopy-75aa8ee85b4f20a8,liblibsqlite3_sys-4c8a6c78a63e6ea4,libtoml-0b5d6ab917699bb0,libtoml_edit-17afd45cdb5f2a6b,libserde_spanned-0abe0b0a11a4de01,libwinnow-88e6acd6e2987984,libtoml_write-2c704ffd35684d73,libtoml_datetime-28c2ae682d8ad217,libcolored-5edc69e55eb1b5b3,liblazy_static-3674be3f4245d19b,libindicatif-538da8ce96a0b59f,libportable_atomic-b2c3e87a13df7d23,libnumber_prefix-6b994bedec76f9db,libconsole-f248c12649db8363,liblibc-612664c2206eec43,libunicode_width-0122813f2549e4e9,libonce_cell-b5bdc597ed9676b3,libregex-00bae23ae94949b8,libsha2-11a5c516e6a4becd,libcpufeatures-e04321643d03190d,libcfg_if-83060ec5685761ae,libdigest-1142e5998e571c5d,libblock_buffer-43b51fc1d06b3057,libcrypto_common-43b177a3b314e9dd,libgeneric_array-745cace30f1ed372,libtypenum-ed2b1c93b2a4333a,libignore-b611b087116a4495,librayon-88911de07a7dc193,librayon_core-e986c1d1845fe6c3,libcrossbeam_deque-e71c6317821167fb,libcrossbeam_epoch-5fdcd5978a9f0010,libcrossbeam_utils-f696a08ab1e94e7a,libeither-21143ee48619ce75,libwalkdir-7cc6f300a6f0bf06,libsame_file-ff49545450c0b63c,libpetgraph-e8f940796a50b410,libhashbrown-621f4a290160b487,libfoldhash-07f233db1c671507,liballocator_api2-8d9c1e895dea53bd,libindexmap-b92bb9c25241b995,libequivalent-6a754676e6af62ae,libhashbrown-d7214d631586fd51,libfixedbitset-625fd2a9d775ed11,libthiserror-7c755031024ab8c4,libserde-855eae914c37d72a,libserde_core-2c928ee17a7447a4,libglobset-0c30fc292dbaf9ce,liblog-64a74e931fbdff63,libbstr-d23a8f074c3bab2e,libregex_automata-2bedbd5db74a06aa,libregex_syntax-801391c65a42f645,libaho_corasick-3f2e6319c3676f64,libmemchr-2857f5b45a031ab1,libclap-50f61c110c0f6f66,libclap_builder-33897930e618d2bd,libstrsim-4d1ed08a123238dc,libanstream-14b271bd294f0187,libanstyle_query-635080b1d6343734,libis_terminal_polyfill-3ca4268cb2568267,libcolorchoice-33c0bd1745dd5ace,libanstyle_parse-88399b635fc44f8e,libutf8parse-92d0158219063202,libclap_lex-2acbcd0288e51058,libanstyle-9beaeb754742faae}.rlib" "<sysroot>/lib/rustlib/x86_64-unknown-linux-gnu/lib/{libstd-*,libpanic_unwind-*,libobject-*,libmemchr-*,libaddr2line-*,libgimli-*,libcfg_if-*,librustc_demangle-*,libstd_detect-*,libhashbrown-*,librustc_std_workspace_alloc-*,libminiz_oxide-*,libadler2-*,libunwind-*,liblibc-*,librustc_std_workspace_core-*,liballoc-*,libcore-*,libcompiler_builtins-*}.rlib" "-Wl,-Bdynamic" "-lssl" "-lcrypto" "-lgcc_s" "-lutil" "-lrt" "-lpthread" "-lm" "-ldl" "-lc" "-L" "/opt/rustwide/target/debug/deps/rustcrpAG2J/raw-dylibs" "-B<sysroot>/lib/rustlib/x86_64-unknown-linux-gnu/bin/gcc-ld" "-fuse-ld=lld" "-Wl,--eh-frame-hdr" "-Wl,-z,noexecstack" "-L" "/opt/rustwide/target/debug/build/libsqlite3-sys-c51a8aca685cce5b/out" "-L" "/opt/rustwide/target/debug/build/tree-sitter-08906a0481fc5428/out" "-L" "/opt/rustwide/target/debug/build/tree-sitter-go-6ff806b1e9361d74/out" "-L" "/opt/rustwide/target/debug/build/tree-sitter-javascript-3367a59fad841ec9/out" "-L" "/opt/rustwide/target/debug/build/tree-sitter-python-117baa47a9811766/out" "-L" "/opt/rustwide/target/debug/build/tree-sitter-rust-841aa9719c80220e/out" "-L" "<sysroot>/lib/rustlib/x86_64-unknown-linux-gnu/lib" "-o" "/opt/rustwide/target/debug/deps/scanner_test-b21b737620592df0" "-Wl,--gc-sections" "-pie" "-Wl,-z,relro,-z,now" "-nodefaultlibs"
[INFO] [stdout]   = note: some arguments are omitted. use `--verbose` to show all linker arguments
[INFO] [stdout]   = note: collect2: fatal error: ld terminated with signal 9 [Killed]
[INFO] [stdout]           compilation terminated.
[INFO] [stdout]           
[INFO] [stdout] 
[INFO] [stdout] 
[INFO] [stderr] error: could not compile `srr` (test "scanner_test") due to 1 previous error
[INFO] [stdout] error: linking with `cc` failed: exit status: 1
[INFO] [stdout]   |
[INFO] [stdout]   = note:  "cc" "-m64" "/opt/rustwide/target/debug/deps/rustcFByGF3/symbols.o" "<2 object files omitted>" "-Wl,--as-needed" "-Wl,-Bstatic" "/opt/rustwide/target/debug/deps/{libtempfile-7097dee7cd462fc8,libfastrand-8c711c36072d5b5b,librustix-02d97837cd9bd231,liblinux_raw_sys-0b6cde911e9a3109}.rlib" "<sysroot>/lib/rustlib/x86_64-unknown-linux-gnu/lib/{libtest-*,libgetopts-*,librustc_std_workspace_std-*}.rlib" "/opt/rustwide/target/debug/deps/{libsrr-36b95f14ee5a1ea4,libtextwrap-118bc3b21c3142dd,libunicode_linebreak-a9faaa33c69d8a42,libsmawk-25c31c38b4a5fc1e,libuuid-f8f63c6daf5c06fb,libgetrandom-c13452f45e7d3932,libglob-7748687a416caec7,libreqwest-9c24050999ae36ae,librustls_pki_types-006bcc122d18cfc1,libzeroize-37b2a6e0a2742c6a,libhyper_tls-dddc2c3f4f173903,libtokio_native_tls-ae4772b2af4ac01c,libserde_urlencoded-5c3a537aba16bfbb,libmime-0188e0814ca7ddbf,libencoding_rs-c7a67ac351c2b19f,libtower_http-7c69e490ef2228f8,libtower-943b9746aaaa5b7e,libtower_layer-d908dd771b239ecd,libnative_tls-d2cde7fae3dfd50b,libopenssl_probe-6b1b371432012237,libopenssl-f8b4db8a5517cd2d,libforeign_types-4fe1886d5d9265b9,libforeign_types_shared-47b443a4583fd949,libopenssl_sys-168a0cdbbf8a180e,libhyper_util-ba171dcd91d4db20,libipnet-61ca7a5e1c2863d4,libtower_service-3fb88d28c2218805,libhyper-fbe7e7c5a9487896,libwant-7a6260b9c50f1479,libtry_lock-8fa2f6971035be84,libhttparse-8c9b827b8f345444,libh2-8ee19e2d4f160e6f,libtracing-8891879938231fdd,libtracing_core-89b602bc4a7d7f8a,libfnv-79e2cbfbe03dcd16,libtokio_util-e78c5e14cc37a8ce,libatomic_waker-06950c8c08d2b8fa,libtokio-92c4416fb70671b3,libsocket2-73b9b85db3553b3d,libhttp_body_util-e36a9964dc5d0ba7,libhttp_body-eafc967753803508,libfutures_util-f03cf81c5594ee51,libfutures_io-a8805bd12b2ab705,libslab-0582d648e59ab406,libfutures_channel-04b287164a72dbf0,libpin_project_lite-0a15d51c77964692,libfutures_sink-3971bde37bb30e19,libfutures_task-36f327cfab86eddc,liburl-c566a47cf63930d7,libidna-8946a8356932b84e,libidna_adapter-754782fd463d2a26,libicu_properties-3dcd149c4493567e,libicu_properties_data-e6cf238fc98dd59d,libicu_normalizer-fc72ab3c80929e54,libicu_normalizer_data-8fea05bee0bb4e49,libicu_collections-ed96990052048201,libutf8_iter-51566bbad89f3a68,libpotential_utf-658abb501c79e4f2,libicu_provider-69d43187575e8f54,libicu_locale_core-530f1c1f6471aa6e,libtinystr-2865886154af64b1,liblitemap-dc288f07f8f61193,libwriteable-48b3e52227924bb5,libzerovec-560f1b40a7e9ea14,libzerotrie-9984aa693618aeaf,libyoke-c391b537fec45812,libstable_deref_trait-63cbf3f3d3f94e56,libzerofrom-cc780454f7def9a9,libform_urlencoded-58b0f0edb59b40d2,libpercent_encoding-fa055ecaa1e57cfa,libhttp-faa531d1f5c77dc0,libbytes-8d3fe75014eb498b,libsync_wrapper-6bdfbc29c4269203,libfutures_core-1121ff913ed87f93,libtree_sitter_go-f361104e4cb1c7b4,libtree_sitter_javascript-b1356a44708bfaa8,libtree_sitter_python-a3a2440fd587c7db,libtree_sitter_rust-d2e009134dd049c8,libtree_sitter-703ec6967982e63b,libtree_sitter_language-5155b8cba21ce879,libstreaming_iterator-73bcbfca32316069,libtiktoken_rs-a40ee0c28822e03c,libbase64-32787b0325ea6df8,librustc_hash-d7c4a66f98a2548f,libfancy_regex-d0a70f301eeef785,libbit_set-b675e30cd7af7863,libbit_vec-b06753219a6ccf92,libanyhow-9e4c44ac98d8e4ea,libpulldown_cmark-e1fae0ea2ec65d15,libunicase-14ef8cc0d70eefb8,libpulldown_cmark_escape-a005978b0c90fe36,libratatui-dfa1bd7e89e45bea,libunicode_truncate-df30f71c1e458eca,libunicode_width-b1bc0d6c10c00ecc,liblru-3af40d5519ef5719,libitertools-48574cdf3dd763ab,libcassowary-12d00e585f48d567,libcompact_str-8ae811d3a140e2fd,libryu-1f4f40e4352371e5,libstatic_assertions-f0217ecdd817a834,libcastaway-e04a9b7886ef0139,libunicode_segmentation-7adb7faea6d97d51,libstrum-ce8d5867cadf499c,libcrossterm-4f064c9b3c7e517b,librustix-9d4f0bd151446dad,liblinux_raw_sys-e0d87a58652c2b0b,libparking_lot-055e48606f9dbc88,libparking_lot_core-4b8ca3fd72428851,liblock_api-16d46fed645f7bff,libscopeguard-7ec2214574194454,libsignal_hook_mio-63515f0570df5433,libsignal_hook-6d1b0e54439e07df,libsignal_hook_registry-97fb91977beb15cc,liberrno-40a43d7c8a9b8122,libmio-4060f0385640449a,libserde_json-1ca7a92062142003,libitoa-5de11b3b23bfe572,libzmij-ef63f1da73704b4c,libnotify-abd343dc261c0245,libmio-d436a95c6547011d,libcrossbeam_channel-c975edaf87631b25,libfiletime-029af479cbec0cec,libinotify-81cb10f24195ed02,libinotify_sys-c7461dee7e87b6b4,libbitflags-dde12b0d7d495b50,libchrono-aab47e30b75d453e,libiana_time_zone-bcd81aefedc374a6,libnum_traits-040817c80e4d7434,librusqlite-fe9217c96f31f508,libbitflags-4d66d68843710487,libsmallvec-3e75e18e66140be0,libfallible_streaming_iterator-4b12442690f53239,libfallible_iterator-6e888fb96d72e3e0,libhashlink-8537ad7e0efc8d64,libhashbrown-a781973b6fd8bbd0,libahash-38f3cc2b2d3c1208,libzerocopy-75aa8ee85b4f20a8,liblibsqlite3_sys-4c8a6c78a63e6ea4,libtoml-0b5d6ab917699bb0,libtoml_edit-17afd45cdb5f2a6b,libserde_spanned-0abe0b0a11a4de01,libwinnow-88e6acd6e2987984,libtoml_write-2c704ffd35684d73,libtoml_datetime-28c2ae682d8ad217,libcolored-5edc69e55eb1b5b3,liblazy_static-3674be3f4245d19b,libindicatif-538da8ce96a0b59f,libportable_atomic-b2c3e87a13df7d23,libnumber_prefix-6b994bedec76f9db,libconsole-f248c12649db8363,liblibc-612664c2206eec43,libunicode_width-0122813f2549e4e9,libonce_cell-b5bdc597ed9676b3,libregex-00bae23ae94949b8,libsha2-11a5c516e6a4becd,libcpufeatures-e04321643d03190d,libcfg_if-83060ec5685761ae,libdigest-1142e5998e571c5d,libblock_buffer-43b51fc1d06b3057,libcrypto_common-43b177a3b314e9dd,libgeneric_array-745cace30f1ed372,libtypenum-ed2b1c93b2a4333a,libignore-b611b087116a4495,librayon-88911de07a7dc193,librayon_core-e986c1d1845fe6c3,libcrossbeam_deque-e71c6317821167fb,libcrossbeam_epoch-5fdcd5978a9f0010,libcrossbeam_utils-f696a08ab1e94e7a,libeither-21143ee48619ce75,libwalkdir-7cc6f300a6f0bf06,libsame_file-ff49545450c0b63c,libpetgraph-e8f940796a50b410,libhashbrown-621f4a290160b487,libfoldhash-07f233db1c671507,liballocator_api2-8d9c1e895dea53bd,libindexmap-b92bb9c25241b995,libequivalent-6a754676e6af62ae,libhashbrown-d7214d631586fd51,libfixedbitset-625fd2a9d775ed11,libthiserror-7c755031024ab8c4,libserde-855eae914c37d72a,libserde_core-2c928ee17a7447a4,libglobset-0c30fc292dbaf9ce,liblog-64a74e931fbdff63,libbstr-d23a8f074c3bab2e,libregex_automata-2bedbd5db74a06aa,libregex_syntax-801391c65a42f645,libaho_corasick-3f2e6319c3676f64,libmemchr-2857f5b45a031ab1,libclap-50f61c110c0f6f66,libclap_builder-33897930e618d2bd,libstrsim-4d1ed08a123238dc,libanstream-14b271bd294f0187,libanstyle_query-635080b1d6343734,libis_terminal_polyfill-3ca4268cb2568267,libcolorchoice-33c0bd1745dd5ace,libanstyle_parse-88399b635fc44f8e,libutf8parse-92d0158219063202,libclap_lex-2acbcd0288e51058,libanstyle-9beaeb754742faae}.rlib" "<sysroot>/lib/rustlib/x86_64-unknown-linux-gnu/lib/{libstd-*,libpanic_unwind-*,libobject-*,libmemchr-*,libaddr2line-*,libgimli-*,libcfg_if-*,librustc_demangle-*,libstd_detect-*,libhashbrown-*,librustc_std_workspace_alloc-*,libminiz_oxide-*,libadler2-*,libunwind-*,liblibc-*,librustc_std_workspace_core-*,liballoc-*,libcore-*,libcompiler_builtins-*}.rlib" "-Wl,-Bdynamic" "-lssl" "-lcrypto" "-lgcc_s" "-lutil" "-lrt" "-lpthread" "-lm" "-ldl" "-lc" "-L" "/opt/rustwide/target/debug/deps/rustcFByGF3/raw-dylibs" "-B<sysroot>/lib/rustlib/x86_64-unknown-linux-gnu/bin/gcc-ld" "-fuse-ld=lld" "-Wl,--eh-frame-hdr" "-Wl,-z,noexecstack" "-L" "/opt/rustwide/target/debug/build/libsqlite3-sys-c51a8aca685cce5b/out" "-L" "/opt/rustwide/target/debug/build/tree-sitter-08906a0481fc5428/out" "-L" "/opt/rustwide/target/debug/build/tree-sitter-go-6ff806b1e9361d74/out" "-L" "/opt/rustwide/target/debug/build/tree-sitter-javascript-3367a59fad841ec9/out" "-L" "/opt/rustwide/target/debug/build/tree-sitter-python-117baa47a9811766/out" "-L" "/opt/rustwide/target/debug/build/tree-sitter-rust-841aa9719c80220e/out" "-L" "<sysroot>/lib/rustlib/x86_64-unknown-linux-gnu/lib" "-o" "/opt/rustwide/target/debug/deps/gitignore_test-f2b6e95cf1618cc1" "-Wl,--gc-sections" "-pie" "-Wl,-z,relro,-z,now" "-nodefaultlibs"
[INFO] [stdout]   = note: some arguments are omitted. use `--verbose` to show all linker arguments
[INFO] [stdout]   = note: collect2: fatal error: ld terminated with signal 9 [Killed]
[INFO] [stdout]           compilation terminated.
[INFO] [stdout]           
[INFO] [stdout] 
[INFO] [stdout] 
[INFO] [stderr] error: could not compile `srr` (test "gitignore_test") due to 1 previous error
[INFO] running `Command { std: "docker" "inspect" "68efa74e14020a20d2ce62f7e376d112b02e241e498d1d16e2b83ff39dfe5b71", kill_on_drop: false }`
[INFO] running `Command { std: "docker" "rm" "-f" "68efa74e14020a20d2ce62f7e376d112b02e241e498d1d16e2b83ff39dfe5b71", kill_on_drop: false }`
[INFO] [stdout] 68efa74e14020a20d2ce62f7e376d112b02e241e498d1d16e2b83ff39dfe5b71
