[INFO] fetching crate squonk-ast 3.0.0...
[INFO] testing squonk-ast-3.0.0 against 1.100.0-beta.1 for beta-1.100-2
[INFO] extracting crate squonk-ast 3.0.0 into /workspace/builds/worker-2-tc2/source
[INFO] started tweaking crates.io crate squonk-ast 3.0.0
[INFO] removed 0 missing tests
[INFO] finished tweaking crates.io crate squonk-ast 3.0.0
[INFO] tweaked toml for crates.io crate squonk-ast 3.0.0 written to /workspace/builds/worker-2-tc2/source/Cargo.toml
[INFO] validating manifest of crates.io crate squonk-ast 3.0.0 on toolchain 1.100.0-beta.1
[INFO] running `Command { std: CARGO_HOME="/workspace/cargo-home" RUSTUP_HOME="/workspace/rustup-home" "/workspace/cargo-home/bin/cargo" "+1.100.0-beta.1" "metadata" "--manifest-path" "Cargo.toml" "--no-deps", kill_on_drop: false }`
[INFO] crate crates.io crate squonk-ast 3.0.0 already has a lockfile, it will not be regenerated
[INFO] running `Command { std: CARGO_HOME="/workspace/cargo-home" RUSTUP_HOME="/workspace/rustup-home" "/workspace/cargo-home/bin/cargo" "+1.100.0-beta.1" "fetch" "--manifest-path" "Cargo.toml", kill_on_drop: false }`
[INFO] running `Command { std: "docker" "create" "-v" "/var/lib/crater-agent-workspace/builds/worker-2-tc2/source:/opt/rustwide/workdir:ro,Z" "-v" "/var/lib/crater-agent-workspace/builds/worker-2-tc2/target:/opt/rustwide/target:rw,Z" "-v" "/var/lib/crater-agent-workspace/cargo-home:/opt/rustwide/cargo-home:ro,Z" "-v" "/var/lib/crater-agent-workspace/rustup-home:/opt/rustwide/rustup-home:ro,Z" "-m" "1610612736" "--network" "none" "ghcr.io/rust-lang/crates-build-env/linux@sha256:3111399a4047eeb3a02b7a90e478d715f38a8c6669b5c4b49d30a17385265909" "sleep" "infinity", kill_on_drop: false }`
[INFO] [stdout] 3cd522f718ef5e9bbf3101a8f4256df2e587d9458e37bbf38bed09cfb82a0827
[INFO] running `Command { std: "docker" "start" "3cd522f718ef5e9bbf3101a8f4256df2e587d9458e37bbf38bed09cfb82a0827", kill_on_drop: false }`
[INFO] running `Command { std: "docker" "inspect" "3cd522f718ef5e9bbf3101a8f4256df2e587d9458e37bbf38bed09cfb82a0827", kill_on_drop: false }`
[INFO] running `Command { std: "docker" "exec" "-e" "SOURCE_DIR=/opt/rustwide/workdir" "-e" "CARGO_HOME=/opt/rustwide/cargo-home" "-e" "RUSTUP_HOME=/opt/rustwide/rustup-home" "-e" "CARGO_TARGET_DIR=/opt/rustwide/target" "-w" "/opt/rustwide/workdir" "--user" "0:0" "3cd522f718ef5e9bbf3101a8f4256df2e587d9458e37bbf38bed09cfb82a0827" "/opt/rustwide/cargo-home/bin/cargo" "+1.100.0-beta.1" "metadata" "--no-deps" "--format-version=1", kill_on_drop: false }`
[INFO] running `Command { std: "docker" "inspect" "3cd522f718ef5e9bbf3101a8f4256df2e587d9458e37bbf38bed09cfb82a0827", kill_on_drop: false }`
[INFO] running `Command { std: "docker" "exec" "-e" "SOURCE_DIR=/opt/rustwide/workdir" "-e" "CARGO_HOME=/opt/rustwide/cargo-home" "-e" "RUSTUP_HOME=/opt/rustwide/rustup-home" "-e" "CARGO_TARGET_DIR=/opt/rustwide/target" "-e" "CARGO_INCREMENTAL=0" "-e" "RUST_BACKTRACE=full" "-e" "RUSTFLAGS=--cap-lints=warn" "-e" "RUSTDOCFLAGS=--cap-lints=warn" "-w" "/opt/rustwide/workdir" "--user" "0:0" "3cd522f718ef5e9bbf3101a8f4256df2e587d9458e37bbf38bed09cfb82a0827" "/opt/rustwide/cargo-home/bin/cargo" "+1.100.0-beta.1" "build" "--frozen" "--message-format=json", kill_on_drop: false }`
[INFO] [stderr]    Compiling thin-vec v0.2.18
[INFO] [stderr]    Compiling squonk-ast v3.0.0 (/opt/rustwide/workdir)
[INFO] [stderr]     Finished `dev` profile [unoptimized + debuginfo] target(s) in 11.56s
[INFO] running `Command { std: "docker" "inspect" "3cd522f718ef5e9bbf3101a8f4256df2e587d9458e37bbf38bed09cfb82a0827", kill_on_drop: false }`
[INFO] running `Command { std: "docker" "exec" "-e" "SOURCE_DIR=/opt/rustwide/workdir" "-e" "CARGO_HOME=/opt/rustwide/cargo-home" "-e" "RUSTUP_HOME=/opt/rustwide/rustup-home" "-e" "CARGO_TARGET_DIR=/opt/rustwide/target" "-e" "CARGO_INCREMENTAL=0" "-e" "RUST_BACKTRACE=full" "-e" "RUSTFLAGS=--cap-lints=warn" "-e" "RUSTDOCFLAGS=--cap-lints=warn" "-w" "/opt/rustwide/workdir" "--user" "0:0" "3cd522f718ef5e9bbf3101a8f4256df2e587d9458e37bbf38bed09cfb82a0827" "/opt/rustwide/cargo-home/bin/cargo" "+1.100.0-beta.1" "test" "--frozen" "--no-run" "--message-format=json", kill_on_drop: false }`
[INFO] [stderr]    Compiling serde_core v1.0.228
[INFO] [stderr]    Compiling serde_json v1.0.150
[INFO] [stderr]    Compiling memchr v2.8.2
[INFO] [stderr]    Compiling squonk-ast v3.0.0 (/opt/rustwide/workdir)
[INFO] [stdout] error[E0425]: cannot find value `MYSQL_IDENTIFIER_QUOTES` in this scope
[INFO] [stdout]     --> src/dialect/mod.rs:6186:45
[INFO] [stdout]      |
[INFO] [stdout] 6186 |         assert_eq!(mysql.identifier_quotes, MYSQL_IDENTIFIER_QUOTES);
[INFO] [stdout]      |                                             ^^^^^^^^^^^^^^^^^^^^^^^ not found in this scope
[INFO] [stdout] 
[INFO] [stdout] 
[INFO] [stdout] error[E0599]: no associated function or constant named `MYSQL` found for struct `dialect::StringLiteralSyntax` in the current scope
[INFO] [stdout]     --> src/ast/literal.rs:2033:58
[INFO] [stdout]      |
[INFO] [stdout] 2033 |                     .as_str_in(src, StringLiteralSyntax::MYSQL)
[INFO] [stdout]      |                                                          ^^^^^ associated function or constant not found in `dialect::StringLiteralSyntax`
[INFO] [stdout]      |
[INFO] [stdout]     ::: src/dialect/mod.rs:534:1
[INFO] [stdout]      |
[INFO] [stdout]  534 | pub struct StringLiteralSyntax {
[INFO] [stdout]      | ------------------------------ associated function or constant `MYSQL` not found for this struct
[INFO] [stdout] 
[INFO] [stdout] 
[INFO] [stdout] error[E0599]: no associated function or constant named `MYSQL` found for struct `dialect::StringLiteralSyntax` in the current scope
[INFO] [stdout]     --> src/ast/literal.rs:2062:58
[INFO] [stdout]      |
[INFO] [stdout] 2062 |                     .as_str_in(src, StringLiteralSyntax::MYSQL)
[INFO] [stdout]      |                                                          ^^^^^ associated function or constant not found in `dialect::StringLiteralSyntax`
[INFO] [stdout]      |
[INFO] [stdout]     ::: src/dialect/mod.rs:534:1
[INFO] [stdout]      |
[INFO] [stdout]  534 | pub struct StringLiteralSyntax {
[INFO] [stdout]      | ------------------------------ associated function or constant `MYSQL` not found for this struct
[INFO] [stdout] 
[INFO] [stdout] 
[INFO] [stdout] error[E0599]: no associated function or constant named `MYSQL` found for struct `dialect::StringLiteralSyntax` in the current scope
[INFO] [stdout]     --> src/ast/literal.rs:2079:54
[INFO] [stdout]      |
[INFO] [stdout] 2079 |                 .as_str_in(src, StringLiteralSyntax::MYSQL)
[INFO] [stdout]      |                                                      ^^^^^ associated function or constant not found in `dialect::StringLiteralSyntax`
[INFO] [stdout]      |
[INFO] [stdout]     ::: src/dialect/mod.rs:534:1
[INFO] [stdout]      |
[INFO] [stdout]  534 | pub struct StringLiteralSyntax {
[INFO] [stdout]      | ------------------------------ associated function or constant `MYSQL` not found for this struct
[INFO] [stdout] 
[INFO] [stdout] 
[INFO] [stdout] error[E0599]: no associated function or constant named `MYSQL` found for struct `dialect::StringLiteralSyntax` in the current scope
[INFO] [stdout]     --> src/ast/literal.rs:2098:60
[INFO] [stdout]      |
[INFO] [stdout] 2098 |                 .as_str_in("'plain'", StringLiteralSyntax::MYSQL)
[INFO] [stdout]      |                                                            ^^^^^ associated function or constant not found in `dialect::StringLiteralSyntax`
[INFO] [stdout]      |
[INFO] [stdout]     ::: src/dialect/mod.rs:534:1
[INFO] [stdout]      |
[INFO] [stdout]  534 | pub struct StringLiteralSyntax {
[INFO] [stdout]      | ------------------------------ associated function or constant `MYSQL` not found for this struct
[INFO] [stdout] 
[INFO] [stdout] 
[INFO] [stdout] error[E0599]: no associated function or constant named `MYSQL` found for struct `dialect::StringLiteralSyntax` in the current scope
[INFO] [stdout]     --> src/ast/literal.rs:2114:54
[INFO] [stdout]      |
[INFO] [stdout] 2114 |                 .as_str_in(src, StringLiteralSyntax::MYSQL)
[INFO] [stdout]      |                                                      ^^^^^ associated function or constant not found in `dialect::StringLiteralSyntax`
[INFO] [stdout]      |
[INFO] [stdout]     ::: src/dialect/mod.rs:534:1
[INFO] [stdout]      |
[INFO] [stdout]  534 | pub struct StringLiteralSyntax {
[INFO] [stdout]      | ------------------------------ associated function or constant `MYSQL` not found for this struct
[INFO] [stdout] 
[INFO] [stdout] 
[INFO] [stdout] error[E0599]: no associated function or constant named `MYSQL` found for struct `dialect::StringLiteralSyntax` in the current scope
[INFO] [stdout]     --> src/ast/literal.rs:2128:65
[INFO] [stdout]      |
[INFO] [stdout] 2128 |                 .as_str_in("'a\\'b'\n'c'", StringLiteralSyntax::MYSQL)
[INFO] [stdout]      |                                                                 ^^^^^ associated function or constant not found in `dialect::StringLiteralSyntax`
[INFO] [stdout]      |
[INFO] [stdout]     ::: src/dialect/mod.rs:534:1
[INFO] [stdout]      |
[INFO] [stdout]  534 | pub struct StringLiteralSyntax {
[INFO] [stdout]      | ------------------------------ associated function or constant `MYSQL` not found for this struct
[INFO] [stdout] 
[INFO] [stdout] 
[INFO] [stdout] error[E0599]: no associated function or constant named `MYSQL` found for struct `dialect::StringLiteralSyntax` in the current scope
[INFO] [stdout]     --> src/ast/literal.rs:2138:61
[INFO] [stdout]      |
[INFO] [stdout] 2138 |                 .as_str_in("\"a\nb\"", StringLiteralSyntax::MYSQL)
[INFO] [stdout]      |                                                             ^^^^^ associated function or constant not found in `dialect::StringLiteralSyntax`
[INFO] [stdout]      |
[INFO] [stdout]     ::: src/dialect/mod.rs:534:1
[INFO] [stdout]      |
[INFO] [stdout]  534 | pub struct StringLiteralSyntax {
[INFO] [stdout]      | ------------------------------ associated function or constant `MYSQL` not found for this struct
[INFO] [stdout] 
[INFO] [stdout] 
[INFO] [stdout] error[E0599]: no associated function or constant named `REDSHIFT` found for struct `dialect::FeatureSet` in the current scope
[INFO] [stdout]     --> src/dialect/closed_delta.rs:103:26
[INFO] [stdout]      |
[INFO] [stdout]  103 |             &FeatureSet::REDSHIFT,
[INFO] [stdout]      |                          ^^^^^^^^ associated function or constant not found in `dialect::FeatureSet`
[INFO] [stdout]      |
[INFO] [stdout]     ::: src/dialect/mod.rs:5513:1
[INFO] [stdout]      |
[INFO] [stdout] 5513 | pub struct FeatureSet {
[INFO] [stdout]      | --------------------- associated function or constant `REDSHIFT` not found for this struct
[INFO] [stdout] 
[INFO] [stdout] 
[INFO] [stdout] error[E0599]: no associated function or constant named `DUCKDB` found for struct `dialect::FeatureSet` in the current scope
[INFO] [stdout]     --> src/dialect/conflict.rs:1208:36
[INFO] [stdout]      |
[INFO] [stdout] 1208 |         let with_xor = FeatureSet::DUCKDB.with(FeatureDelta::EMPTY.hash_bitwise_xor(true));
[INFO] [stdout]      |                                    ^^^^^^ associated function or constant not found in `dialect::FeatureSet`
[INFO] [stdout]      |
[INFO] [stdout]     ::: src/dialect/mod.rs:5513:1
[INFO] [stdout]      |
[INFO] [stdout] 5513 | pub struct FeatureSet {
[INFO] [stdout]      | --------------------- associated function or constant `DUCKDB` not found for this struct
[INFO] [stdout] 
[INFO] [stdout] 
[INFO] [stdout] error[E0599]: no associated function or constant named `DUCKDB` found for struct `dialect::FeatureSet` in the current scope
[INFO] [stdout]     --> src/dialect/conflict.rs:1215:25
[INFO] [stdout]      |
[INFO] [stdout] 1215 |             FeatureSet::DUCKDB.with(FeatureDelta::EMPTY.comment_syntax(CommentSyntax {
[INFO] [stdout]      |                         ^^^^^^ associated function or constant not found in `dialect::FeatureSet`
[INFO] [stdout]      |
[INFO] [stdout]     ::: src/dialect/mod.rs:5513:1
[INFO] [stdout]      |
[INFO] [stdout] 5513 | pub struct FeatureSet {
[INFO] [stdout]      | --------------------- associated function or constant `DUCKDB` not found for this struct
[INFO] [stdout] 
[INFO] [stdout] 
[INFO] [stdout] error[E0599]: no associated function or constant named `DUCKDB` found for struct `dialect::FeatureSet` in the current scope
[INFO] [stdout]     --> src/dialect/conflict.rs:1217:31
[INFO] [stdout]      |
[INFO] [stdout] 1217 |                 ..FeatureSet::DUCKDB.comment_syntax
[INFO] [stdout]      |                               ^^^^^^ associated function or constant not found in `dialect::FeatureSet`
[INFO] [stdout]      |
[INFO] [stdout]     ::: src/dialect/mod.rs:5513:1
[INFO] [stdout]      |
[INFO] [stdout] 5513 | pub struct FeatureSet {
[INFO] [stdout]      | --------------------- associated function or constant `DUCKDB` not found for this struct
[INFO] [stdout] 
[INFO] [stdout] 
[INFO] [stdout] error[E0599]: no associated function or constant named `DUCKDB` found for struct `dialect::FeatureSet` in the current scope
[INFO] [stdout]     --> src/dialect/conflict.rs:1226:32
[INFO] [stdout]      |
[INFO] [stdout] 1226 |         assert_eq!(FeatureSet::DUCKDB.lexical_conflict(), None);
[INFO] [stdout]      |                                ^^^^^^ associated function or constant not found in `dialect::FeatureSet`
[INFO] [stdout]      |
[INFO] [stdout]     ::: src/dialect/mod.rs:5513:1
[INFO] [stdout]      |
[INFO] [stdout] 5513 | pub struct FeatureSet {
[INFO] [stdout]      | --------------------- associated function or constant `DUCKDB` not found for this struct
[INFO] [stdout] 
[INFO] [stdout] 
[INFO] [stdout] error[E0599]: no associated function or constant named `POSTGRES` found for struct `dialect::FeatureSet` in the current scope
[INFO] [stdout]     --> src/dialect/conflict.rs:1236:25
[INFO] [stdout]      |
[INFO] [stdout] 1236 |             FeatureSet::POSTGRES,
[INFO] [stdout]      |                         ^^^^^^^^ associated function or constant not found in `dialect::FeatureSet`
[INFO] [stdout]      |
[INFO] [stdout]     ::: src/dialect/mod.rs:5513:1
[INFO] [stdout]      |
[INFO] [stdout] 5513 | pub struct FeatureSet {
[INFO] [stdout]      | --------------------- associated function or constant `POSTGRES` not found for this struct
[INFO] [stdout] 
[INFO] [stdout] 
[INFO] [stdout] error[E0599]: no associated function or constant named `MYSQL` found for struct `dialect::FeatureSet` in the current scope
[INFO] [stdout]     --> src/dialect/conflict.rs:1237:25
[INFO] [stdout]      |
[INFO] [stdout] 1237 |             FeatureSet::MYSQL,
[INFO] [stdout]      |                         ^^^^^ associated function or constant not found in `dialect::FeatureSet`
[INFO] [stdout]      |
[INFO] [stdout]     ::: src/dialect/mod.rs:5513:1
[INFO] [stdout]      |
[INFO] [stdout] 5513 | pub struct FeatureSet {
[INFO] [stdout]      | --------------------- associated function or constant `MYSQL` not found for this struct
[INFO] [stdout] 
[INFO] [stdout] 
[INFO] [stdout] error[E0599]: no associated function or constant named `SQLITE` found for struct `dialect::FeatureSet` in the current scope
[INFO] [stdout]     --> src/dialect/conflict.rs:1238:25
[INFO] [stdout]      |
[INFO] [stdout] 1238 |             FeatureSet::SQLITE,
[INFO] [stdout]      |                         ^^^^^^ associated function or constant not found in `dialect::FeatureSet`
[INFO] [stdout]      |
[INFO] [stdout]     ::: src/dialect/mod.rs:5513:1
[INFO] [stdout]      |
[INFO] [stdout] 5513 | pub struct FeatureSet {
[INFO] [stdout]      | --------------------- associated function or constant `SQLITE` not found for this struct
[INFO] [stdout] 
[INFO] [stdout] 
[INFO] [stdout] error[E0599]: no associated function or constant named `DUCKDB` found for struct `dialect::FeatureSet` in the current scope
[INFO] [stdout]     --> src/dialect/conflict.rs:1239:25
[INFO] [stdout]      |
[INFO] [stdout] 1239 |             FeatureSet::DUCKDB,
[INFO] [stdout]      |                         ^^^^^^ associated function or constant not found in `dialect::FeatureSet`
[INFO] [stdout]      |
[INFO] [stdout]     ::: src/dialect/mod.rs:5513:1
[INFO] [stdout]      |
[INFO] [stdout] 5513 | pub struct FeatureSet {
[INFO] [stdout]      | --------------------- associated function or constant `DUCKDB` not found for this struct
[INFO] [stdout] 
[INFO] [stdout] 
[INFO] [stdout] error[E0599]: no associated function or constant named `BIGQUERY` found for struct `dialect::FeatureSet` in the current scope
[INFO] [stdout]     --> src/dialect/conflict.rs:1240:25
[INFO] [stdout]      |
[INFO] [stdout] 1240 |             FeatureSet::BIGQUERY,
[INFO] [stdout]      |                         ^^^^^^^^ associated function or constant not found in `dialect::FeatureSet`
[INFO] [stdout]      |
[INFO] [stdout]     ::: src/dialect/mod.rs:5513:1
[INFO] [stdout]      |
[INFO] [stdout] 5513 | pub struct FeatureSet {
[INFO] [stdout]      | --------------------- associated function or constant `BIGQUERY` not found for this struct
[INFO] [stdout] 
[INFO] [stdout] 
[INFO] [stdout] error[E0599]: no associated function or constant named `HIVE` found for struct `dialect::FeatureSet` in the current scope
[INFO] [stdout]     --> src/dialect/conflict.rs:1241:25
[INFO] [stdout]      |
[INFO] [stdout] 1241 |             FeatureSet::HIVE,
[INFO] [stdout]      |                         ^^^^ associated function or constant not found in `dialect::FeatureSet`
[INFO] [stdout]      |
[INFO] [stdout]     ::: src/dialect/mod.rs:5513:1
[INFO] [stdout]      |
[INFO] [stdout] 5513 | pub struct FeatureSet {
[INFO] [stdout]      | --------------------- associated function or constant `HIVE` not found for this struct
[INFO] [stdout] 
[INFO] [stdout] 
[INFO] [stdout] error[E0599]: no associated function or constant named `CLICKHOUSE` found for struct `dialect::FeatureSet` in the current scope
[INFO] [stdout]     --> src/dialect/conflict.rs:1242:25
[INFO] [stdout]      |
[INFO] [stdout] 1242 |             FeatureSet::CLICKHOUSE,
[INFO] [stdout]      |                         ^^^^^^^^^^ associated function or constant not found in `dialect::FeatureSet`
[INFO] [stdout]      |
[INFO] [stdout]     ::: src/dialect/mod.rs:5513:1
[INFO] [stdout]      |
[INFO] [stdout] 5513 | pub struct FeatureSet {
[INFO] [stdout]      | --------------------- associated function or constant `CLICKHOUSE` not found for this struct
[INFO] [stdout] 
[INFO] [stdout] 
[INFO] [stdout] error[E0599]: no associated function or constant named `DATABRICKS` found for struct `dialect::FeatureSet` in the current scope
[INFO] [stdout]     --> src/dialect/conflict.rs:1243:25
[INFO] [stdout]      |
[INFO] [stdout] 1243 |             FeatureSet::DATABRICKS,
[INFO] [stdout]      |                         ^^^^^^^^^^ associated function or constant not found in `dialect::FeatureSet`
[INFO] [stdout]      |
[INFO] [stdout]     ::: src/dialect/mod.rs:5513:1
[INFO] [stdout]      |
[INFO] [stdout] 5513 | pub struct FeatureSet {
[INFO] [stdout]      | --------------------- associated function or constant `DATABRICKS` not found for this struct
[INFO] [stdout] 
[INFO] [stdout] 
[INFO] [stdout] error[E0599]: no associated function or constant named `MSSQL` found for struct `dialect::FeatureSet` in the current scope
[INFO] [stdout]     --> src/dialect/conflict.rs:1244:25
[INFO] [stdout]      |
[INFO] [stdout] 1244 |             FeatureSet::MSSQL,
[INFO] [stdout]      |                         ^^^^^ associated function or constant not found in `dialect::FeatureSet`
[INFO] [stdout]      |
[INFO] [stdout]     ::: src/dialect/mod.rs:5513:1
[INFO] [stdout]      |
[INFO] [stdout] 5513 | pub struct FeatureSet {
[INFO] [stdout]      | --------------------- associated function or constant `MSSQL` not found for this struct
[INFO] [stdout] 
[INFO] [stdout] 
[INFO] [stdout] error[E0599]: no associated function or constant named `SNOWFLAKE` found for struct `dialect::FeatureSet` in the current scope
[INFO] [stdout]     --> src/dialect/conflict.rs:1245:25
[INFO] [stdout]      |
[INFO] [stdout] 1245 |             FeatureSet::SNOWFLAKE,
[INFO] [stdout]      |                         ^^^^^^^^^ associated function or constant not found in `dialect::FeatureSet`
[INFO] [stdout]      |
[INFO] [stdout]     ::: src/dialect/mod.rs:5513:1
[INFO] [stdout]      |
[INFO] [stdout] 5513 | pub struct FeatureSet {
[INFO] [stdout]      | --------------------- associated function or constant `SNOWFLAKE` not found for this struct
[INFO] [stdout] 
[INFO] [stdout] 
[INFO] [stdout] error[E0599]: no associated function or constant named `REDSHIFT` found for struct `dialect::FeatureSet` in the current scope
[INFO] [stdout]     --> src/dialect/conflict.rs:1246:25
[INFO] [stdout]      |
[INFO] [stdout] 1246 |             FeatureSet::REDSHIFT,
[INFO] [stdout]      |                         ^^^^^^^^ associated function or constant not found in `dialect::FeatureSet`
[INFO] [stdout]      |
[INFO] [stdout]     ::: src/dialect/mod.rs:5513:1
[INFO] [stdout]      |
[INFO] [stdout] 5513 | pub struct FeatureSet {
[INFO] [stdout]      | --------------------- associated function or constant `REDSHIFT` not found for this struct
[INFO] [stdout] 
[INFO] [stdout] 
[INFO] [stdout] error[E0599]: no associated function or constant named `LENIENT` found for struct `dialect::FeatureSet` in the current scope
[INFO] [stdout]     --> src/dialect/conflict.rs:1247:25
[INFO] [stdout]      |
[INFO] [stdout] 1247 |             FeatureSet::LENIENT,
[INFO] [stdout]      |                         ^^^^^^^ associated function or constant not found in `dialect::FeatureSet`
[INFO] [stdout]      |
[INFO] [stdout]     ::: src/dialect/mod.rs:5513:1
[INFO] [stdout]      |
[INFO] [stdout] 5513 | pub struct FeatureSet {
[INFO] [stdout]      | --------------------- associated function or constant `LENIENT` not found for this struct
[INFO] [stdout] 
[INFO] [stdout] 
[INFO] [stdout] error[E0599]: no associated function or constant named `POSTGRES` found for struct `dialect::FeatureSet` in the current scope
[INFO] [stdout]     --> src/dialect/conflict.rs:1560:25
[INFO] [stdout]      |
[INFO] [stdout] 1560 |             FeatureSet::POSTGRES.with(FeatureDelta::EMPTY.mutation_syntax(MutationSyntax {
[INFO] [stdout]      |                         ^^^^^^^^ associated function or constant not found in `dialect::FeatureSet`
[INFO] [stdout]      |
[INFO] [stdout]     ::: src/dialect/mod.rs:5513:1
[INFO] [stdout]      |
[INFO] [stdout] 5513 | pub struct FeatureSet {
[INFO] [stdout]      | --------------------- associated function or constant `POSTGRES` not found for this struct
[INFO] [stdout] 
[INFO] [stdout] 
[INFO] [stdout] error[E0599]: no associated function or constant named `POSTGRES` found for struct `dialect::FeatureSet` in the current scope
[INFO] [stdout]     --> src/dialect/conflict.rs:1562:31
[INFO] [stdout]      |
[INFO] [stdout] 1562 |                 ..FeatureSet::POSTGRES.mutation_syntax
[INFO] [stdout]      |                               ^^^^^^^^ associated function or constant not found in `dialect::FeatureSet`
[INFO] [stdout]      |
[INFO] [stdout]     ::: src/dialect/mod.rs:5513:1
[INFO] [stdout]      |
[INFO] [stdout] 5513 | pub struct FeatureSet {
[INFO] [stdout]      | --------------------- associated function or constant `POSTGRES` not found for this struct
[INFO] [stdout] 
[INFO] [stdout] 
[INFO] [stdout] error[E0599]: no associated function or constant named `POSTGRES` found for struct `dialect::FeatureSet` in the current scope
[INFO] [stdout]     --> src/dialect/conflict.rs:1579:25
[INFO] [stdout]      |
[INFO] [stdout] 1579 |             FeatureSet::POSTGRES.without_dangling_dependents(),
[INFO] [stdout]      |                         ^^^^^^^^ associated function or constant not found in `dialect::FeatureSet`
[INFO] [stdout]      |
[INFO] [stdout]     ::: src/dialect/mod.rs:5513:1
[INFO] [stdout]      |
[INFO] [stdout] 5513 | pub struct FeatureSet {
[INFO] [stdout]      | --------------------- associated function or constant `POSTGRES` not found for this struct
[INFO] [stdout] 
[INFO] [stdout] 
[INFO] [stdout] error[E0599]: no associated function or constant named `POSTGRES` found for struct `dialect::FeatureSet` in the current scope
[INFO] [stdout]     --> src/dialect/conflict.rs:1580:25
[INFO] [stdout]      |
[INFO] [stdout] 1580 |             FeatureSet::POSTGRES,
[INFO] [stdout]      |                         ^^^^^^^^ associated function or constant not found in `dialect::FeatureSet`
[INFO] [stdout]      |
[INFO] [stdout]     ::: src/dialect/mod.rs:5513:1
[INFO] [stdout]      |
[INFO] [stdout] 5513 | pub struct FeatureSet {
[INFO] [stdout]      | --------------------- associated function or constant `POSTGRES` not found for this struct
[INFO] [stdout] 
[INFO] [stdout] 
[INFO] [stdout] error[E0599]: no associated function or constant named `POSTGRES` found for struct `dialect::FeatureSet` in the current scope
[INFO] [stdout]     --> src/dialect/conflict.rs:1601:25
[INFO] [stdout]      |
[INFO] [stdout] 1601 |             FeatureSet::POSTGRES,
[INFO] [stdout]      |                         ^^^^^^^^ associated function or constant not found in `dialect::FeatureSet`
[INFO] [stdout]      |
[INFO] [stdout]     ::: src/dialect/mod.rs:5513:1
[INFO] [stdout]      |
[INFO] [stdout] 5513 | pub struct FeatureSet {
[INFO] [stdout]      | --------------------- associated function or constant `POSTGRES` not found for this struct
[INFO] [stdout] 
[INFO] [stdout] 
[INFO] [stdout] error[E0599]: no associated function or constant named `MYSQL` found for struct `dialect::FeatureSet` in the current scope
[INFO] [stdout]     --> src/dialect/conflict.rs:1602:25
[INFO] [stdout]      |
[INFO] [stdout] 1602 |             FeatureSet::MYSQL,
[INFO] [stdout]      |                         ^^^^^ associated function or constant not found in `dialect::FeatureSet`
[INFO] [stdout]      |
[INFO] [stdout]     ::: src/dialect/mod.rs:5513:1
[INFO] [stdout]      |
[INFO] [stdout] 5513 | pub struct FeatureSet {
[INFO] [stdout]      | --------------------- associated function or constant `MYSQL` not found for this struct
[INFO] [stdout] 
[INFO] [stdout] 
[INFO] [stdout] error[E0599]: no associated function or constant named `SQLITE` found for struct `dialect::FeatureSet` in the current scope
[INFO] [stdout]     --> src/dialect/conflict.rs:1603:25
[INFO] [stdout]      |
[INFO] [stdout] 1603 |             FeatureSet::SQLITE,
[INFO] [stdout]      |                         ^^^^^^ associated function or constant not found in `dialect::FeatureSet`
[INFO] [stdout]      |
[INFO] [stdout]     ::: src/dialect/mod.rs:5513:1
[INFO] [stdout]      |
[INFO] [stdout] 5513 | pub struct FeatureSet {
[INFO] [stdout]      | --------------------- associated function or constant `SQLITE` not found for this struct
[INFO] [stdout] 
[INFO] [stdout] 
[INFO] [stdout] error[E0599]: no associated function or constant named `DUCKDB` found for struct `dialect::FeatureSet` in the current scope
[INFO] [stdout]     --> src/dialect/conflict.rs:1604:25
[INFO] [stdout]      |
[INFO] [stdout] 1604 |             FeatureSet::DUCKDB,
[INFO] [stdout]      |                         ^^^^^^ associated function or constant not found in `dialect::FeatureSet`
[INFO] [stdout]      |
[INFO] [stdout]     ::: src/dialect/mod.rs:5513:1
[INFO] [stdout]      |
[INFO] [stdout] 5513 | pub struct FeatureSet {
[INFO] [stdout]      | --------------------- associated function or constant `DUCKDB` not found for this struct
[INFO] [stdout] 
[INFO] [stdout] 
[INFO] [stdout] error[E0599]: no associated function or constant named `BIGQUERY` found for struct `dialect::FeatureSet` in the current scope
[INFO] [stdout]     --> src/dialect/conflict.rs:1605:25
[INFO] [stdout]      |
[INFO] [stdout] 1605 |             FeatureSet::BIGQUERY,
[INFO] [stdout]      |                         ^^^^^^^^ associated function or constant not found in `dialect::FeatureSet`
[INFO] [stdout]      |
[INFO] [stdout]     ::: src/dialect/mod.rs:5513:1
[INFO] [stdout]      |
[INFO] [stdout] 5513 | pub struct FeatureSet {
[INFO] [stdout]      | --------------------- associated function or constant `BIGQUERY` not found for this struct
[INFO] [stdout] 
[INFO] [stdout] 
[INFO] [stdout] error[E0599]: no associated function or constant named `HIVE` found for struct `dialect::FeatureSet` in the current scope
[INFO] [stdout]     --> src/dialect/conflict.rs:1606:25
[INFO] [stdout]      |
[INFO] [stdout] 1606 |             FeatureSet::HIVE,
[INFO] [stdout]      |                         ^^^^ associated function or constant not found in `dialect::FeatureSet`
[INFO] [stdout]      |
[INFO] [stdout]     ::: src/dialect/mod.rs:5513:1
[INFO] [stdout]      |
[INFO] [stdout] 5513 | pub struct FeatureSet {
[INFO] [stdout]      | --------------------- associated function or constant `HIVE` not found for this struct
[INFO] [stdout] 
[INFO] [stdout] 
[INFO] [stdout] error[E0599]: no associated function or constant named `CLICKHOUSE` found for struct `dialect::FeatureSet` in the current scope
[INFO] [stdout]     --> src/dialect/conflict.rs:1607:25
[INFO] [stdout]      |
[INFO] [stdout] 1607 |             FeatureSet::CLICKHOUSE,
[INFO] [stdout]      |                         ^^^^^^^^^^ associated function or constant not found in `dialect::FeatureSet`
[INFO] [stdout]      |
[INFO] [stdout]     ::: src/dialect/mod.rs:5513:1
[INFO] [stdout]      |
[INFO] [stdout] 5513 | pub struct FeatureSet {
[INFO] [stdout]      | --------------------- associated function or constant `CLICKHOUSE` not found for this struct
[INFO] [stdout] 
[INFO] [stdout] 
[INFO] [stdout] error[E0599]: no associated function or constant named `DATABRICKS` found for struct `dialect::FeatureSet` in the current scope
[INFO] [stdout]     --> src/dialect/conflict.rs:1608:25
[INFO] [stdout]      |
[INFO] [stdout] 1608 |             FeatureSet::DATABRICKS,
[INFO] [stdout]      |                         ^^^^^^^^^^ associated function or constant not found in `dialect::FeatureSet`
[INFO] [stdout]      |
[INFO] [stdout]     ::: src/dialect/mod.rs:5513:1
[INFO] [stdout]      |
[INFO] [stdout] 5513 | pub struct FeatureSet {
[INFO] [stdout]      | --------------------- associated function or constant `DATABRICKS` not found for this struct
[INFO] [stdout] 
[INFO] [stdout] 
[INFO] [stdout] error[E0599]: no associated function or constant named `MSSQL` found for struct `dialect::FeatureSet` in the current scope
[INFO] [stdout]     --> src/dialect/conflict.rs:1609:25
[INFO] [stdout]      |
[INFO] [stdout] 1609 |             FeatureSet::MSSQL,
[INFO] [stdout]      |                         ^^^^^ associated function or constant not found in `dialect::FeatureSet`
[INFO] [stdout]      |
[INFO] [stdout]     ::: src/dialect/mod.rs:5513:1
[INFO] [stdout]      |
[INFO] [stdout] 5513 | pub struct FeatureSet {
[INFO] [stdout]      | --------------------- associated function or constant `MSSQL` not found for this struct
[INFO] [stdout] 
[INFO] [stdout] 
[INFO] [stdout] error[E0599]: no associated function or constant named `SNOWFLAKE` found for struct `dialect::FeatureSet` in the current scope
[INFO] [stdout]     --> src/dialect/conflict.rs:1610:25
[INFO] [stdout]      |
[INFO] [stdout] 1610 |             FeatureSet::SNOWFLAKE,
[INFO] [stdout]      |                         ^^^^^^^^^ associated function or constant not found in `dialect::FeatureSet`
[INFO] [stdout]      |
[INFO] [stdout]     ::: src/dialect/mod.rs:5513:1
[INFO] [stdout]      |
[INFO] [stdout] 5513 | pub struct FeatureSet {
[INFO] [stdout]      | --------------------- associated function or constant `SNOWFLAKE` not found for this struct
[INFO] [stdout] 
[INFO] [stdout] 
[INFO] [stdout] error[E0599]: no associated function or constant named `REDSHIFT` found for struct `dialect::FeatureSet` in the current scope
[INFO] [stdout]     --> src/dialect/conflict.rs:1611:25
[INFO] [stdout]      |
[INFO] [stdout] 1611 |             FeatureSet::REDSHIFT,
[INFO] [stdout]      |                         ^^^^^^^^ associated function or constant not found in `dialect::FeatureSet`
[INFO] [stdout]      |
[INFO] [stdout]     ::: src/dialect/mod.rs:5513:1
[INFO] [stdout]      |
[INFO] [stdout] 5513 | pub struct FeatureSet {
[INFO] [stdout]      | --------------------- associated function or constant `REDSHIFT` not found for this struct
[INFO] [stdout] 
[INFO] [stdout] 
[INFO] [stdout] error[E0599]: no associated function or constant named `LENIENT` found for struct `dialect::FeatureSet` in the current scope
[INFO] [stdout]     --> src/dialect/conflict.rs:1612:25
[INFO] [stdout]      |
[INFO] [stdout] 1612 |             FeatureSet::LENIENT,
[INFO] [stdout]      |                         ^^^^^^^ associated function or constant not found in `dialect::FeatureSet`
[INFO] [stdout]      |
[INFO] [stdout]     ::: src/dialect/mod.rs:5513:1
[INFO] [stdout]      |
[INFO] [stdout] 5513 | pub struct FeatureSet {
[INFO] [stdout]      | --------------------- associated function or constant `LENIENT` not found for this struct
[INFO] [stdout] 
[INFO] [stdout] 
[INFO] [stdout] error[E0599]: no associated function or constant named `DUCKDB` found for struct `dialect::FeatureSet` in the current scope
[INFO] [stdout]     --> src/dialect/conflict.rs:1626:25
[INFO] [stdout]      |
[INFO] [stdout] 1626 |             FeatureSet::DUCKDB.with(FeatureDelta::EMPTY.expression_syntax(ExpressionSyntax {
[INFO] [stdout]      |                         ^^^^^^ associated function or constant not found in `dialect::FeatureSet`
[INFO] [stdout]      |
[INFO] [stdout]     ::: src/dialect/mod.rs:5513:1
[INFO] [stdout]      |
[INFO] [stdout] 5513 | pub struct FeatureSet {
[INFO] [stdout]      | --------------------- associated function or constant `DUCKDB` not found for this struct
[INFO] [stdout] 
[INFO] [stdout] 
[INFO] [stdout] error[E0599]: no associated function or constant named `DUCKDB` found for struct `dialect::FeatureSet` in the current scope
[INFO] [stdout]     --> src/dialect/conflict.rs:1628:31
[INFO] [stdout]      |
[INFO] [stdout] 1628 |                 ..FeatureSet::DUCKDB.expression_syntax
[INFO] [stdout]      |                               ^^^^^^ associated function or constant not found in `dialect::FeatureSet`
[INFO] [stdout]      |
[INFO] [stdout]     ::: src/dialect/mod.rs:5513:1
[INFO] [stdout]      |
[INFO] [stdout] 5513 | pub struct FeatureSet {
[INFO] [stdout]      | --------------------- associated function or constant `DUCKDB` not found for this struct
[INFO] [stdout] 
[INFO] [stdout] 
[INFO] [stdout] error[E0599]: no associated function or constant named `DUCKDB` found for struct `dialect::FeatureSet` in the current scope
[INFO] [stdout]     --> src/dialect/conflict.rs:1636:32
[INFO] [stdout]      |
[INFO] [stdout] 1636 |         assert_eq!(FeatureSet::DUCKDB.grammar_conflict(), None);
[INFO] [stdout]      |                                ^^^^^^ associated function or constant not found in `dialect::FeatureSet`
[INFO] [stdout]      |
[INFO] [stdout]     ::: src/dialect/mod.rs:5513:1
[INFO] [stdout]      |
[INFO] [stdout] 5513 | pub struct FeatureSet {
[INFO] [stdout]      | --------------------- associated function or constant `DUCKDB` not found for this struct
[INFO] [stdout] 
[INFO] [stdout] 
[INFO] [stdout] error[E0599]: no associated function or constant named `SNOWFLAKE` found for struct `dialect::FeatureSet` in the current scope
[INFO] [stdout]     --> src/dialect/conflict.rs:1637:32
[INFO] [stdout]      |
[INFO] [stdout] 1637 |         assert_eq!(FeatureSet::SNOWFLAKE.grammar_conflict(), None);
[INFO] [stdout]      |                                ^^^^^^^^^ associated function or constant not found in `dialect::FeatureSet`
[INFO] [stdout]      |
[INFO] [stdout]     ::: src/dialect/mod.rs:5513:1
[INFO] [stdout]      |
[INFO] [stdout] 5513 | pub struct FeatureSet {
[INFO] [stdout]      | --------------------- associated function or constant `SNOWFLAKE` not found for this struct
[INFO] [stdout] 
[INFO] [stdout] 
[INFO] [stdout] error[E0599]: no associated function or constant named `DUCKDB` found for struct `dialect::FeatureSet` in the current scope
[INFO] [stdout]     --> src/dialect/conflict.rs:1647:25
[INFO] [stdout]      |
[INFO] [stdout] 1647 |             FeatureSet::DUCKDB.with(FeatureDelta::EMPTY.expression_syntax(ExpressionSyntax {
[INFO] [stdout]      |                         ^^^^^^ associated function or constant not found in `dialect::FeatureSet`
[INFO] [stdout]      |
[INFO] [stdout]     ::: src/dialect/mod.rs:5513:1
[INFO] [stdout]      |
[INFO] [stdout] 5513 | pub struct FeatureSet {
[INFO] [stdout]      | --------------------- associated function or constant `DUCKDB` not found for this struct
[INFO] [stdout] 
[INFO] [stdout] 
[INFO] [stdout] error[E0599]: no associated function or constant named `DUCKDB` found for struct `dialect::FeatureSet` in the current scope
[INFO] [stdout]     --> src/dialect/conflict.rs:1649:31
[INFO] [stdout]      |
[INFO] [stdout] 1649 |                 ..FeatureSet::DUCKDB.expression_syntax
[INFO] [stdout]      |                               ^^^^^^ associated function or constant not found in `dialect::FeatureSet`
[INFO] [stdout]      |
[INFO] [stdout]     ::: src/dialect/mod.rs:5513:1
[INFO] [stdout]      |
[INFO] [stdout] 5513 | pub struct FeatureSet {
[INFO] [stdout]      | --------------------- associated function or constant `DUCKDB` not found for this struct
[INFO] [stdout] 
[INFO] [stdout] 
[INFO] [stdout] error[E0599]: no associated function or constant named `MYSQL` found for struct `dialect::FeatureSet` in the current scope
[INFO] [stdout]     --> src/dialect/conflict.rs:1663:32
[INFO] [stdout]      |
[INFO] [stdout] 1663 |         let both = FeatureSet::MYSQL.with(FeatureDelta::EMPTY.utility_syntax(UtilitySyntax {
[INFO] [stdout]      |                                ^^^^^ associated function or constant not found in `dialect::FeatureSet`
[INFO] [stdout]      |
[INFO] [stdout]     ::: src/dialect/mod.rs:5513:1
[INFO] [stdout]      |
[INFO] [stdout] 5513 | pub struct FeatureSet {
[INFO] [stdout]      | --------------------- associated function or constant `MYSQL` not found for this struct
[INFO] [stdout] 
[INFO] [stdout] 
[INFO] [stdout] error[E0599]: no associated function or constant named `MYSQL` found for struct `dialect::FeatureSet` in the current scope
[INFO] [stdout]     --> src/dialect/conflict.rs:1665:27
[INFO] [stdout]      |
[INFO] [stdout] 1665 |             ..FeatureSet::MYSQL.utility_syntax
[INFO] [stdout]      |                           ^^^^^ associated function or constant not found in `dialect::FeatureSet`
[INFO] [stdout]      |
[INFO] [stdout]     ::: src/dialect/mod.rs:5513:1
[INFO] [stdout]      |
[INFO] [stdout] 5513 | pub struct FeatureSet {
[INFO] [stdout]      | --------------------- associated function or constant `MYSQL` not found for this struct
[INFO] [stdout] 
[INFO] [stdout] 
[INFO] [stdout] error[E0599]: no associated function or constant named `MYSQL` found for struct `dialect::FeatureSet` in the current scope
[INFO] [stdout]     --> src/dialect/conflict.rs:1673:32
[INFO] [stdout]      |
[INFO] [stdout] 1673 |         assert_eq!(FeatureSet::MYSQL.grammar_conflict(), None);
[INFO] [stdout]      |                                ^^^^^ associated function or constant not found in `dialect::FeatureSet`
[INFO] [stdout]      |
[INFO] [stdout]     ::: src/dialect/mod.rs:5513:1
[INFO] [stdout]      |
[INFO] [stdout] 5513 | pub struct FeatureSet {
[INFO] [stdout]      | --------------------- associated function or constant `MYSQL` not found for this struct
[INFO] [stdout] 
[INFO] [stdout] 
[INFO] [stdout] error[E0599]: no associated function or constant named `POSTGRES` found for struct `dialect::FeatureSet` in the current scope
[INFO] [stdout]     --> src/dialect/conflict.rs:1674:32
[INFO] [stdout]      |
[INFO] [stdout] 1674 |         assert_eq!(FeatureSet::POSTGRES.grammar_conflict(), None);
[INFO] [stdout]      |                                ^^^^^^^^ associated function or constant not found in `dialect::FeatureSet`
[INFO] [stdout]      |
[INFO] [stdout]     ::: src/dialect/mod.rs:5513:1
[INFO] [stdout]      |
[INFO] [stdout] 5513 | pub struct FeatureSet {
[INFO] [stdout]      | --------------------- associated function or constant `POSTGRES` not found for this struct
[INFO] [stdout] 
[INFO] [stdout] 
[INFO] [stdout] error[E0599]: no associated function or constant named `DUCKDB` found for struct `dialect::FeatureSet` in the current scope
[INFO] [stdout]     --> src/dialect/conflict.rs:1683:32
[INFO] [stdout]      |
[INFO] [stdout] 1683 |         let both = FeatureSet::DUCKDB.with(FeatureDelta::EMPTY.utility_syntax(UtilitySyntax {
[INFO] [stdout]      |                                ^^^^^^ associated function or constant not found in `dialect::FeatureSet`
[INFO] [stdout]      |
[INFO] [stdout]     ::: src/dialect/mod.rs:5513:1
[INFO] [stdout]      |
[INFO] [stdout] 5513 | pub struct FeatureSet {
[INFO] [stdout]      | --------------------- associated function or constant `DUCKDB` not found for this struct
[INFO] [stdout] 
[INFO] [stdout] 
[INFO] [stdout] error[E0599]: no associated function or constant named `DUCKDB` found for struct `dialect::FeatureSet` in the current scope
[INFO] [stdout]     --> src/dialect/conflict.rs:1685:27
[INFO] [stdout]      |
[INFO] [stdout] 1685 |             ..FeatureSet::DUCKDB.utility_syntax
[INFO] [stdout]      |                           ^^^^^^ associated function or constant not found in `dialect::FeatureSet`
[INFO] [stdout]      |
[INFO] [stdout]     ::: src/dialect/mod.rs:5513:1
[INFO] [stdout]      |
[INFO] [stdout] 5513 | pub struct FeatureSet {
[INFO] [stdout]      | --------------------- associated function or constant `DUCKDB` not found for this struct
[INFO] [stdout] 
[INFO] [stdout] 
[INFO] [stdout] error[E0599]: no associated function or constant named `DUCKDB` found for struct `dialect::FeatureSet` in the current scope
[INFO] [stdout]     --> src/dialect/conflict.rs:1693:32
[INFO] [stdout]      |
[INFO] [stdout] 1693 |         assert_eq!(FeatureSet::DUCKDB.grammar_conflict(), None);
[INFO] [stdout]      |                                ^^^^^^ associated function or constant not found in `dialect::FeatureSet`
[INFO] [stdout]      |
[INFO] [stdout]     ::: src/dialect/mod.rs:5513:1
[INFO] [stdout]      |
[INFO] [stdout] 5513 | pub struct FeatureSet {
[INFO] [stdout]      | --------------------- associated function or constant `DUCKDB` not found for this struct
[INFO] [stdout] 
[INFO] [stdout] 
[INFO] [stdout] error[E0599]: no associated function or constant named `MYSQL` found for struct `dialect::FeatureSet` in the current scope
[INFO] [stdout]     --> src/dialect/conflict.rs:1694:32
[INFO] [stdout]      |
[INFO] [stdout] 1694 |         assert_eq!(FeatureSet::MYSQL.grammar_conflict(), None);
[INFO] [stdout]      |                                ^^^^^ associated function or constant not found in `dialect::FeatureSet`
[INFO] [stdout]      |
[INFO] [stdout]     ::: src/dialect/mod.rs:5513:1
[INFO] [stdout]      |
[INFO] [stdout] 5513 | pub struct FeatureSet {
[INFO] [stdout]      | --------------------- associated function or constant `MYSQL` not found for this struct
[INFO] [stdout] 
[INFO] [stdout] 
[INFO] [stdout] error[E0599]: no associated function or constant named `MYSQL` found for struct `dialect::FeatureSet` in the current scope
[INFO] [stdout]     --> src/dialect/conflict.rs:1704:32
[INFO] [stdout]      |
[INFO] [stdout] 1704 |         let both = FeatureSet::MYSQL.with(FeatureDelta::EMPTY.access_control_syntax(
[INFO] [stdout]      |                                ^^^^^ associated function or constant not found in `dialect::FeatureSet`
[INFO] [stdout]      |
[INFO] [stdout]     ::: src/dialect/mod.rs:5513:1
[INFO] [stdout]      |
[INFO] [stdout] 5513 | pub struct FeatureSet {
[INFO] [stdout]      | --------------------- associated function or constant `MYSQL` not found for this struct
[INFO] [stdout] 
[INFO] [stdout] 
[INFO] [stdout] error[E0599]: no associated function or constant named `MYSQL` found for struct `dialect::FeatureSet` in the current scope
[INFO] [stdout]     --> src/dialect/conflict.rs:1707:31
[INFO] [stdout]      |
[INFO] [stdout] 1707 |                 ..FeatureSet::MYSQL.access_control_syntax
[INFO] [stdout]      |                               ^^^^^ associated function or constant not found in `dialect::FeatureSet`
[INFO] [stdout]      |
[INFO] [stdout]     ::: src/dialect/mod.rs:5513:1
[INFO] [stdout]      |
[INFO] [stdout] 5513 | pub struct FeatureSet {
[INFO] [stdout]      | --------------------- associated function or constant `MYSQL` not found for this struct
[INFO] [stdout] 
[INFO] [stdout] 
[INFO] [stdout] error[E0599]: no associated function or constant named `MYSQL` found for struct `dialect::FeatureSet` in the current scope
[INFO] [stdout]     --> src/dialect/conflict.rs:1717:32
[INFO] [stdout]      |
[INFO] [stdout] 1717 |         assert_eq!(FeatureSet::MYSQL.grammar_conflict(), None);
[INFO] [stdout]      |                                ^^^^^ associated function or constant not found in `dialect::FeatureSet`
[INFO] [stdout]      |
[INFO] [stdout]     ::: src/dialect/mod.rs:5513:1
[INFO] [stdout]      |
[INFO] [stdout] 5513 | pub struct FeatureSet {
[INFO] [stdout]      | --------------------- associated function or constant `MYSQL` not found for this struct
[INFO] [stdout] 
[INFO] [stdout] 
[INFO] [stdout] error[E0599]: no associated function or constant named `POSTGRES` found for struct `dialect::FeatureSet` in the current scope
[INFO] [stdout]     --> src/dialect/conflict.rs:1718:32
[INFO] [stdout]      |
[INFO] [stdout] 1718 |         assert_eq!(FeatureSet::POSTGRES.grammar_conflict(), None);
[INFO] [stdout]      |                                ^^^^^^^^ associated function or constant not found in `dialect::FeatureSet`
[INFO] [stdout]      |
[INFO] [stdout]     ::: src/dialect/mod.rs:5513:1
[INFO] [stdout]      |
[INFO] [stdout] 5513 | pub struct FeatureSet {
[INFO] [stdout]      | --------------------- associated function or constant `POSTGRES` not found for this struct
[INFO] [stdout] 
[INFO] [stdout] 
[INFO] [stdout] error[E0599]: no associated function or constant named `POSTGRES` found for struct `dialect::FeatureSet` in the current scope
[INFO] [stdout]     --> src/dialect/head_contention.rs:355:34
[INFO] [stdout]      |
[INFO] [stdout]  355 |         ("POSTGRES", FeatureSet::POSTGRES),
[INFO] [stdout]      |                                  ^^^^^^^^ associated function or constant not found in `dialect::FeatureSet`
[INFO] [stdout]      |
[INFO] [stdout]     ::: src/dialect/mod.rs:5513:1
[INFO] [stdout]      |
[INFO] [stdout] 5513 | pub struct FeatureSet {
[INFO] [stdout]      | --------------------- associated function or constant `POSTGRES` not found for this struct
[INFO] [stdout] 
[INFO] [stdout] 
[INFO] [stdout] error[E0599]: no associated function or constant named `SQLITE` found for struct `dialect::FeatureSet` in the current scope
[INFO] [stdout]     --> src/dialect/head_contention.rs:356:32
[INFO] [stdout]      |
[INFO] [stdout]  356 |         ("SQLITE", FeatureSet::SQLITE),
[INFO] [stdout]      |                                ^^^^^^ associated function or constant not found in `dialect::FeatureSet`
[INFO] [stdout]      |
[INFO] [stdout]     ::: src/dialect/mod.rs:5513:1
[INFO] [stdout]      |
[INFO] [stdout] 5513 | pub struct FeatureSet {
[INFO] [stdout]      | --------------------- associated function or constant `SQLITE` not found for this struct
[INFO] [stdout] 
[INFO] [stdout] 
[INFO] [stdout] error[E0599]: no associated function or constant named `MYSQL` found for struct `dialect::FeatureSet` in the current scope
[INFO] [stdout]     --> src/dialect/head_contention.rs:357:31
[INFO] [stdout]      |
[INFO] [stdout]  357 |         ("MYSQL", FeatureSet::MYSQL),
[INFO] [stdout]      |                               ^^^^^ associated function or constant not found in `dialect::FeatureSet`
[INFO] [stdout]      |
[INFO] [stdout]     ::: src/dialect/mod.rs:5513:1
[INFO] [stdout]      |
[INFO] [stdout] 5513 | pub struct FeatureSet {
[INFO] [stdout]      | --------------------- associated function or constant `MYSQL` not found for this struct
[INFO] [stdout] 
[INFO] [stdout] 
[INFO] [stdout] error[E0599]: no associated function or constant named `DUCKDB` found for struct `dialect::FeatureSet` in the current scope
[INFO] [stdout]     --> src/dialect/head_contention.rs:358:32
[INFO] [stdout]      |
[INFO] [stdout]  358 |         ("DUCKDB", FeatureSet::DUCKDB),
[INFO] [stdout]      |                                ^^^^^^ associated function or constant not found in `dialect::FeatureSet`
[INFO] [stdout]      |
[INFO] [stdout]     ::: src/dialect/mod.rs:5513:1
[INFO] [stdout]      |
[INFO] [stdout] 5513 | pub struct FeatureSet {
[INFO] [stdout]      | --------------------- associated function or constant `DUCKDB` not found for this struct
[INFO] [stdout] 
[INFO] [stdout] 
[INFO] [stdout] error[E0599]: no associated function or constant named `LENIENT` found for struct `dialect::FeatureSet` in the current scope
[INFO] [stdout]     --> src/dialect/head_contention.rs:648:53
[INFO] [stdout]      |
[INFO] [stdout]  648 |             .filter(|row| !(row.is_on)(&FeatureSet::LENIENT))
[INFO] [stdout]      |                                                     ^^^^^^^ associated function or constant not found in `dialect::FeatureSet`
[INFO] [stdout]      |
[INFO] [stdout]     ::: src/dialect/mod.rs:5513:1
[INFO] [stdout]      |
[INFO] [stdout] 5513 | pub struct FeatureSet {
[INFO] [stdout]      | --------------------- associated function or constant `LENIENT` not found for this struct
[INFO] [stdout] 
[INFO] [stdout] 
[INFO] [stdout] error[E0599]: no associated function or constant named `POSTGRES` found for struct `dialect::FeatureSet` in the current scope
[INFO] [stdout]     --> src/dialect/mod.rs:5810:32
[INFO] [stdout]      |
[INFO] [stdout] 5513 | pub struct FeatureSet {
[INFO] [stdout]      | --------------------- associated function or constant `POSTGRES` not found for this struct
[INFO] [stdout] ...
[INFO] [stdout] 5810 |         assert_eq!(FeatureSet::POSTGRES.identifier_casing, Casing::Lower);
[INFO] [stdout]      |                                ^^^^^^^^ associated function or constant not found in `dialect::FeatureSet`
[INFO] [stdout] 
[INFO] [stdout] 
[INFO] [stdout] error[E0599]: no associated function or constant named `POSTGRES` found for struct `dialect::FeatureSet` in the current scope
[INFO] [stdout]     --> src/dialect/mod.rs:5813:25
[INFO] [stdout]      |
[INFO] [stdout] 5513 | pub struct FeatureSet {
[INFO] [stdout]      | --------------------- associated function or constant `POSTGRES` not found for this struct
[INFO] [stdout] ...
[INFO] [stdout] 5813 |             FeatureSet::POSTGRES.identifier_casing
[INFO] [stdout]      |                         ^^^^^^^^ associated function or constant not found in `dialect::FeatureSet`
[INFO] [stdout] 
[INFO] [stdout] 
[INFO] [stdout] error[E0599]: no associated function or constant named `POSTGRES` found for struct `dialect::FeatureSet` in the current scope
[INFO] [stdout]     --> src/dialect/mod.rs:5821:25
[INFO] [stdout]      |
[INFO] [stdout] 5513 | pub struct FeatureSet {
[INFO] [stdout]      | --------------------- associated function or constant `POSTGRES` not found for this struct
[INFO] [stdout] ...
[INFO] [stdout] 5821 |             FeatureSet::POSTGRES.fold_unquoted_identifier("MiXeD"),
[INFO] [stdout]      |                         ^^^^^^^^ associated function or constant not found in `dialect::FeatureSet`
[INFO] [stdout] 
[INFO] [stdout] 
[INFO] [stdout] error[E0599]: no associated function or constant named `POSTGRES` found for struct `dialect::FeatureSet` in the current scope
[INFO] [stdout]     --> src/dialect/mod.rs:5888:25
[INFO] [stdout]      |
[INFO] [stdout] 5513 | pub struct FeatureSet {
[INFO] [stdout]      | --------------------- associated function or constant `POSTGRES` not found for this struct
[INFO] [stdout] ...
[INFO] [stdout] 5888 |             FeatureSet::POSTGRES.identifier_quotes,
[INFO] [stdout]      |                         ^^^^^^^^ associated function or constant not found in `dialect::FeatureSet`
[INFO] [stdout] 
[INFO] [stdout] 
[INFO] [stdout] error[E0599]: no associated function or constant named `POSTGRES` found for struct `dialect::FeatureSet` in the current scope
[INFO] [stdout]     --> src/dialect/mod.rs:5906:25
[INFO] [stdout]      |
[INFO] [stdout] 5513 | pub struct FeatureSet {
[INFO] [stdout]      | --------------------- associated function or constant `POSTGRES` not found for this struct
[INFO] [stdout] ...
[INFO] [stdout] 5906 |             FeatureSet::POSTGRES.string_literals,
[INFO] [stdout]      |                         ^^^^^^^^ associated function or constant not found in `dialect::FeatureSet`
[INFO] [stdout] 
[INFO] [stdout] 
[INFO] [stdout] error[E0599]: no associated function or constant named `POSTGRES` found for struct `dialect::StringLiteralSyntax` in the current scope
[INFO] [stdout]     --> src/dialect/mod.rs:5907:34
[INFO] [stdout]      |
[INFO] [stdout]  534 | pub struct StringLiteralSyntax {
[INFO] [stdout]      | ------------------------------ associated function or constant `POSTGRES` not found for this struct
[INFO] [stdout] ...
[INFO] [stdout] 5907 |             StringLiteralSyntax::POSTGRES,
[INFO] [stdout]      |                                  ^^^^^^^^ associated function or constant not found in `dialect::StringLiteralSyntax`
[INFO] [stdout] 
[INFO] [stdout] 
[INFO] [stdout] error[E0599]: no associated function or constant named `POSTGRES` found for struct `dialect::FeatureSet` in the current scope
[INFO] [stdout]     --> src/dialect/mod.rs:5911:25
[INFO] [stdout]      |
[INFO] [stdout] 5513 | pub struct FeatureSet {
[INFO] [stdout]      | --------------------- associated function or constant `POSTGRES` not found for this struct
[INFO] [stdout] ...
[INFO] [stdout] 5911 |             FeatureSet::POSTGRES.string_literals,
[INFO] [stdout]      |                         ^^^^^^^^ associated function or constant not found in `dialect::FeatureSet`
[INFO] [stdout] 
[INFO] [stdout] 
[INFO] [stdout] error[E0599]: no associated function or constant named `POSTGRES` found for struct `dialect::FeatureSet` in the current scope
[INFO] [stdout]     --> src/dialect/mod.rs:5938:32
[INFO] [stdout]      |
[INFO] [stdout] 5513 | pub struct FeatureSet {
[INFO] [stdout]      | --------------------- associated function or constant `POSTGRES` not found for this struct
[INFO] [stdout] ...
[INFO] [stdout] 5938 |         assert_eq!(FeatureSet::POSTGRES.parameters, ParameterSyntax::POSTGRES);
[INFO] [stdout]      |                                ^^^^^^^^ associated function or constant not found in `dialect::FeatureSet`
[INFO] [stdout] 
[INFO] [stdout] 
[INFO] [stdout] error[E0599]: no associated function or constant named `POSTGRES` found for struct `dialect::ParameterSyntax` in the current scope
[INFO] [stdout]     --> src/dialect/mod.rs:5938:70
[INFO] [stdout]      |
[INFO] [stdout]  676 | pub struct ParameterSyntax {
[INFO] [stdout]      | -------------------------- associated function or constant `POSTGRES` not found for this struct
[INFO] [stdout] ...
[INFO] [stdout] 5938 |         assert_eq!(FeatureSet::POSTGRES.parameters, ParameterSyntax::POSTGRES);
[INFO] [stdout]      |                                                                      ^^^^^^^^ associated function or constant not found in `dialect::ParameterSyntax`
[INFO] [stdout] 
[INFO] [stdout] 
[INFO] [stdout] error[E0599]: no associated function or constant named `POSTGRES` found for struct `dialect::FeatureSet` in the current scope
[INFO] [stdout]     --> src/dialect/mod.rs:5939:36
[INFO] [stdout]      |
[INFO] [stdout] 5513 | pub struct FeatureSet {
[INFO] [stdout]      | --------------------- associated function or constant `POSTGRES` not found for this struct
[INFO] [stdout] ...
[INFO] [stdout] 5939 |         let postgres = FeatureSet::POSTGRES.parameters;
[INFO] [stdout]      |                                    ^^^^^^^^ associated function or constant not found in `dialect::FeatureSet`
[INFO] [stdout] 
[INFO] [stdout] 
[INFO] [stdout] error[E0599]: no associated function or constant named `POSTGRES` found for struct `dialect::FeatureSet` in the current scope
[INFO] [stdout]     --> src/dialect/mod.rs:5942:61
[INFO] [stdout]      |
[INFO] [stdout] 5513 | pub struct FeatureSet {
[INFO] [stdout]      | --------------------- associated function or constant `POSTGRES` not found for this struct
[INFO] [stdout] ...
[INFO] [stdout] 5942 |         assert_ne!(FeatureSet::ANSI.parameters, FeatureSet::POSTGRES.parameters);
[INFO] [stdout]      |                                                             ^^^^^^^^ associated function or constant not found in `dialect::FeatureSet`
[INFO] [stdout] 
[INFO] [stdout] 
[INFO] [stdout] error[E0599]: no associated function or constant named `POSTGRES` found for struct `dialect::FeatureSet` in the current scope
[INFO] [stdout]     --> src/dialect/mod.rs:5960:25
[INFO] [stdout]      |
[INFO] [stdout] 5513 | pub struct FeatureSet {
[INFO] [stdout]      | --------------------- associated function or constant `POSTGRES` not found for this struct
[INFO] [stdout] ...
[INFO] [stdout] 5960 |             FeatureSet::POSTGRES.identifier_syntax,
[INFO] [stdout]      |                         ^^^^^^^^ associated function or constant not found in `dialect::FeatureSet`
[INFO] [stdout] 
[INFO] [stdout] 
[INFO] [stdout] error[E0599]: no associated function or constant named `POSTGRES` found for struct `dialect::IdentifierSyntax` in the current scope
[INFO] [stdout]     --> src/dialect/mod.rs:5961:31
[INFO] [stdout]      |
[INFO] [stdout]  832 | pub struct IdentifierSyntax {
[INFO] [stdout]      | --------------------------- associated function or constant `POSTGRES` not found for this struct
[INFO] [stdout] ...
[INFO] [stdout] 5961 |             IdentifierSyntax::POSTGRES,
[INFO] [stdout]      |                               ^^^^^^^^ associated function or constant not found in `dialect::IdentifierSyntax`
[INFO] [stdout] 
[INFO] [stdout] 
[INFO] [stdout] error[E0599]: no associated function or constant named `POSTGRES` found for struct `dialect::FeatureSet` in the current scope
[INFO] [stdout]     --> src/dialect/mod.rs:5964:36
[INFO] [stdout]      |
[INFO] [stdout] 5513 | pub struct FeatureSet {
[INFO] [stdout]      | --------------------- associated function or constant `POSTGRES` not found for this struct
[INFO] [stdout] ...
[INFO] [stdout] 5964 |         let postgres = FeatureSet::POSTGRES.identifier_syntax;
[INFO] [stdout]      |                                    ^^^^^^^^ associated function or constant not found in `dialect::FeatureSet`
[INFO] [stdout] 
[INFO] [stdout] 
[INFO] [stdout] error[E0599]: no associated function or constant named `SQLITE` found for struct `dialect::FeatureSet` in the current scope
[INFO] [stdout]     --> src/dialect/mod.rs:5973:34
[INFO] [stdout]      |
[INFO] [stdout] 5513 | pub struct FeatureSet {
[INFO] [stdout]      | --------------------- associated function or constant `SQLITE` not found for this struct
[INFO] [stdout] ...
[INFO] [stdout] 5973 |         let sqlite = FeatureSet::SQLITE.identifier_syntax;
[INFO] [stdout]      |                                  ^^^^^^ associated function or constant not found in `dialect::FeatureSet`
[INFO] [stdout] 
[INFO] [stdout] 
[INFO] [stdout] error[E0599]: no associated function or constant named `LENIENT` found for struct `dialect::FeatureSet` in the current scope
[INFO] [stdout]     --> src/dialect/mod.rs:5974:35
[INFO] [stdout]      |
[INFO] [stdout] 5513 | pub struct FeatureSet {
[INFO] [stdout]      | --------------------- associated function or constant `LENIENT` not found for this struct
[INFO] [stdout] ...
[INFO] [stdout] 5974 |         let lenient = FeatureSet::LENIENT.identifier_syntax;
[INFO] [stdout]      |                                   ^^^^^^^ associated function or constant not found in `dialect::FeatureSet`
[INFO] [stdout] 
[INFO] [stdout] 
[INFO] [stdout] error[E0599]: no associated function or constant named `MYSQL` found for struct `dialect::FeatureSet` in the current scope
[INFO] [stdout]     --> src/dialect/mod.rs:5975:33
[INFO] [stdout]      |
[INFO] [stdout] 5513 | pub struct FeatureSet {
[INFO] [stdout]      | --------------------- associated function or constant `MYSQL` not found for this struct
[INFO] [stdout] ...
[INFO] [stdout] 5975 |         let mysql = FeatureSet::MYSQL.identifier_syntax;
[INFO] [stdout]      |                                 ^^^^^ associated function or constant not found in `dialect::FeatureSet`
[INFO] [stdout] 
[INFO] [stdout] 
[INFO] [stdout] error[E0599]: no associated function or constant named `POSTGRES` found for struct `dialect::FeatureSet` in the current scope
[INFO] [stdout]     --> src/dialect/mod.rs:6002:25
[INFO] [stdout]      |
[INFO] [stdout] 5513 | pub struct FeatureSet {
[INFO] [stdout]      | --------------------- associated function or constant `POSTGRES` not found for this struct
[INFO] [stdout] ...
[INFO] [stdout] 6002 |             FeatureSet::POSTGRES.table_expressions,
[INFO] [stdout]      |                         ^^^^^^^^ associated function or constant not found in `dialect::FeatureSet`
[INFO] [stdout] 
[INFO] [stdout] 
[INFO] [stdout] error[E0599]: no associated function or constant named `POSTGRES` found for struct `dialect::TableExpressionSyntax` in the current scope
[INFO] [stdout]     --> src/dialect/mod.rs:6003:36
[INFO] [stdout]      |
[INFO] [stdout]  886 | pub struct TableExpressionSyntax {
[INFO] [stdout]      | -------------------------------- associated function or constant `POSTGRES` not found for this struct
[INFO] [stdout] ...
[INFO] [stdout] 6003 |             TableExpressionSyntax::POSTGRES
[INFO] [stdout]      |                                    ^^^^^^^^ associated function or constant not found in `dialect::TableExpressionSyntax`
[INFO] [stdout] 
[INFO] [stdout] 
[INFO] [stdout] error[E0599]: no associated function or constant named `POSTGRES` found for struct `dialect::FeatureSet` in the current scope
[INFO] [stdout]     --> src/dialect/mod.rs:6007:25
[INFO] [stdout]      |
[INFO] [stdout] 5513 | pub struct FeatureSet {
[INFO] [stdout]      | --------------------- associated function or constant `POSTGRES` not found for this struct
[INFO] [stdout] ...
[INFO] [stdout] 6007 |             FeatureSet::POSTGRES.table_expressions
[INFO] [stdout]      |                         ^^^^^^^^ associated function or constant not found in `dialect::FeatureSet`
[INFO] [stdout] 
[INFO] [stdout] 
[INFO] [stdout] error[E0599]: no associated function or constant named `POSTGRES` found for struct `dialect::FeatureSet` in the current scope
[INFO] [stdout]     --> src/dialect/mod.rs:6015:25
[INFO] [stdout]      |
[INFO] [stdout] 5513 | pub struct FeatureSet {
[INFO] [stdout]      | --------------------- associated function or constant `POSTGRES` not found for this struct
[INFO] [stdout] ...
[INFO] [stdout] 6015 |             FeatureSet::POSTGRES.pipe_operator,
[INFO] [stdout]      |                         ^^^^^^^^ associated function or constant not found in `dialect::FeatureSet`
[INFO] [stdout] 
[INFO] [stdout] 
[INFO] [stdout] error[E0599]: no associated function or constant named `MYSQL` found for struct `dialect::FeatureSet` in the current scope
[INFO] [stdout]     --> src/dialect/mod.rs:6069:33
[INFO] [stdout]      |
[INFO] [stdout] 5513 | pub struct FeatureSet {
[INFO] [stdout]      | --------------------- associated function or constant `MYSQL` not found for this struct
[INFO] [stdout] ...
[INFO] [stdout] 6069 |         let mysql = FeatureSet::MYSQL.comment_syntax;
[INFO] [stdout]      |                                 ^^^^^ associated function or constant not found in `dialect::FeatureSet`
[INFO] [stdout] 
[INFO] [stdout] 
[INFO] [stdout] error[E0599]: no associated function or constant named `MYSQL_8_VERSION_BOUND` found for struct `dialect::CommentSyntax` in the current scope
[INFO] [stdout]     --> src/dialect/mod.rs:6075:33
[INFO] [stdout]      |
[INFO] [stdout]  425 | pub struct CommentSyntax {
[INFO] [stdout]      | ------------------------ associated function or constant `MYSQL_8_VERSION_BOUND` not found for this struct
[INFO] [stdout] ...
[INFO] [stdout] 6075 |             Some(CommentSyntax::MYSQL_8_VERSION_BOUND)
[INFO] [stdout]      |                                 ^^^^^^^^^^^^^^^^^^^^^ associated function or constant not found in `dialect::CommentSyntax`
[INFO] [stdout] 
[INFO] [stdout] 
[INFO] [stdout] error[E0599]: no associated function or constant named `POSTGRES` found for struct `dialect::FeatureSet` in the current scope
[INFO] [stdout]     --> src/dialect/mod.rs:6085:32
[INFO] [stdout]      |
[INFO] [stdout] 5513 | pub struct FeatureSet {
[INFO] [stdout]      | --------------------- associated function or constant `POSTGRES` not found for this struct
[INFO] [stdout] ...
[INFO] [stdout] 6085 |         assert_eq!(FeatureSet::POSTGRES.select_syntax, SelectSyntax::POSTGRES);
[INFO] [stdout]      |                                ^^^^^^^^ associated function or constant not found in `dialect::FeatureSet`
[INFO] [stdout] 
[INFO] [stdout] 
[INFO] [stdout] error[E0599]: no associated function or constant named `POSTGRES` found for struct `dialect::SelectSyntax` in the current scope
[INFO] [stdout]     --> src/dialect/mod.rs:6085:70
[INFO] [stdout]      |
[INFO] [stdout] 2549 | pub struct SelectSyntax {
[INFO] [stdout]      | ----------------------- associated function or constant `POSTGRES` not found for this struct
[INFO] [stdout] ...
[INFO] [stdout] 6085 |         assert_eq!(FeatureSet::POSTGRES.select_syntax, SelectSyntax::POSTGRES);
[INFO] [stdout]      |                                                                      ^^^^^^^^ associated function or constant not found in `dialect::SelectSyntax`
[INFO] [stdout] 
[INFO] [stdout] 
[INFO] [stdout] error[E0599]: no associated function or constant named `POSTGRES` found for struct `dialect::FeatureSet` in the current scope
[INFO] [stdout]     --> src/dialect/mod.rs:6087:36
[INFO] [stdout]      |
[INFO] [stdout] 5513 | pub struct FeatureSet {
[INFO] [stdout]      | --------------------- associated function or constant `POSTGRES` not found for this struct
[INFO] [stdout] ...
[INFO] [stdout] 6087 |         let postgres = FeatureSet::POSTGRES.select_syntax;
[INFO] [stdout]      |                                    ^^^^^^^^ associated function or constant not found in `dialect::FeatureSet`
[INFO] [stdout] 
[INFO] [stdout] 
[INFO] [stdout] error[E0599]: no associated function or constant named `POSTGRES` found for struct `dialect::FeatureSet` in the current scope
[INFO] [stdout]     --> src/dialect/mod.rs:6114:32
[INFO] [stdout]      |
[INFO] [stdout] 5513 | pub struct FeatureSet {
[INFO] [stdout]      | --------------------- associated function or constant `POSTGRES` not found for this struct
[INFO] [stdout] ...
[INFO] [stdout] 6114 |         assert_eq!(FeatureSet::POSTGRES.utility_syntax, UtilitySyntax::POSTGRES);
[INFO] [stdout]      |                                ^^^^^^^^ associated function or constant not found in `dialect::FeatureSet`
[INFO] [stdout] 
[INFO] [stdout] 
[INFO] [stdout] error[E0599]: no associated function or constant named `POSTGRES` found for struct `dialect::UtilitySyntax` in the current scope
[INFO] [stdout]     --> src/dialect/mod.rs:6114:72
[INFO] [stdout]      |
[INFO] [stdout] 3249 | pub struct UtilitySyntax {
[INFO] [stdout]      | ------------------------ associated function or constant `POSTGRES` not found for this struct
[INFO] [stdout] ...
[INFO] [stdout] 6114 |         assert_eq!(FeatureSet::POSTGRES.utility_syntax, UtilitySyntax::POSTGRES);
[INFO] [stdout]      |                                                                        ^^^^^^^^ associated function or constant not found in `dialect::UtilitySyntax`
[INFO] [stdout] 
[INFO] [stdout] 
[INFO] [stdout] error[E0599]: no associated function or constant named `POSTGRES` found for struct `dialect::FeatureSet` in the current scope
[INFO] [stdout]     --> src/dialect/mod.rs:6116:36
[INFO] [stdout]      |
[INFO] [stdout] 5513 | pub struct FeatureSet {
[INFO] [stdout]      | --------------------- associated function or constant `POSTGRES` not found for this struct
[INFO] [stdout] ...
[INFO] [stdout] 6116 |         let postgres = FeatureSet::POSTGRES.utility_syntax;
[INFO] [stdout]      |                                    ^^^^^^^^ associated function or constant not found in `dialect::FeatureSet`
[INFO] [stdout] 
[INFO] [stdout] 
[INFO] [stdout] error[E0599]: no associated function or constant named `SQLITE` found for struct `dialect::FeatureSet` in the current scope
[INFO] [stdout]     --> src/dialect/mod.rs:6134:34
[INFO] [stdout]      |
[INFO] [stdout] 5513 | pub struct FeatureSet {
[INFO] [stdout]      | --------------------- associated function or constant `SQLITE` not found for this struct
[INFO] [stdout] ...
[INFO] [stdout] 6134 |         let sqlite = FeatureSet::SQLITE.utility_syntax;
[INFO] [stdout]      |                                  ^^^^^^ associated function or constant not found in `dialect::FeatureSet`
[INFO] [stdout] 
[INFO] [stdout] 
[INFO] [stdout] error[E0599]: no associated function or constant named `SQLITE` found for struct `dialect::FeatureSet` in the current scope
[INFO] [stdout]     --> src/dialect/mod.rs:6135:40
[INFO] [stdout]      |
[INFO] [stdout] 5513 | pub struct FeatureSet {
[INFO] [stdout]      | --------------------- associated function or constant `SQLITE` not found for this struct
[INFO] [stdout] ...
[INFO] [stdout] 6135 |         let sqlite_maint = FeatureSet::SQLITE.maintenance_syntax;
[INFO] [stdout]      |                                        ^^^^^^ associated function or constant not found in `dialect::FeatureSet`
[INFO] [stdout] 
[INFO] [stdout] 
[INFO] [stdout] error[E0599]: no associated function or constant named `POSTGRES` found for struct `dialect::FeatureSet` in the current scope
[INFO] [stdout]     --> src/dialect/mod.rs:6137:42
[INFO] [stdout]      |
[INFO] [stdout] 5513 | pub struct FeatureSet {
[INFO] [stdout]      | --------------------- associated function or constant `POSTGRES` not found for this struct
[INFO] [stdout] ...
[INFO] [stdout] 6137 |         let postgres_maint = FeatureSet::POSTGRES.maintenance_syntax;
[INFO] [stdout]      |                                          ^^^^^^^^ associated function or constant not found in `dialect::FeatureSet`
[INFO] [stdout] 
[INFO] [stdout] 
[INFO] [stdout] error[E0599]: no associated function or constant named `SQLITE` found for struct `dialect::UtilitySyntax` in the current scope
[INFO] [stdout]     --> src/dialect/mod.rs:6138:43
[INFO] [stdout]      |
[INFO] [stdout] 3249 | pub struct UtilitySyntax {
[INFO] [stdout]      | ------------------------ associated function or constant `SQLITE` not found for this struct
[INFO] [stdout] ...
[INFO] [stdout] 6138 |         assert_eq!(sqlite, UtilitySyntax::SQLITE);
[INFO] [stdout]      |                                           ^^^^^^ associated function or constant not found in `dialect::UtilitySyntax`
[INFO] [stdout] 
[INFO] [stdout] 
[INFO] [stdout] error[E0599]: no associated function or constant named `SQLITE` found for struct `dialect::FeatureSet` in the current scope
[INFO] [stdout]     --> src/dialect/mod.rs:6161:48
[INFO] [stdout]      |
[INFO] [stdout] 5513 | pub struct FeatureSet {
[INFO] [stdout]      | --------------------- associated function or constant `SQLITE` not found for this struct
[INFO] [stdout] ...
[INFO] [stdout] 6161 |         let sqlite_schema_change = FeatureSet::SQLITE.statement_ddl_gates;
[INFO] [stdout]      |                                                ^^^^^^ associated function or constant not found in `dialect::FeatureSet`
[INFO] [stdout] 
[INFO] [stdout] 
[INFO] [stdout] error[E0599]: no associated function or constant named `POSTGRES` found for struct `dialect::FeatureSet` in the current scope
[INFO] [stdout]     --> src/dialect/mod.rs:6163:50
[INFO] [stdout]      |
[INFO] [stdout] 5513 | pub struct FeatureSet {
[INFO] [stdout]      | --------------------- associated function or constant `POSTGRES` not found for this struct
[INFO] [stdout] ...
[INFO] [stdout] 6163 |         let postgres_schema_change = FeatureSet::POSTGRES.statement_ddl_gates;
[INFO] [stdout]      |                                                  ^^^^^^^^ associated function or constant not found in `dialect::FeatureSet`
[INFO] [stdout] 
[INFO] [stdout] 
[INFO] [stdout] error[E0599]: no associated function or constant named `DUCKDB` found for struct `dialect::FeatureSet` in the current scope
[INFO] [stdout]     --> src/dialect/mod.rs:6172:48
[INFO] [stdout]      |
[INFO] [stdout] 5513 | pub struct FeatureSet {
[INFO] [stdout]      | --------------------- associated function or constant `DUCKDB` not found for this struct
[INFO] [stdout] ...
[INFO] [stdout] 6172 |         let duckdb_schema_change = FeatureSet::DUCKDB.statement_ddl_gates;
[INFO] [stdout]      |                                                ^^^^^^ associated function or constant not found in `dialect::FeatureSet`
[INFO] [stdout] 
[INFO] [stdout] 
[INFO] [stdout] error[E0599]: no associated function or constant named `MYSQL` found for struct `dialect::FeatureSet` in the current scope
[INFO] [stdout]     --> src/dialect/mod.rs:6183:33
[INFO] [stdout]      |
[INFO] [stdout] 5513 | pub struct FeatureSet {
[INFO] [stdout]      | --------------------- associated function or constant `MYSQL` not found for this struct
[INFO] [stdout] ...
[INFO] [stdout] 6183 |         let mysql = FeatureSet::MYSQL;
[INFO] [stdout]      |                                 ^^^^^ associated function or constant not found in `dialect::FeatureSet`
[INFO] [stdout] 
[INFO] [stdout] 
[INFO] [stdout] error[E0599]: no associated function or constant named `POSTGRES` found for struct `dialect::FeatureSet` in the current scope
[INFO] [stdout]     --> src/dialect/mod.rs:6202:39
[INFO] [stdout]      |
[INFO] [stdout] 5513 | pub struct FeatureSet {
[INFO] [stdout]      | --------------------- associated function or constant `POSTGRES` not found for this struct
[INFO] [stdout] ...
[INFO] [stdout] 6202 |         assert_ne!(mysql, FeatureSet::POSTGRES);
[INFO] [stdout]      |                                       ^^^^^^^^ associated function or constant not found in `dialect::FeatureSet`
[INFO] [stdout] 
[INFO] [stdout] 
[INFO] [stdout] error[E0599]: no associated function or constant named `POSTGRES` found for struct `dialect::FeatureSet` in the current scope
[INFO] [stdout]     --> src/dialect/mod.rs:6209:39
[INFO] [stdout]      |
[INFO] [stdout] 5513 | pub struct FeatureSet {
[INFO] [stdout]      | --------------------- associated function or constant `POSTGRES` not found for this struct
[INFO] [stdout] ...
[INFO] [stdout] 6209 |         let postgres_qt = FeatureSet::POSTGRES.query_tail_syntax;
[INFO] [stdout]      |                                       ^^^^^^^^ associated function or constant not found in `dialect::FeatureSet`
[INFO] [stdout] 
[INFO] [stdout] 
[INFO] [stdout] error[E0599]: no associated function or constant named `LENIENT` found for struct `dialect::FeatureSet` in the current scope
[INFO] [stdout]     --> src/dialect/mod.rs:6220:38
[INFO] [stdout]      |
[INFO] [stdout] 5513 | pub struct FeatureSet {
[INFO] [stdout]      | --------------------- associated function or constant `LENIENT` not found for this struct
[INFO] [stdout] ...
[INFO] [stdout] 6220 |         let lenient_qt = FeatureSet::LENIENT.query_tail_syntax;
[INFO] [stdout]      |                                      ^^^^^^^ associated function or constant not found in `dialect::FeatureSet`
[INFO] [stdout] 
[INFO] [stdout] 
[INFO] [stdout] error[E0599]: no associated function or constant named `POSTGRES` found for struct `dialect::FeatureSet` in the current scope
[INFO] [stdout]     --> src/dialect/mod.rs:6224:25
[INFO] [stdout]      |
[INFO] [stdout] 5513 | pub struct FeatureSet {
[INFO] [stdout]      | --------------------- associated function or constant `POSTGRES` not found for this struct
[INFO] [stdout] ...
[INFO] [stdout] 6224 |             FeatureSet::POSTGRES,
[INFO] [stdout]      |                         ^^^^^^^^ associated function or constant not found in `dialect::FeatureSet`
[INFO] [stdout] 
[INFO] [stdout] 
[INFO] [stdout] error[E0599]: no associated function or constant named `MYSQL` found for struct `dialect::FeatureSet` in the current scope
[INFO] [stdout]     --> src/dialect/mod.rs:6225:25
[INFO] [stdout]      |
[INFO] [stdout] 5513 | pub struct FeatureSet {
[INFO] [stdout]      | --------------------- associated function or constant `MYSQL` not found for this struct
[INFO] [stdout] ...
[INFO] [stdout] 6225 |             FeatureSet::MYSQL,
[INFO] [stdout]      |                         ^^^^^ associated function or constant not found in `dialect::FeatureSet`
[INFO] [stdout] 
[INFO] [stdout] 
[INFO] [stdout] error[E0599]: no associated function or constant named `SQLITE` found for struct `dialect::FeatureSet` in the current scope
[INFO] [stdout]     --> src/dialect/mod.rs:6226:25
[INFO] [stdout]      |
[INFO] [stdout] 5513 | pub struct FeatureSet {
[INFO] [stdout]      | --------------------- associated function or constant `SQLITE` not found for this struct
[INFO] [stdout] ...
[INFO] [stdout] 6226 |             FeatureSet::SQLITE,
[INFO] [stdout]      |                         ^^^^^^ associated function or constant not found in `dialect::FeatureSet`
[INFO] [stdout] 
[INFO] [stdout] 
[INFO] [stdout] error[E0599]: no associated function or constant named `DUCKDB` found for struct `dialect::FeatureSet` in the current scope
[INFO] [stdout]     --> src/dialect/mod.rs:6227:25
[INFO] [stdout]      |
[INFO] [stdout] 5513 | pub struct FeatureSet {
[INFO] [stdout]      | --------------------- associated function or constant `DUCKDB` not found for this struct
[INFO] [stdout] ...
[INFO] [stdout] 6227 |             FeatureSet::DUCKDB,
[INFO] [stdout]      |                         ^^^^^^ associated function or constant not found in `dialect::FeatureSet`
[INFO] [stdout] 
[INFO] [stdout] 
[INFO] [stdout] error[E0599]: no associated function or constant named `LENIENT` found for struct `dialect::FeatureSet` in the current scope
[INFO] [stdout]     --> src/dialect/mod.rs:6239:38
[INFO] [stdout]      |
[INFO] [stdout] 5513 | pub struct FeatureSet {
[INFO] [stdout]      | --------------------- associated function or constant `LENIENT` not found for this struct
[INFO] [stdout] ...
[INFO] [stdout] 6239 |         let lenient_qt = FeatureSet::LENIENT.query_tail_syntax;
[INFO] [stdout]      |                                      ^^^^^^^ associated function or constant not found in `dialect::FeatureSet`
[INFO] [stdout] 
[INFO] [stdout] 
[INFO] [stdout] error[E0599]: no associated function or constant named `POSTGRES` found for struct `dialect::FeatureSet` in the current scope
[INFO] [stdout]     --> src/dialect/mod.rs:6243:25
[INFO] [stdout]      |
[INFO] [stdout] 5513 | pub struct FeatureSet {
[INFO] [stdout]      | --------------------- associated function or constant `POSTGRES` not found for this struct
[INFO] [stdout] ...
[INFO] [stdout] 6243 |             FeatureSet::POSTGRES,
[INFO] [stdout]      |                         ^^^^^^^^ associated function or constant not found in `dialect::FeatureSet`
[INFO] [stdout] 
[INFO] [stdout] 
[INFO] [stdout] error[E0599]: no associated function or constant named `MYSQL` found for struct `dialect::FeatureSet` in the current scope
[INFO] [stdout]     --> src/dialect/mod.rs:6244:25
[INFO] [stdout]      |
[INFO] [stdout] 5513 | pub struct FeatureSet {
[INFO] [stdout]      | --------------------- associated function or constant `MYSQL` not found for this struct
[INFO] [stdout] ...
[INFO] [stdout] 6244 |             FeatureSet::MYSQL,
[INFO] [stdout]      |                         ^^^^^ associated function or constant not found in `dialect::FeatureSet`
[INFO] [stdout] 
[INFO] [stdout] 
[INFO] [stdout] error[E0599]: no associated function or constant named `SQLITE` found for struct `dialect::FeatureSet` in the current scope
[INFO] [stdout]     --> src/dialect/mod.rs:6245:25
[INFO] [stdout]      |
[INFO] [stdout] 5513 | pub struct FeatureSet {
[INFO] [stdout]      | --------------------- associated function or constant `SQLITE` not found for this struct
[INFO] [stdout] ...
[INFO] [stdout] 6245 |             FeatureSet::SQLITE,
[INFO] [stdout]      |                         ^^^^^^ associated function or constant not found in `dialect::FeatureSet`
[INFO] [stdout] 
[INFO] [stdout] 
[INFO] [stdout] error[E0599]: no associated function or constant named `DUCKDB` found for struct `dialect::FeatureSet` in the current scope
[INFO] [stdout]     --> src/dialect/mod.rs:6246:25
[INFO] [stdout]      |
[INFO] [stdout] 5513 | pub struct FeatureSet {
[INFO] [stdout]      | --------------------- associated function or constant `DUCKDB` not found for this struct
[INFO] [stdout] ...
[INFO] [stdout] 6246 |             FeatureSet::DUCKDB,
[INFO] [stdout]      |                         ^^^^^^ associated function or constant not found in `dialect::FeatureSet`
[INFO] [stdout] 
[INFO] [stdout] 
[INFO] [stdout] error[E0599]: no associated function or constant named `LENIENT` found for struct `dialect::FeatureSet` in the current scope
[INFO] [stdout]     --> src/dialect/mod.rs:6258:38
[INFO] [stdout]      |
[INFO] [stdout] 5513 | pub struct FeatureSet {
[INFO] [stdout]      | --------------------- associated function or constant `LENIENT` not found for this struct
[INFO] [stdout] ...
[INFO] [stdout] 6258 |         let lenient_qt = FeatureSet::LENIENT.query_tail_syntax;
[INFO] [stdout]      |                                      ^^^^^^^ associated function or constant not found in `dialect::FeatureSet`
[INFO] [stdout] 
[INFO] [stdout] 
[INFO] [stdout] error[E0599]: no associated function or constant named `POSTGRES` found for struct `dialect::FeatureSet` in the current scope
[INFO] [stdout]     --> src/dialect/mod.rs:6270:25
[INFO] [stdout]      |
[INFO] [stdout] 5513 | pub struct FeatureSet {
[INFO] [stdout]      | --------------------- associated function or constant `POSTGRES` not found for this struct
[INFO] [stdout] ...
[INFO] [stdout] 6270 |             FeatureSet::POSTGRES,
[INFO] [stdout]      |                         ^^^^^^^^ associated function or constant not found in `dialect::FeatureSet`
[INFO] [stdout] 
[INFO] [stdout] 
[INFO] [stdout] error[E0599]: no associated function or constant named `MYSQL` found for struct `dialect::FeatureSet` in the current scope
[INFO] [stdout]     --> src/dialect/mod.rs:6271:25
[INFO] [stdout]      |
[INFO] [stdout] 5513 | pub struct FeatureSet {
[INFO] [stdout]      | --------------------- associated function or constant `MYSQL` not found for this struct
[INFO] [stdout] ...
[INFO] [stdout] 6271 |             FeatureSet::MYSQL,
[INFO] [stdout]      |                         ^^^^^ associated function or constant not found in `dialect::FeatureSet`
[INFO] [stdout] 
[INFO] [stdout] 
[INFO] [stdout] error[E0599]: no associated function or constant named `SQLITE` found for struct `dialect::FeatureSet` in the current scope
[INFO] [stdout]     --> src/dialect/mod.rs:6272:25
[INFO] [stdout]      |
[INFO] [stdout] 5513 | pub struct FeatureSet {
[INFO] [stdout]      | --------------------- associated function or constant `SQLITE` not found for this struct
[INFO] [stdout] ...
[INFO] [stdout] 6272 |             FeatureSet::SQLITE,
[INFO] [stdout]      |                         ^^^^^^ associated function or constant not found in `dialect::FeatureSet`
[INFO] [stdout] 
[INFO] [stdout] 
[INFO] [stdout] error[E0599]: no associated function or constant named `DUCKDB` found for struct `dialect::FeatureSet` in the current scope
[INFO] [stdout]     --> src/dialect/mod.rs:6273:25
[INFO] [stdout]      |
[INFO] [stdout] 5513 | pub struct FeatureSet {
[INFO] [stdout]      | --------------------- associated function or constant `DUCKDB` not found for this struct
[INFO] [stdout] ...
[INFO] [stdout] 6273 |             FeatureSet::DUCKDB,
[INFO] [stdout]      |                         ^^^^^^ associated function or constant not found in `dialect::FeatureSet`
[INFO] [stdout] 
[INFO] [stdout] 
[INFO] [stdout] error[E0599]: no associated function or constant named `LENIENT` found for struct `dialect::FeatureSet` in the current scope
[INFO] [stdout]     --> src/dialect/mod.rs:6286:42
[INFO] [stdout]      |
[INFO] [stdout] 5513 | pub struct FeatureSet {
[INFO] [stdout]      | --------------------- associated function or constant `LENIENT` not found for this struct
[INFO] [stdout] ...
[INFO] [stdout] 6286 |         let lenient_select = FeatureSet::LENIENT.select_syntax;
[INFO] [stdout]      |                                          ^^^^^^^ associated function or constant not found in `dialect::FeatureSet`
[INFO] [stdout] 
[INFO] [stdout] 
[INFO] [stdout] error[E0599]: no associated function or constant named `LENIENT` found for struct `dialect::FeatureSet` in the current scope
[INFO] [stdout]     --> src/dialect/mod.rs:6291:43
[INFO] [stdout]      |
[INFO] [stdout] 5513 | pub struct FeatureSet {
[INFO] [stdout]      | --------------------- associated function or constant `LENIENT` not found for this struct
[INFO] [stdout] ...
[INFO] [stdout] 6291 |         let lenient_factors = FeatureSet::LENIENT.table_factor_syntax;
[INFO] [stdout]      |                                           ^^^^^^^ associated function or constant not found in `dialect::FeatureSet`
[INFO] [stdout] 
[INFO] [stdout] 
[INFO] [stdout] error[E0599]: no associated function or constant named `POSTGRES` found for struct `dialect::FeatureSet` in the current scope
[INFO] [stdout]     --> src/dialect/mod.rs:6309:25
[INFO] [stdout]      |
[INFO] [stdout] 5513 | pub struct FeatureSet {
[INFO] [stdout]      | --------------------- associated function or constant `POSTGRES` not found for this struct
[INFO] [stdout] ...
[INFO] [stdout] 6309 |             FeatureSet::POSTGRES,
[INFO] [stdout]      |                         ^^^^^^^^ associated function or constant not found in `dialect::FeatureSet`
[INFO] [stdout] 
[INFO] [stdout] 
[INFO] [stdout] error[E0599]: no associated function or constant named `MYSQL` found for struct `dialect::FeatureSet` in the current scope
[INFO] [stdout]     --> src/dialect/mod.rs:6310:25
[INFO] [stdout]      |
[INFO] [stdout] 5513 | pub struct FeatureSet {
[INFO] [stdout]      | --------------------- associated function or constant `MYSQL` not found for this struct
[INFO] [stdout] ...
[INFO] [stdout] 6310 |             FeatureSet::MYSQL,
[INFO] [stdout]      |                         ^^^^^ associated function or constant not found in `dialect::FeatureSet`
[INFO] [stdout] 
[INFO] [stdout] 
[INFO] [stdout] error[E0599]: no associated function or constant named `SQLITE` found for struct `dialect::FeatureSet` in the current scope
[INFO] [stdout]     --> src/dialect/mod.rs:6311:25
[INFO] [stdout]      |
[INFO] [stdout] 5513 | pub struct FeatureSet {
[INFO] [stdout]      | --------------------- associated function or constant `SQLITE` not found for this struct
[INFO] [stdout] ...
[INFO] [stdout] 6311 |             FeatureSet::SQLITE,
[INFO] [stdout]      |                         ^^^^^^ associated function or constant not found in `dialect::FeatureSet`
[INFO] [stdout] 
[INFO] [stdout] 
[INFO] [stdout] error[E0599]: no associated function or constant named `DUCKDB` found for struct `dialect::FeatureSet` in the current scope
[INFO] [stdout]     --> src/dialect/mod.rs:6312:25
[INFO] [stdout]      |
[INFO] [stdout] 5513 | pub struct FeatureSet {
[INFO] [stdout]      | --------------------- associated function or constant `DUCKDB` not found for this struct
[INFO] [stdout] ...
[INFO] [stdout] 6312 |             FeatureSet::DUCKDB,
[INFO] [stdout]      |                         ^^^^^^ associated function or constant not found in `dialect::FeatureSet`
[INFO] [stdout] 
[INFO] [stdout] 
[INFO] [stdout] error[E0599]: no associated function or constant named `LENIENT` found for struct `dialect::FeatureSet` in the current scope
[INFO] [stdout]     --> src/dialect/mod.rs:6325:42
[INFO] [stdout]      |
[INFO] [stdout] 5513 | pub struct FeatureSet {
[INFO] [stdout]      | --------------------- associated function or constant `LENIENT` not found for this struct
[INFO] [stdout] ...
[INFO] [stdout] 6325 |         let lenient_select = FeatureSet::LENIENT.select_syntax;
[INFO] [stdout]      |                                          ^^^^^^^ associated function or constant not found in `dialect::FeatureSet`
[INFO] [stdout] 
[INFO] [stdout] 
[INFO] [stdout] error[E0599]: no associated function or constant named `POSTGRES` found for struct `dialect::FeatureSet` in the current scope
[INFO] [stdout]     --> src/dialect/mod.rs:6342:25
[INFO] [stdout]      |
[INFO] [stdout] 5513 | pub struct FeatureSet {
[INFO] [stdout]      | --------------------- associated function or constant `POSTGRES` not found for this struct
[INFO] [stdout] ...
[INFO] [stdout] 6342 |             FeatureSet::POSTGRES,
[INFO] [stdout]      |                         ^^^^^^^^ associated function or constant not found in `dialect::FeatureSet`
[INFO] [stdout] 
[INFO] [stdout] 
[INFO] [stdout] error[E0599]: no associated function or constant named `MYSQL` found for struct `dialect::FeatureSet` in the current scope
[INFO] [stdout]     --> src/dialect/mod.rs:6343:25
[INFO] [stdout]      |
[INFO] [stdout] 5513 | pub struct FeatureSet {
[INFO] [stdout]      | --------------------- associated function or constant `MYSQL` not found for this struct
[INFO] [stdout] ...
[INFO] [stdout] 6343 |             FeatureSet::MYSQL,
[INFO] [stdout]      |                         ^^^^^ associated function or constant not found in `dialect::FeatureSet`
[INFO] [stdout] 
[INFO] [stdout] 
[INFO] [stdout] error[E0599]: no associated function or constant named `SQLITE` found for struct `dialect::FeatureSet` in the current scope
[INFO] [stdout]     --> src/dialect/mod.rs:6344:25
[INFO] [stdout]      |
[INFO] [stdout] 5513 | pub struct FeatureSet {
[INFO] [stdout]      | --------------------- associated function or constant `SQLITE` not found for this struct
[INFO] [stdout] ...
[INFO] [stdout] 6344 |             FeatureSet::SQLITE,
[INFO] [stdout]      |                         ^^^^^^ associated function or constant not found in `dialect::FeatureSet`
[INFO] [stdout] 
[INFO] [stdout] 
[INFO] [stdout] error[E0599]: no associated function or constant named `DUCKDB` found for struct `dialect::FeatureSet` in the current scope
[INFO] [stdout]     --> src/dialect/mod.rs:6345:25
[INFO] [stdout]      |
[INFO] [stdout] 5513 | pub struct FeatureSet {
[INFO] [stdout]      | --------------------- associated function or constant `DUCKDB` not found for this struct
[INFO] [stdout] ...
[INFO] [stdout] 6345 |             FeatureSet::DUCKDB,
[INFO] [stdout]      |                         ^^^^^^ associated function or constant not found in `dialect::FeatureSet`
[INFO] [stdout] 
[INFO] [stdout] 
[INFO] [stdout] error[E0599]: no associated function or constant named `LENIENT` found for struct `dialect::FeatureSet` in the current scope
[INFO] [stdout]     --> src/dialect/mod.rs:6357:41
[INFO] [stdout]      |
[INFO] [stdout] 5513 | pub struct FeatureSet {
[INFO] [stdout]      | --------------------- associated function or constant `LENIENT` not found for this struct
[INFO] [stdout] ...
[INFO] [stdout] 6357 |         let lenient_types = FeatureSet::LENIENT.type_name_syntax;
[INFO] [stdout]      |                                         ^^^^^^^ associated function or constant not found in `dialect::FeatureSet`
[INFO] [stdout] 
[INFO] [stdout] 
[INFO] [stdout] error[E0599]: no associated function or constant named `POSTGRES` found for struct `dialect::FeatureSet` in the current scope
[INFO] [stdout]     --> src/dialect/mod.rs:6361:25
[INFO] [stdout]      |
[INFO] [stdout] 5513 | pub struct FeatureSet {
[INFO] [stdout]      | --------------------- associated function or constant `POSTGRES` not found for this struct
[INFO] [stdout] ...
[INFO] [stdout] 6361 |             FeatureSet::POSTGRES,
[INFO] [stdout]      |                         ^^^^^^^^ associated function or constant not found in `dialect::FeatureSet`
[INFO] [stdout] 
[INFO] [stdout] 
[INFO] [stdout] error[E0599]: no associated function or constant named `MYSQL` found for struct `dialect::FeatureSet` in the current scope
[INFO] [stdout]     --> src/dialect/mod.rs:6362:25
[INFO] [stdout]      |
[INFO] [stdout] 5513 | pub struct FeatureSet {
[INFO] [stdout]      | --------------------- associated function or constant `MYSQL` not found for this struct
[INFO] [stdout] ...
[INFO] [stdout] 6362 |             FeatureSet::MYSQL,
[INFO] [stdout]      |                         ^^^^^ associated function or constant not found in `dialect::FeatureSet`
[INFO] [stdout] 
[INFO] [stdout] 
[INFO] [stdout] error[E0599]: no associated function or constant named `SQLITE` found for struct `dialect::FeatureSet` in the current scope
[INFO] [stdout]     --> src/dialect/mod.rs:6363:25
[INFO] [stdout]      |
[INFO] [stdout] 5513 | pub struct FeatureSet {
[INFO] [stdout]      | --------------------- associated function or constant `SQLITE` not found for this struct
[INFO] [stdout] ...
[INFO] [stdout] 6363 |             FeatureSet::SQLITE,
[INFO] [stdout]      |                         ^^^^^^ associated function or constant not found in `dialect::FeatureSet`
[INFO] [stdout] 
[INFO] [stdout] 
[INFO] [stdout] error[E0599]: no associated function or constant named `DUCKDB` found for struct `dialect::FeatureSet` in the current scope
[INFO] [stdout]     --> src/dialect/mod.rs:6364:25
[INFO] [stdout]      |
[INFO] [stdout] 5513 | pub struct FeatureSet {
[INFO] [stdout]      | --------------------- associated function or constant `DUCKDB` not found for this struct
[INFO] [stdout] ...
[INFO] [stdout] 6364 |             FeatureSet::DUCKDB,
[INFO] [stdout]      |                         ^^^^^^ associated function or constant not found in `dialect::FeatureSet`
[INFO] [stdout] 
[INFO] [stdout] 
[INFO] [stdout] error[E0599]: no associated function or constant named `LENIENT` found for struct `dialect::FeatureSet` in the current scope
[INFO] [stdout]     --> src/dialect/mod.rs:6376:41
[INFO] [stdout]      |
[INFO] [stdout] 5513 | pub struct FeatureSet {
[INFO] [stdout]      | --------------------- associated function or constant `LENIENT` not found for this struct
[INFO] [stdout] ...
[INFO] [stdout] 6376 |         let lenient_types = FeatureSet::LENIENT.type_name_syntax;
[INFO] [stdout]      |                                         ^^^^^^^ associated function or constant not found in `dialect::FeatureSet`
[INFO] [stdout] 
[INFO] [stdout] 
[INFO] [stdout] error[E0599]: no associated function or constant named `POSTGRES` found for struct `dialect::FeatureSet` in the current scope
[INFO] [stdout]     --> src/dialect/mod.rs:6380:25
[INFO] [stdout]      |
[INFO] [stdout] 5513 | pub struct FeatureSet {
[INFO] [stdout]      | --------------------- associated function or constant `POSTGRES` not found for this struct
[INFO] [stdout] ...
[INFO] [stdout] 6380 |             FeatureSet::POSTGRES,
[INFO] [stdout]      |                         ^^^^^^^^ associated function or constant not found in `dialect::FeatureSet`
[INFO] [stdout] 
[INFO] [stdout] 
[INFO] [stdout] error[E0599]: no associated function or constant named `MYSQL` found for struct `dialect::FeatureSet` in the current scope
[INFO] [stdout]     --> src/dialect/mod.rs:6381:25
[INFO] [stdout]      |
[INFO] [stdout] 5513 | pub struct FeatureSet {
[INFO] [stdout]      | --------------------- associated function or constant `MYSQL` not found for this struct
[INFO] [stdout] ...
[INFO] [stdout] 6381 |             FeatureSet::MYSQL,
[INFO] [stdout]      |                         ^^^^^ associated function or constant not found in `dialect::FeatureSet`
[INFO] [stdout] 
[INFO] [stdout] 
[INFO] [stdout] error[E0599]: no associated function or constant named `SQLITE` found for struct `dialect::FeatureSet` in the current scope
[INFO] [stdout]     --> src/dialect/mod.rs:6382:25
[INFO] [stdout]      |
[INFO] [stdout] 5513 | pub struct FeatureSet {
[INFO] [stdout]      | --------------------- associated function or constant `SQLITE` not found for this struct
[INFO] [stdout] ...
[INFO] [stdout] 6382 |             FeatureSet::SQLITE,
[INFO] [stdout]      |                         ^^^^^^ associated function or constant not found in `dialect::FeatureSet`
[INFO] [stdout] 
[INFO] [stdout] 
[INFO] [stdout] error[E0599]: no associated function or constant named `DUCKDB` found for struct `dialect::FeatureSet` in the current scope
[INFO] [stdout]     --> src/dialect/mod.rs:6383:25
[INFO] [stdout]      |
[INFO] [stdout] 5513 | pub struct FeatureSet {
[INFO] [stdout]      | --------------------- associated function or constant `DUCKDB` not found for this struct
[INFO] [stdout] ...
[INFO] [stdout] 6383 |             FeatureSet::DUCKDB,
[INFO] [stdout]      |                         ^^^^^^ associated function or constant not found in `dialect::FeatureSet`
[INFO] [stdout] 
[INFO] [stdout] 
[INFO] [stdout] error[E0599]: no associated function or constant named `LENIENT` found for struct `dialect::FeatureSet` in the current scope
[INFO] [stdout]     --> src/dialect/mod.rs:6396:41
[INFO] [stdout]      |
[INFO] [stdout] 5513 | pub struct FeatureSet {
[INFO] [stdout]      | --------------------- associated function or constant `LENIENT` not found for this struct
[INFO] [stdout] ...
[INFO] [stdout] 6396 |         let lenient_types = FeatureSet::LENIENT.type_name_syntax;
[INFO] [stdout]      |                                         ^^^^^^^ associated function or constant not found in `dialect::FeatureSet`
[INFO] [stdout] 
[INFO] [stdout] 
[INFO] [stdout] error[E0599]: no associated function or constant named `POSTGRES` found for struct `dialect::FeatureSet` in the current scope
[INFO] [stdout]     --> src/dialect/mod.rs:6400:25
[INFO] [stdout]      |
[INFO] [stdout] 5513 | pub struct FeatureSet {
[INFO] [stdout]      | --------------------- associated function or constant `POSTGRES` not found for this struct
[INFO] [stdout] ...
[INFO] [stdout] 6400 |             FeatureSet::POSTGRES,
[INFO] [stdout]      |                         ^^^^^^^^ associated function or constant not found in `dialect::FeatureSet`
[INFO] [stdout] 
[INFO] [stdout] 
[INFO] [stdout] error[E0599]: no associated function or constant named `MYSQL` found for struct `dialect::FeatureSet` in the current scope
[INFO] [stdout]     --> src/dialect/mod.rs:6401:25
[INFO] [stdout]      |
[INFO] [stdout] 5513 | pub struct FeatureSet {
[INFO] [stdout]      | --------------------- associated function or constant `MYSQL` not found for this struct
[INFO] [stdout] ...
[INFO] [stdout] 6401 |             FeatureSet::MYSQL,
[INFO] [stdout]      |                         ^^^^^ associated function or constant not found in `dialect::FeatureSet`
[INFO] [stdout] 
[INFO] [stdout] 
[INFO] [stdout] error[E0599]: no associated function or constant named `SQLITE` found for struct `dialect::FeatureSet` in the current scope
[INFO] [stdout]     --> src/dialect/mod.rs:6402:25
[INFO] [stdout]      |
[INFO] [stdout] 5513 | pub struct FeatureSet {
[INFO] [stdout]      | --------------------- associated function or constant `SQLITE` not found for this struct
[INFO] [stdout] ...
[INFO] [stdout] 6402 |             FeatureSet::SQLITE,
[INFO] [stdout]      |                         ^^^^^^ associated function or constant not found in `dialect::FeatureSet`
[INFO] [stdout] 
[INFO] [stdout] 
[INFO] [stdout] error[E0599]: no associated function or constant named `DUCKDB` found for struct `dialect::FeatureSet` in the current scope
[INFO] [stdout]     --> src/dialect/mod.rs:6403:25
[INFO] [stdout]      |
[INFO] [stdout] 5513 | pub struct FeatureSet {
[INFO] [stdout]      | --------------------- associated function or constant `DUCKDB` not found for this struct
[INFO] [stdout] ...
[INFO] [stdout] 6403 |             FeatureSet::DUCKDB,
[INFO] [stdout]      |                         ^^^^^^ associated function or constant not found in `dialect::FeatureSet`
[INFO] [stdout] 
[INFO] [stdout] 
[INFO] [stdout] error[E0599]: no associated function or constant named `LENIENT` found for struct `dialect::FeatureSet` in the current scope
[INFO] [stdout]     --> src/dialect/mod.rs:6416:41
[INFO] [stdout]      |
[INFO] [stdout] 5513 | pub struct FeatureSet {
[INFO] [stdout]      | --------------------- associated function or constant `LENIENT` not found for this struct
[INFO] [stdout] ...
[INFO] [stdout] 6416 |         let lenient_types = FeatureSet::LENIENT.type_name_syntax;
[INFO] [stdout]      |                                         ^^^^^^^ associated function or constant not found in `dialect::FeatureSet`
[INFO] [stdout] 
[INFO] [stdout] 
[INFO] [stdout] error[E0599]: no associated function or constant named `POSTGRES` found for struct `dialect::FeatureSet` in the current scope
[INFO] [stdout]     --> src/dialect/mod.rs:6420:25
[INFO] [stdout]      |
[INFO] [stdout] 5513 | pub struct FeatureSet {
[INFO] [stdout]      | --------------------- associated function or constant `POSTGRES` not found for this struct
[INFO] [stdout] ...
[INFO] [stdout] 6420 |             FeatureSet::POSTGRES,
[INFO] [stdout]      |                         ^^^^^^^^ associated function or constant not found in `dialect::FeatureSet`
[INFO] [stdout] 
[INFO] [stdout] 
[INFO] [stdout] error[E0599]: no associated function or constant named `MYSQL` found for struct `dialect::FeatureSet` in the current scope
[INFO] [stdout]     --> src/dialect/mod.rs:6421:25
[INFO] [stdout]      |
[INFO] [stdout] 5513 | pub struct FeatureSet {
[INFO] [stdout]      | --------------------- associated function or constant `MYSQL` not found for this struct
[INFO] [stdout] ...
[INFO] [stdout] 6421 |             FeatureSet::MYSQL,
[INFO] [stdout]      |                         ^^^^^ associated function or constant not found in `dialect::FeatureSet`
[INFO] [stdout] 
[INFO] [stdout] 
[INFO] [stdout] error[E0599]: no associated function or constant named `SQLITE` found for struct `dialect::FeatureSet` in the current scope
[INFO] [stdout]     --> src/dialect/mod.rs:6422:25
[INFO] [stdout]      |
[INFO] [stdout] 5513 | pub struct FeatureSet {
[INFO] [stdout]      | --------------------- associated function or constant `SQLITE` not found for this struct
[INFO] [stdout] ...
[INFO] [stdout] 6422 |             FeatureSet::SQLITE,
[INFO] [stdout]      |                         ^^^^^^ associated function or constant not found in `dialect::FeatureSet`
[INFO] [stdout] 
[INFO] [stdout] 
[INFO] [stdout] error[E0599]: no associated function or constant named `DUCKDB` found for struct `dialect::FeatureSet` in the current scope
[INFO] [stdout]     --> src/dialect/mod.rs:6423:25
[INFO] [stdout]      |
[INFO] [stdout] 5513 | pub struct FeatureSet {
[INFO] [stdout]      | --------------------- associated function or constant `DUCKDB` not found for this struct
[INFO] [stdout] ...
[INFO] [stdout] 6423 |             FeatureSet::DUCKDB,
[INFO] [stdout]      |                         ^^^^^^ associated function or constant not found in `dialect::FeatureSet`
[INFO] [stdout] 
[INFO] [stdout] 
[INFO] [stdout] error[E0599]: no associated function or constant named `LENIENT` found for struct `dialect::FeatureSet` in the current scope
[INFO] [stdout]     --> src/dialect/mod.rs:6436:41
[INFO] [stdout]      |
[INFO] [stdout] 5513 | pub struct FeatureSet {
[INFO] [stdout]      | --------------------- associated function or constant `LENIENT` not found for this struct
[INFO] [stdout] ...
[INFO] [stdout] 6436 |         let lenient_types = FeatureSet::LENIENT.type_name_syntax;
[INFO] [stdout]      |                                         ^^^^^^^ associated function or constant not found in `dialect::FeatureSet`
[INFO] [stdout] 
[INFO] [stdout] 
[INFO] [stdout] error[E0599]: no associated function or constant named `POSTGRES` found for struct `dialect::FeatureSet` in the current scope
[INFO] [stdout]     --> src/dialect/mod.rs:6440:25
[INFO] [stdout]      |
[INFO] [stdout] 5513 | pub struct FeatureSet {
[INFO] [stdout]      | --------------------- associated function or constant `POSTGRES` not found for this struct
[INFO] [stdout] ...
[INFO] [stdout] 6440 |             FeatureSet::POSTGRES,
[INFO] [stdout]      |                         ^^^^^^^^ associated function or constant not found in `dialect::FeatureSet`
[INFO] [stdout] 
[INFO] [stdout] 
[INFO] [stdout] error[E0599]: no associated function or constant named `MYSQL` found for struct `dialect::FeatureSet` in the current scope
[INFO] [stdout]     --> src/dialect/mod.rs:6441:25
[INFO] [stdout]      |
[INFO] [stdout] 5513 | pub struct FeatureSet {
[INFO] [stdout]      | --------------------- associated function or constant `MYSQL` not found for this struct
[INFO] [stdout] ...
[INFO] [stdout] 6441 |             FeatureSet::MYSQL,
[INFO] [stdout]      |                         ^^^^^ associated function or constant not found in `dialect::FeatureSet`
[INFO] [stdout] 
[INFO] [stdout] 
[INFO] [stdout] error[E0599]: no associated function or constant named `SQLITE` found for struct `dialect::FeatureSet` in the current scope
[INFO] [stdout]     --> src/dialect/mod.rs:6442:25
[INFO] [stdout]      |
[INFO] [stdout] 5513 | pub struct FeatureSet {
[INFO] [stdout]      | --------------------- associated function or constant `SQLITE` not found for this struct
[INFO] [stdout] ...
[INFO] [stdout] 6442 |             FeatureSet::SQLITE,
[INFO] [stdout]      |                         ^^^^^^ associated function or constant not found in `dialect::FeatureSet`
[INFO] [stdout] 
[INFO] [stdout] 
[INFO] [stdout] error[E0599]: no associated function or constant named `DUCKDB` found for struct `dialect::FeatureSet` in the current scope
[INFO] [stdout]     --> src/dialect/mod.rs:6443:25
[INFO] [stdout]      |
[INFO] [stdout] 5513 | pub struct FeatureSet {
[INFO] [stdout]      | --------------------- associated function or constant `DUCKDB` not found for this struct
[INFO] [stdout] ...
[INFO] [stdout] 6443 |             FeatureSet::DUCKDB,
[INFO] [stdout]      |                         ^^^^^^ associated function or constant not found in `dialect::FeatureSet`
[INFO] [stdout] 
[INFO] [stdout] 
[INFO] [stdout] error[E0599]: no associated function or constant named `LENIENT` found for struct `dialect::FeatureSet` in the current scope
[INFO] [stdout]     --> src/dialect/mod.rs:6456:41
[INFO] [stdout]      |
[INFO] [stdout] 5513 | pub struct FeatureSet {
[INFO] [stdout]      | --------------------- associated function or constant `LENIENT` not found for this struct
[INFO] [stdout] ...
[INFO] [stdout] 6456 |         let lenient_types = FeatureSet::LENIENT.type_name_syntax;
[INFO] [stdout]      |                                         ^^^^^^^ associated function or constant not found in `dialect::FeatureSet`
[INFO] [stdout] 
[INFO] [stdout] 
[INFO] [stdout] error[E0599]: no associated function or constant named `POSTGRES` found for struct `dialect::FeatureSet` in the current scope
[INFO] [stdout]     --> src/dialect/mod.rs:6460:25
[INFO] [stdout]      |
[INFO] [stdout] 5513 | pub struct FeatureSet {
[INFO] [stdout]      | --------------------- associated function or constant `POSTGRES` not found for this struct
[INFO] [stdout] ...
[INFO] [stdout] 6460 |             FeatureSet::POSTGRES,
[INFO] [stdout]      |                         ^^^^^^^^ associated function or constant not found in `dialect::FeatureSet`
[INFO] [stdout] 
[INFO] [stdout] 
[INFO] [stdout] error[E0599]: no associated function or constant named `MYSQL` found for struct `dialect::FeatureSet` in the current scope
[INFO] [stdout]     --> src/dialect/mod.rs:6461:25
[INFO] [stdout]      |
[INFO] [stdout] 5513 | pub struct FeatureSet {
[INFO] [stdout]      | --------------------- associated function or constant `MYSQL` not found for this struct
[INFO] [stdout] ...
[INFO] [stdout] 6461 |             FeatureSet::MYSQL,
[INFO] [stdout]      |                         ^^^^^ associated function or constant not found in `dialect::FeatureSet`
[INFO] [stdout] 
[INFO] [stdout] 
[INFO] [stdout] error[E0599]: no associated function or constant named `SQLITE` found for struct `dialect::FeatureSet` in the current scope
[INFO] [stdout]     --> src/dialect/mod.rs:6462:25
[INFO] [stdout]      |
[INFO] [stdout] 5513 | pub struct FeatureSet {
[INFO] [stdout]      | --------------------- associated function or constant `SQLITE` not found for this struct
[INFO] [stdout] ...
[INFO] [stdout] 6462 |             FeatureSet::SQLITE,
[INFO] [stdout]      |                         ^^^^^^ associated function or constant not found in `dialect::FeatureSet`
[INFO] [stdout] 
[INFO] [stdout] 
[INFO] [stdout] error[E0599]: no associated function or constant named `DUCKDB` found for struct `dialect::FeatureSet` in the current scope
[INFO] [stdout]     --> src/dialect/mod.rs:6463:25
[INFO] [stdout]      |
[INFO] [stdout] 5513 | pub struct FeatureSet {
[INFO] [stdout]      | --------------------- associated function or constant `DUCKDB` not found for this struct
[INFO] [stdout] ...
[INFO] [stdout] 6463 |             FeatureSet::DUCKDB,
[INFO] [stdout]      |                         ^^^^^^ associated function or constant not found in `dialect::FeatureSet`
[INFO] [stdout] 
[INFO] [stdout] 
[INFO] [stdout] error[E0599]: no associated function or constant named `LENIENT` found for struct `dialect::FeatureSet` in the current scope
[INFO] [stdout]     --> src/dialect/mod.rs:6476:38
[INFO] [stdout]      |
[INFO] [stdout] 5513 | pub struct FeatureSet {
[INFO] [stdout]      | --------------------- associated function or constant `LENIENT` not found for this struct
[INFO] [stdout] ...
[INFO] [stdout] 6476 |         let lenient_qt = FeatureSet::LENIENT.query_tail_syntax;
[INFO] [stdout]      |                                      ^^^^^^^ associated function or constant not found in `dialect::FeatureSet`
[INFO] [stdout] 
[INFO] [stdout] 
[INFO] [stdout] error[E0599]: no associated function or constant named `POSTGRES` found for struct `dialect::FeatureSet` in the current scope
[INFO] [stdout]     --> src/dialect/mod.rs:6480:25
[INFO] [stdout]      |
[INFO] [stdout] 5513 | pub struct FeatureSet {
[INFO] [stdout]      | --------------------- associated function or constant `POSTGRES` not found for this struct
[INFO] [stdout] ...
[INFO] [stdout] 6480 |             FeatureSet::POSTGRES,
[INFO] [stdout]      |                         ^^^^^^^^ associated function or constant not found in `dialect::FeatureSet`
[INFO] [stdout] 
[INFO] [stdout] 
[INFO] [stdout] error[E0599]: no associated function or constant named `MYSQL` found for struct `dialect::FeatureSet` in the current scope
[INFO] [stdout]     --> src/dialect/mod.rs:6481:25
[INFO] [stdout]      |
[INFO] [stdout] 5513 | pub struct FeatureSet {
[INFO] [stdout]      | --------------------- associated function or constant `MYSQL` not found for this struct
[INFO] [stdout] ...
[INFO] [stdout] 6481 |             FeatureSet::MYSQL,
[INFO] [stdout]      |                         ^^^^^ associated function or constant not found in `dialect::FeatureSet`
[INFO] [stdout] 
[INFO] [stdout] 
[INFO] [stdout] error[E0599]: no associated function or constant named `SQLITE` found for struct `dialect::FeatureSet` in the current scope
[INFO] [stdout]     --> src/dialect/mod.rs:6482:25
[INFO] [stdout]      |
[INFO] [stdout] 5513 | pub struct FeatureSet {
[INFO] [stdout]      | --------------------- associated function or constant `SQLITE` not found for this struct
[INFO] [stdout] ...
[INFO] [stdout] 6482 |             FeatureSet::SQLITE,
[INFO] [stdout]      |                         ^^^^^^ associated function or constant not found in `dialect::FeatureSet`
[INFO] [stdout] 
[INFO] [stdout] 
[INFO] [stdout] error[E0599]: no associated function or constant named `DUCKDB` found for struct `dialect::FeatureSet` in the current scope
[INFO] [stdout]     --> src/dialect/mod.rs:6483:25
[INFO] [stdout]      |
[INFO] [stdout] 5513 | pub struct FeatureSet {
[INFO] [stdout]      | --------------------- associated function or constant `DUCKDB` not found for this struct
[INFO] [stdout] ...
[INFO] [stdout] 6483 |             FeatureSet::DUCKDB,
[INFO] [stdout]      |                         ^^^^^^ associated function or constant not found in `dialect::FeatureSet`
[INFO] [stdout] 
[INFO] [stdout] 
[INFO] [stdout] error[E0599]: no associated function or constant named `POSTGRES` found for struct `dialect::FeatureSet` in the current scope
[INFO] [stdout]     --> src/dialect/mod.rs:6535:29
[INFO] [stdout]      |
[INFO] [stdout] 5513 | pub struct FeatureSet {
[INFO] [stdout]      | --------------------- associated function or constant `POSTGRES` not found for this struct
[INFO] [stdout] ...
[INFO] [stdout] 6535 |         assert!(FeatureSet::POSTGRES.has_byte_class(0x0b, CLASS_WHITESPACE));
[INFO] [stdout]      |                             ^^^^^^^^ associated function or constant not found in `dialect::FeatureSet`
[INFO] [stdout] 
[INFO] [stdout] 
[INFO] [stdout] error[E0599]: no associated function or constant named `MYSQL` found for struct `dialect::FeatureSet` in the current scope
[INFO] [stdout]     --> src/dialect/mod.rs:6536:29
[INFO] [stdout]      |
[INFO] [stdout] 5513 | pub struct FeatureSet {
[INFO] [stdout]      | --------------------- associated function or constant `MYSQL` not found for this struct
[INFO] [stdout] ...
[INFO] [stdout] 6536 |         assert!(FeatureSet::MYSQL.has_byte_class(0x0b, CLASS_WHITESPACE));
[INFO] [stdout]      |                             ^^^^^ associated function or constant not found in `dialect::FeatureSet`
[INFO] [stdout] 
[INFO] [stdout] 
[INFO] [stdout] error[E0599]: no associated function or constant named `SQLITE` found for struct `dialect::FeatureSet` in the current scope
[INFO] [stdout]     --> src/dialect/mod.rs:6540:29
[INFO] [stdout]      |
[INFO] [stdout] 5513 | pub struct FeatureSet {
[INFO] [stdout]      | --------------------- associated function or constant `SQLITE` not found for this struct
[INFO] [stdout] ...
[INFO] [stdout] 6540 |         assert!(FeatureSet::SQLITE.has_byte_class(0x0b, CLASS_WHITESPACE_CONTINUE));
[INFO] [stdout]      |                             ^^^^^^ associated function or constant not found in `dialect::FeatureSet`
[INFO] [stdout] 
[INFO] [stdout] 
[INFO] [stdout] error[E0599]: no associated function or constant named `SQLITE` found for struct `dialect::FeatureSet` in the current scope
[INFO] [stdout]     --> src/dialect/mod.rs:6541:30
[INFO] [stdout]      |
[INFO] [stdout] 5513 | pub struct FeatureSet {
[INFO] [stdout]      | --------------------- associated function or constant `SQLITE` not found for this struct
[INFO] [stdout] ...
[INFO] [stdout] 6541 |         assert!(!FeatureSet::SQLITE.has_byte_class(0x0b, CLASS_WHITESPACE));
[INFO] [stdout]      |                              ^^^^^^ associated function or constant not found in `dialect::FeatureSet`
[INFO] [stdout] 
[INFO] [stdout] 
[INFO] [stdout] error[E0599]: no associated function or constant named `DUCKDB` found for struct `dialect::FeatureSet` in the current scope
[INFO] [stdout]     --> src/dialect/mod.rs:6546:29
[INFO] [stdout]      |
[INFO] [stdout] 5513 | pub struct FeatureSet {
[INFO] [stdout]      | --------------------- associated function or constant `DUCKDB` not found for this struct
[INFO] [stdout] ...
[INFO] [stdout] 6546 |         assert!(FeatureSet::DUCKDB.has_byte_class(0x0b, CLASS_WHITESPACE));
[INFO] [stdout]      |                             ^^^^^^ associated function or constant not found in `dialect::FeatureSet`
[INFO] [stdout] 
[INFO] [stdout] 
[INFO] [stdout] error[E0599]: no associated function or constant named `DUCKDB` found for struct `dialect::FeatureSet` in the current scope
[INFO] [stdout]     --> src/dialect/mod.rs:6547:29
[INFO] [stdout]      |
[INFO] [stdout] 5513 | pub struct FeatureSet {
[INFO] [stdout]      | --------------------- associated function or constant `DUCKDB` not found for this struct
[INFO] [stdout] ...
[INFO] [stdout] 6547 |         assert!(FeatureSet::DUCKDB.has_byte_class(0x0b, CLASS_WHITESPACE_BOUNDARY));
[INFO] [stdout]      |                             ^^^^^^ associated function or constant not found in `dialect::FeatureSet`
[INFO] [stdout] 
[INFO] [stdout] 
[INFO] [stdout] error[E0599]: no associated function or constant named `DUCKDB` found for struct `dialect::FeatureSet` in the current scope
[INFO] [stdout]     --> src/dialect/mod.rs:6548:29
[INFO] [stdout]      |
[INFO] [stdout] 5513 | pub struct FeatureSet {
[INFO] [stdout]      | --------------------- associated function or constant `DUCKDB` not found for this struct
[INFO] [stdout] ...
[INFO] [stdout] 6548 |         assert!(FeatureSet::DUCKDB.byte_classes.has_boundary_whitespace());
[INFO] [stdout]      |                             ^^^^^^ associated function or constant not found in `dialect::FeatureSet`
[INFO] [stdout] 
[INFO] [stdout] 
[INFO] [stdout] error[E0599]: no associated function or constant named `POSTGRES` found for struct `dialect::FeatureSet` in the current scope
[INFO] [stdout]     --> src/dialect/mod.rs:6550:54
[INFO] [stdout]      |
[INFO] [stdout] 5513 | pub struct FeatureSet {
[INFO] [stdout]      | --------------------- associated function or constant `POSTGRES` not found for this struct
[INFO] [stdout] ...
[INFO] [stdout] 6550 |         for preset in [FeatureSet::ANSI, FeatureSet::POSTGRES, FeatureSet::MYSQL] {
[INFO] [stdout]      |                                                      ^^^^^^^^ associated function or constant not found in `dialect::FeatureSet`
[INFO] [stdout] 
[INFO] [stdout] 
[INFO] [stdout] error[E0599]: no associated function or constant named `MYSQL` found for struct `dialect::FeatureSet` in the current scope
[INFO] [stdout]     --> src/dialect/mod.rs:6550:76
[INFO] [stdout]      |
[INFO] [stdout] 5513 | pub struct FeatureSet {
[INFO] [stdout]      | --------------------- associated function or constant `MYSQL` not found for this struct
[INFO] [stdout] ...
[INFO] [stdout] 6550 |         for preset in [FeatureSet::ANSI, FeatureSet::POSTGRES, FeatureSet::MYSQL] {
[INFO] [stdout]      |                                                                            ^^^^^ associated function or constant not found in `dialect::FeatureSet`
[INFO] [stdout] 
[INFO] [stdout] 
[INFO] [stdout] error[E0599]: no associated function or constant named `POSTGRES` found for struct `dialect::FeatureSet` in the current scope
[INFO] [stdout]     --> src/dialect/mod.rs:6560:25
[INFO] [stdout]      |
[INFO] [stdout] 5513 | pub struct FeatureSet {
[INFO] [stdout]      | --------------------- associated function or constant `POSTGRES` not found for this struct
[INFO] [stdout] ...
[INFO] [stdout] 6560 |             FeatureSet::POSTGRES,
[INFO] [stdout]      |                         ^^^^^^^^ associated function or constant not found in `dialect::FeatureSet`
[INFO] [stdout] 
[INFO] [stdout] 
[INFO] [stdout] error[E0599]: no associated function or constant named `MYSQL` found for struct `dialect::FeatureSet` in the current scope
[INFO] [stdout]     --> src/dialect/mod.rs:6561:25
[INFO] [stdout]      |
[INFO] [stdout] 5513 | pub struct FeatureSet {
[INFO] [stdout]      | --------------------- associated function or constant `MYSQL` not found for this struct
[INFO] [stdout] ...
[INFO] [stdout] 6561 |             FeatureSet::MYSQL,
[INFO] [stdout]      |                         ^^^^^ associated function or constant not found in `dialect::FeatureSet`
[INFO] [stdout] 
[INFO] [stdout] 
[INFO] [stdout] error[E0599]: no associated function or constant named `SQLITE` found for struct `dialect::FeatureSet` in the current scope
[INFO] [stdout]     --> src/dialect/mod.rs:6562:25
[INFO] [stdout]      |
[INFO] [stdout] 5513 | pub struct FeatureSet {
[INFO] [stdout]      | --------------------- associated function or constant `SQLITE` not found for this struct
[INFO] [stdout] ...
[INFO] [stdout] 6562 |             FeatureSet::SQLITE,
[INFO] [stdout]      |                         ^^^^^^ associated function or constant not found in `dialect::FeatureSet`
[INFO] [stdout] 
[INFO] [stdout] 
[INFO] [stdout] error[E0599]: no associated function or constant named `POSTGRES` found for struct `dialect::FeatureSet` in the current scope
[INFO] [stdout]     --> src/dialect/mod.rs:6570:25
[INFO] [stdout]      |
[INFO] [stdout] 5513 | pub struct FeatureSet {
[INFO] [stdout]      | --------------------- associated function or constant `POSTGRES` not found for this struct
[INFO] [stdout] ...
[INFO] [stdout] 6570 |             FeatureSet::POSTGRES,
[INFO] [stdout]      |                         ^^^^^^^^ associated function or constant not found in `dialect::FeatureSet`
[INFO] [stdout] 
[INFO] [stdout] 
[INFO] [stdout] error[E0599]: no associated function or constant named `MYSQL` found for struct `dialect::FeatureSet` in the current scope
[INFO] [stdout]     --> src/dialect/mod.rs:6571:25
[INFO] [stdout]      |
[INFO] [stdout] 5513 | pub struct FeatureSet {
[INFO] [stdout]      | --------------------- associated function or constant `MYSQL` not found for this struct
[INFO] [stdout] ...
[INFO] [stdout] 6571 |             FeatureSet::MYSQL,
[INFO] [stdout]      |                         ^^^^^ associated function or constant not found in `dialect::FeatureSet`
[INFO] [stdout] 
[INFO] [stdout] 
[INFO] [stdout] error[E0599]: no associated function or constant named `SQLITE` found for struct `dialect::FeatureSet` in the current scope
[INFO] [stdout]     --> src/dialect/mod.rs:6572:25
[INFO] [stdout]      |
[INFO] [stdout] 5513 | pub struct FeatureSet {
[INFO] [stdout]      | --------------------- associated function or constant `SQLITE` not found for this struct
[INFO] [stdout] ...
[INFO] [stdout] 6572 |             FeatureSet::SQLITE,
[INFO] [stdout]      |                         ^^^^^^ associated function or constant not found in `dialect::FeatureSet`
[INFO] [stdout] 
[INFO] [stdout] 
[INFO] [stdout] error[E0599]: no associated function or constant named `DUCKDB` found for struct `dialect::FeatureSet` in the current scope
[INFO] [stdout]     --> src/dialect/mod.rs:6573:25
[INFO] [stdout]      |
[INFO] [stdout] 5513 | pub struct FeatureSet {
[INFO] [stdout]      | --------------------- associated function or constant `DUCKDB` not found for this struct
[INFO] [stdout] ...
[INFO] [stdout] 6573 |             FeatureSet::DUCKDB,
[INFO] [stdout]      |                         ^^^^^^ associated function or constant not found in `dialect::FeatureSet`
[INFO] [stdout] 
[INFO] [stdout] 
[INFO] [stdout] error[E0599]: no associated function or constant named `POSTGRES` found for struct `dialect::FeatureSet` in the current scope
[INFO] [stdout]     --> src/render/tests.rs:1510:55
[INFO] [stdout]      |
[INFO] [stdout] 1510 |         render_target(&character_varying, FeatureSet::POSTGRES),
[INFO] [stdout]      |                                                       ^^^^^^^^ associated function or constant not found in `dialect::FeatureSet`
[INFO] [stdout]      |
[INFO] [stdout]     ::: src/dialect/mod.rs:5513:1
[INFO] [stdout]      |
[INFO] [stdout] 5513 | pub struct FeatureSet {
[INFO] [stdout]      | --------------------- associated function or constant `POSTGRES` not found for this struct
[INFO] [stdout] 
[INFO] [stdout] 
[INFO] [stdout] error[E0599]: no associated function or constant named `POSTGRES` found for struct `dialect::FeatureSet` in the current scope
[INFO] [stdout]     --> src/render/tests.rs:1529:62
[INFO] [stdout]      |
[INFO] [stdout] 1529 |         render_target(&timestamp_with_time_zone, FeatureSet::POSTGRES),
[INFO] [stdout]      |                                                              ^^^^^^^^ associated function or constant not found in `dialect::FeatureSet`
[INFO] [stdout]      |
[INFO] [stdout]     ::: src/dialect/mod.rs:5513:1
[INFO] [stdout]      |
[INFO] [stdout] 5513 | pub struct FeatureSet {
[INFO] [stdout]      | --------------------- associated function or constant `POSTGRES` not found for this struct
[INFO] [stdout] 
[INFO] [stdout] 
[INFO] [stdout] error[E0599]: no associated function or constant named `POSTGRES` found for struct `dialect::FeatureSet` in the current scope
[INFO] [stdout]     --> src/render/tests.rs:1544:51
[INFO] [stdout]      |
[INFO] [stdout] 1544 |     assert_eq!(render_target(&timetz, FeatureSet::POSTGRES), "TIMETZ(6)");
[INFO] [stdout]      |                                                   ^^^^^^^^ associated function or constant not found in `dialect::FeatureSet`
[INFO] [stdout]      |
[INFO] [stdout]     ::: src/dialect/mod.rs:5513:1
[INFO] [stdout]      |
[INFO] [stdout] 5513 | pub struct FeatureSet {
[INFO] [stdout]      | --------------------- associated function or constant `POSTGRES` not found for this struct
[INFO] [stdout] 
[INFO] [stdout] 
[INFO] [stdout] error[E0599]: no associated function or constant named `POSTGRES` found for struct `dialect::FeatureSet` in the current scope
[INFO] [stdout]     --> src/render/tests.rs:1614:56
[INFO] [stdout]      |
[INFO] [stdout] 1614 |     assert_eq!(render_target(&medium_text, FeatureSet::POSTGRES), "TEXT");
[INFO] [stdout]      |                                                        ^^^^^^^^ associated function or constant not found in `dialect::FeatureSet`
[INFO] [stdout]      |
[INFO] [stdout]     ::: src/dialect/mod.rs:5513:1
[INFO] [stdout]      |
[INFO] [stdout] 5513 | pub struct FeatureSet {
[INFO] [stdout]      | --------------------- associated function or constant `POSTGRES` not found for this struct
[INFO] [stdout] 
[INFO] [stdout] 
[INFO] [stdout] error[E0599]: no associated function or constant named `POSTGRES` found for struct `dialect::FeatureSet` in the current scope
[INFO] [stdout]     --> src/render/tests.rs:1625:54
[INFO] [stdout]      |
[INFO] [stdout] 1625 |     assert_eq!(render_target(&long_blob, FeatureSet::POSTGRES), "BYTEA");
[INFO] [stdout]      |                                                      ^^^^^^^^ associated function or constant not found in `dialect::FeatureSet`
[INFO] [stdout]      |
[INFO] [stdout]     ::: src/dialect/mod.rs:5513:1
[INFO] [stdout]      |
[INFO] [stdout] 5513 | pub struct FeatureSet {
[INFO] [stdout]      | --------------------- associated function or constant `POSTGRES` not found for this struct
[INFO] [stdout] 
[INFO] [stdout] 
[INFO] [stdout] Some errors have detailed explanations: E0425, E0599.
[INFO] [stdout] 
[INFO] [stdout] For more information about an error, try `rustc --explain E0425`.
[INFO] [stdout] 
[INFO] [stderr] error: could not compile `squonk-ast` (lib test) due to 185 previous errors
[INFO] running `Command { std: "docker" "inspect" "3cd522f718ef5e9bbf3101a8f4256df2e587d9458e37bbf38bed09cfb82a0827", kill_on_drop: false }`
[INFO] running `Command { std: "docker" "rm" "-f" "3cd522f718ef5e9bbf3101a8f4256df2e587d9458e37bbf38bed09cfb82a0827", kill_on_drop: false }`
[INFO] [stdout] 3cd522f718ef5e9bbf3101a8f4256df2e587d9458e37bbf38bed09cfb82a0827
