[INFO] fetching crate sqlx-query-as-builder 0.1.2...
[INFO] testing sqlx-query-as-builder-0.1.2 against 1.100.0-beta.1 for beta-1.100-2
[INFO] extracting crate sqlx-query-as-builder 0.1.2 into /workspace/builds/worker-7-tc2/source
[INFO] started tweaking crates.io crate sqlx-query-as-builder 0.1.2
[INFO] removed 0 missing tests
[INFO] finished tweaking crates.io crate sqlx-query-as-builder 0.1.2
[INFO] tweaked toml for crates.io crate sqlx-query-as-builder 0.1.2 written to /workspace/builds/worker-7-tc2/source/Cargo.toml
[INFO] validating manifest of crates.io crate sqlx-query-as-builder 0.1.2 on toolchain 1.100.0-beta.1
[INFO] running `Command { std: CARGO_HOME="/workspace/cargo-home" RUSTUP_HOME="/workspace/rustup-home" "/workspace/cargo-home/bin/cargo" "+1.100.0-beta.1" "metadata" "--manifest-path" "Cargo.toml" "--no-deps", kill_on_drop: false }`
[INFO] crate crates.io crate sqlx-query-as-builder 0.1.2 already has a lockfile, it will not be regenerated
[INFO] running `Command { std: CARGO_HOME="/workspace/cargo-home" RUSTUP_HOME="/workspace/rustup-home" "/workspace/cargo-home/bin/cargo" "+1.100.0-beta.1" "fetch" "--manifest-path" "Cargo.toml", kill_on_drop: false }`
[INFO] running `Command { std: "docker" "create" "-v" "/var/lib/crater-agent-workspace/builds/worker-7-tc2/source:/opt/rustwide/workdir:ro,Z" "-v" "/var/lib/crater-agent-workspace/builds/worker-7-tc2/target:/opt/rustwide/target:rw,Z" "-v" "/var/lib/crater-agent-workspace/cargo-home:/opt/rustwide/cargo-home:ro,Z" "-v" "/var/lib/crater-agent-workspace/rustup-home:/opt/rustwide/rustup-home:ro,Z" "-m" "1610612736" "--network" "none" "ghcr.io/rust-lang/crates-build-env/linux@sha256:3111399a4047eeb3a02b7a90e478d715f38a8c6669b5c4b49d30a17385265909" "sleep" "infinity", kill_on_drop: false }`
[INFO] [stdout] 45e582caeced8c51047a072fbb5db84826fab7d877d804f374e95250e3fa5252
[INFO] running `Command { std: "docker" "start" "45e582caeced8c51047a072fbb5db84826fab7d877d804f374e95250e3fa5252", kill_on_drop: false }`
[INFO] running `Command { std: "docker" "inspect" "45e582caeced8c51047a072fbb5db84826fab7d877d804f374e95250e3fa5252", kill_on_drop: false }`
[INFO] running `Command { std: "docker" "exec" "-e" "SOURCE_DIR=/opt/rustwide/workdir" "-e" "CARGO_HOME=/opt/rustwide/cargo-home" "-e" "RUSTUP_HOME=/opt/rustwide/rustup-home" "-e" "CARGO_TARGET_DIR=/opt/rustwide/target" "-w" "/opt/rustwide/workdir" "--user" "0:0" "45e582caeced8c51047a072fbb5db84826fab7d877d804f374e95250e3fa5252" "/opt/rustwide/cargo-home/bin/cargo" "+1.100.0-beta.1" "metadata" "--no-deps" "--format-version=1", kill_on_drop: false }`
[INFO] running `Command { std: "docker" "inspect" "45e582caeced8c51047a072fbb5db84826fab7d877d804f374e95250e3fa5252", kill_on_drop: false }`
[INFO] running `Command { std: "docker" "exec" "-e" "SOURCE_DIR=/opt/rustwide/workdir" "-e" "CARGO_HOME=/opt/rustwide/cargo-home" "-e" "RUSTUP_HOME=/opt/rustwide/rustup-home" "-e" "CARGO_TARGET_DIR=/opt/rustwide/target" "-e" "CARGO_INCREMENTAL=0" "-e" "RUST_BACKTRACE=full" "-e" "RUSTFLAGS=--cap-lints=warn" "-e" "RUSTDOCFLAGS=--cap-lints=warn" "-w" "/opt/rustwide/workdir" "--user" "0:0" "45e582caeced8c51047a072fbb5db84826fab7d877d804f374e95250e3fa5252" "/opt/rustwide/cargo-home/bin/cargo" "+1.100.0-beta.1" "build" "--frozen" "--message-format=json", kill_on_drop: false }`
[INFO] [stderr]    Compiling proc-macro2 v1.0.103
[INFO] [stderr]    Compiling quote v1.0.42
[INFO] [stderr]    Compiling stable_deref_trait v1.2.1
[INFO] [stderr]    Compiling writeable v0.6.2
[INFO] [stderr]    Compiling smallvec v1.15.1
[INFO] [stderr]    Compiling litemap v0.8.1
[INFO] [stderr]    Compiling icu_properties_data v2.1.1
[INFO] [stderr]    Compiling serde_core v1.0.228
[INFO] [stderr]    Compiling icu_normalizer_data v2.1.1
[INFO] [stderr]    Compiling typenum v1.19.0
[INFO] [stderr]    Compiling crossbeam-utils v0.8.21
[INFO] [stderr]    Compiling libc v0.2.177
[INFO] [stderr]    Compiling parking_lot_core v0.9.12
[INFO] [stderr]    Compiling serde v1.0.228
[INFO] [stderr]    Compiling pin-project-lite v0.2.16
[INFO] [stderr]    Compiling scopeguard v1.2.0
[INFO] [stderr]    Compiling allocator-api2 v0.2.21
[INFO] [stderr]    Compiling memchr v2.7.6
[INFO] [stderr]    Compiling percent-encoding v2.3.2
[INFO] [stderr]    Compiling futures-core v0.3.31
[INFO] [stderr]    Compiling lock_api v0.4.14
[INFO] [stderr]    Compiling once_cell v1.21.3
[INFO] [stderr]    Compiling thiserror v2.0.17
[INFO] [stderr]    Compiling utf8_iter v1.0.4
[INFO] [stderr]    Compiling parking v2.2.1
[INFO] [stderr]    Compiling log v0.4.28
[INFO] [stderr]    Compiling futures-task v0.3.31
[INFO] [stderr]    Compiling form_urlencoded v1.2.2
[INFO] [stderr]    Compiling pin-utils v0.1.0
[INFO] [stderr]    Compiling futures-sink v0.3.31
[INFO] [stderr]    Compiling hashbrown v0.16.0
[INFO] [stderr]    Compiling hashbrown v0.15.5
[INFO] [stderr]    Compiling tracing-core v0.1.34
[INFO] [stderr]    Compiling futures-io v0.3.31
[INFO] [stderr]    Compiling slab v0.4.11
[INFO] [stderr]    Compiling serde_json v1.0.145
[INFO] [stderr]    Compiling itoa v1.0.15
[INFO] [stderr]    Compiling bytes v1.10.1
[INFO] [stderr]    Compiling cpufeatures v0.2.17
[INFO] [stderr]    Compiling base64 v0.22.1
[INFO] [stderr]    Compiling ryu v1.0.20
[INFO] [stderr]    Compiling dotenvy v0.15.7
[INFO] [stderr]    Compiling concurrent-queue v2.5.0
[INFO] [stderr]    Compiling crossbeam-queue v0.3.12
[INFO] [stderr]    Compiling event-listener v5.4.1
[INFO] [stderr]    Compiling futures-util v0.3.31
[INFO] [stderr]    Compiling generic-array v0.14.7
[INFO] [stderr]    Compiling indexmap v2.12.0
[INFO] [stderr]    Compiling syn v2.0.110
[INFO] [stderr]    Compiling hashlink v0.10.0
[INFO] [stderr]    Compiling crypto-common v0.1.7
[INFO] [stderr]    Compiling block-buffer v0.10.4
[INFO] [stderr]    Compiling digest v0.10.7
[INFO] [stderr]    Compiling parking_lot v0.12.5
[INFO] [stderr]    Compiling sha2 v0.10.9
[INFO] [stderr]    Compiling futures-intrusive v0.5.0
[INFO] [stderr]    Compiling synstructure v0.13.2
[INFO] [stderr]    Compiling zerofrom-derive v0.1.6
[INFO] [stderr]    Compiling yoke-derive v0.8.1
[INFO] [stderr]    Compiling zerovec-derive v0.11.2
[INFO] [stderr]    Compiling displaydoc v0.2.5
[INFO] [stderr]    Compiling serde_derive v1.0.228
[INFO] [stderr]    Compiling thiserror-impl v2.0.17
[INFO] [stderr]    Compiling tracing-attributes v0.1.30
[INFO] [stderr]    Compiling zerofrom v0.1.6
[INFO] [stderr]    Compiling yoke v0.8.1
[INFO] [stderr]    Compiling tracing v0.1.41
[INFO] [stderr]    Compiling zerotrie v0.2.3
[INFO] [stderr]    Compiling zerovec v0.11.5
[INFO] [stderr]    Compiling tinystr v0.8.2
[INFO] [stderr]    Compiling potential_utf v0.1.4
[INFO] [stderr]    Compiling icu_collections v2.1.1
[INFO] [stderr]    Compiling icu_locale_core v2.1.1
[INFO] [stderr]    Compiling icu_provider v2.1.1
[INFO] [stderr]    Compiling icu_normalizer v2.1.1
[INFO] [stderr]    Compiling icu_properties v2.1.1
[INFO] [stderr]    Compiling either v1.15.0
[INFO] [stderr]    Compiling idna_adapter v1.2.1
[INFO] [stderr]    Compiling idna v1.1.0
[INFO] [stderr]    Compiling url v2.5.7
[INFO] [stderr]    Compiling sqlx-core v0.8.6
[INFO] [stderr]    Compiling sqlx-macros-core v0.8.6
[INFO] [stderr]    Compiling sqlx-query-as-builder-macros v0.1.2
[INFO] [stderr]    Compiling sqlx-query-as-builder v0.1.2 (/opt/rustwide/workdir)
[INFO] [stderr]     Finished `dev` profile [unoptimized + debuginfo] target(s) in 10.10s
[INFO] running `Command { std: "docker" "inspect" "45e582caeced8c51047a072fbb5db84826fab7d877d804f374e95250e3fa5252", kill_on_drop: false }`
[INFO] running `Command { std: "docker" "exec" "-e" "SOURCE_DIR=/opt/rustwide/workdir" "-e" "CARGO_HOME=/opt/rustwide/cargo-home" "-e" "RUSTUP_HOME=/opt/rustwide/rustup-home" "-e" "CARGO_TARGET_DIR=/opt/rustwide/target" "-e" "CARGO_INCREMENTAL=0" "-e" "RUST_BACKTRACE=full" "-e" "RUSTFLAGS=--cap-lints=warn" "-e" "RUSTDOCFLAGS=--cap-lints=warn" "-w" "/opt/rustwide/workdir" "--user" "0:0" "45e582caeced8c51047a072fbb5db84826fab7d877d804f374e95250e3fa5252" "/opt/rustwide/cargo-home/bin/cargo" "+1.100.0-beta.1" "test" "--frozen" "--no-run" "--message-format=json", kill_on_drop: false }`
[INFO] [stderr]    Compiling smallvec v1.15.1
[INFO] [stderr]    Compiling futures-sink v0.3.31
[INFO] [stderr]    Compiling bytes v1.10.1
[INFO] [stderr]    Compiling icu_properties_data v2.1.1
[INFO] [stderr]    Compiling socket2 v0.6.1
[INFO] [stderr]    Compiling mio v1.1.0
[INFO] [stderr]    Compiling serde_json v1.0.145
[INFO] [stderr]    Compiling slab v0.4.11
[INFO] [stderr]    Compiling find-msvc-tools v0.1.4
[INFO] [stderr]    Compiling serde v1.0.228
[INFO] [stderr]    Compiling zerofrom v0.1.6
[INFO] [stderr]    Compiling tracing-core v0.1.34
[INFO] [stderr]    Compiling thiserror v2.0.17
[INFO] [stderr]    Compiling concurrent-queue v2.5.0
[INFO] [stderr]    Compiling pkg-config v0.3.32
[INFO] [stderr]    Compiling log v0.4.28
[INFO] [stderr]    Compiling crc-catalog v2.4.0
[INFO] [stderr]    Compiling hashbrown v0.16.0
[INFO] [stderr]    Compiling yoke v0.8.1
[INFO] [stderr]    Compiling futures-util v0.3.31
[INFO] [stderr]    Compiling crc v3.3.0
[INFO] [stderr]    Compiling cc v1.2.45
[INFO] [stderr]    Compiling event-listener v5.4.1
[INFO] [stderr]    Compiling parking_lot_core v0.9.12
[INFO] [stderr]    Compiling crossbeam-queue v0.3.12
[INFO] [stderr]    Compiling crypto-common v0.1.7
[INFO] [stderr]    Compiling zerovec v0.11.5
[INFO] [stderr]    Compiling zerotrie v0.2.3
[INFO] [stderr]    Compiling parking_lot v0.12.5
[INFO] [stderr]    Compiling digest v0.10.7
[INFO] [stderr]    Compiling flume v0.11.1
[INFO] [stderr]    Compiling tracing v0.1.41
[INFO] [stderr]    Compiling futures-intrusive v0.5.0
[INFO] [stderr]    Compiling tokio v1.48.0
[INFO] [stderr]    Compiling either v1.15.0
[INFO] [stderr]    Compiling serde_urlencoded v0.7.1
[INFO] [stderr]    Compiling sha2 v0.10.9
[INFO] [stderr]    Compiling atoi v2.0.0
[INFO] [stderr]    Compiling indexmap v2.12.0
[INFO] [stderr]    Compiling futures-channel v0.3.31
[INFO] [stderr]    Compiling tokio-macros v2.6.0
[INFO] [stderr]    Compiling signal-hook-registry v1.4.6
[INFO] [stderr]    Compiling fnv v1.0.7
[INFO] [stderr]    Compiling prettyplease v0.2.37
[INFO] [stderr]    Compiling darling_core v0.21.3
[INFO] [stderr]    Compiling tinystr v0.8.2
[INFO] [stderr]    Compiling potential_utf v0.1.4
[INFO] [stderr]    Compiling icu_collections v2.1.1
[INFO] [stderr]    Compiling icu_locale_core v2.1.1
[INFO] [stderr]    Compiling libsqlite3-sys v0.30.1
[INFO] [stderr]    Compiling icu_provider v2.1.1
[INFO] [stderr]    Compiling icu_properties v2.1.1
[INFO] [stderr]    Compiling icu_normalizer v2.1.1
[INFO] [stderr]    Compiling futures-executor v0.3.31
[INFO] [stderr]    Compiling darling_macro v0.21.3
[INFO] [stderr]    Compiling idna_adapter v1.2.1
[INFO] [stderr]    Compiling darling v0.21.3
[INFO] [stderr]    Compiling idna v1.1.0
[INFO] [stderr]    Compiling bon-macros v3.8.1
[INFO] [stderr]    Compiling url v2.5.7
[INFO] [stderr]    Compiling tokio-stream v0.1.17
[INFO] [stderr]    Compiling sqlx-core v0.8.6
[INFO] [stderr]    Compiling bon v3.8.1
[INFO] [stderr]    Compiling sqlx-sqlite v0.8.6
[INFO] [stderr]    Compiling sqlx-macros-core v0.8.6
[INFO] [stderr]    Compiling sqlx-query-as-builder-macros v0.1.2
[INFO] [stderr]    Compiling sqlx-macros v0.8.6
[INFO] [stderr]    Compiling sqlx v0.8.6
[INFO] [stderr]    Compiling sqlx-query-as-builder v0.1.2 (/opt/rustwide/workdir)
[INFO] [stdout] error: set `DATABASE_URL` to use query macros online, or run `cargo sqlx prepare` to update the query cache
[INFO] [stdout]   --> tests/integration_test.rs:19:16
[INFO] [stdout]    |
[INFO] [stdout] 19 |       let user = query_as_builder!(
[INFO] [stdout]    |  ________________^
[INFO] [stdout] 20 | |         User::builder(),
[INFO] [stdout] 21 | |         r#"SELECT id, name, email, age as "maybe_age" FROM users WHERE id = ?"#,
[INFO] [stdout] 22 | |         user_id
[INFO] [stdout] 23 | |     )
[INFO] [stdout]    | |_____^
[INFO] [stdout]    |
[INFO] [stdout]    = note: this error originates in the macro `$crate::sqlx_query_as_builder_macros::expand_query_as_builder` which comes from the expansion of the macro `query_as_builder` (in Nightly builds, run with -Z macro-backtrace for more info)
[INFO] [stdout] 
[INFO] [stdout] 
[INFO] [stdout] error: set `DATABASE_URL` to use query macros online, or run `cargo sqlx prepare` to update the query cache
[INFO] [stdout]   --> tests/integration_test.rs:42:28
[INFO] [stdout]    |
[INFO] [stdout] 42 |       let users: Vec<User> = query_as_builder!(
[INFO] [stdout]    |  ____________________________^
[INFO] [stdout] 43 | |         User::builder(),
[INFO] [stdout] 44 | |         r#"SELECT id, name, email, age as "maybe_age" FROM users"#
[INFO] [stdout] 45 | |     )
[INFO] [stdout]    | |_____^
[INFO] [stdout]    |
[INFO] [stdout]    = note: this error originates in the macro `$crate::sqlx_query_as_builder_macros::expand_query_as_builder` which comes from the expansion of the macro `query_as_builder` (in Nightly builds, run with -Z macro-backtrace for more info)
[INFO] [stdout] 
[INFO] [stdout] 
[INFO] [stdout] error: set `DATABASE_URL` to use query macros online, or run `cargo sqlx prepare` to update the query cache
[INFO] [stdout]   --> tests/integration_test.rs:71:28
[INFO] [stdout]    |
[INFO] [stdout] 71 |       let users: Vec<User> = query_as_builder!(
[INFO] [stdout]    |  ____________________________^
[INFO] [stdout] 72 | |         User::builder(),
[INFO] [stdout] 73 | |         r#"SELECT id, name, email, age as "maybe_age" FROM users WHERE age >= ?"#,
[INFO] [stdout] 74 | |         min_age
[INFO] [stdout] 75 | |     )
[INFO] [stdout]    | |_____^
[INFO] [stdout]    |
[INFO] [stdout]    = note: this error originates in the macro `$crate::sqlx_query_as_builder_macros::expand_query_as_builder` which comes from the expansion of the macro `query_as_builder` (in Nightly builds, run with -Z macro-backtrace for more info)
[INFO] [stdout] 
[INFO] [stdout] 
[INFO] [stdout] error: set `DATABASE_URL` to use query macros online, or run `cargo sqlx prepare` to update the query cache
[INFO] [stdout]   --> tests/integration_test.rs:93:16
[INFO] [stdout]    |
[INFO] [stdout] 93 |       let user = query_as_builder!(
[INFO] [stdout]    |  ________________^
[INFO] [stdout] 94 | |         User::builder(),
[INFO] [stdout] 95 | |         r#"SELECT id, name, email, age as "maybe_age" FROM users WHERE id = ?"#,
[INFO] [stdout] 96 | |         user_id
[INFO] [stdout] 97 | |     )
[INFO] [stdout]    | |_____^
[INFO] [stdout]    |
[INFO] [stdout]    = note: this error originates in the macro `$crate::sqlx_query_as_builder_macros::expand_query_as_builder` which comes from the expansion of the macro `query_as_builder` (in Nightly builds, run with -Z macro-backtrace for more info)
[INFO] [stdout] 
[INFO] [stdout] 
[INFO] [stdout] error: set `DATABASE_URL` to use query macros online, or run `cargo sqlx prepare` to update the query cache
[INFO] [stdout]    --> tests/integration_test.rs:114:16
[INFO] [stdout]     |
[INFO] [stdout] 114 |     let user = query_file_as_builder!(User::builder(), "tests/queries/get_user.sql", user_id)
[INFO] [stdout]     |                ^^^^^^^^^^^^^^^^^^^^^^^^^^^^^^^^^^^^^^^^^^^^^^^^^^^^^^^^^^^^^^^^^^^^^^^^^^^^^^
[INFO] [stdout]     |
[INFO] [stdout]     = note: this error originates in the macro `$crate::sqlx_query_as_builder_macros::expand_query_as_builder` which comes from the expansion of the macro `query_file_as_builder` (in Nightly builds, run with -Z macro-backtrace for more info)
[INFO] [stdout] 
[INFO] [stdout] 
[INFO] [stdout] warning: method call on a diverging inference variable
[INFO] [stdout]   --> tests/integration_test.rs:26:6
[INFO] [stdout]    |
[INFO] [stdout] 26 |     .role("admin".to_string())
[INFO] [stdout]    |      ^^^^
[INFO] [stdout]    |
[INFO] [stdout]    = help: consider providing a type annotation
[INFO] [stdout]    = warning: this was previously accepted by the compiler but is being phased out; it will become a hard error in a future release!
[INFO] [stdout]    = note: for more information, see issue #156047 <https://github.com/rust-lang/rust/issues/156047>
[INFO] [stdout]    = note: `#[warn(method_call_on_diverging_infer_var)]` (part of `#[warn(future_incompatible)]`) on by default
[INFO] [stdout] 
[INFO] [stdout] 
[INFO] [stdout] error[E0599]: no method named `role` found for type `_` in the current scope
[INFO] [stdout]   --> tests/integration_test.rs:26:6
[INFO] [stdout]    |
[INFO] [stdout] 19 |     let user = query_as_builder!(
[INFO] [stdout] 20 |         User::builder(),
[INFO] [stdout] 21 |         r#"SELECT id, name, email, age as "maybe_age" FROM users WHERE id = ?"#,
[INFO] [stdout] 22 |         user_id
[INFO] [stdout] 23 |     )
[INFO] [stdout] 24 |     .fetch_one(&pool)
[INFO] [stdout] 25 |     .await?
[INFO] [stdout] 26 |     .role("admin".to_string())
[INFO] [stdout]    |      ^^^^
[INFO] [stdout]    |
[INFO] [stdout] help: there is a method `resolve` with a similar name, but with different arguments
[INFO] [stdout]   --> /opt/rustwide/cargo-home/registry/src/index.crates.io-1949cf8c6b5b557f/sqlx-core-0.8.6/src/migrate/source.rs:26:5
[INFO] [stdout]    |
[INFO] [stdout] 26 |     fn resolve(self) -> BoxFuture<'s, Result<Vec<Migration>, BoxDynError>>;
[INFO] [stdout]    |     ^^^^^^^^^^^^^^^^^^^^^^^^^^^^^^^^^^^^^^^^^^^^^^^^^^^^^^^^^^^^^^^^^^^^^^^
[INFO] [stdout] 
[INFO] [stdout] 
[INFO] [stdout] warning: method call on a diverging inference variable
[INFO] [stdout]   --> tests/integration_test.rs:48:6
[INFO] [stdout]    |
[INFO] [stdout] 48 |     .into_iter()
[INFO] [stdout]    |      ^^^^^^^^^
[INFO] [stdout]    |
[INFO] [stdout]    = help: consider providing a type annotation
[INFO] [stdout]    = warning: this was previously accepted by the compiler but is being phased out; it will become a hard error in a future release!
[INFO] [stdout]    = note: for more information, see issue #156047 <https://github.com/rust-lang/rust/issues/156047>
[INFO] [stdout] 
[INFO] [stdout] 
[INFO] [stdout] error[E0277]: `!` is not an iterator
[INFO] [stdout]   --> tests/integration_test.rs:48:6
[INFO] [stdout]    |
[INFO] [stdout] 48 |     .into_iter()
[INFO] [stdout]    |      ^^^^^^^^^ `!` is not an iterator
[INFO] [stdout]    |
[INFO] [stdout]    = help: the trait `Iterator` is not implemented for `!`
[INFO] [stdout]    = note: required for `!` to implement `IntoIterator`
[INFO] [stdout] 
[INFO] [stdout] 
[INFO] [stdout] error[E0599]: `!` is not an iterator
[INFO] [stdout]   --> tests/integration_test.rs:49:6
[INFO] [stdout]    |
[INFO] [stdout] 42 |     let users: Vec<User> = query_as_builder!(
[INFO] [stdout] 43 |         User::builder(),
[INFO] [stdout] 44 |         r#"SELECT id, name, email, age as "maybe_age" FROM users"#
[INFO] [stdout] 45 |     )
[INFO] [stdout] 46 |     .fetch_all(&pool)
[INFO] [stdout] 47 |     .await?
[INFO] [stdout] 48 |     .into_iter()
[INFO] [stdout] 49 |     .map(|builder| builder.role("user".to_string()).verified(false).build())
[INFO] [stdout]    |      ^^^ `!` is not an iterator
[INFO] [stdout]    |
[INFO] [stdout]    = note: the following trait bounds were not satisfied:
[INFO] [stdout]            `!: Iterator`
[INFO] [stdout]            which is required by `&mut !: Iterator`
[INFO] [stdout] 
[INFO] [stdout] 
[INFO] [stdout] warning: unreachable expression
[INFO] [stdout]   --> tests/integration_test.rs:49:10
[INFO] [stdout]    |
[INFO] [stdout] 42 |       let users: Vec<User> = query_as_builder!(
[INFO] [stdout]    |  ____________________________-
[INFO] [stdout] 43 | |         User::builder(),
[INFO] [stdout] 44 | |         r#"SELECT id, name, email, age as "maybe_age" FROM users"#
[INFO] [stdout] ...  |
[INFO] [stdout] 47 | |     .await?
[INFO] [stdout] 48 | |     .into_iter()
[INFO] [stdout]    | |________________- any code following this expression is unreachable
[INFO] [stdout] 49 |       .map(|builder| builder.role("user".to_string()).verified(false).build())
[INFO] [stdout]    |            ^^^^^^^^^^^^^^^^^^^^^^^^^^^^^^^^^^^^^^^^^^^^^^^^^^^^^^^^^^^^^^^^^^ unreachable expression
[INFO] [stdout]    |
[INFO] [stdout]    = note: `#[warn(unreachable_code)]` (part of `#[warn(unused)]`) on by default
[INFO] [stdout] 
[INFO] [stdout] 
[INFO] [stdout] warning: method call on a diverging inference variable
[INFO] [stdout]   --> tests/integration_test.rs:78:6
[INFO] [stdout]    |
[INFO] [stdout] 78 |     .into_iter()
[INFO] [stdout]    |      ^^^^^^^^^
[INFO] [stdout]    |
[INFO] [stdout]    = help: consider providing a type annotation
[INFO] [stdout]    = warning: this was previously accepted by the compiler but is being phased out; it will become a hard error in a future release!
[INFO] [stdout]    = note: for more information, see issue #156047 <https://github.com/rust-lang/rust/issues/156047>
[INFO] [stdout] 
[INFO] [stdout] 
[INFO] [stdout] error[E0277]: `!` is not an iterator
[INFO] [stdout]   --> tests/integration_test.rs:78:6
[INFO] [stdout]    |
[INFO] [stdout] 78 |     .into_iter()
[INFO] [stdout]    |      ^^^^^^^^^ `!` is not an iterator
[INFO] [stdout]    |
[INFO] [stdout]    = help: the trait `Iterator` is not implemented for `!`
[INFO] [stdout]    = note: required for `!` to implement `IntoIterator`
[INFO] [stdout] 
[INFO] [stdout] 
[INFO] [stdout] error[E0599]: `!` is not an iterator
[INFO] [stdout]   --> tests/integration_test.rs:79:6
[INFO] [stdout]    |
[INFO] [stdout] 71 |     let users: Vec<User> = query_as_builder!(
[INFO] [stdout] 72 |         User::builder(),
[INFO] [stdout] 73 |         r#"SELECT id, name, email, age as "maybe_age" FROM users WHERE age >= ?"#,
[INFO] [stdout] 74 |         min_age
[INFO] [stdout] 75 |     )
[INFO] [stdout] 76 |     .fetch_all(&pool)
[INFO] [stdout] 77 |     .await?
[INFO] [stdout] 78 |     .into_iter()
[INFO] [stdout] 79 |     .map(|builder| builder.verified(true).build())
[INFO] [stdout]    |      ^^^ `!` is not an iterator
[INFO] [stdout]    |
[INFO] [stdout]    = note: the following trait bounds were not satisfied:
[INFO] [stdout]            `!: Iterator`
[INFO] [stdout]            which is required by `&mut !: Iterator`
[INFO] [stdout] 
[INFO] [stdout] 
[INFO] [stdout] warning: unreachable expression
[INFO] [stdout]   --> tests/integration_test.rs:79:10
[INFO] [stdout]    |
[INFO] [stdout] 71 |       let users: Vec<User> = query_as_builder!(
[INFO] [stdout]    |  ____________________________-
[INFO] [stdout] 72 | |         User::builder(),
[INFO] [stdout] 73 | |         r#"SELECT id, name, email, age as "maybe_age" FROM users WHERE age >= ?"#,
[INFO] [stdout] 74 | |         min_age
[INFO] [stdout] ...  |
[INFO] [stdout] 77 | |     .await?
[INFO] [stdout] 78 | |     .into_iter()
[INFO] [stdout]    | |________________- any code following this expression is unreachable
[INFO] [stdout] 79 |       .map(|builder| builder.verified(true).build())
[INFO] [stdout]    |            ^^^^^^^^^^^^^^^^^^^^^^^^^^^^^^^^^^^^^^^^ unreachable expression
[INFO] [stdout] 
[INFO] [stdout] 
[INFO] [stdout] warning: method call on a diverging inference variable
[INFO] [stdout]    --> tests/integration_test.rs:100:6
[INFO] [stdout]     |
[INFO] [stdout] 100 |     .build();
[INFO] [stdout]     |      ^^^^^
[INFO] [stdout]     |
[INFO] [stdout]     = help: consider providing a type annotation
[INFO] [stdout]     = warning: this was previously accepted by the compiler but is being phased out; it will become a hard error in a future release!
[INFO] [stdout]     = note: for more information, see issue #156047 <https://github.com/rust-lang/rust/issues/156047>
[INFO] [stdout] 
[INFO] [stdout] 
[INFO] [stdout] error[E0599]: no method named `build` found for type `_` in the current scope
[INFO] [stdout]    --> tests/integration_test.rs:100:6
[INFO] [stdout]     |
[INFO] [stdout]  93 |     let user = query_as_builder!(
[INFO] [stdout]  94 |         User::builder(),
[INFO] [stdout]  95 |         r#"SELECT id, name, email, age as "maybe_age" FROM users WHERE id = ?"#,
[INFO] [stdout]  96 |         user_id
[INFO] [stdout]  97 |     )
[INFO] [stdout]  98 |     .fetch_one(&pool)
[INFO] [stdout]  99 |     .await?
[INFO] [stdout] 100 |     .build();
[INFO] [stdout]     |      ^^^^^ method not found in `_`
[INFO] [stdout] 
[INFO] [stdout] 
[INFO] [stdout] warning: method call on a diverging inference variable
[INFO] [stdout]    --> tests/integration_test.rs:117:10
[INFO] [stdout]     |
[INFO] [stdout] 117 |         .role("moderator".to_string())
[INFO] [stdout]     |          ^^^^
[INFO] [stdout]     |
[INFO] [stdout]     = help: consider providing a type annotation
[INFO] [stdout]     = warning: this was previously accepted by the compiler but is being phased out; it will become a hard error in a future release!
[INFO] [stdout]     = note: for more information, see issue #156047 <https://github.com/rust-lang/rust/issues/156047>
[INFO] [stdout] 
[INFO] [stdout] 
[INFO] [stdout] error[E0599]: no method named `role` found for type `_` in the current scope
[INFO] [stdout]    --> tests/integration_test.rs:117:10
[INFO] [stdout]     |
[INFO] [stdout] 114 |     let user = query_file_as_builder!(User::builder(), "tests/queries/get_user.sql", user_id)
[INFO] [stdout] 115 |         .fetch_one(&pool)
[INFO] [stdout] 116 |         .await?
[INFO] [stdout] 117 |         .role("moderator".to_string())
[INFO] [stdout]     |          ^^^^
[INFO] [stdout]     |
[INFO] [stdout] help: there is a method `resolve` with a similar name, but with different arguments
[INFO] [stdout]    --> /opt/rustwide/cargo-home/registry/src/index.crates.io-1949cf8c6b5b557f/sqlx-core-0.8.6/src/migrate/source.rs:26:5
[INFO] [stdout]     |
[INFO] [stdout]  26 |     fn resolve(self) -> BoxFuture<'s, Result<Vec<Migration>, BoxDynError>>;
[INFO] [stdout]     |     ^^^^^^^^^^^^^^^^^^^^^^^^^^^^^^^^^^^^^^^^^^^^^^^^^^^^^^^^^^^^^^^^^^^^^^^
[INFO] [stdout] 
[INFO] [stdout] 
[INFO] [stdout] Some errors have detailed explanations: E0277, E0599.
[INFO] [stdout] 
[INFO] [stdout] For more information about an error, try `rustc --explain E0277`.
[INFO] [stdout] 
[INFO] [stderr] error: could not compile `sqlx-query-as-builder` (test "integration_test") due to 12 previous errors; 12 warnings emitted
[INFO] running `Command { std: "docker" "inspect" "45e582caeced8c51047a072fbb5db84826fab7d877d804f374e95250e3fa5252", kill_on_drop: false }`
[INFO] running `Command { std: "docker" "rm" "-f" "45e582caeced8c51047a072fbb5db84826fab7d877d804f374e95250e3fa5252", kill_on_drop: false }`
[INFO] [stdout] 45e582caeced8c51047a072fbb5db84826fab7d877d804f374e95250e3fa5252
