[INFO] fetching crate sqlite-wasm-rs 0.6.1...
[INFO] testing sqlite-wasm-rs-0.6.1 against 1.100.0-beta.1 for beta-1.100-2
[INFO] extracting crate sqlite-wasm-rs 0.6.1 into /workspace/builds/worker-7-tc2/source
[INFO] started tweaking crates.io crate sqlite-wasm-rs 0.6.1
[INFO] finished tweaking crates.io crate sqlite-wasm-rs 0.6.1
[INFO] tweaked toml for crates.io crate sqlite-wasm-rs 0.6.1 written to /workspace/builds/worker-7-tc2/source/Cargo.toml
[INFO] validating manifest of crates.io crate sqlite-wasm-rs 0.6.1 on toolchain 1.100.0-beta.1
[INFO] running `Command { std: CARGO_HOME="/workspace/cargo-home" RUSTUP_HOME="/workspace/rustup-home" "/workspace/cargo-home/bin/cargo" "+1.100.0-beta.1" "metadata" "--manifest-path" "Cargo.toml" "--no-deps", kill_on_drop: false }`
[INFO] crate crates.io crate sqlite-wasm-rs 0.6.1 already has a lockfile, it will not be regenerated
[INFO] running `Command { std: CARGO_HOME="/workspace/cargo-home" RUSTUP_HOME="/workspace/rustup-home" "/workspace/cargo-home/bin/cargo" "+1.100.0-beta.1" "fetch" "--manifest-path" "Cargo.toml", kill_on_drop: false }`
[INFO] running `Command { std: "docker" "create" "-v" "/var/lib/crater-agent-workspace/builds/worker-7-tc2/source:/opt/rustwide/workdir:ro,Z" "-v" "/var/lib/crater-agent-workspace/builds/worker-7-tc2/target:/opt/rustwide/target:rw,Z" "-v" "/var/lib/crater-agent-workspace/cargo-home:/opt/rustwide/cargo-home:ro,Z" "-v" "/var/lib/crater-agent-workspace/rustup-home:/opt/rustwide/rustup-home:ro,Z" "-m" "1610612736" "--network" "none" "ghcr.io/rust-lang/crates-build-env/linux@sha256:3111399a4047eeb3a02b7a90e478d715f38a8c6669b5c4b49d30a17385265909" "sleep" "infinity", kill_on_drop: false }`
[INFO] [stdout] 09c291960a907f38659a17c60d74ae6d455e85601ca7e3a226fb30d5ade89293
[INFO] running `Command { std: "docker" "start" "09c291960a907f38659a17c60d74ae6d455e85601ca7e3a226fb30d5ade89293", kill_on_drop: false }`
[INFO] running `Command { std: "docker" "inspect" "09c291960a907f38659a17c60d74ae6d455e85601ca7e3a226fb30d5ade89293", kill_on_drop: false }`
[INFO] running `Command { std: "docker" "exec" "-e" "SOURCE_DIR=/opt/rustwide/workdir" "-e" "CARGO_HOME=/opt/rustwide/cargo-home" "-e" "RUSTUP_HOME=/opt/rustwide/rustup-home" "-e" "CARGO_TARGET_DIR=/opt/rustwide/target" "-w" "/opt/rustwide/workdir" "--user" "0:0" "09c291960a907f38659a17c60d74ae6d455e85601ca7e3a226fb30d5ade89293" "/opt/rustwide/cargo-home/bin/cargo" "+1.100.0-beta.1" "metadata" "--no-deps" "--format-version=1", kill_on_drop: false }`
[INFO] running `Command { std: "docker" "inspect" "09c291960a907f38659a17c60d74ae6d455e85601ca7e3a226fb30d5ade89293", kill_on_drop: false }`
[INFO] running `Command { std: "docker" "exec" "-e" "SOURCE_DIR=/opt/rustwide/workdir" "-e" "CARGO_HOME=/opt/rustwide/cargo-home" "-e" "RUSTUP_HOME=/opt/rustwide/rustup-home" "-e" "CARGO_TARGET_DIR=/opt/rustwide/target" "-e" "CARGO_INCREMENTAL=0" "-e" "RUST_BACKTRACE=full" "-e" "RUSTFLAGS=--cap-lints=warn" "-e" "RUSTDOCFLAGS=--cap-lints=warn" "-w" "/opt/rustwide/workdir" "--user" "0:0" "09c291960a907f38659a17c60d74ae6d455e85601ca7e3a226fb30d5ade89293" "/opt/rustwide/cargo-home/bin/cargo" "+1.100.0-beta.1" "build" "--frozen" "--message-format=json", kill_on_drop: false }`
[INFO] [stderr]    Compiling find-msvc-tools v0.1.13
[INFO] [stderr]    Compiling thiserror v2.0.20
[INFO] [stderr]    Compiling syn v3.0.6
[INFO] [stderr]    Compiling cc v1.4.7
[INFO] [stderr]    Compiling sqlite-wasm-rs v0.6.1 (/opt/rustwide/workdir)
[INFO] [stderr] warning: sqlite-wasm-rs@0.6.1: In file included from /usr/include/stdint.h:26,
[INFO] [stderr] warning: sqlite-wasm-rs@0.6.1:                  from /usr/lib/gcc/x86_64-linux-gnu/15/include/stdint.h:11,
[INFO] [stderr] warning: sqlite-wasm-rs@0.6.1:                  from ./shim/wasm-shim.h:2,
[INFO] [stderr] warning: sqlite-wasm-rs@0.6.1:                  from <command-line>:
[INFO] [stderr] warning: sqlite-wasm-rs@0.6.1: /usr/include/x86_64-linux-gnu/bits/libc-header-start.h:74:17: error: missing binary operator before token '('
[INFO] [stderr] warning: sqlite-wasm-rs@0.6.1:    74 | #if __GLIBC_USE (IEC_60559_BFP_EXT) || __GLIBC_USE (ISOC23)
[INFO] [stderr] warning: sqlite-wasm-rs@0.6.1:       |                 ^
[INFO] [stderr] warning: sqlite-wasm-rs@0.6.1: /usr/include/x86_64-linux-gnu/bits/libc-header-start.h:80:17: error: missing binary operator before token '('
[INFO] [stderr] warning: sqlite-wasm-rs@0.6.1:    80 | #if __GLIBC_USE (IEC_60559_BFP_EXT) || defined __STDC_WANT_IEC_60559_EXT__
[INFO] [stderr] warning: sqlite-wasm-rs@0.6.1:       |                 ^
[INFO] [stderr] warning: sqlite-wasm-rs@0.6.1: /usr/include/x86_64-linux-gnu/bits/libc-header-start.h:97:17: error: missing binary operator before token '('
[INFO] [stderr] warning: sqlite-wasm-rs@0.6.1:    97 | #if __GLIBC_USE (IEC_60559_FUNCS_EXT) || __GLIBC_USE (ISOC23)
[INFO] [stderr] warning: sqlite-wasm-rs@0.6.1:       |                 ^
[INFO] [stderr] warning: sqlite-wasm-rs@0.6.1: /usr/include/stdint.h:31:17: error: missing binary operator before token '('
[INFO] [stderr] warning: sqlite-wasm-rs@0.6.1:    31 | #if __GLIBC_USE (ISOC23)
[INFO] [stderr] warning: sqlite-wasm-rs@0.6.1:       |                 ^
[INFO] [stderr] warning: sqlite-wasm-rs@0.6.1: /usr/include/stdint.h:271:17: error: missing binary operator before token '('
[INFO] [stderr] warning: sqlite-wasm-rs@0.6.1:   271 | #if __GLIBC_USE (IEC_60559_BFP_EXT_C23)
[INFO] [stderr] warning: sqlite-wasm-rs@0.6.1:       |                 ^
[INFO] [stderr] warning: sqlite-wasm-rs@0.6.1: In file included from /usr/include/limits.h:26,
[INFO] [stderr] warning: sqlite-wasm-rs@0.6.1:                  from /usr/lib/gcc/x86_64-linux-gnu/15/include/limits.h:210,
[INFO] [stderr] warning: sqlite-wasm-rs@0.6.1:                  from /usr/lib/gcc/x86_64-linux-gnu/15/include/syslimits.h:9,
[INFO] [stderr] warning: sqlite-wasm-rs@0.6.1:                  from /usr/lib/gcc/x86_64-linux-gnu/15/include/limits.h:34,
[INFO] [stderr] warning: sqlite-wasm-rs@0.6.1:                  from shim/printf/printf.c:55:
[INFO] [stderr] warning: sqlite-wasm-rs@0.6.1: /usr/include/x86_64-linux-gnu/bits/libc-header-start.h:74:17: error: missing binary operator before token '('
[INFO] [stderr] warning: sqlite-wasm-rs@0.6.1:    74 | #if __GLIBC_USE (IEC_60559_BFP_EXT) || __GLIBC_USE (ISOC23)
[INFO] [stderr] warning: sqlite-wasm-rs@0.6.1:       |                 ^
[INFO] [stderr] warning: sqlite-wasm-rs@0.6.1: /usr/include/x86_64-linux-gnu/bits/libc-header-start.h:80:17: error: missing binary operator before token '('
[INFO] [stderr] warning: sqlite-wasm-rs@0.6.1:    80 | #if __GLIBC_USE (IEC_60559_BFP_EXT) || defined __STDC_WANT_IEC_60559_EXT__
[INFO] [stderr] warning: sqlite-wasm-rs@0.6.1:       |                 ^
[INFO] [stderr] warning: sqlite-wasm-rs@0.6.1: /usr/include/x86_64-linux-gnu/bits/libc-header-start.h:97:17: error: missing binary operator before token '('
[INFO] [stderr] warning: sqlite-wasm-rs@0.6.1:    97 | #if __GLIBC_USE (IEC_60559_FUNCS_EXT) || __GLIBC_USE (ISOC23)
[INFO] [stderr] warning: sqlite-wasm-rs@0.6.1:       |                 ^
[INFO] [stderr] warning: sqlite-wasm-rs@0.6.1: /usr/include/limits.h:145:17: error: missing binary operator before token '('
[INFO] [stderr] warning: sqlite-wasm-rs@0.6.1:   145 | #if __GLIBC_USE (IEC_60559_BFP_EXT_C23)
[INFO] [stderr] warning: sqlite-wasm-rs@0.6.1:       |                 ^
[INFO] [stderr] warning: sqlite-wasm-rs@0.6.1: /usr/include/limits.h:184:17: error: missing binary operator before token '('
[INFO] [stderr] warning: sqlite-wasm-rs@0.6.1:   184 | #if __GLIBC_USE (ISOC23)
[INFO] [stderr] warning: sqlite-wasm-rs@0.6.1:       |                 ^
[INFO] [stderr] warning: sqlite-wasm-rs@0.6.1: cc1: note: unrecognized command-line option '-Wno-macro-redefined' may have been intended to silence earlier diagnostics
[INFO] [stderr] error: failed to run custom build command for `sqlite-wasm-rs v0.6.1 (/opt/rustwide/workdir)`
[INFO] [stderr] note: To improve backtraces for build dependencies, set the CARGO_PROFILE_DEV_BUILD_OVERRIDE_DEBUG=true environment variable to enable debug information generation.
[INFO] [stderr] 
[INFO] [stderr] Caused by:
[INFO] [stderr]   process didn't exit successfully: `/opt/rustwide/target/debug/build/sqlite-wasm-rs/82abd8bb3b2a5687/out/build_script_build` (exit status: 1)
[INFO] [stderr]   --- stdout
[INFO] [stderr]   cargo::rerun-if-env-changed=SQLITE_WASM_RS_UPDATE_BINDGEN
[INFO] [stderr]   cargo::rerun-if-env-changed=SQLITE_WASM_RS_SOURCE_DIR
[INFO] [stderr]   cargo::rerun-if-changed=shim
[INFO] [stderr]   cargo::rerun-if-changed=sqlite3
[INFO] [stderr]   cargo:rerun-if-env-changed=CC_FORCE_DISABLE
[INFO] [stderr]   CC_FORCE_DISABLE = None
[INFO] [stderr]   cargo:rerun-if-env-changed=CC_x86_64-unknown-linux-gnu
[INFO] [stderr]   CC_x86_64-unknown-linux-gnu = None
[INFO] [stderr]   cargo:rerun-if-env-changed=CC_x86_64_unknown_linux_gnu
[INFO] [stderr]   CC_x86_64_unknown_linux_gnu = None
[INFO] [stderr]   cargo:rerun-if-env-changed=HOST_CC
[INFO] [stderr]   HOST_CC = None
[INFO] [stderr]   cargo:rerun-if-env-changed=CC
[INFO] [stderr]   CC = None
[INFO] [stderr]   cargo:rerun-if-env-changed=CC_ENABLE_DEBUG_OUTPUT
[INFO] [stderr]   cargo:rerun-if-env-changed=CRATE_CC_NO_DEFAULTS
[INFO] [stderr]   CRATE_CC_NO_DEFAULTS = None
[INFO] [stderr]   cargo:rerun-if-env-changed=CRATE_CC_NO_DEFAULTS
[INFO] [stderr]   CRATE_CC_NO_DEFAULTS = None
[INFO] [stderr]   cargo:rerun-if-env-changed=CFLAGS
[INFO] [stderr]   CFLAGS = None
[INFO] [stderr]   cargo:rerun-if-env-changed=HOST_CFLAGS
[INFO] [stderr]   HOST_CFLAGS = None
[INFO] [stderr]   cargo:rerun-if-env-changed=CFLAGS_x86_64_unknown_linux_gnu
[INFO] [stderr]   CFLAGS_x86_64_unknown_linux_gnu = None
[INFO] [stderr]   cargo:rerun-if-env-changed=CFLAGS_x86_64-unknown-linux-gnu
[INFO] [stderr]   CFLAGS_x86_64-unknown-linux-gnu = None
[INFO] [stderr]   cargo:rerun-if-env-changed=CFLAGS
[INFO] [stderr]   CFLAGS = None
[INFO] [stderr]   cargo:rerun-if-env-changed=HOST_CFLAGS
[INFO] [stderr]   HOST_CFLAGS = None
[INFO] [stderr]   cargo:rerun-if-env-changed=CFLAGS_x86_64_unknown_linux_gnu
[INFO] [stderr]   CFLAGS_x86_64_unknown_linux_gnu = None
[INFO] [stderr]   cargo:rerun-if-env-changed=CFLAGS_x86_64-unknown-linux-gnu
[INFO] [stderr]   CFLAGS_x86_64-unknown-linux-gnu = None
[INFO] [stderr]   cargo:warning=In file included from /usr/include/stdint.h:26,
[INFO] [stderr]   cargo:warning=                 from /usr/lib/gcc/x86_64-linux-gnu/15/include/stdint.h:11,
[INFO] [stderr]   cargo:warning=                 from ./shim/wasm-shim.h:2,
[INFO] [stderr]   cargo:warning=                 from <command-line>:
[INFO] [stderr]   cargo:warning=/usr/include/x86_64-linux-gnu/bits/libc-header-start.h:74:17: error: missing binary operator before token '('
[INFO] [stderr]   cargo:warning=   74 | #if __GLIBC_USE (IEC_60559_BFP_EXT) || __GLIBC_USE (ISOC23)
[INFO] [stderr]   cargo:warning=      |                 ^
[INFO] [stderr]   cargo:warning=/usr/include/x86_64-linux-gnu/bits/libc-header-start.h:80:17: error: missing binary operator before token '('
[INFO] [stderr]   cargo:warning=   80 | #if __GLIBC_USE (IEC_60559_BFP_EXT) || defined __STDC_WANT_IEC_60559_EXT__
[INFO] [stderr]   cargo:warning=      |                 ^
[INFO] [stderr]   cargo:warning=/usr/include/x86_64-linux-gnu/bits/libc-header-start.h:97:17: error: missing binary operator before token '('
[INFO] [stderr]   cargo:warning=   97 | #if __GLIBC_USE (IEC_60559_FUNCS_EXT) || __GLIBC_USE (ISOC23)
[INFO] [stderr]   cargo:warning=      |                 ^
[INFO] [stderr]   cargo:warning=/usr/include/stdint.h:31:17: error: missing binary operator before token '('
[INFO] [stderr]   cargo:warning=   31 | #if __GLIBC_USE (ISOC23)
[INFO] [stderr]   cargo:warning=      |                 ^
[INFO] [stderr]   cargo:warning=/usr/include/stdint.h:271:17: error: missing binary operator before token '('
[INFO] [stderr]   cargo:warning=  271 | #if __GLIBC_USE (IEC_60559_BFP_EXT_C23)
[INFO] [stderr]   cargo:warning=      |                 ^
[INFO] [stderr]   cargo:warning=In file included from /usr/include/limits.h:26,
[INFO] [stderr]   cargo:warning=                 from /usr/lib/gcc/x86_64-linux-gnu/15/include/limits.h:210,
[INFO] [stderr]   cargo:warning=                 from /usr/lib/gcc/x86_64-linux-gnu/15/include/syslimits.h:9,
[INFO] [stderr]   cargo:warning=                 from /usr/lib/gcc/x86_64-linux-gnu/15/include/limits.h:34,
[INFO] [stderr]   cargo:warning=                 from shim/printf/printf.c:55:
[INFO] [stderr]   cargo:warning=/usr/include/x86_64-linux-gnu/bits/libc-header-start.h:74:17: error: missing binary operator before token '('
[INFO] [stderr]   cargo:warning=   74 | #if __GLIBC_USE (IEC_60559_BFP_EXT) || __GLIBC_USE (ISOC23)
[INFO] [stderr]   cargo:warning=      |                 ^
[INFO] [stderr]   cargo:warning=/usr/include/x86_64-linux-gnu/bits/libc-header-start.h:80:17: error: missing binary operator before token '('
[INFO] [stderr]   cargo:warning=   80 | #if __GLIBC_USE (IEC_60559_BFP_EXT) || defined __STDC_WANT_IEC_60559_EXT__
[INFO] [stderr]   cargo:warning=      |                 ^
[INFO] [stderr]   cargo:warning=/usr/include/x86_64-linux-gnu/bits/libc-header-start.h:97:17: error: missing binary operator before token '('
[INFO] [stderr]   cargo:warning=   97 | #if __GLIBC_USE (IEC_60559_FUNCS_EXT) || __GLIBC_USE (ISOC23)
[INFO] [stderr]   cargo:warning=      |                 ^
[INFO] [stderr]   cargo:warning=/usr/include/limits.h:145:17: error: missing binary operator before token '('
[INFO] [stderr]   cargo:warning=  145 | #if __GLIBC_USE (IEC_60559_BFP_EXT_C23)
[INFO] [stderr]   cargo:warning=      |                 ^
[INFO] [stderr]   cargo:warning=/usr/include/limits.h:184:17: error: missing binary operator before token '('
[INFO] [stderr]   cargo:warning=  184 | #if __GLIBC_USE (ISOC23)
[INFO] [stderr]   cargo:warning=      |                 ^
[INFO] [stderr]   cargo:warning=cc1: note: unrecognized command-line option '-Wno-macro-redefined' may have been intended to silence earlier diagnostics
[INFO] [stderr] 
[INFO] [stderr]   --- stderr
[INFO] [stderr] 
[INFO] [stderr] 
[INFO] [stderr]   error occurred in cc-rs: command did not execute successfully (status code exit status: 1): LC_ALL="C" "cc" "-O0" "-ffunction-sections" "-fdata-sections" "-fPIC" "-g" "-gdwarf-4" "-fno-omit-frame-pointer" "-mno-omit-leaf-frame-pointer" "-m64" "-I" "shim" "-I" "shim/musl/arch/generic" "-I" "shim/musl/include" "-w" "-Wno-macro-redefined" "-DPRINTF_ALIAS_STANDARD_FUNCTION_NAMES_HARD" "-include" "shim/wasm-shim.h" "-DSQLITE_OS_OTHER" "-DSQLITE_USE_URI" "-DSQLITE_THREADSAFE=0" "-DSQLITE_TEMP_STORE=2" "-DSQLITE_DEFAULT_CACHE_SIZE=-16384" "-DSQLITE_DEFAULT_PAGE_SIZE=8192" "-DSQLITE_OMIT_DEPRECATED" "-DSQLITE_OMIT_LOAD_EXTENSION" "-DSQLITE_OMIT_SHARED_CACHE" "-DSQLITE_ENABLE_UNLOCK_NOTIFY" "-DSQLITE_ENABLE_API_ARMOR" "-DSQLITE_ENABLE_BYTECODE_VTAB" "-DSQLITE_ENABLE_DBPAGE_VTAB" "-DSQLITE_ENABLE_DBSTAT_VTAB" "-DSQLITE_ENABLE_FTS5" "-DSQLITE_ENABLE_MATH_FUNCTIONS" "-DSQLITE_ENABLE_OFFSET_SQL_FUNC" "-DSQLITE_ENABLE_PREUPDATE_HOOK" "-DSQLITE_ENABLE_RTREE" "-DSQLITE_ENABLE_SESSION" "-DSQLITE_ENABLE_STMTVTAB" "-DSQLITE_ENABLE_UNKNOWN_SQL_FUNCTION" "-DSQLITE_ENABLE_COLUMN_METADATA" "-o" "/opt/rustwide/target/debug/build/sqlite-wasm-rs/de3ecb1d5a2cf46c/out/00ab591a9268141a-printf.o" "-c" "shim/printf/printf.c"
[INFO] [stderr] 
[INFO] [stderr] 
[INFO] [stderr] warning: build failed, waiting for other jobs to finish...
[INFO] running `Command { std: "docker" "inspect" "09c291960a907f38659a17c60d74ae6d455e85601ca7e3a226fb30d5ade89293", kill_on_drop: false }`
[INFO] running `Command { std: "docker" "rm" "-f" "09c291960a907f38659a17c60d74ae6d455e85601ca7e3a226fb30d5ade89293", kill_on_drop: false }`
[INFO] [stdout] 09c291960a907f38659a17c60d74ae6d455e85601ca7e3a226fb30d5ade89293
