[INFO] fetching crate sprs-rssn 0.11.4...
[INFO] testing sprs-rssn-0.11.4 against 1.99.0-beta.8 for beta-1.100-2
[INFO] extracting crate sprs-rssn 0.11.4 into /workspace/builds/worker-5-tc1/source
[INFO] started tweaking crates.io crate sprs-rssn 0.11.4
[INFO] removed 0 missing examples
[INFO] removed 0 missing tests
[INFO] finished tweaking crates.io crate sprs-rssn 0.11.4
[INFO] tweaked toml for crates.io crate sprs-rssn 0.11.4 written to /workspace/builds/worker-5-tc1/source/Cargo.toml
[INFO] validating manifest of crates.io crate sprs-rssn 0.11.4 on toolchain 1.99.0-beta.8
[INFO] running `Command { std: CARGO_HOME="/workspace/cargo-home" RUSTUP_HOME="/workspace/rustup-home" "/workspace/cargo-home/bin/cargo" "+1.99.0-beta.8" "metadata" "--manifest-path" "Cargo.toml" "--no-deps", kill_on_drop: false }`
[INFO] crate crates.io crate sprs-rssn 0.11.4 already has a lockfile, it will not be regenerated
[INFO] running `Command { std: CARGO_HOME="/workspace/cargo-home" RUSTUP_HOME="/workspace/rustup-home" "/workspace/cargo-home/bin/cargo" "+1.99.0-beta.8" "fetch" "--manifest-path" "Cargo.toml", kill_on_drop: false }`
[INFO] [stderr]  Downloading crates ...
[INFO] [stderr]   Downloaded moxcms v0.7.9
[INFO] [stderr]   Downloaded syn v2.0.109
[INFO] [stderr]   Downloaded image v0.25.8
[INFO] [stderr]   Downloaded pxfm v0.1.25
[INFO] running `Command { std: "docker" "create" "-v" "/var/lib/crater-agent-workspace/builds/worker-5-tc1/source:/opt/rustwide/workdir:ro,Z" "-v" "/var/lib/crater-agent-workspace/builds/worker-5-tc1/target:/opt/rustwide/target:rw,Z" "-v" "/var/lib/crater-agent-workspace/cargo-home:/opt/rustwide/cargo-home:ro,Z" "-v" "/var/lib/crater-agent-workspace/rustup-home:/opt/rustwide/rustup-home:ro,Z" "-m" "1610612736" "--network" "none" "ghcr.io/rust-lang/crates-build-env/linux@sha256:3111399a4047eeb3a02b7a90e478d715f38a8c6669b5c4b49d30a17385265909" "sleep" "infinity", kill_on_drop: false }`
[INFO] [stdout] 3774c848d6d1497a35263493f5b743eb7e21449b5fd2bd12eb54bf6d324d417f
[INFO] running `Command { std: "docker" "start" "3774c848d6d1497a35263493f5b743eb7e21449b5fd2bd12eb54bf6d324d417f", kill_on_drop: false }`
[INFO] running `Command { std: "docker" "inspect" "3774c848d6d1497a35263493f5b743eb7e21449b5fd2bd12eb54bf6d324d417f", kill_on_drop: false }`
[INFO] running `Command { std: "docker" "exec" "-e" "SOURCE_DIR=/opt/rustwide/workdir" "-e" "CARGO_HOME=/opt/rustwide/cargo-home" "-e" "RUSTUP_HOME=/opt/rustwide/rustup-home" "-e" "CARGO_TARGET_DIR=/opt/rustwide/target" "-w" "/opt/rustwide/workdir" "--user" "0:0" "3774c848d6d1497a35263493f5b743eb7e21449b5fd2bd12eb54bf6d324d417f" "/opt/rustwide/cargo-home/bin/cargo" "+1.99.0-beta.8" "metadata" "--no-deps" "--format-version=1", kill_on_drop: false }`
[INFO] running `Command { std: "docker" "inspect" "3774c848d6d1497a35263493f5b743eb7e21449b5fd2bd12eb54bf6d324d417f", kill_on_drop: false }`
[INFO] running `Command { std: "docker" "exec" "-e" "SOURCE_DIR=/opt/rustwide/workdir" "-e" "CARGO_HOME=/opt/rustwide/cargo-home" "-e" "RUSTUP_HOME=/opt/rustwide/rustup-home" "-e" "CARGO_TARGET_DIR=/opt/rustwide/target" "-e" "CARGO_INCREMENTAL=0" "-e" "RUST_BACKTRACE=full" "-e" "RUSTFLAGS=--cap-lints=warn" "-e" "RUSTDOCFLAGS=--cap-lints=warn" "-w" "/opt/rustwide/workdir" "--user" "0:0" "3774c848d6d1497a35263493f5b743eb7e21449b5fd2bd12eb54bf6d324d417f" "/opt/rustwide/cargo-home/bin/cargo" "+1.99.0-beta.8" "build" "--frozen" "--message-format=json", kill_on_drop: false }`
[INFO] [stderr]    Compiling libm v0.2.15
[INFO] [stderr]    Compiling num-traits v0.2.19
[INFO] [stderr]    Compiling num-complex v0.2.4
[INFO] [stderr]    Compiling matrixmultiply v0.3.10
[INFO] [stderr]    Compiling libc v0.2.177
[INFO] [stderr]    Compiling num_cpus v1.17.0
[INFO] [stderr]    Compiling approx v0.3.2
[INFO] [stderr]    Compiling num-complex v0.4.6
[INFO] [stderr]    Compiling num-integer v0.1.46
[INFO] [stderr]    Compiling alga v0.9.3
[INFO] [stderr]    Compiling ndarray v0.16.1
[INFO] [stderr]    Compiling sprs-rssn v0.11.4 (/opt/rustwide/workdir)
[INFO] [stderr]     Finished `dev` profile [unoptimized + debuginfo] target(s) in 9.80s
[INFO] running `Command { std: "docker" "inspect" "3774c848d6d1497a35263493f5b743eb7e21449b5fd2bd12eb54bf6d324d417f", kill_on_drop: false }`
[INFO] running `Command { std: "docker" "exec" "-e" "SOURCE_DIR=/opt/rustwide/workdir" "-e" "CARGO_HOME=/opt/rustwide/cargo-home" "-e" "RUSTUP_HOME=/opt/rustwide/rustup-home" "-e" "CARGO_TARGET_DIR=/opt/rustwide/target" "-e" "CARGO_INCREMENTAL=0" "-e" "RUST_BACKTRACE=full" "-e" "RUSTFLAGS=--cap-lints=warn" "-e" "RUSTDOCFLAGS=--cap-lints=warn" "-w" "/opt/rustwide/workdir" "--user" "0:0" "3774c848d6d1497a35263493f5b743eb7e21449b5fd2bd12eb54bf6d324d417f" "/opt/rustwide/cargo-home/bin/cargo" "+1.99.0-beta.8" "test" "--frozen" "--no-run" "--message-format=json", kill_on_drop: false }`
[INFO] [stderr]    Compiling simd-adler32 v0.3.7
[INFO] [stderr]    Compiling zerocopy v0.8.27
[INFO] [stderr]    Compiling ahash v0.8.12
[INFO] [stderr]    Compiling rustix v1.1.2
[INFO] [stderr]    Compiling once_cell v1.21.3
[INFO] [stderr]    Compiling serde v1.0.228
[INFO] [stderr]    Compiling pxfm v0.1.25
[INFO] [stderr]    Compiling getrandom v0.3.4
[INFO] [stderr]    Compiling virtue v0.0.18
[INFO] [stderr]    Compiling syn v2.0.109
[INFO] [stderr]    Compiling rand_core v0.9.3
[INFO] [stderr]    Compiling bytemuck v1.24.0
[INFO] [stderr]    Compiling unty v0.0.4
[INFO] [stderr]    Compiling bencher v0.1.5
[INFO] [stderr]    Compiling rand v0.9.2
[INFO] [stderr]    Compiling miniz_oxide v0.8.9
[INFO] [stderr]    Compiling fdeflate v0.3.7
[INFO] [stderr]    Compiling flate2 v1.1.5
[INFO] [stderr]    Compiling png v0.18.0
[INFO] [stderr]    Compiling bincode_derive v2.0.1
[INFO] [stderr]    Compiling bincode v2.0.1
[INFO] [stderr]    Compiling num-derive v0.4.2
[INFO] [stderr]    Compiling tempfile v3.23.0
[INFO] [stderr]    Compiling tobj v4.0.3
[INFO] [stderr]    Compiling moxcms v0.7.9
[INFO] [stderr]    Compiling image v0.25.8
[INFO] [stderr]    Compiling sprs-rssn v0.11.4 (/opt/rustwide/workdir)
[INFO] [stdout] error[E0432]: unresolved import `sprs`
[INFO] [stdout]  --> tests/asymmetric_operands.rs:4:5
[INFO] [stdout]   |
[INFO] [stdout] 4 |     sprs::CsVec,
[INFO] [stdout]   |     ^^^^ use of unresolved module or unlinked crate `sprs`
[INFO] [stdout]   |
[INFO] [stdout]   = help: if you wanted to use a crate named `sprs`, use `cargo add sprs` to add it to your `Cargo.toml`
[INFO] [stdout] 
[INFO] [stdout] 
[INFO] [stdout] error[E0432]: unresolved import `sprs`
[INFO] [stdout]  --> tests/slicing.rs:6:9
[INFO] [stdout]   |
[INFO] [stdout] 6 |     use sprs::CsMat;
[INFO] [stdout]   |         ^^^^ use of unresolved module or unlinked crate `sprs`
[INFO] [stdout]   |
[INFO] [stdout]   = help: if you wanted to use a crate named `sprs`, use `cargo add sprs` to add it to your `Cargo.toml`
[INFO] [stdout] 
[INFO] [stdout] 
[INFO] [stdout] error[E0432]: unresolved import `sprs`
[INFO] [stdout]   --> tests/slicing.rs:21:9
[INFO] [stdout]    |
[INFO] [stdout] 21 |     use sprs::CsMat;
[INFO] [stdout]    |         ^^^^ use of unresolved module or unlinked crate `sprs`
[INFO] [stdout]    |
[INFO] [stdout]    = help: if you wanted to use a crate named `sprs`, use `cargo add sprs` to add it to your `Cargo.toml`
[INFO] [stdout] 
[INFO] [stdout] 
[INFO] [stdout] error[E0432]: unresolved import `sprs`
[INFO] [stdout]   --> tests/slicing.rs:51:9
[INFO] [stdout]    |
[INFO] [stdout] 51 |     use sprs::CsMat;
[INFO] [stdout]    |         ^^^^ use of unresolved module or unlinked crate `sprs`
[INFO] [stdout]    |
[INFO] [stdout]    = help: if you wanted to use a crate named `sprs`, use `cargo add sprs` to add it to your `Cargo.toml`
[INFO] [stdout] 
[INFO] [stdout] 
[INFO] [stdout] error[E0432]: unresolved import `sprs`
[INFO] [stdout]  --> tests/outer_iterator.rs:3:9
[INFO] [stdout]   |
[INFO] [stdout] 3 |     use sprs::{CsMat, CsVec};
[INFO] [stdout]   |         ^^^^ use of unresolved module or unlinked crate `sprs`
[INFO] [stdout]   |
[INFO] [stdout]   = help: if you wanted to use a crate named `sprs`, use `cargo add sprs` to add it to your `Cargo.toml`
[INFO] [stdout] 
[INFO] [stdout] 
[INFO] [stdout] error[E0432]: unresolved import `sprs`
[INFO] [stdout]  --> tests/gh374.rs:2:5
[INFO] [stdout]   |
[INFO] [stdout] 2 | use sprs::CsMatI;
[INFO] [stdout]   |     ^^^^ use of unresolved module or unlinked crate `sprs`
[INFO] [stdout]   |
[INFO] [stdout]   = help: if you wanted to use a crate named `sprs`, use `cargo add sprs` to add it to your `Cargo.toml`
[INFO] [stdout] 
[INFO] [stdout] 
[INFO] [stdout] For more information about this error, try `rustc --explain E0432`.
[INFO] [stdout] 
[INFO] [stdout] For more information about this error, try `rustc --explain E0432`.
[INFO] [stdout] 
[INFO] [stderr] error: could not compile `sprs-rssn` (test "slicing") due to 3 previous errors
[INFO] [stderr] warning: build failed, waiting for other jobs to finish...
[INFO] [stdout] For more information about this error, try `rustc --explain E0432`.
[INFO] [stdout] 
[INFO] [stderr] error: could not compile `sprs-rssn` (test "asymmetric_operands") due to 1 previous error
[INFO] [stderr] error: could not compile `sprs-rssn` (test "outer_iterator") due to 1 previous error
[INFO] [stdout] error[E0433]: cannot find module or crate `sprs` in this scope
[INFO] [stdout]   --> examples/heat.rs:79:5
[INFO] [stdout]    |
[INFO] [stdout] 79 |     sprs::CsMat::new((nb_vert, nb_vert), indptr, indices, data)
[INFO] [stdout]    |     ^^^^ use of unresolved module or unlinked crate `sprs`
[INFO] [stdout]    |
[INFO] [stdout]    = help: if you wanted to use a crate named `sprs`, use `cargo add sprs` to add it to your `Cargo.toml`
[INFO] [stdout] 
[INFO] [stdout] 
[INFO] [stdout] error[E0433]: cannot find module or crate `sprs` in this scope
[INFO] [stdout]   --> tests/block_matrix.rs:80:17
[INFO] [stdout]    |
[INFO] [stdout] 80 |     let smat1 = sprs::CsMat::new(
[INFO] [stdout]    |                 ^^^^ use of unresolved module or unlinked crate `sprs`
[INFO] [stdout]    |
[INFO] [stdout]    = help: if you wanted to use a crate named `sprs`, use `cargo add sprs` to add it to your `Cargo.toml`
[INFO] [stdout] 
[INFO] [stdout] 
[INFO] [stdout] error[E0433]: cannot find module or crate `sprs` in this scope
[INFO] [stdout]   --> examples/fill_in_reduction.rs:31:9
[INFO] [stdout]    |
[INFO] [stdout] 31 |         sprs::special_mats::tri_mesh_graph_laplacian(12, triangles.view());
[INFO] [stdout]    |         ^^^^ use of unresolved module or unlinked crate `sprs`
[INFO] [stdout]    |
[INFO] [stdout]    = help: if you wanted to use a crate named `sprs`, use `cargo add sprs` to add it to your `Cargo.toml`
[INFO] [stdout] 
[INFO] [stdout] 
[INFO] [stdout] error[E0433]: cannot find module or crate `sprs` in this scope
[INFO] [stdout]   --> tests/block_matrix.rs:95:9
[INFO] [stdout]    |
[INFO] [stdout] 95 |         sprs::CsMat::new((2, 2), vec![0, 2, 2], vec![0, 1], vec![mat1, mat2]);
[INFO] [stdout]    |         ^^^^ use of unresolved module or unlinked crate `sprs`
[INFO] [stdout]    |
[INFO] [stdout]    = help: if you wanted to use a crate named `sprs`, use `cargo add sprs` to add it to your `Cargo.toml`
[INFO] [stdout] 
[INFO] [stdout] 
[INFO] [stdout] error[E0433]: cannot find module or crate `sprs` in this scope
[INFO] [stdout]    --> examples/heat.rs:146:9
[INFO] [stdout]     |
[INFO] [stdout] 146 |         sprs::visu::nnz_pattern_formatter(lap.view()),
[INFO] [stdout]     |         ^^^^ use of unresolved module or unlinked crate `sprs`
[INFO] [stdout]     |
[INFO] [stdout]     = help: if you wanted to use a crate named `sprs`, use `cargo add sprs` to add it to your `Cargo.toml`
[INFO] [stdout] 
[INFO] [stdout] 
[INFO] [stdout] error[E0433]: cannot find module or crate `sprs` in this scope
[INFO] [stdout]   --> tests/block_matrix.rs:54:6
[INFO] [stdout]    |
[INFO] [stdout] 54 | impl sprs::MulAcc for Mat {
[INFO] [stdout]    |      ^^^^ use of unresolved module or unlinked crate `sprs`
[INFO] [stdout]    |
[INFO] [stdout]    = help: if you wanted to use a crate named `sprs`, use `cargo add sprs` to add it to your `Cargo.toml`
[INFO] [stdout] 
[INFO] [stdout] 
[INFO] [stdout] For more information about this error, try `rustc --explain E0433`.
[INFO] [stdout] 
[INFO] [stdout] error[E0433]: cannot find module or crate `sprs` in this scope
[INFO] [stdout]   --> examples/fill_in_reduction.rs:49:23
[INFO] [stdout]    |
[INFO] [stdout] 49 |         let lap_mat = sprs::special_mats::tri_mesh_graph_laplacian(
[INFO] [stdout]    |                       ^^^^ use of unresolved module or unlinked crate `sprs`
[INFO] [stdout]    |
[INFO] [stdout]    = help: if you wanted to use a crate named `sprs`, use `cargo add sprs` to add it to your `Cargo.toml`
[INFO] [stdout] 
[INFO] [stdout] 
[INFO] [stderr] error: could not compile `sprs-rssn` (test "block_matrix") due to 3 previous errors
[INFO] [stdout] error[E0433]: cannot find module or crate `sprs` in this scope
[INFO] [stdout]   --> examples/fill_in_reduction.rs:83:20
[INFO] [stdout]    |
[INFO] [stdout] 83 |     let ordering = sprs::linalg::reverse_cuthill_mckee(lap_mat.view());
[INFO] [stdout]    |                    ^^^^ use of unresolved module or unlinked crate `sprs`
[INFO] [stdout]    |
[INFO] [stdout]    = help: if you wanted to use a crate named `sprs`, use `cargo add sprs` to add it to your `Cargo.toml`
[INFO] [stdout] 
[INFO] [stdout] 
[INFO] [stdout] For more information about this error, try `rustc --explain E0432`.
[INFO] [stdout] 
[INFO] [stdout] error[E0433]: cannot find module or crate `sprs` in this scope
[INFO] [stdout]   --> examples/heat.rs:45:45
[INFO] [stdout]    |
[INFO] [stdout] 45 | fn grid_laplacian(shape: (usize, usize)) -> sprs::CsMat<f64> {
[INFO] [stdout]    |                                             ^^^^ use of unresolved module or unlinked crate `sprs`
[INFO] [stdout]    |
[INFO] [stdout]    = help: if you wanted to use a crate named `sprs`, use `cargo add sprs` to add it to your `Cargo.toml`
[INFO] [stdout] 
[INFO] [stdout] 
[INFO] [stdout] error[E0433]: cannot find module or crate `sprs` in this scope
[INFO] [stdout]    --> examples/heat.rs:104:10
[INFO] [stdout]     |
[INFO] [stdout] 104 |     mat: sprs::CsMatView<f64>,
[INFO] [stdout]     |          ^^^^ use of unresolved module or unlinked crate `sprs`
[INFO] [stdout]     |
[INFO] [stdout]     = help: if you wanted to use a crate named `sprs`, use `cargo add sprs` to add it to your `Cargo.toml`
[INFO] [stdout] 
[INFO] [stdout] 
[INFO] [stdout] For more information about this error, try `rustc --explain E0433`.
[INFO] [stdout] 
[INFO] [stderr] error: could not compile `sprs-rssn` (test "gh374") due to 1 previous error
[INFO] [stderr] error: could not compile `sprs-rssn` (example "heat") due to 4 previous errors
[INFO] [stdout] error[E0433]: cannot find module or crate `sprs` in this scope
[INFO] [stdout]   --> examples/fill_in_reduction.rs:95:13
[INFO] [stdout]    |
[INFO] [stdout] 95 |             sprs::visu::nnz_image(lap_mat.view()).view(),
[INFO] [stdout]    |             ^^^^ use of unresolved module or unlinked crate `sprs`
[INFO] [stdout]    |
[INFO] [stdout]    = help: if you wanted to use a crate named `sprs`, use `cargo add sprs` to add it to your `Cargo.toml`
[INFO] [stdout] 
[INFO] [stdout] 
[INFO] [stdout] error[E0433]: cannot find module or crate `sprs` in this scope
[INFO] [stdout]    --> examples/fill_in_reduction.rs:100:13
[INFO] [stdout]     |
[INFO] [stdout] 100 |             sprs::visu::nnz_image(perm_lap.view()).view(),
[INFO] [stdout]     |             ^^^^ use of unresolved module or unlinked crate `sprs`
[INFO] [stdout]     |
[INFO] [stdout]     = help: if you wanted to use a crate named `sprs`, use `cargo add sprs` to add it to your `Cargo.toml`
[INFO] [stdout] 
[INFO] [stdout] 
[INFO] [stdout] error[E0433]: cannot find module or crate `sprs` in this scope
[INFO] [stdout]    --> examples/fill_in_reduction.rs:105:13
[INFO] [stdout]     |
[INFO] [stdout] 105 |             sprs::visu::nnz_pattern_formatter(lap_mat.view()),
[INFO] [stdout]     |             ^^^^ use of unresolved module or unlinked crate `sprs`
[INFO] [stdout]     |
[INFO] [stdout]     = help: if you wanted to use a crate named `sprs`, use `cargo add sprs` to add it to your `Cargo.toml`
[INFO] [stdout] 
[INFO] [stdout] 
[INFO] [stdout] error[E0433]: cannot find module or crate `sprs` in this scope
[INFO] [stdout]    --> examples/fill_in_reduction.rs:109:13
[INFO] [stdout]     |
[INFO] [stdout] 109 |             sprs::visu::nnz_pattern_formatter(perm_lap.view()),
[INFO] [stdout]     |             ^^^^ use of unresolved module or unlinked crate `sprs`
[INFO] [stdout]     |
[INFO] [stdout]     = help: if you wanted to use a crate named `sprs`, use `cargo add sprs` to add it to your `Cargo.toml`
[INFO] [stdout] 
[INFO] [stdout] 
[INFO] [stdout] error[E0433]: cannot find module or crate `sprs` in this scope
[INFO] [stdout]   --> examples/fill_in_reduction.rs:85:9
[INFO] [stdout]    |
[INFO] [stdout] 85 |         sprs::transform_mat_papt(lap_mat.view(), ordering.perm.view());
[INFO] [stdout]    |         ^^^^ use of unresolved module or unlinked crate `sprs`
[INFO] [stdout]    |
[INFO] [stdout]    = help: if you wanted to use a crate named `sprs`, use `cargo add sprs` to add it to your `Cargo.toml`
[INFO] [stdout] 
[INFO] [stdout] 
[INFO] [stdout] error[E0433]: cannot find module or crate `sprs` in this scope
[INFO] [stdout]  --> examples/fill_in_reduction.rs:9:23
[INFO] [stdout]   |
[INFO] [stdout] 9 | fn small_lap_mat() -> sprs::CsMat<f64> {
[INFO] [stdout]   |                       ^^^^ use of unresolved module or unlinked crate `sprs`
[INFO] [stdout]   |
[INFO] [stdout]   = help: if you wanted to use a crate named `sprs`, use `cargo add sprs` to add it to your `Cargo.toml`
[INFO] [stdout] 
[INFO] [stdout] 
[INFO] [stdout] error[E0433]: cannot find module or crate `sprs` in this scope
[INFO] [stdout]   --> examples/fill_in_reduction.rs:35:43
[INFO] [stdout]    |
[INFO] [stdout] 35 | fn lap_mat_from_obj(path: &str) -> Result<sprs::CsMat<f64>, tobj::LoadError> {
[INFO] [stdout]    |                                           ^^^^ use of unresolved module or unlinked crate `sprs`
[INFO] [stdout]    |
[INFO] [stdout]    = help: if you wanted to use a crate named `sprs`, use `cargo add sprs` to add it to your `Cargo.toml`
[INFO] [stdout] 
[INFO] [stdout] 
[INFO] [stdout] For more information about this error, try `rustc --explain E0433`.
[INFO] [stdout] 
[INFO] [stderr] error: could not compile `sprs-rssn` (example "fill_in_reduction") due to 10 previous errors
[INFO] [stdout] warning: use of deprecated constant `std::f64::NAN`: replaced by the `NAN` associated constant on `f64`
[INFO] [stdout]     --> src/sparse/csmat.rs:2992:33
[INFO] [stdout]      |
[INFO] [stdout] 2992 |             vec![2.0, std::f64::NAN, 2.0],
[INFO] [stdout]      |                                 ^^^
[INFO] [stdout]      |
[INFO] [stdout]      = note: `#[warn(deprecated)]` on by default
[INFO] [stdout] 
[INFO] [stdout] 
[INFO] [stdout] warning: use of deprecated constant `std::f32::INFINITY`: replaced by the `INFINITY` associated constant on `f32`
[INFO] [stdout]     --> src/sparse/vec.rs:1753:41
[INFO] [stdout]      |
[INFO] [stdout] 1753 |         assert_eq!(0., v.norm(std::f32::INFINITY)); // Here we choose the same behavior as Eigen
[INFO] [stdout]      |                                         ^^^^^^^^
[INFO] [stdout] 
[INFO] [stdout] 
[INFO] [stdout] warning: use of deprecated constant `std::f32::INFINITY`: replaced by the `INFINITY` associated constant on `f32`
[INFO] [stdout]     --> src/sparse/vec.rs:1758:41
[INFO] [stdout]      |
[INFO] [stdout] 1758 |         assert_eq!(7., v.norm(std::f32::INFINITY));
[INFO] [stdout]      |                                         ^^^^^^^^
[INFO] [stdout] 
[INFO] [stdout] 
[INFO] [stdout] warning: use of deprecated constant `std::f32::NEG_INFINITY`: replaced by the `NEG_INFINITY` associated constant on `f32`
[INFO] [stdout]     --> src/sparse/vec.rs:1759:41
[INFO] [stdout]      |
[INFO] [stdout] 1759 |         assert_eq!(0., v.norm(std::f32::NEG_INFINITY));
[INFO] [stdout]      |                                         ^^^^^^^^^^^^
[INFO] [stdout] 
[INFO] [stdout] 
[INFO] [stdout] warning: falling back to `f32` as the trait bound `f32: From<f64>` is not satisfied
[INFO] [stdout]     --> src/sparse/csmat.rs:2833:18
[INFO] [stdout]      |
[INFO] [stdout] 2833 |             vec![1.; 4],
[INFO] [stdout]      |                  ^^ help: explicitly specify the type as `f32`: `1_f32`
[INFO] [stdout]      |
[INFO] [stdout]      = warning: this was previously accepted by the compiler but is being phased out; it will become a hard error in a future release!
[INFO] [stdout]      = note: for more information, see issue #154024 <https://github.com/rust-lang/rust/issues/154024>
[INFO] [stdout]      = note: `#[warn(float_literal_f32_fallback)]` (part of `#[warn(future_incompatible)]`) on by default
[INFO] [stdout] 
[INFO] [stdout] 
[INFO] running `Command { std: "docker" "inspect" "3774c848d6d1497a35263493f5b743eb7e21449b5fd2bd12eb54bf6d324d417f", kill_on_drop: false }`
[INFO] running `Command { std: "docker" "rm" "-f" "3774c848d6d1497a35263493f5b743eb7e21449b5fd2bd12eb54bf6d324d417f", kill_on_drop: false }`
[INFO] [stdout] 3774c848d6d1497a35263493f5b743eb7e21449b5fd2bd12eb54bf6d324d417f
