[INFO] fetching crate spotflow-rumqttc-fork 0.12.0...
[INFO] testing spotflow-rumqttc-fork-0.12.0 against 1.100.0-beta.1 for beta-1.100-2
[INFO] extracting crate spotflow-rumqttc-fork 0.12.0 into /workspace/builds/worker-2-tc2/source
[INFO] started tweaking crates.io crate spotflow-rumqttc-fork 0.12.0
[INFO] finished tweaking crates.io crate spotflow-rumqttc-fork 0.12.0
[INFO] tweaked toml for crates.io crate spotflow-rumqttc-fork 0.12.0 written to /workspace/builds/worker-2-tc2/source/Cargo.toml
[INFO] validating manifest of crates.io crate spotflow-rumqttc-fork 0.12.0 on toolchain 1.100.0-beta.1
[INFO] running `Command { std: CARGO_HOME="/workspace/cargo-home" RUSTUP_HOME="/workspace/rustup-home" "/workspace/cargo-home/bin/cargo" "+1.100.0-beta.1" "metadata" "--manifest-path" "Cargo.toml" "--no-deps", kill_on_drop: false }`
[INFO] crate crates.io crate spotflow-rumqttc-fork 0.12.0 already has a lockfile, it will not be regenerated
[INFO] running `Command { std: CARGO_HOME="/workspace/cargo-home" RUSTUP_HOME="/workspace/rustup-home" "/workspace/cargo-home/bin/cargo" "+1.100.0-beta.1" "fetch" "--manifest-path" "Cargo.toml", kill_on_drop: false }`
[INFO] running `Command { std: "docker" "create" "-v" "/var/lib/crater-agent-workspace/builds/worker-2-tc2/source:/opt/rustwide/workdir:ro,Z" "-v" "/var/lib/crater-agent-workspace/builds/worker-2-tc2/target:/opt/rustwide/target:rw,Z" "-v" "/var/lib/crater-agent-workspace/cargo-home:/opt/rustwide/cargo-home:ro,Z" "-v" "/var/lib/crater-agent-workspace/rustup-home:/opt/rustwide/rustup-home:ro,Z" "-m" "1610612736" "--network" "none" "ghcr.io/rust-lang/crates-build-env/linux@sha256:3111399a4047eeb3a02b7a90e478d715f38a8c6669b5c4b49d30a17385265909" "sleep" "infinity", kill_on_drop: false }`
[INFO] [stdout] f8019f0a9802913159a154701f9cb2da21b2e3706bde1b4fd3036a66f984d428
[INFO] running `Command { std: "docker" "start" "f8019f0a9802913159a154701f9cb2da21b2e3706bde1b4fd3036a66f984d428", kill_on_drop: false }`
[INFO] running `Command { std: "docker" "inspect" "f8019f0a9802913159a154701f9cb2da21b2e3706bde1b4fd3036a66f984d428", kill_on_drop: false }`
[INFO] running `Command { std: "docker" "exec" "-e" "SOURCE_DIR=/opt/rustwide/workdir" "-e" "CARGO_HOME=/opt/rustwide/cargo-home" "-e" "RUSTUP_HOME=/opt/rustwide/rustup-home" "-e" "CARGO_TARGET_DIR=/opt/rustwide/target" "-w" "/opt/rustwide/workdir" "--user" "0:0" "f8019f0a9802913159a154701f9cb2da21b2e3706bde1b4fd3036a66f984d428" "/opt/rustwide/cargo-home/bin/cargo" "+1.100.0-beta.1" "metadata" "--no-deps" "--format-version=1", kill_on_drop: false }`
[INFO] running `Command { std: "docker" "inspect" "f8019f0a9802913159a154701f9cb2da21b2e3706bde1b4fd3036a66f984d428", kill_on_drop: false }`
[INFO] running `Command { std: "docker" "exec" "-e" "SOURCE_DIR=/opt/rustwide/workdir" "-e" "CARGO_HOME=/opt/rustwide/cargo-home" "-e" "RUSTUP_HOME=/opt/rustwide/rustup-home" "-e" "CARGO_TARGET_DIR=/opt/rustwide/target" "-e" "CARGO_INCREMENTAL=0" "-e" "RUST_BACKTRACE=full" "-e" "RUSTFLAGS=--cap-lints=warn" "-e" "RUSTDOCFLAGS=--cap-lints=warn" "-w" "/opt/rustwide/workdir" "--user" "0:0" "f8019f0a9802913159a154701f9cb2da21b2e3706bde1b4fd3036a66f984d428" "/opt/rustwide/cargo-home/bin/cargo" "+1.100.0-beta.1" "build" "--frozen" "--message-format=json", kill_on_drop: false }`
[INFO] [stderr]    Compiling libc v0.2.155
[INFO] [stderr]    Compiling cc v1.0.99
[INFO] [stderr]    Compiling proc-macro2 v1.0.85
[INFO] [stderr]    Compiling cfg-if v1.0.0
[INFO] [stderr]    Compiling unicode-ident v1.0.12
[INFO] [stderr]    Compiling autocfg v1.3.0
[INFO] [stderr]    Compiling parking_lot_core v0.9.10
[INFO] [stderr]    Compiling spin v0.9.8
[INFO] [stderr]    Compiling crossbeam-utils v0.8.20
[INFO] [stderr]    Compiling smallvec v1.13.2
[INFO] [stderr]    Compiling untrusted v0.7.1
[INFO] [stderr]    Compiling rustls v0.20.9
[INFO] [stderr]    Compiling once_cell v1.19.0
[INFO] [stderr]    Compiling spin v0.5.2
[INFO] [stderr]    Compiling bytes v1.6.0
[INFO] [stderr]    Compiling pin-project-lite v0.2.14
[INFO] [stderr]    Compiling log v0.4.21
[INFO] [stderr]    Compiling thiserror v1.0.61
[INFO] [stderr]    Compiling lock_api v0.4.12
[INFO] [stderr]    Compiling event-listener v2.5.3
[INFO] [stderr]    Compiling base64 v0.13.1
[INFO] [stderr]    Compiling futures-core v0.3.30
[INFO] [stderr]    Compiling pollster v0.2.5
[INFO] [stderr]    Compiling quote v1.0.36
[INFO] [stderr]    Compiling concurrent-queue v2.5.0
[INFO] [stderr]    Compiling rustls-pemfile v0.3.0
[INFO] [stderr]    Compiling getrandom v0.2.15
[INFO] [stderr]    Compiling socket2 v0.5.7
[INFO] [stderr]    Compiling mio v0.8.11
[INFO] [stderr]    Compiling parking_lot v0.12.3
[INFO] [stderr]    Compiling signal-hook-registry v1.4.2
[INFO] [stderr]    Compiling num_cpus v1.16.0
[INFO] [stderr]    Compiling async-channel v1.9.0
[INFO] [stderr]    Compiling syn v2.0.66
[INFO] [stderr]    Compiling ring v0.17.8
[INFO] [stderr]    Compiling ring v0.16.20
[INFO] [stderr]    Compiling tokio-macros v2.3.0
[INFO] [stderr]    Compiling thiserror-impl v1.0.61
[INFO] [stderr]    Compiling tokio v1.38.0
[INFO] [stderr]    Compiling sct v0.7.1
[INFO] [stderr]    Compiling webpki v0.22.4
[INFO] [stderr]    Compiling tokio-rustls v0.23.4
[INFO] [stderr]    Compiling spotflow-rumqttc-fork v0.12.0 (/opt/rustwide/workdir)
[INFO] [stdout] warning: use of deprecated constant `std::u16::MAX`: replaced by the `MAX` associated constant on this type
[INFO] [stdout]   --> src/state.rs:98:48
[INFO] [stdout]    |
[INFO] [stdout] 98 |             incoming_pub: vec![None; std::u16::MAX as usize + 1],
[INFO] [stdout]    |                                                ^^^
[INFO] [stdout]    |
[INFO] [stdout]    = note: `#[warn(deprecated)]` on by default
[INFO] [stdout] 
[INFO] [stdout] 
[INFO] [stdout] warning: hiding a lifetime that's elided elsewhere is confusing
[INFO] [stdout]    --> src/client.rs:363:17
[INFO] [stdout]     |
[INFO] [stdout] 363 |     pub fn iter(&mut self) -> Iter {
[INFO] [stdout]     |                 ^^^^^^^^^     ^^^^ the same lifetime is hidden here
[INFO] [stdout]     |                 |
[INFO] [stdout]     |                 the lifetime is elided here
[INFO] [stdout]     |
[INFO] [stdout]     = help: the same lifetime is referred to in inconsistent ways, making the signature confusing
[INFO] [stdout]     = note: `#[warn(mismatched_lifetime_syntaxes)]` on by default
[INFO] [stdout] help: use `'_` for type paths
[INFO] [stdout]     |
[INFO] [stdout] 363 |     pub fn iter(&mut self) -> Iter<'_> {
[INFO] [stdout]     |                                   ++++
[INFO] [stdout] 
[INFO] [stdout] 
[INFO] [stderr]     Finished `dev` profile [unoptimized + debuginfo] target(s) in 39.98s
[INFO] running `Command { std: "docker" "inspect" "f8019f0a9802913159a154701f9cb2da21b2e3706bde1b4fd3036a66f984d428", kill_on_drop: false }`
[INFO] running `Command { std: "docker" "exec" "-e" "SOURCE_DIR=/opt/rustwide/workdir" "-e" "CARGO_HOME=/opt/rustwide/cargo-home" "-e" "RUSTUP_HOME=/opt/rustwide/rustup-home" "-e" "CARGO_TARGET_DIR=/opt/rustwide/target" "-e" "CARGO_INCREMENTAL=0" "-e" "RUST_BACKTRACE=full" "-e" "RUSTFLAGS=--cap-lints=warn" "-e" "RUSTDOCFLAGS=--cap-lints=warn" "-w" "/opt/rustwide/workdir" "--user" "0:0" "f8019f0a9802913159a154701f9cb2da21b2e3706bde1b4fd3036a66f984d428" "/opt/rustwide/cargo-home/bin/cargo" "+1.100.0-beta.1" "test" "--frozen" "--no-run" "--message-format=json", kill_on_drop: false }`
[INFO] [stderr]    Compiling memchr v2.7.2
[INFO] [stderr]    Compiling regex-syntax v0.8.4
[INFO] [stderr]    Compiling num-traits v0.2.19
[INFO] [stderr]    Compiling serde v1.0.203
[INFO] [stderr]    Compiling serde_derive v1.0.203
[INFO] [stderr]    Compiling num-bigint v0.2.6
[INFO] [stderr]    Compiling backtrace v0.3.71
[INFO] [stderr]    Compiling atty v0.2.14
[INFO] [stderr]    Compiling gimli v0.28.1
[INFO] [stderr]    Compiling quick-error v1.2.3
[INFO] [stderr]    Compiling adler v1.0.2
[INFO] [stderr]    Compiling iana-time-zone v0.1.60
[INFO] [stderr]    Compiling serde_json v1.0.117
[INFO] [stderr]    Compiling termcolor v1.4.1
[INFO] [stderr]    Compiling miniz_oxide v0.7.3
[INFO] [stderr]    Compiling humantime v1.3.0
[INFO] [stderr]    Compiling aho-corasick v1.1.3
[INFO] [stderr]    Compiling object v0.32.2
[INFO] [stderr]    Compiling base64 v0.21.7
[INFO] [stderr]    Compiling rustc-demangle v0.1.24
[INFO] [stderr]    Compiling itoa v1.0.11
[INFO] [stderr]    Compiling num-integer v0.1.46
[INFO] [stderr]    Compiling chrono v0.4.38
[INFO] [stderr]    Compiling ryu v1.0.18
[INFO] [stderr]    Compiling rustls-pemfile v1.0.4
[INFO] [stderr]    Compiling ansi_term v0.11.0
[INFO] [stderr]    Compiling openssl-probe v0.1.5
[INFO] [stderr]    Compiling regex-automata v0.4.7
[INFO] [stderr]    Compiling addr2line v0.21.0
[INFO] [stderr]    Compiling simple_asn1 v0.4.1
[INFO] [stderr]    Compiling difference v2.0.0
[INFO] [stderr]    Compiling base64 v0.12.3
[INFO] [stderr]    Compiling pretty_assertions v0.6.1
[INFO] [stderr]    Compiling rustls-native-certs v0.6.3
[INFO] [stderr]    Compiling crossbeam-channel v0.5.13
[INFO] [stderr]    Compiling matches v0.1.10
[INFO] [stdout] warning: use of deprecated constant `std::u16::MAX`: replaced by the `MAX` associated constant on this type
[INFO] [stdout]   --> src/state.rs:98:48
[INFO] [stdout]    |
[INFO] [stdout] 98 |             incoming_pub: vec![None; std::u16::MAX as usize + 1],
[INFO] [stdout]    |                                                ^^^
[INFO] [stdout]    |
[INFO] [stdout]    = note: `#[warn(deprecated)]` on by default
[INFO] [stdout] 
[INFO] [stdout] 
[INFO] [stdout] warning: hiding a lifetime that's elided elsewhere is confusing
[INFO] [stdout]    --> src/client.rs:363:17
[INFO] [stdout]     |
[INFO] [stdout] 363 |     pub fn iter(&mut self) -> Iter {
[INFO] [stdout]     |                 ^^^^^^^^^     ^^^^ the same lifetime is hidden here
[INFO] [stdout]     |                 |
[INFO] [stdout]     |                 the lifetime is elided here
[INFO] [stdout]     |
[INFO] [stdout]     = help: the same lifetime is referred to in inconsistent ways, making the signature confusing
[INFO] [stdout]     = note: `#[warn(mismatched_lifetime_syntaxes)]` on by default
[INFO] [stdout] help: use `'_` for type paths
[INFO] [stdout]     |
[INFO] [stdout] 363 |     pub fn iter(&mut self) -> Iter<'_> {
[INFO] [stdout]     |                                   ++++
[INFO] [stdout] 
[INFO] [stdout] 
[INFO] [stderr]    Compiling regex v1.10.5
[INFO] [stderr]    Compiling pem v0.8.3
[INFO] [stderr]    Compiling env_logger v0.7.1
[INFO] [stderr]    Compiling pretty_env_logger v0.4.0
[INFO] [stderr]    Compiling color-backtrace v0.4.2
[INFO] [stderr]    Compiling envy v0.4.2
[INFO] [stderr]    Compiling jsonwebtoken v7.2.0
[INFO] [stderr]    Compiling spotflow-rumqttc-fork v0.12.0 (/opt/rustwide/workdir)
[INFO] [stdout] error[E0432]: unresolved import `rumqttc`
[INFO] [stdout]  --> examples/asyncpubsub.rs:3:5
[INFO] [stdout]   |
[INFO] [stdout] 3 | use rumqttc::{self, AsyncClient, MqttOptions, QoS};
[INFO] [stdout]   |     ^^^^^^^ use of unresolved module or unlinked crate `rumqttc`
[INFO] [stdout]   |
[INFO] [stdout]   = help: if you wanted to use a crate named `rumqttc`, use `cargo add rumqttc` to add it to your `Cargo.toml`
[INFO] [stdout] 
[INFO] [stdout] 
[INFO] [stdout] error[E0432]: unresolved import `rumqttc`
[INFO] [stdout]  --> examples/tls.rs:7:9
[INFO] [stdout]   |
[INFO] [stdout] 7 |     use rumqttc::{self, AsyncClient, Event, Incoming, MqttOptions, Transport};
[INFO] [stdout]   |         ^^^^^^^ use of unresolved module or unlinked crate `rumqttc`
[INFO] [stdout]   |
[INFO] [stdout]   = help: if you wanted to use a crate named `rumqttc`, use `cargo add rumqttc` to add it to your `Cargo.toml`
[INFO] [stdout] 
[INFO] [stdout] 
[INFO] [stdout] For more information about this error, try `rustc --explain E0432`.
[INFO] [stdout] 
[INFO] [stdout] error[E0432]: unresolved import `rumqttc`
[INFO] [stdout]  --> examples/tls2.rs:7:9
[INFO] [stdout]   |
[INFO] [stdout] 7 |     use rumqttc::{self, AsyncClient, Key, MqttOptions, TlsConfiguration, Transport};
[INFO] [stdout]   |         ^^^^^^^ use of unresolved module or unlinked crate `rumqttc`
[INFO] [stdout]   |
[INFO] [stdout]   = help: if you wanted to use a crate named `rumqttc`, use `cargo add rumqttc` to add it to your `Cargo.toml`
[INFO] [stdout] 
[INFO] [stdout] 
[INFO] [stderr] error: could not compile `spotflow-rumqttc-fork` (example "asyncpubsub") due to 1 previous error
[INFO] [stdout] error[E0433]: cannot find module or crate `rumqttc` in this scope
[INFO] [stdout]  --> tests/broker.rs:1:5
[INFO] [stdout]   |
[INFO] [stdout] 1 | use rumqttc::mqttbytes::v4::*;
[INFO] [stdout]   |     ^^^^^^^ use of unresolved module or unlinked crate `rumqttc`
[INFO] [stdout]   |
[INFO] [stdout]   = help: if you wanted to use a crate named `rumqttc`, use `cargo add rumqttc` to add it to your `Cargo.toml`
[INFO] [stdout] 
[INFO] [stdout] 
[INFO] [stderr] warning: build failed, waiting for other jobs to finish...
[INFO] [stdout] error[E0433]: cannot find module or crate `rumqttc` in this scope
[INFO] [stdout]  --> tests/broker.rs:2:5
[INFO] [stdout]   |
[INFO] [stdout] 2 | use rumqttc::mqttbytes::*;
[INFO] [stdout]   |     ^^^^^^^ use of unresolved module or unlinked crate `rumqttc`
[INFO] [stdout]   |
[INFO] [stdout]   = help: if you wanted to use a crate named `rumqttc`, use `cargo add rumqttc` to add it to your `Cargo.toml`
[INFO] [stdout] 
[INFO] [stdout] 
[INFO] [stdout] error[E0432]: unresolved import `rumqttc`
[INFO] [stdout]  --> tests/reliability.rs:8:5
[INFO] [stdout]   |
[INFO] [stdout] 8 | use rumqttc::*;
[INFO] [stdout]   |     ^^^^^^^ use of unresolved module or unlinked crate `rumqttc`
[INFO] [stdout]   |
[INFO] [stdout]   = help: if you wanted to use a crate named `rumqttc`, use `cargo add rumqttc` to add it to your `Cargo.toml`
[INFO] [stdout] 
[INFO] [stdout] 
[INFO] [stdout] error[E0432]: unresolved import `rumqttc`
[INFO] [stdout]   --> tests/broker.rs:12:5
[INFO] [stdout]    |
[INFO] [stdout] 12 | use rumqttc::{Event, Incoming, Outgoing, Packet};
[INFO] [stdout]    |     ^^^^^^^ use of unresolved module or unlinked crate `rumqttc`
[INFO] [stdout]    |
[INFO] [stdout]    = help: if you wanted to use a crate named `rumqttc`, use `cargo add rumqttc` to add it to your `Cargo.toml`
[INFO] [stdout] 
[INFO] [stdout] 
[INFO] [stdout] error[E0432]: unresolved import `rumqttc`
[INFO] [stdout]  --> examples/async_manual_acks.rs:3:5
[INFO] [stdout]   |
[INFO] [stdout] 3 | use rumqttc::{self, AsyncClient, Event, EventLoop, Incoming, MqttOptions, QoS};
[INFO] [stdout]   |     ^^^^^^^ use of unresolved module or unlinked crate `rumqttc`
[INFO] [stdout]   |
[INFO] [stdout]   = help: if you wanted to use a crate named `rumqttc`, use `cargo add rumqttc` to add it to your `Cargo.toml`
[INFO] [stdout] 
[INFO] [stdout] 
[INFO] [stdout] For more information about this error, try `rustc --explain E0432`.
[INFO] [stdout] 
[INFO] [stdout] For more information about this error, try `rustc --explain E0432`.
[INFO] [stdout] 
[INFO] [stderr] error: could not compile `spotflow-rumqttc-fork` (example "tls2") due to 1 previous error
[INFO] [stderr] error: could not compile `spotflow-rumqttc-fork` (example "tls") due to 1 previous error
[INFO] [stdout] error[E0433]: cannot find module or crate `rumqttc` in this scope
[INFO] [stdout]  --> tests/broker.rs:1:5
[INFO] [stdout]   |
[INFO] [stdout] 1 | use rumqttc::mqttbytes::v4::*;
[INFO] [stdout]   |     ^^^^^^^ use of unresolved module or unlinked crate `rumqttc`
[INFO] [stdout]   |
[INFO] [stdout]   = help: if you wanted to use a crate named `rumqttc`, use `cargo add rumqttc` to add it to your `Cargo.toml`
[INFO] [stdout] 
[INFO] [stdout] 
[INFO] [stdout] error[E0433]: cannot find module or crate `rumqttc` in this scope
[INFO] [stdout]  --> tests/broker.rs:2:5
[INFO] [stdout]   |
[INFO] [stdout] 2 | use rumqttc::mqttbytes::*;
[INFO] [stdout]   |     ^^^^^^^ use of unresolved module or unlinked crate `rumqttc`
[INFO] [stdout]   |
[INFO] [stdout]   = help: if you wanted to use a crate named `rumqttc`, use `cargo add rumqttc` to add it to your `Cargo.toml`
[INFO] [stdout] 
[INFO] [stdout] 
[INFO] [stdout] For more information about this error, try `rustc --explain E0432`.
[INFO] [stdout] 
[INFO] [stderr] error: could not compile `spotflow-rumqttc-fork` (example "async_manual_acks") due to 1 previous error
[INFO] [stdout] error[E0432]: unresolved import `rumqttc`
[INFO] [stdout]   --> tests/broker.rs:12:5
[INFO] [stdout]    |
[INFO] [stdout] 12 | use rumqttc::{Event, Incoming, Outgoing, Packet};
[INFO] [stdout]    |     ^^^^^^^ use of unresolved module or unlinked crate `rumqttc`
[INFO] [stdout]    |
[INFO] [stdout]    = help: if you wanted to use a crate named `rumqttc`, use `cargo add rumqttc` to add it to your `Cargo.toml`
[INFO] [stdout] 
[INFO] [stdout] 
[INFO] [stdout] warning: use of deprecated constant `std::u16::MAX`: replaced by the `MAX` associated constant on this type
[INFO] [stdout]   --> src/state.rs:98:48
[INFO] [stdout]    |
[INFO] [stdout] 98 |             incoming_pub: vec![None; std::u16::MAX as usize + 1],
[INFO] [stdout]    |                                                ^^^
[INFO] [stdout]    |
[INFO] [stdout]    = note: `#[warn(deprecated)]` on by default
[INFO] [stdout] 
[INFO] [stdout] 
[INFO] [stdout] error[E0425]: cannot find type `Publish` in this scope
[INFO] [stdout]   --> tests/broker.rs:65:52
[INFO] [stdout]    |
[INFO] [stdout] 65 |     pub async fn read_publish(&mut self) -> Option<Publish> {
[INFO] [stdout]    |                                                    ^^^^^^^ not found in this scope
[INFO] [stdout]    |
[INFO] [stdout] help: you might be missing a type parameter
[INFO] [stdout]    |
[INFO] [stdout] 22 | impl<Publish> Broker {
[INFO] [stdout]    |     +++++++++
[INFO] [stdout] 
[INFO] [stdout] 
[INFO] [stdout] error[E0425]: cannot find type `QoS` in this scope
[INFO] [stdout]    --> tests/broker.rs:125:61
[INFO] [stdout]     |
[INFO] [stdout] 125 |     pub async fn spawn_publishes(&mut self, count: u8, qos: QoS, delay: u64) {
[INFO] [stdout]     |                                                             ^^^ not found in this scope
[INFO] [stdout] 
[INFO] [stdout] 
[INFO] [stdout] error[E0425]: cannot find type `ConnAck` in this scope
[INFO] [stdout]    --> tests/broker.rs:216:46
[INFO] [stdout]     |
[INFO] [stdout] 216 |     pub async fn connack(&mut self, connack: ConnAck) -> io::Result<usize> {
[INFO] [stdout]     |                                              ^^^^^^^ not found in this scope
[INFO] [stdout] 
[INFO] [stdout] 
[INFO] [stdout] error[E0425]: cannot find function `read` in this scope
[INFO] [stdout]    --> tests/broker.rs:232:19
[INFO] [stdout]     |
[INFO] [stdout] 232 |             match read(&mut self.read, self.max_incoming_size) {
[INFO] [stdout]     |                   ^^^^
[INFO] [stdout]     |
[INFO] [stdout] help: you might have meant to use the available field
[INFO] [stdout]     |
[INFO] [stdout] 232 |             match self.read(&mut self.read, self.max_incoming_size) {
[INFO] [stdout]     |                   +++++
[INFO] [stdout] help: consider importing one of these functions
[INFO] [stdout]     |
[INFO] [stdout]   1 + use std::fs::read;
[INFO] [stdout]     |
[INFO] [stdout]   1 + use std::ptr::read;
[INFO] [stdout]     |
[INFO] [stdout]   1 + use core::ptr::read;
[INFO] [stdout]     |
[INFO] [stdout] 
[INFO] [stdout] 
[INFO] [stdout] error[E0433]: cannot find type `Error` in this scope
[INFO] [stdout]    --> tests/broker.rs:241:21
[INFO] [stdout]     |
[INFO] [stdout] 241 |                 Err(Error::InsufficientBytes(_)) if count > 0 => return Ok(()),
[INFO] [stdout]     |                     ^^^^^ use of undeclared type `Error`
[INFO] [stdout]     |
[INFO] [stdout] help: consider importing one of these items
[INFO] [stdout]     |
[INFO] [stdout]   1 + use crate::io::Error;
[INFO] [stdout]     |
[INFO] [stdout]   1 + use std::error::Error;
[INFO] [stdout]     |
[INFO] [stdout]   1 + use std::fmt::Error;
[INFO] [stdout]     |
[INFO] [stdout]   1 + use std::io::Error;
[INFO] [stdout]     |
[INFO] [stdout]     = and 2 other candidates
[INFO] [stdout] 
[INFO] [stdout] 
[INFO] [stdout] error[E0433]: cannot find type `Error` in this scope
[INFO] [stdout]    --> tests/broker.rs:243:21
[INFO] [stdout]     |
[INFO] [stdout] 243 |                 Err(Error::InsufficientBytes(required)) => {
[INFO] [stdout]     |                     ^^^^^ use of undeclared type `Error`
[INFO] [stdout]     |
[INFO] [stdout] help: consider importing one of these items
[INFO] [stdout]     |
[INFO] [stdout]   1 + use crate::io::Error;
[INFO] [stdout]     |
[INFO] [stdout]   1 + use std::error::Error;
[INFO] [stdout]     |
[INFO] [stdout]   1 + use std::fmt::Error;
[INFO] [stdout]     |
[INFO] [stdout]   1 + use std::io::Error;
[INFO] [stdout]     |
[INFO] [stdout]     = and 2 other candidates
[INFO] [stdout] 
[INFO] [stdout] 
[INFO] [stdout] error[E0425]: cannot find type `Error` in this scope
[INFO] [stdout]    --> tests/broker.rs:252:67
[INFO] [stdout]     |
[INFO] [stdout] 252 |     async fn write(&mut self, packet: Packet) -> Result<Outgoing, Error> {
[INFO] [stdout]     |                                                                   ^^^^^ not found in this scope
[INFO] [stdout]     |
[INFO] [stdout] help: consider importing one of these items
[INFO] [stdout]     |
[INFO] [stdout]   1 + use crate::io::Error;
[INFO] [stdout]     |
[INFO] [stdout]   1 + use std::error::Error;
[INFO] [stdout]     |
[INFO] [stdout]   1 + use std::fmt::Error;
[INFO] [stdout]     |
[INFO] [stdout]   1 + use std::io::Error;
[INFO] [stdout]     |
[INFO] [stdout]     = and 2 other candidates
[INFO] [stdout] 
[INFO] [stdout] 
[INFO] [stdout] error[E0425]: cannot find value `PingReq` in this scope
[INFO] [stdout]    --> tests/broker.rs:258:30
[INFO] [stdout]     |
[INFO] [stdout] 258 |                 let packet = PingReq;
[INFO] [stdout]     |                              ^^^^^^^ not found in this scope
[INFO] [stdout] 
[INFO] [stdout] 
[INFO] [stdout] error[E0425]: cannot find value `PingResp` in this scope
[INFO] [stdout]    --> tests/broker.rs:262:30
[INFO] [stdout]     |
[INFO] [stdout] 262 |                 let packet = PingResp;
[INFO] [stdout]     |                              ^^^^^^^^ not found in this scope
[INFO] [stdout] 
[INFO] [stdout] 
[INFO] [stdout] error[E0425]: cannot find value `Disconnect` in this scope
[INFO] [stdout]    --> tests/broker.rs:270:30
[INFO] [stdout]     |
[INFO] [stdout] 270 |                 let packet = Disconnect;
[INFO] [stdout]     |                              ^^^^^^^^^^ not found in this scope
[INFO] [stdout] 
[INFO] [stdout] 
[INFO] [stdout] error[E0433]: cannot find type `ConnAck` in this scope
[INFO] [stdout]   --> tests/broker.rs:37:26
[INFO] [stdout]    |
[INFO] [stdout] 37 |                     0 => ConnAck::new(ConnectReturnCode::Success, false),
[INFO] [stdout]    |                          ^^^^^^^ use of undeclared type `ConnAck`
[INFO] [stdout] 
[INFO] [stdout] 
[INFO] [stdout] error[E0433]: cannot find type `ConnectReturnCode` in this scope
[INFO] [stdout]   --> tests/broker.rs:37:39
[INFO] [stdout]    |
[INFO] [stdout] 37 |                     0 => ConnAck::new(ConnectReturnCode::Success, false),
[INFO] [stdout]    |                                       ^^^^^^^^^^^^^^^^^ use of undeclared type `ConnectReturnCode`
[INFO] [stdout] 
[INFO] [stdout] 
[INFO] [stdout] error[E0433]: cannot find type `ConnAck` in this scope
[INFO] [stdout]   --> tests/broker.rs:38:26
[INFO] [stdout]    |
[INFO] [stdout] 38 |                     1 => ConnAck::new(ConnectReturnCode::BadUserNamePassword, false),
[INFO] [stdout]    |                          ^^^^^^^ use of undeclared type `ConnAck`
[INFO] [stdout] 
[INFO] [stdout] 
[INFO] [stdout] error[E0433]: cannot find type `ConnectReturnCode` in this scope
[INFO] [stdout]   --> tests/broker.rs:38:39
[INFO] [stdout]    |
[INFO] [stdout] 38 |                     1 => ConnAck::new(ConnectReturnCode::BadUserNamePassword, false),
[INFO] [stdout]    |                                       ^^^^^^^^^^^^^^^^^ use of undeclared type `ConnectReturnCode`
[INFO] [stdout] 
[INFO] [stdout] 
[INFO] [stdout] error[E0433]: cannot find type `PubAck` in this scope
[INFO] [stdout]    --> tests/broker.rs:115:37
[INFO] [stdout]     |
[INFO] [stdout] 115 |         let packet = Packet::PubAck(PubAck::new(pkid));
[INFO] [stdout]     |                                     ^^^^^^ use of undeclared type `PubAck`
[INFO] [stdout] 
[INFO] [stdout] 
[INFO] [stdout] error[E0433]: cannot find type `Publish` in this scope
[INFO] [stdout]    --> tests/broker.rs:132:35
[INFO] [stdout]     |
[INFO] [stdout] 132 |                 let mut publish = Publish::new(topic, qos, payload);
[INFO] [stdout]     |                                   ^^^^^^^ use of undeclared type `Publish`
[INFO] [stdout] 
[INFO] [stdout] 
[INFO] [stdout] warning: method call on a diverging inference variable
[INFO] [stdout]    --> tests/broker.rs:149:39
[INFO] [stdout]     |
[INFO] [stdout] 149 |                 let request = request.unwrap();
[INFO] [stdout]     |                                       ^^^^^^
[INFO] [stdout]     |
[INFO] [stdout]     = help: consider providing a type annotation
[INFO] [stdout]     = warning: this was previously accepted by the compiler but is being phased out; it will become a hard error in a future release!
[INFO] [stdout]     = note: for more information, see issue #156047 <https://github.com/rust-lang/rust/issues/156047>
[INFO] [stdout]     = note: `#[warn(method_call_on_diverging_infer_var)]` (part of `#[warn(future_incompatible)]`) on by default
[INFO] [stdout] 
[INFO] [stdout] 
[INFO] [stdout] error[E0599]: no method named `unwrap` found for type `_` in the current scope
[INFO] [stdout]    --> tests/broker.rs:149:39
[INFO] [stdout]     |
[INFO] [stdout] 149 |                 let request = request.unwrap();
[INFO] [stdout]     |                                       ^^^^^^ method not found in `_`
[INFO] [stdout] 
[INFO] [stdout] 
[INFO] [stdout] warning: method call on a diverging inference variable
[INFO] [stdout]    --> tests/broker.rs:154:24
[INFO] [stdout]     |
[INFO] [stdout] 154 |                 packet.unwrap();
[INFO] [stdout]     |                        ^^^^^^
[INFO] [stdout]     |
[INFO] [stdout]     = help: consider providing a type annotation
[INFO] [stdout]     = warning: this was previously accepted by the compiler but is being phased out; it will become a hard error in a future release!
[INFO] [stdout]     = note: for more information, see issue #156047 <https://github.com/rust-lang/rust/issues/156047>
[INFO] [stdout] 
[INFO] [stdout] 
[INFO] [stdout] error[E0599]: no method named `unwrap` found for type `_` in the current scope
[INFO] [stdout]    --> tests/broker.rs:154:24
[INFO] [stdout]     |
[INFO] [stdout] 154 |                 packet.unwrap();
[INFO] [stdout]     |                        ^^^^^^ method not found in `_`
[INFO] [stdout] 
[INFO] [stdout] 
[INFO] [stdout] Some errors have detailed explanations: E0425, E0432, E0433, E0599.
[INFO] [stdout] 
[INFO] [stdout] For more information about an error, try `rustc --explain E0425`.
[INFO] [stdout] 
[INFO] [stderr] error: could not compile `spotflow-rumqttc-fork` (test "broker") due to 21 previous errors; 4 warnings emitted
[INFO] [stdout] warning: hiding a lifetime that's elided elsewhere is confusing
[INFO] [stdout]    --> src/client.rs:363:17
[INFO] [stdout]     |
[INFO] [stdout] 363 |     pub fn iter(&mut self) -> Iter {
[INFO] [stdout]     |                 ^^^^^^^^^     ^^^^ the same lifetime is hidden here
[INFO] [stdout]     |                 |
[INFO] [stdout]     |                 the lifetime is elided here
[INFO] [stdout]     |
[INFO] [stdout]     = help: the same lifetime is referred to in inconsistent ways, making the signature confusing
[INFO] [stdout]     = note: `#[warn(mismatched_lifetime_syntaxes)]` on by default
[INFO] [stdout] help: use `'_` for type paths
[INFO] [stdout]     |
[INFO] [stdout] 363 |     pub fn iter(&mut self) -> Iter<'_> {
[INFO] [stdout]     |                                   ++++
[INFO] [stdout] 
[INFO] [stdout] 
[INFO] [stdout] warning: method call on a diverging inference variable
[INFO] [stdout]    --> tests/broker.rs:149:39
[INFO] [stdout]     |
[INFO] [stdout] 149 |                 let request = request.unwrap();
[INFO] [stdout]     |                                       ^^^^^^
[INFO] [stdout]     |
[INFO] [stdout]     = help: consider providing a type annotation
[INFO] [stdout]     = warning: this was previously accepted by the compiler but is being phased out; it will become a hard error in a future release!
[INFO] [stdout]     = note: for more information, see issue #156047 <https://github.com/rust-lang/rust/issues/156047>
[INFO] [stdout]     = note: `#[warn(method_call_on_diverging_infer_var)]` (part of `#[warn(future_incompatible)]`) on by default
[INFO] [stdout] 
[INFO] [stdout] 
[INFO] [stdout] error[E0599]: no method named `unwrap` found for type `_` in the current scope
[INFO] [stdout]    --> tests/broker.rs:149:39
[INFO] [stdout]     |
[INFO] [stdout] 149 |                 let request = request.unwrap();
[INFO] [stdout]     |                                       ^^^^^^ method not found in `_`
[INFO] [stdout] 
[INFO] [stdout] 
[INFO] [stdout] warning: method call on a diverging inference variable
[INFO] [stdout]    --> tests/broker.rs:154:24
[INFO] [stdout]     |
[INFO] [stdout] 154 |                 packet.unwrap();
[INFO] [stdout]     |                        ^^^^^^
[INFO] [stdout]     |
[INFO] [stdout]     = help: consider providing a type annotation
[INFO] [stdout]     = warning: this was previously accepted by the compiler but is being phased out; it will become a hard error in a future release!
[INFO] [stdout]     = note: for more information, see issue #156047 <https://github.com/rust-lang/rust/issues/156047>
[INFO] [stdout] 
[INFO] [stdout] 
[INFO] [stdout] error[E0599]: no method named `unwrap` found for type `_` in the current scope
[INFO] [stdout]    --> tests/broker.rs:154:24
[INFO] [stdout]     |
[INFO] [stdout] 154 |                 packet.unwrap();
[INFO] [stdout]     |                        ^^^^^^ method not found in `_`
[INFO] [stdout] 
[INFO] [stdout] 
[INFO] [stdout] Some errors have detailed explanations: E0432, E0433, E0599.
[INFO] [stdout] 
[INFO] [stdout] For more information about an error, try `rustc --explain E0432`.
[INFO] [stdout] 
[INFO] [stderr] error: could not compile `spotflow-rumqttc-fork` (test "reliability") due to 6 previous errors; 4 warnings emitted
[INFO] running `Command { std: "docker" "inspect" "f8019f0a9802913159a154701f9cb2da21b2e3706bde1b4fd3036a66f984d428", kill_on_drop: false }`
[INFO] running `Command { std: "docker" "rm" "-f" "f8019f0a9802913159a154701f9cb2da21b2e3706bde1b4fd3036a66f984d428", kill_on_drop: false }`
[INFO] [stdout] f8019f0a9802913159a154701f9cb2da21b2e3706bde1b4fd3036a66f984d428
